The Swift Package Index logo.Swift Package Index

Build Information

Failed to build sql-kit-extras, reference main (26e52b), with Swift 6.2 for Wasm on 27 Sep 2026 10:49:48 UTC.

Build Command

bash -c docker run --pull=always --rm -v "checkouts-53886770-0":/host -w "$PWD" -e JAVA_HOME="/root/.sdkman/candidates/java/current" -e SPI_BUILD="1" -e SPI_PROCESSING="1" registry.gitlab.com/saguaro1/spi-images:wasm-6.2-latest swift build --swift-sdk swift-6.2-RELEASE_wasm 2>&1

Build Log

========================================
RunAll
========================================
Builder version: 5.1.0
Interrupt handler set up.
========================================
Checkout
========================================
Clone URL: https://github.com/vapor-community/sql-kit-extras.git
Reference: main
Initialized empty Git repository in /host/spi-builder-workspace/.git/
hint: Using 'master' as the name for the initial branch. This default branch name
hint: is subject to change. To configure the initial branch name to use in all
hint: of your new repositories, which will suppress this warning, call:
hint:
hint: 	git config --global init.defaultBranch <name>
hint:
hint: Names commonly chosen instead of 'master' are 'main', 'trunk' and
hint: 'development'. The just-created branch can be renamed via this command:
hint:
hint: 	git branch -m <name>
From https://github.com/vapor-community/sql-kit-extras
 * branch            main       -> FETCH_HEAD
 * [new branch]      main       -> origin/main
HEAD is now at 26e52bd Fix no #if statement for FluentSQLKitExtras (#16)
Cloned https://github.com/vapor-community/sql-kit-extras.git
Revision (git rev-parse @):
26e52bd8d4ffcfff7f4e9293e78d7799fa6d124f
SPI manifest file found: $PWD/.spi.yml
SUCCESS checkout https://github.com/vapor-community/sql-kit-extras.git at main
========================================
Build
========================================
Selected platform:         wasm
Swift version:             6.2
Building package at path:  $PWD
https://github.com/vapor-community/sql-kit-extras.git
Running build ...
bash -c docker run --pull=always --rm -v "checkouts-53886770-0":/host -w "$PWD" -e JAVA_HOME="/root/.sdkman/candidates/java/current" -e SPI_BUILD="1" -e SPI_PROCESSING="1" registry.gitlab.com/saguaro1/spi-images:wasm-6.2-latest swift build --swift-sdk swift-6.2-RELEASE_wasm 2>&1
wasm-6.2-latest: Pulling from saguaro1/spi-images
Digest: sha256:ff44196b45f83e5a0a99a627b185f548850d9bc1242e3dee2178fb1570812fe8
Status: Image is up to date for registry.gitlab.com/saguaro1/spi-images:wasm-6.2-latest
Fetching https://github.com/apple/swift-algorithms.git
Fetching https://github.com/vapor/fluent-kit.git
Fetching https://github.com/apple/swift-nio.git
Fetching https://github.com/vapor/sql-kit.git
[1/6358] Fetching sql-kit
[129/20326] Fetching sql-kit, fluent-kit
[257/26485] Fetching sql-kit, fluent-kit, swift-algorithms
Fetched https://github.com/apple/swift-algorithms.git from cache (0.63s)
[1/86185] Fetching swift-nio
Fetched https://github.com/vapor/sql-kit.git from cache (3.83s)
Fetched https://github.com/vapor/fluent-kit.git from cache (3.83s)
Fetched https://github.com/apple/swift-nio.git from cache (3.88s)
Computing version for https://github.com/apple/swift-algorithms.git
Computed https://github.com/apple/swift-algorithms.git at 1.2.1 (4.77s)
Fetching https://github.com/apple/swift-numerics.git
[1/6640] Fetching swift-numerics
Fetched https://github.com/apple/swift-numerics.git from cache (0.57s)
Computing version for https://github.com/vapor/sql-kit.git
Computed https://github.com/vapor/sql-kit.git at 3.36.0 (0.72s)
Fetching https://github.com/apple/swift-log.git
Fetching https://github.com/apple/swift-collections.git
[1/8165] Fetching swift-log
[8166/35944] Fetching swift-log, swift-collections
Fetched https://github.com/apple/swift-log.git from cache (1.15s)
Fetched https://github.com/apple/swift-collections.git from cache (1.16s)
Computing version for https://github.com/vapor/fluent-kit.git
Computed https://github.com/vapor/fluent-kit.git at 1.57.0 (1.34s)
Fetching https://github.com/swift-server/swift-service-lifecycle.git
Fetching https://github.com/apple/swift-distributed-tracing.git
Fetching https://github.com/apple/swift-service-context.git
[1/1386] Fetching swift-service-context
[43/4229] Fetching swift-service-context, swift-service-lifecycle
[266/10591] Fetching swift-service-context, swift-service-lifecycle, swift-distributed-tracing
Fetched https://github.com/apple/swift-service-context.git from cache (0.61s)
Fetched https://github.com/swift-server/swift-service-lifecycle.git from cache (0.61s)
Fetched https://github.com/apple/swift-distributed-tracing.git from cache (0.61s)
Computing version for https://github.com/apple/swift-distributed-tracing.git
Computed https://github.com/apple/swift-distributed-tracing.git at 1.5.0 (0.78s)
Computing version for https://github.com/apple/swift-service-context.git
Computed https://github.com/apple/swift-service-context.git at 1.3.0 (0.14s)
Computing version for https://github.com/swift-server/swift-service-lifecycle.git
Computed https://github.com/swift-server/swift-service-lifecycle.git at 2.12.0 (0.15s)
Fetching https://github.com/apple/swift-async-algorithms.git
[1/6737] Fetching swift-async-algorithms
Fetched https://github.com/apple/swift-async-algorithms.git from cache (0.59s)
Computing version for https://github.com/apple/swift-log.git
Computed https://github.com/apple/swift-log.git at 1.15.1 (0.76s)
Computing version for https://github.com/apple/swift-async-algorithms.git
Computed https://github.com/apple/swift-async-algorithms.git at 1.1.6 (0.21s)
Computing version for https://github.com/apple/swift-collections.git
Computed https://github.com/apple/swift-collections.git at 1.7.1 (0.24s)
Computing version for https://github.com/apple/swift-numerics.git
Computed https://github.com/apple/swift-numerics.git at 1.1.1 (0.15s)
Computing version for https://github.com/apple/swift-nio.git
Computed https://github.com/apple/swift-nio.git at 2.103.0 (0.35s)
Fetching https://github.com/apple/swift-atomics.git
Fetching https://github.com/apple/swift-system.git
[1/1885] Fetching swift-atomics
Fetched https://github.com/apple/swift-atomics.git from cache (0.52s)
[1/6983] Fetching swift-system
Fetched https://github.com/apple/swift-system.git from cache (0.67s)
Computing version for https://github.com/apple/swift-atomics.git
Computed https://github.com/apple/swift-atomics.git at 1.3.1 (0.83s)
Computing version for https://github.com/apple/swift-system.git
Computed https://github.com/apple/swift-system.git at 1.8.1 (0.18s)
Creating working copy for https://github.com/apple/swift-system.git
Working copy of https://github.com/apple/swift-system.git resolved at 1.8.1
Creating working copy for https://github.com/apple/swift-collections.git
Working copy of https://github.com/apple/swift-collections.git resolved at 1.7.1
Creating working copy for https://github.com/apple/swift-algorithms.git
Working copy of https://github.com/apple/swift-algorithms.git resolved at 1.2.1
Creating working copy for https://github.com/apple/swift-nio.git
Working copy of https://github.com/apple/swift-nio.git resolved at 2.103.0
Creating working copy for https://github.com/apple/swift-log.git
Working copy of https://github.com/apple/swift-log.git resolved at 1.15.1
Creating working copy for https://github.com/apple/swift-service-context.git
Working copy of https://github.com/apple/swift-service-context.git resolved at 1.3.0
Creating working copy for https://github.com/vapor/fluent-kit.git
Working copy of https://github.com/vapor/fluent-kit.git resolved at 1.57.0
Creating working copy for https://github.com/apple/swift-distributed-tracing.git
Working copy of https://github.com/apple/swift-distributed-tracing.git resolved at 1.5.0
Creating working copy for https://github.com/apple/swift-async-algorithms.git
Working copy of https://github.com/apple/swift-async-algorithms.git resolved at 1.1.6
Creating working copy for https://github.com/apple/swift-atomics.git
Working copy of https://github.com/apple/swift-atomics.git resolved at 1.3.1
Creating working copy for https://github.com/apple/swift-numerics.git
Working copy of https://github.com/apple/swift-numerics.git resolved at 1.1.1
Creating working copy for https://github.com/vapor/sql-kit.git
Working copy of https://github.com/vapor/sql-kit.git resolved at 3.36.0
Creating working copy for https://github.com/swift-server/swift-service-lifecycle.git
Working copy of https://github.com/swift-server/swift-service-lifecycle.git resolved at 2.12.0
Building for debugging...
[0/46] Write sources
[27/46] Compiling CNIOWindows WSAStartup.c
[28/46] Compiling _NumericsShims _NumericsShims.c
[29/46] Compiling _CWASI _CWASI.c
[30/46] Compiling CNIOWASI CNIOWASI.c
[30/46] Compiling CNIOWindows shim.c
[32/46] Compiling _AtomicsShims.c
[33/46] Compiling CNIOPosix event_loop_id.c
[34/46] Compiling CNIOOpenBSD shim.c
[34/46] Write sources
[39/46] Compiling CNIOLinux liburing_shims.c
[40/46] Compiling CNIOFreeBSD shim.c
[40/46] Compiling CNIOLinux shim.c
[42/46] Compiling CNIODarwin shim.c
[43/46] Write swift-version-24593BA9C3E375BF.txt
[45/112] Emitting module RealModule
[46/113] Emitting module _NIODataStructures
[46/113] Compiling c-nioatomics.c
[47/116] Compiling c-atomics.c
[49/127] Compiling RealModule RelaxedArithmetic.swift
[50/127] Compiling RealModule RealFunctions.swift
[51/127] Compiling Logging MultiplexLogHandler.swift
[52/127] Compiling Logging StreamLogHandler.swift
[53/127] Compiling InternalCollectionsUtilities Iterable+Equality.swift
[54/127] Compiling InternalCollectionsUtilities LifetimeOverride.swift
[55/127] Compiling InternalCollectionsUtilities MutableRef.swift
[56/127] Compiling InternalCollectionsUtilities MutableSpan+Extras.swift
[57/129] Compiling InternalCollectionsUtilities Strideable+LimitHelpers.swift
[58/129] Compiling InternalCollectionsUtilities String+Padding.swift
[59/129] Compiling InternalCollectionsUtilities TemporaryAllocation.swift
[60/129] Compiling InternalCollectionsUtilities _UnsafeBitSet+Index.swift
[61/129] Compiling InternalCollectionsUtilities UnsafeMutablePointer+Extras.swift
[62/129] Compiling Atomics IntegerOperations.swift
[63/129] Compiling Atomics Unmanaged extensions.swift
[64/129] Compiling InternalCollectionsUtilities _UnsafeBitSet+_Word.swift
[65/129] Compiling InternalCollectionsUtilities _UnsafeBitSet.swift
[66/129] Compiling InternalCollectionsUtilities UnsafeBufferPointer+Extras.swift
[67/129] Compiling InternalCollectionsUtilities UnsafeMutableBufferPointer+Extras.swift
[68/132] Compiling Logging SwiftLogNoOpLogHandler.swift
[69/132] Compiling Logging Locks.swift
[70/132] Compiling Logging LogEvent.swift
[71/132] Compiling Logging LogHandler.swift
[72/132] Compiling InternalCollectionsUtilities UInt+first and last set bit.swift
[73/132] Compiling InternalCollectionsUtilities UInt+reversed.swift
[74/132] Emitting module Atomics
[75/132] Compiling InternalCollectionsUtilities Iterable+CopyContents.swift
[80/132] Compiling InternalCollectionsUtilities OutputSpan+Extras.swift
[81/132] Compiling InternalCollectionsUtilities RandomAccessCollection+Offsets.swift
[82/132] Compiling InternalCollectionsUtilities Span+Extras.swift
[85/132] Compiling RealModule Real.swift
[89/132] Emitting module InternalCollectionsUtilities
[98/132] Compiling ConcurrencyHelpers LockedValueBox.swift
[99/132] Compiling RealModule Float16+Real.swift
[100/132] Compiling ServiceContextModule ServiceContextKey.swift
[101/132] Emitting module ServiceContextModule
[102/132] Compiling ServiceContextModule ServiceContext.swift
[103/132] Compiling RealModule Float80+Real.swift
[104/134] Compiling InternalCollectionsUtilities UnsafeRawBufferPointer+Extras.swift
[105/134] Compiling InternalCollectionsUtilities _SortedCollection.swift
[106/134] Compiling InternalCollectionsUtilities _UniqueCollection.swift
[107/134] Compiling _NIOBase64 Base64.swift
[108/135] Emitting module _NIOBase64
[115/136] Compiling Logging LoggingSystem.swift
[120/137] Compiling _NIODataStructures PriorityQueue.swift
[121/137] Compiling _NIODataStructures _TinyArray.swift
[122/150] Compiling Instrumentation NoOpInstrument.swift
[123/175] Compiling Instrumentation MultiplexInstrument.swift
[124/245] Compiling _RopeModule BigString+Chunk+UTF16.swift
[125/245] Compiling _RopeModule BigString+Chunk+UTF8.swift
[126/245] Emitting module Instrumentation
[128/246] Compiling _RopeModule BigString+Ingester.swift
[129/246] Compiling _RopeModule BigString+Invariants.swift
[130/246] Compiling Logging Logger+Attributes.swift
[131/250] Compiling NIOConcurrencyHelpers lock.swift
[132/250] Compiling Logging MetadataProvider.swift
[133/250] Compiling SpanPreview OutputSpan+InputSpanHelpers.swift
[134/250] Compiling SpanPreview MutableSpan+InputSpanHelpers.swift
[135/250] Compiling SpanPreview InputSpan.swift
[136/250] Emitting module SpanPreview
[137/251] Compiling Instrumentation Locks.swift
[138/251] Compiling _RopeModule BigString+Builder.swift
[139/251] Compiling _RopeModule BigString+Contents.swift
[140/251] Compiling Instrumentation Instrument.swift
[141/251] Compiling Instrumentation InstrumentationSystem.swift
[142/251] Emitting module Logging
[143/251] Compiling _RopeModule BigString+Debugging.swift
[144/251] Compiling _RopeModule BigString+Index.swift
[145/251] Compiling NIOConcurrencyHelpers NIOLockedValueBox.swift
[146/252] Compiling Logging Logger.swift
[147/252] Compiling Logging Logger+With.swift
[149/253] Emitting module ConcurrencyHelpers
[150/253] Compiling ConcurrencyHelpers Lock.swift
[154/254] Compiling _NIODataStructures Heap.swift
[156/289] Emitting module NIOConcurrencyHelpers
[157/289] Compiling NIOConcurrencyHelpers NIOAtomic.swift
[158/352] Compiling HeapModule Heap+ExpressibleByArrayLiteral.swift
[159/375] Compiling NIOConcurrencyHelpers NIOThreadPoolWorkAvailable.swift
[160/375] Compiling NIOConcurrencyHelpers atomics.swift
[161/375] Compiling NIOConcurrencyHelpers NIOLock.swift
[163/408] Compiling HeapModule Heap+Descriptions.swift
[164/408] Compiling HeapModule _HeapNode.swift
[165/408] Compiling HeapModule Heap+Invariants.swift
[166/408] Compiling HeapModule Heap.swift
[167/408] Compiling HeapModule Heap+Testing.swift
[168/408] Compiling HeapModule Heap+UnsafeHandle.swift
[169/450] Emitting module UnixSignals
[170/450] Compiling UnixSignals UnixSignalsSequence.swift
[171/450] Compiling UnixSignals UnixSignal.swift
[173/451] Compiling Tracing TracingTime.swift
[174/452] Compiling Tracing TracerProtocol.swift
[175/452] Compiling Tracing TracerProtocol+Legacy.swift
[176/452] Compiling Tracing Tracer.swift
[177/452] Compiling Tracing WithTracer.swift
[178/492] Emitting module HeapModule
[179/507] Compiling BitCollections BitArray._UnsafeHandle.swift
[180/507] Compiling BitCollections BitArray.swift
[181/507] Compiling BitCollections BitSet+BidirectionalCollection.swift
[182/507] Compiling BitCollections BitArray+RangeReplaceableCollection.swift
[183/507] Compiling BitCollections BitArray+Shifts.swift
[184/507] Compiling BitCollections BitArray+Testing.swift
[192/515] Compiling Algorithms Trim.swift
[193/515] Compiling Algorithms Unique.swift
[194/515] Compiling Algorithms Windows.swift
[195/515] Compiling BitCollections BitSet+CustomStringConvertible.swift
[196/515] Compiling BitCollections BitSet+Equatable.swift
[197/515] Compiling BitCollections BitSet+ExpressibleByArrayLiteral.swift
[198/515] Compiling BitCollections BitSet+SetAlgebra intersection.swift
[199/515] Compiling DequeModule UniqueDeque+Replacements.swift
[200/515] Compiling DequeModule UniqueDeque.swift
[201/515] Compiling DequeModule _DequeSlot.swift
[202/515] Compiling DequeModule _UnsafeDequeHandle.swift
[203/515] Compiling DequeModule _UnsafeDequeSegments.swift
[204/515] Compiling BitCollections BitSet+SetAlgebra isSuperset.swift
[205/515] Compiling BitCollections BitSet+SetAlgebra subtract.swift
[206/515] Compiling BitCollections BitSet+SetAlgebra subtracting.swift
[207/515] Compiling BitCollections BitSet+SetAlgebra symmetricDifference.swift
[208/515] Compiling BitCollections BitSet+SetAlgebra union.swift
[209/515] Compiling BitCollections BitSet+Sorted Collection APIs.swift
[210/515] Compiling BitCollections BitSet.Counted.swift
[211/515] Compiling HashTreeCollections TreeDictionary+Debugging.swift
[212/515] Compiling HashTreeCollections TreeDictionary+Descriptions.swift
[213/515] Compiling HashTreeCollections TreeSet+Hashable.swift
[215/515] Compiling HashTreeCollections TreeSet+Sendable.swift
[216/515] Compiling HashTreeCollections TreeSet+Sequence.swift
[217/515] Compiling HashTreeCollections TreeSet+SetAlgebra Initializers.swift
[218/515] Compiling HashTreeCollections TreeSet+SetAlgebra basics.swift
[219/515] Compiling HashTreeCollections TreeSet+SetAlgebra formIntersection.swift
[220/515] Compiling HashTreeCollections TreeSet+SetAlgebra formSymmetricDifference.swift
[221/515] Compiling HashTreeCollections TreeSet+SetAlgebra formUnion.swift
[222/515] Compiling HashTreeCollections TreeSet+SetAlgebra intersection.swift
[223/515] Compiling HashTreeCollections TreeSet+SetAlgebra isDisjoint.swift
[234/541] Compiling Tracing InstrumentationSystem+Tracing.swift
[235/541] Compiling BitCollections BinaryInteger extensions.swift
[236/541] Compiling BitCollections BitArray+BitwiseOperations.swift
[237/541] Compiling BitCollections BitArray+ChunkedBitsIterators.swift
[238/541] Compiling BitCollections BitArray+Codable.swift
[239/541] Compiling BitCollections BitArray+Collection.swift
[240/541] Compiling BitCollections BitArray+Copy.swift
[241/541] Compiling BitCollections BitArray+CustomReflectable.swift
[242/541] Compiling BitCollections BitArray+Descriptions.swift
[243/541] Compiling Tracing SpanProtocol.swift
[244/541] Compiling Tracing NoOpTracer.swift
[245/541] Emitting module Tracing
[246/542] Compiling HashTreeCollections TreeDictionary.swift
[247/542] Compiling HashTreeCollections TreeSet+Codable.swift
[248/542] Compiling HashTreeCollections TreeSet+Collection.swift
[249/542] Compiling HashTreeCollections TreeSet+CustomReflectable.swift
[250/542] Compiling _RopeModule Rope+Join.swift
[251/542] Compiling _RopeModule Rope+MutatingForEach.swift
[252/542] Compiling _RopeModule Rope+Remove.swift
[253/542] Compiling _RopeModule Rope+RemoveSubrange.swift
[254/542] Compiling _RopeModule Rope+Split.swift
[255/542] Compiling _RopeModule Optional Utilities.swift
[257/542] Compiling BitCollections BitSet+Invariants.swift
[258/542] Compiling BitCollections BitSet+Random.swift
[259/542] Compiling BitCollections BitSet+SetAlgebra basics.swift
[260/542] Compiling BitCollections BitSet+SetAlgebra conformance.swift
[261/542] Compiling BitCollections BitSet+SetAlgebra formIntersection.swift
[262/542] Compiling BitCollections BitSet+SetAlgebra formSymmetricDifference.swift
[263/542] Compiling BitCollections BitSet+SetAlgebra formUnion.swift
[273/542] Compiling BitCollections BitSet+Extras.swift
[274/542] Compiling BitCollections BitSet+Hashable.swift
[275/542] Compiling BitCollections BitSet+Initializers.swift
[280/542] Compiling BitCollections BitArray+LosslessStringConvertible.swift
[281/542] Compiling BitCollections BitArray+RandomBits.swift
[297/542] Compiling BitCollections BitArray+Equatable.swift
[298/542] Compiling BitCollections BitArray+ExpressibleByArrayLiteral.swift
[299/542] Compiling BitCollections BitArray+ExpressibleByStringLiteral.swift
[300/542] Compiling BitCollections BitArray+Extras.swift
[301/549] Compiling BitCollections _Word.swift
[302/549] Compiling OrderedCollections OrderedSet+UnstableInternals.swift
[303/549] Compiling OrderedCollections OrderedSet.swift
[304/549] Compiling OrderedCollections _UnsafeBitset.swift
[321/549] Compiling _RopeModule String Utilities.swift
[322/549] Compiling _RopeModule String.Index+ABI.swift
[323/549] Compiling _RopeModule _CharacterRecognizer.swift
[324/549] Compiling HashTreeCollections TreeSet+SetAlgebra isSubset.swift
[325/549] Compiling HashTreeCollections TreeSet+SetAlgebra isSuperset.swift
[326/549] Compiling HashTreeCollections TreeSet+SetAlgebra subtract.swift
[327/549] Compiling HashTreeCollections TreeSet+SetAlgebra subtracting.swift
[328/549] Compiling HashTreeCollections TreeSet+SetAlgebra symmetricDifference.swift
[329/549] Compiling HashTreeCollections TreeSet+SetAlgebra union.swift
[330/549] Compiling HashTreeCollections TreeSet.swift
[331/549] Compiling BitCollections BitArray+Fill.swift
[332/549] Compiling BitCollections BitArray+Hashable.swift
[333/549] Compiling BitCollections BitArray+Initializers.swift
[334/549] Compiling BitCollections BitArray+Invariants.swift
[386/549] Compiling BitCollections BitSet.Index.swift
[387/549] Compiling BitCollections BitSet._UnsafeHandle.swift
[388/549] Compiling BitCollections BitSet.swift
[389/549] Compiling BitCollections Range+Utilities.swift
[390/549] Compiling BitCollections Slice+Utilities.swift
[391/549] Compiling BitCollections UInt+Tricks.swift
[410/549] Emitting module BitCollections
[488/550] Emitting module _RopeModule
[501/550] Emitting module Algorithms
[534/551] Emitting module OrderedCollections
[547/553] Emitting module HashTreeCollections
[549/554] Emitting module DequeModule
[556/621] Compiling Collections Collections.swift
[557/659] Emitting module Collections
[559/675] Compiling NIOCore NIOCoreSendableMetatype.swift
[560/675] Compiling NIOCore NIODecodedAsyncSequence.swift
[561/675] Compiling NIOCore NIOLoopBound.swift
[562/675] Compiling NIOCore NIOPooledRecvBufferAllocator.swift
[563/675] Compiling NIOCore NIOScheduledCallback.swift
[564/675] Compiling NIOCore NIOSendable.swift
[565/675] Compiling NIOCore NIOSplitLinesMessageDecoder.swift
[566/675] Compiling NIOCore NIOTransportAccessibleChannelCore.swift
[567/675] Compiling NIOCore RecvByteBufferAllocator.swift
[568/683] Compiling AsyncAlgorithms AsyncMerge2Sequence.swift
[569/683] Compiling AsyncAlgorithms AsyncMerge3Sequence.swift
[570/683] Compiling AsyncAlgorithms MergeStateMachine.swift
[571/683] Compiling AsyncAlgorithms MergeStorage.swift
[572/683] Compiling AsyncAlgorithms MultiProducerSingleConsumerAsyncChannel+Internal.swift
[573/683] Compiling AsyncAlgorithms MultiProducerSingleConsumerAsyncChannel.swift
[574/683] Compiling AsyncAlgorithms RangeReplaceableCollection.swift
[575/683] Compiling NIOCore NIOAny.swift
[576/683] Compiling NIOCore NIOCloseOnErrorHandler.swift
[577/683] Emitting module AsyncAlgorithms
[578/690] Compiling AsyncAlgorithms AsyncInterspersedSequence.swift
[579/690] Compiling AsyncAlgorithms Locking.swift
[580/690] Compiling AsyncAlgorithms UnboundedBufferStateMachine.swift
[581/690] Compiling AsyncAlgorithms UnboundedBufferStorage.swift
[582/690] Compiling AsyncAlgorithms AsyncChannel.swift
[583/690] Compiling AsyncAlgorithms AsyncThrowingChannel.swift
[584/690] Compiling AsyncAlgorithms ChannelStateMachine.swift
[585/690] Compiling AsyncAlgorithms ChannelStorage.swift
[586/690] Compiling AsyncAlgorithms AsyncCombineLatest2Sequence.swift
[587/690] Compiling AsyncAlgorithms AsyncSyncSequence.swift
[588/690] Compiling AsyncAlgorithms AsyncThrottleSequence.swift
[589/690] Compiling AsyncAlgorithms AsyncThrowingExclusiveReductionsSequence.swift
[590/690] Compiling AsyncAlgorithms AsyncThrowingInclusiveReductionsSequence.swift
[591/690] Compiling AsyncAlgorithms AsyncTimerSequence.swift
[592/690] Compiling AsyncAlgorithms AsyncBufferSequence.swift
[593/690] Compiling AsyncAlgorithms BoundedBufferStateMachine.swift
[594/690] Compiling AsyncAlgorithms BoundedBufferStorage.swift
[595/690] Compiling AsyncAlgorithms AsyncCombineLatest3Sequence.swift
[596/690] Compiling AsyncAlgorithms CombineLatestStateMachine.swift
[597/690] Compiling AsyncAlgorithms CombineLatestStorage.swift
[598/690] Compiling AsyncAlgorithms AsyncDebounceSequence.swift
[599/690] Compiling AsyncAlgorithms DebounceStateMachine.swift
[600/690] Compiling AsyncAlgorithms DebounceStorage.swift
[601/690] Compiling AsyncAlgorithms Dictionary.swift
[602/690] Compiling NIOCore SingleStepByteToMessageDecoder.swift
[603/690] Compiling NIOCore SocketAddresses.swift
[604/690] Compiling NIOCore SocketOptionProvider.swift
[605/690] Compiling NIOCore SystemCallHelpers.swift
[606/690] Compiling NIOCore TimeAmount+Duration.swift
[607/690] Compiling NIOCore TypeAssistedChannelHandler.swift
[608/690] Compiling NIOCore UniversalBootstrapSupport.swift
[609/690] Compiling NIOCore Utilities.swift
[616/690] Compiling AsyncAlgorithms AsyncCompactedSequence.swift
[617/690] Compiling AsyncAlgorithms AsyncExclusiveReductionsSequence.swift
[618/690] Compiling AsyncAlgorithms AsyncInclusiveReductionsSequence.swift
[619/690] Compiling AsyncAlgorithms Rethrow.swift
[620/690] Compiling AsyncAlgorithms SetAlgebra.swift
[621/690] Compiling AsyncAlgorithms UnsafeTransfer.swift
[622/690] Compiling AsyncAlgorithms AsyncZip2Sequence.swift
[623/690] Compiling AsyncAlgorithms AsyncZip3Sequence.swift
[624/690] Compiling AsyncAlgorithms ZipStateMachine.swift
[625/690] Compiling AsyncAlgorithms ZipStorage.swift
[638/690] Compiling AsyncAlgorithms AsyncJoinedBySeparatorSequence.swift
[639/690] Compiling AsyncAlgorithms AsyncJoinedSequence.swift
[640/690] Compiling AsyncAlgorithms AsyncMapErrorSequence.swift
[641/690] Compiling AsyncAlgorithms AsyncRemoveDuplicatesSequence.swift
[642/690] Compiling AsyncAlgorithms AsyncShareSequence.swift
[650/690] Compiling AsyncAlgorithms AsyncAdjacentPairsSequence.swift
[651/690] Compiling AsyncAlgorithms AsyncBufferedByteIterator.swift
[652/690] Compiling AsyncAlgorithms AsyncChain2Sequence.swift
[653/690] Compiling AsyncAlgorithms AsyncChain3Sequence.swift
[654/690] Compiling AsyncAlgorithms AsyncChunkedByGroupSequence.swift
[655/690] Compiling AsyncAlgorithms AsyncChunkedOnProjectionSequence.swift
[656/690] Compiling AsyncAlgorithms AsyncChunksOfCountOrSignalSequence.swift
[657/690] Compiling AsyncAlgorithms AsyncChunksOfCountSequence.swift
[665/690] Compiling AsyncAlgorithms AsyncFlatMapLatestSequence.swift
[666/690] Compiling AsyncAlgorithms FlatMapLatestStateMachine.swift
[667/690] Compiling AsyncAlgorithms FlatMapLatestStorage.swift
[668/690] Compiling AsyncAlgorithms Disconnected.swift
[669/690] Compiling AsyncAlgorithms _TinyArray.swift
[673/700] Compiling ServiceLifecycle AsyncCancelOnGracefulShutdownSequence.swift
[674/700] Compiling ServiceLifecycle AsyncGracefulShutdownSequence.swift
[675/701] Compiling ServiceLifecycle ServiceGroupConfiguration.swift
[676/701] Emitting module ServiceLifecycle
[677/701] Compiling ServiceLifecycle CancellationWaiter.swift
[678/701] Compiling ServiceLifecycle ServiceRunnerError.swift
[679/701] Compiling ServiceLifecycle GracefulShutdown.swift
[680/701] Compiling ServiceLifecycle ClosureService.swift
[681/701] Compiling ServiceLifecycle ServiceGroup.swift
[682/701] Compiling ServiceLifecycle Service.swift
[702/702] Emitting module NIOCore
[704/816] Compiling SQLKit SQLPredicateGroupBuilder.swift
/host/spi-builder-workspace/.build/checkouts/swift-nio/Sources/NIOPosix/BaseSocketChannel+AccessibleTransport.swift:17:11: error: cannot find type 'BaseSocketChannel' in scope
15 | import NIOCore
16 |
17 | extension BaseSocketChannel where SocketType: BaseSocket {
   |           `- error: cannot find type 'BaseSocketChannel' in scope
18 |     /// The underlying transport type backing this channel.
19 |     typealias Transport = NIOBSDSocket.Handle
/host/spi-builder-workspace/.build/checkouts/swift-nio/Sources/NIOPosix/BaseSocketChannel+AccessibleTransport.swift:27:11: error: cannot find type 'BaseSocketChannel' in scope
25 | }
26 |
27 | extension BaseSocketChannel where SocketType: PipePair {
   |           `- error: cannot find type 'BaseSocketChannel' in scope
28 |     /// The underlying transport type backing this channel.
29 |     typealias Transport = NIOBSDSocket.PipeHandle
/host/spi-builder-workspace/.build/checkouts/swift-nio/Sources/NIOPosix/BaseSocketChannel+AccessibleTransport.swift:42:11: error: cannot find type 'SocketChannel' in scope
40 | }
41 |
42 | extension SocketChannel: NIOTransportAccessibleChannelCore {}
   |           `- error: cannot find type 'SocketChannel' in scope
43 | extension ServerSocketChannel: NIOTransportAccessibleChannelCore {}
44 | extension DatagramChannel: NIOTransportAccessibleChannelCore {}
/host/spi-builder-workspace/.build/checkouts/swift-nio/Sources/NIOPosix/BaseSocketChannel+AccessibleTransport.swift:43:11: error: cannot find type 'ServerSocketChannel' in scope
41 |
42 | extension SocketChannel: NIOTransportAccessibleChannelCore {}
43 | extension ServerSocketChannel: NIOTransportAccessibleChannelCore {}
   |           `- error: cannot find type 'ServerSocketChannel' in scope
44 | extension DatagramChannel: NIOTransportAccessibleChannelCore {}
45 | extension PipeChannel: NIOTransportAccessibleChannelCore {}
/host/spi-builder-workspace/.build/checkouts/swift-nio/Sources/NIOPosix/BaseSocketChannel+AccessibleTransport.swift:44:11: error: cannot find type 'DatagramChannel' in scope
42 | extension SocketChannel: NIOTransportAccessibleChannelCore {}
43 | extension ServerSocketChannel: NIOTransportAccessibleChannelCore {}
44 | extension DatagramChannel: NIOTransportAccessibleChannelCore {}
   |           `- error: cannot find type 'DatagramChannel' in scope
45 | extension PipeChannel: NIOTransportAccessibleChannelCore {}
46 |
/host/spi-builder-workspace/.build/checkouts/swift-nio/Sources/NIOPosix/BaseSocketChannel+AccessibleTransport.swift:45:11: error: cannot find type 'PipeChannel' in scope
43 | extension ServerSocketChannel: NIOTransportAccessibleChannelCore {}
44 | extension DatagramChannel: NIOTransportAccessibleChannelCore {}
45 | extension PipeChannel: NIOTransportAccessibleChannelCore {}
   |           `- error: cannot find type 'PipeChannel' in scope
46 |
/host/spi-builder-workspace/.build/checkouts/swift-nio/Sources/NIOPosix/BaseSocketChannel+AccessibleTransport.swift:17:29: error: 'where' clause cannot be applied to a non-generic top-level declaration
15 | import NIOCore
16 |
17 | extension BaseSocketChannel where SocketType: BaseSocket {
   |                             `- error: 'where' clause cannot be applied to a non-generic top-level declaration
18 |     /// The underlying transport type backing this channel.
19 |     typealias Transport = NIOBSDSocket.Handle
/host/spi-builder-workspace/.build/checkouts/swift-nio/Sources/NIOPosix/BaseSocketChannel+AccessibleTransport.swift:27:29: error: 'where' clause cannot be applied to a non-generic top-level declaration
25 | }
26 |
27 | extension BaseSocketChannel where SocketType: PipePair {
   |                             `- error: 'where' clause cannot be applied to a non-generic top-level declaration
28 |     /// The underlying transport type backing this channel.
29 |     typealias Transport = NIOBSDSocket.PipeHandle
[705/816] Compiling SQLKit SQLRawBuilder.swift
/host/spi-builder-workspace/.build/checkouts/swift-nio/Sources/NIOPosix/BaseSocketChannel+AccessibleTransport.swift:17:11: error: cannot find type 'BaseSocketChannel' in scope
15 | import NIOCore
16 |
17 | extension BaseSocketChannel where SocketType: BaseSocket {
   |           `- error: cannot find type 'BaseSocketChannel' in scope
18 |     /// The underlying transport type backing this channel.
19 |     typealias Transport = NIOBSDSocket.Handle
/host/spi-builder-workspace/.build/checkouts/swift-nio/Sources/NIOPosix/BaseSocketChannel+AccessibleTransport.swift:27:11: error: cannot find type 'BaseSocketChannel' in scope
25 | }
26 |
27 | extension BaseSocketChannel where SocketType: PipePair {
   |           `- error: cannot find type 'BaseSocketChannel' in scope
28 |     /// The underlying transport type backing this channel.
29 |     typealias Transport = NIOBSDSocket.PipeHandle
/host/spi-builder-workspace/.build/checkouts/swift-nio/Sources/NIOPosix/BaseSocketChannel+AccessibleTransport.swift:42:11: error: cannot find type 'SocketChannel' in scope
40 | }
41 |
42 | extension SocketChannel: NIOTransportAccessibleChannelCore {}
   |           `- error: cannot find type 'SocketChannel' in scope
43 | extension ServerSocketChannel: NIOTransportAccessibleChannelCore {}
44 | extension DatagramChannel: NIOTransportAccessibleChannelCore {}
/host/spi-builder-workspace/.build/checkouts/swift-nio/Sources/NIOPosix/BaseSocketChannel+AccessibleTransport.swift:43:11: error: cannot find type 'ServerSocketChannel' in scope
41 |
42 | extension SocketChannel: NIOTransportAccessibleChannelCore {}
43 | extension ServerSocketChannel: NIOTransportAccessibleChannelCore {}
   |           `- error: cannot find type 'ServerSocketChannel' in scope
44 | extension DatagramChannel: NIOTransportAccessibleChannelCore {}
45 | extension PipeChannel: NIOTransportAccessibleChannelCore {}
/host/spi-builder-workspace/.build/checkouts/swift-nio/Sources/NIOPosix/BaseSocketChannel+AccessibleTransport.swift:44:11: error: cannot find type 'DatagramChannel' in scope
42 | extension SocketChannel: NIOTransportAccessibleChannelCore {}
43 | extension ServerSocketChannel: NIOTransportAccessibleChannelCore {}
44 | extension DatagramChannel: NIOTransportAccessibleChannelCore {}
   |           `- error: cannot find type 'DatagramChannel' in scope
45 | extension PipeChannel: NIOTransportAccessibleChannelCore {}
46 |
/host/spi-builder-workspace/.build/checkouts/swift-nio/Sources/NIOPosix/BaseSocketChannel+AccessibleTransport.swift:45:11: error: cannot find type 'PipeChannel' in scope
43 | extension ServerSocketChannel: NIOTransportAccessibleChannelCore {}
44 | extension DatagramChannel: NIOTransportAccessibleChannelCore {}
45 | extension PipeChannel: NIOTransportAccessibleChannelCore {}
   |           `- error: cannot find type 'PipeChannel' in scope
46 |
/host/spi-builder-workspace/.build/checkouts/swift-nio/Sources/NIOPosix/BaseSocketChannel+AccessibleTransport.swift:17:29: error: 'where' clause cannot be applied to a non-generic top-level declaration
15 | import NIOCore
16 |
17 | extension BaseSocketChannel where SocketType: BaseSocket {
   |                             `- error: 'where' clause cannot be applied to a non-generic top-level declaration
18 |     /// The underlying transport type backing this channel.
19 |     typealias Transport = NIOBSDSocket.Handle
/host/spi-builder-workspace/.build/checkouts/swift-nio/Sources/NIOPosix/BaseSocketChannel+AccessibleTransport.swift:27:29: error: 'where' clause cannot be applied to a non-generic top-level declaration
25 | }
26 |
27 | extension BaseSocketChannel where SocketType: PipePair {
   |                             `- error: 'where' clause cannot be applied to a non-generic top-level declaration
28 |     /// The underlying transport type backing this channel.
29 |     typealias Transport = NIOBSDSocket.PipeHandle
[706/816] Compiling SQLKit SQLSecondaryPredicateGroupBuilder.swift
/host/spi-builder-workspace/.build/checkouts/swift-nio/Sources/NIOPosix/BaseSocketChannel+AccessibleTransport.swift:17:11: error: cannot find type 'BaseSocketChannel' in scope
15 | import NIOCore
16 |
17 | extension BaseSocketChannel where SocketType: BaseSocket {
   |           `- error: cannot find type 'BaseSocketChannel' in scope
18 |     /// The underlying transport type backing this channel.
19 |     typealias Transport = NIOBSDSocket.Handle
/host/spi-builder-workspace/.build/checkouts/swift-nio/Sources/NIOPosix/BaseSocketChannel+AccessibleTransport.swift:27:11: error: cannot find type 'BaseSocketChannel' in scope
25 | }
26 |
27 | extension BaseSocketChannel where SocketType: PipePair {
   |           `- error: cannot find type 'BaseSocketChannel' in scope
28 |     /// The underlying transport type backing this channel.
29 |     typealias Transport = NIOBSDSocket.PipeHandle
/host/spi-builder-workspace/.build/checkouts/swift-nio/Sources/NIOPosix/BaseSocketChannel+AccessibleTransport.swift:42:11: error: cannot find type 'SocketChannel' in scope
40 | }
41 |
42 | extension SocketChannel: NIOTransportAccessibleChannelCore {}
   |           `- error: cannot find type 'SocketChannel' in scope
43 | extension ServerSocketChannel: NIOTransportAccessibleChannelCore {}
44 | extension DatagramChannel: NIOTransportAccessibleChannelCore {}
/host/spi-builder-workspace/.build/checkouts/swift-nio/Sources/NIOPosix/BaseSocketChannel+AccessibleTransport.swift:43:11: error: cannot find type 'ServerSocketChannel' in scope
41 |
42 | extension SocketChannel: NIOTransportAccessibleChannelCore {}
43 | extension ServerSocketChannel: NIOTransportAccessibleChannelCore {}
   |           `- error: cannot find type 'ServerSocketChannel' in scope
44 | extension DatagramChannel: NIOTransportAccessibleChannelCore {}
45 | extension PipeChannel: NIOTransportAccessibleChannelCore {}
/host/spi-builder-workspace/.build/checkouts/swift-nio/Sources/NIOPosix/BaseSocketChannel+AccessibleTransport.swift:44:11: error: cannot find type 'DatagramChannel' in scope
42 | extension SocketChannel: NIOTransportAccessibleChannelCore {}
43 | extension ServerSocketChannel: NIOTransportAccessibleChannelCore {}
44 | extension DatagramChannel: NIOTransportAccessibleChannelCore {}
   |           `- error: cannot find type 'DatagramChannel' in scope
45 | extension PipeChannel: NIOTransportAccessibleChannelCore {}
46 |
/host/spi-builder-workspace/.build/checkouts/swift-nio/Sources/NIOPosix/BaseSocketChannel+AccessibleTransport.swift:45:11: error: cannot find type 'PipeChannel' in scope
43 | extension ServerSocketChannel: NIOTransportAccessibleChannelCore {}
44 | extension DatagramChannel: NIOTransportAccessibleChannelCore {}
45 | extension PipeChannel: NIOTransportAccessibleChannelCore {}
   |           `- error: cannot find type 'PipeChannel' in scope
46 |
/host/spi-builder-workspace/.build/checkouts/swift-nio/Sources/NIOPosix/BaseSocketChannel+AccessibleTransport.swift:17:29: error: 'where' clause cannot be applied to a non-generic top-level declaration
15 | import NIOCore
16 |
17 | extension BaseSocketChannel where SocketType: BaseSocket {
   |                             `- error: 'where' clause cannot be applied to a non-generic top-level declaration
18 |     /// The underlying transport type backing this channel.
19 |     typealias Transport = NIOBSDSocket.Handle
/host/spi-builder-workspace/.build/checkouts/swift-nio/Sources/NIOPosix/BaseSocketChannel+AccessibleTransport.swift:27:29: error: 'where' clause cannot be applied to a non-generic top-level declaration
25 | }
26 |
27 | extension BaseSocketChannel where SocketType: PipePair {
   |                             `- error: 'where' clause cannot be applied to a non-generic top-level declaration
28 |     /// The underlying transport type backing this channel.
29 |     typealias Transport = NIOBSDSocket.PipeHandle
[707/816] Compiling SQLKit SQLSelectBuilder.swift
/host/spi-builder-workspace/.build/checkouts/swift-nio/Sources/NIOPosix/BaseSocketChannel+AccessibleTransport.swift:17:11: error: cannot find type 'BaseSocketChannel' in scope
15 | import NIOCore
16 |
17 | extension BaseSocketChannel where SocketType: BaseSocket {
   |           `- error: cannot find type 'BaseSocketChannel' in scope
18 |     /// The underlying transport type backing this channel.
19 |     typealias Transport = NIOBSDSocket.Handle
/host/spi-builder-workspace/.build/checkouts/swift-nio/Sources/NIOPosix/BaseSocketChannel+AccessibleTransport.swift:27:11: error: cannot find type 'BaseSocketChannel' in scope
25 | }
26 |
27 | extension BaseSocketChannel where SocketType: PipePair {
   |           `- error: cannot find type 'BaseSocketChannel' in scope
28 |     /// The underlying transport type backing this channel.
29 |     typealias Transport = NIOBSDSocket.PipeHandle
/host/spi-builder-workspace/.build/checkouts/swift-nio/Sources/NIOPosix/BaseSocketChannel+AccessibleTransport.swift:42:11: error: cannot find type 'SocketChannel' in scope
40 | }
41 |
42 | extension SocketChannel: NIOTransportAccessibleChannelCore {}
   |           `- error: cannot find type 'SocketChannel' in scope
43 | extension ServerSocketChannel: NIOTransportAccessibleChannelCore {}
44 | extension DatagramChannel: NIOTransportAccessibleChannelCore {}
/host/spi-builder-workspace/.build/checkouts/swift-nio/Sources/NIOPosix/BaseSocketChannel+AccessibleTransport.swift:43:11: error: cannot find type 'ServerSocketChannel' in scope
41 |
42 | extension SocketChannel: NIOTransportAccessibleChannelCore {}
43 | extension ServerSocketChannel: NIOTransportAccessibleChannelCore {}
   |           `- error: cannot find type 'ServerSocketChannel' in scope
44 | extension DatagramChannel: NIOTransportAccessibleChannelCore {}
45 | extension PipeChannel: NIOTransportAccessibleChannelCore {}
/host/spi-builder-workspace/.build/checkouts/swift-nio/Sources/NIOPosix/BaseSocketChannel+AccessibleTransport.swift:44:11: error: cannot find type 'DatagramChannel' in scope
42 | extension SocketChannel: NIOTransportAccessibleChannelCore {}
43 | extension ServerSocketChannel: NIOTransportAccessibleChannelCore {}
44 | extension DatagramChannel: NIOTransportAccessibleChannelCore {}
   |           `- error: cannot find type 'DatagramChannel' in scope
45 | extension PipeChannel: NIOTransportAccessibleChannelCore {}
46 |
/host/spi-builder-workspace/.build/checkouts/swift-nio/Sources/NIOPosix/BaseSocketChannel+AccessibleTransport.swift:45:11: error: cannot find type 'PipeChannel' in scope
43 | extension ServerSocketChannel: NIOTransportAccessibleChannelCore {}
44 | extension DatagramChannel: NIOTransportAccessibleChannelCore {}
45 | extension PipeChannel: NIOTransportAccessibleChannelCore {}
   |           `- error: cannot find type 'PipeChannel' in scope
46 |
/host/spi-builder-workspace/.build/checkouts/swift-nio/Sources/NIOPosix/BaseSocketChannel+AccessibleTransport.swift:17:29: error: 'where' clause cannot be applied to a non-generic top-level declaration
15 | import NIOCore
16 |
17 | extension BaseSocketChannel where SocketType: BaseSocket {
   |                             `- error: 'where' clause cannot be applied to a non-generic top-level declaration
18 |     /// The underlying transport type backing this channel.
19 |     typealias Transport = NIOBSDSocket.Handle
/host/spi-builder-workspace/.build/checkouts/swift-nio/Sources/NIOPosix/BaseSocketChannel+AccessibleTransport.swift:27:29: error: 'where' clause cannot be applied to a non-generic top-level declaration
25 | }
26 |
27 | extension BaseSocketChannel where SocketType: PipePair {
   |                             `- error: 'where' clause cannot be applied to a non-generic top-level declaration
28 |     /// The underlying transport type backing this channel.
29 |     typealias Transport = NIOBSDSocket.PipeHandle
[708/816] Compiling SQLKit SQLSubqueryBuilder.swift
/host/spi-builder-workspace/.build/checkouts/swift-nio/Sources/NIOPosix/BaseSocketChannel+AccessibleTransport.swift:17:11: error: cannot find type 'BaseSocketChannel' in scope
15 | import NIOCore
16 |
17 | extension BaseSocketChannel where SocketType: BaseSocket {
   |           `- error: cannot find type 'BaseSocketChannel' in scope
18 |     /// The underlying transport type backing this channel.
19 |     typealias Transport = NIOBSDSocket.Handle
/host/spi-builder-workspace/.build/checkouts/swift-nio/Sources/NIOPosix/BaseSocketChannel+AccessibleTransport.swift:27:11: error: cannot find type 'BaseSocketChannel' in scope
25 | }
26 |
27 | extension BaseSocketChannel where SocketType: PipePair {
   |           `- error: cannot find type 'BaseSocketChannel' in scope
28 |     /// The underlying transport type backing this channel.
29 |     typealias Transport = NIOBSDSocket.PipeHandle
/host/spi-builder-workspace/.build/checkouts/swift-nio/Sources/NIOPosix/BaseSocketChannel+AccessibleTransport.swift:42:11: error: cannot find type 'SocketChannel' in scope
40 | }
41 |
42 | extension SocketChannel: NIOTransportAccessibleChannelCore {}
   |           `- error: cannot find type 'SocketChannel' in scope
43 | extension ServerSocketChannel: NIOTransportAccessibleChannelCore {}
44 | extension DatagramChannel: NIOTransportAccessibleChannelCore {}
/host/spi-builder-workspace/.build/checkouts/swift-nio/Sources/NIOPosix/BaseSocketChannel+AccessibleTransport.swift:43:11: error: cannot find type 'ServerSocketChannel' in scope
41 |
42 | extension SocketChannel: NIOTransportAccessibleChannelCore {}
43 | extension ServerSocketChannel: NIOTransportAccessibleChannelCore {}
   |           `- error: cannot find type 'ServerSocketChannel' in scope
44 | extension DatagramChannel: NIOTransportAccessibleChannelCore {}
45 | extension PipeChannel: NIOTransportAccessibleChannelCore {}
/host/spi-builder-workspace/.build/checkouts/swift-nio/Sources/NIOPosix/BaseSocketChannel+AccessibleTransport.swift:44:11: error: cannot find type 'DatagramChannel' in scope
42 | extension SocketChannel: NIOTransportAccessibleChannelCore {}
43 | extension ServerSocketChannel: NIOTransportAccessibleChannelCore {}
44 | extension DatagramChannel: NIOTransportAccessibleChannelCore {}
   |           `- error: cannot find type 'DatagramChannel' in scope
45 | extension PipeChannel: NIOTransportAccessibleChannelCore {}
46 |
/host/spi-builder-workspace/.build/checkouts/swift-nio/Sources/NIOPosix/BaseSocketChannel+AccessibleTransport.swift:45:11: error: cannot find type 'PipeChannel' in scope
43 | extension ServerSocketChannel: NIOTransportAccessibleChannelCore {}
44 | extension DatagramChannel: NIOTransportAccessibleChannelCore {}
45 | extension PipeChannel: NIOTransportAccessibleChannelCore {}
   |           `- error: cannot find type 'PipeChannel' in scope
46 |
/host/spi-builder-workspace/.build/checkouts/swift-nio/Sources/NIOPosix/BaseSocketChannel+AccessibleTransport.swift:17:29: error: 'where' clause cannot be applied to a non-generic top-level declaration
15 | import NIOCore
16 |
17 | extension BaseSocketChannel where SocketType: BaseSocket {
   |                             `- error: 'where' clause cannot be applied to a non-generic top-level declaration
18 |     /// The underlying transport type backing this channel.
19 |     typealias Transport = NIOBSDSocket.Handle
/host/spi-builder-workspace/.build/checkouts/swift-nio/Sources/NIOPosix/BaseSocketChannel+AccessibleTransport.swift:27:29: error: 'where' clause cannot be applied to a non-generic top-level declaration
25 | }
26 |
27 | extension BaseSocketChannel where SocketType: PipePair {
   |                             `- error: 'where' clause cannot be applied to a non-generic top-level declaration
28 |     /// The underlying transport type backing this channel.
29 |     typealias Transport = NIOBSDSocket.PipeHandle
[709/816] Compiling SQLKit SQLUnionBuilder.swift
/host/spi-builder-workspace/.build/checkouts/swift-nio/Sources/NIOPosix/BaseSocketChannel+AccessibleTransport.swift:17:11: error: cannot find type 'BaseSocketChannel' in scope
15 | import NIOCore
16 |
17 | extension BaseSocketChannel where SocketType: BaseSocket {
   |           `- error: cannot find type 'BaseSocketChannel' in scope
18 |     /// The underlying transport type backing this channel.
19 |     typealias Transport = NIOBSDSocket.Handle
/host/spi-builder-workspace/.build/checkouts/swift-nio/Sources/NIOPosix/BaseSocketChannel+AccessibleTransport.swift:27:11: error: cannot find type 'BaseSocketChannel' in scope
25 | }
26 |
27 | extension BaseSocketChannel where SocketType: PipePair {
   |           `- error: cannot find type 'BaseSocketChannel' in scope
28 |     /// The underlying transport type backing this channel.
29 |     typealias Transport = NIOBSDSocket.PipeHandle
/host/spi-builder-workspace/.build/checkouts/swift-nio/Sources/NIOPosix/BaseSocketChannel+AccessibleTransport.swift:42:11: error: cannot find type 'SocketChannel' in scope
40 | }
41 |
42 | extension SocketChannel: NIOTransportAccessibleChannelCore {}
   |           `- error: cannot find type 'SocketChannel' in scope
43 | extension ServerSocketChannel: NIOTransportAccessibleChannelCore {}
44 | extension DatagramChannel: NIOTransportAccessibleChannelCore {}
/host/spi-builder-workspace/.build/checkouts/swift-nio/Sources/NIOPosix/BaseSocketChannel+AccessibleTransport.swift:43:11: error: cannot find type 'ServerSocketChannel' in scope
41 |
42 | extension SocketChannel: NIOTransportAccessibleChannelCore {}
43 | extension ServerSocketChannel: NIOTransportAccessibleChannelCore {}
   |           `- error: cannot find type 'ServerSocketChannel' in scope
44 | extension DatagramChannel: NIOTransportAccessibleChannelCore {}
45 | extension PipeChannel: NIOTransportAccessibleChannelCore {}
/host/spi-builder-workspace/.build/checkouts/swift-nio/Sources/NIOPosix/BaseSocketChannel+AccessibleTransport.swift:44:11: error: cannot find type 'DatagramChannel' in scope
42 | extension SocketChannel: NIOTransportAccessibleChannelCore {}
43 | extension ServerSocketChannel: NIOTransportAccessibleChannelCore {}
44 | extension DatagramChannel: NIOTransportAccessibleChannelCore {}
   |           `- error: cannot find type 'DatagramChannel' in scope
45 | extension PipeChannel: NIOTransportAccessibleChannelCore {}
46 |
/host/spi-builder-workspace/.build/checkouts/swift-nio/Sources/NIOPosix/BaseSocketChannel+AccessibleTransport.swift:45:11: error: cannot find type 'PipeChannel' in scope
43 | extension ServerSocketChannel: NIOTransportAccessibleChannelCore {}
44 | extension DatagramChannel: NIOTransportAccessibleChannelCore {}
45 | extension PipeChannel: NIOTransportAccessibleChannelCore {}
   |           `- error: cannot find type 'PipeChannel' in scope
46 |
/host/spi-builder-workspace/.build/checkouts/swift-nio/Sources/NIOPosix/BaseSocketChannel+AccessibleTransport.swift:17:29: error: 'where' clause cannot be applied to a non-generic top-level declaration
15 | import NIOCore
16 |
17 | extension BaseSocketChannel where SocketType: BaseSocket {
   |                             `- error: 'where' clause cannot be applied to a non-generic top-level declaration
18 |     /// The underlying transport type backing this channel.
19 |     typealias Transport = NIOBSDSocket.Handle
/host/spi-builder-workspace/.build/checkouts/swift-nio/Sources/NIOPosix/BaseSocketChannel+AccessibleTransport.swift:27:29: error: 'where' clause cannot be applied to a non-generic top-level declaration
25 | }
26 |
27 | extension BaseSocketChannel where SocketType: PipePair {
   |                             `- error: 'where' clause cannot be applied to a non-generic top-level declaration
28 |     /// The underlying transport type backing this channel.
29 |     typealias Transport = NIOBSDSocket.PipeHandle
[710/816] Compiling SQLKit SQLUpdateBuilder.swift
/host/spi-builder-workspace/.build/checkouts/swift-nio/Sources/NIOPosix/BaseSocketChannel+AccessibleTransport.swift:17:11: error: cannot find type 'BaseSocketChannel' in scope
15 | import NIOCore
16 |
17 | extension BaseSocketChannel where SocketType: BaseSocket {
   |           `- error: cannot find type 'BaseSocketChannel' in scope
18 |     /// The underlying transport type backing this channel.
19 |     typealias Transport = NIOBSDSocket.Handle
/host/spi-builder-workspace/.build/checkouts/swift-nio/Sources/NIOPosix/BaseSocketChannel+AccessibleTransport.swift:27:11: error: cannot find type 'BaseSocketChannel' in scope
25 | }
26 |
27 | extension BaseSocketChannel where SocketType: PipePair {
   |           `- error: cannot find type 'BaseSocketChannel' in scope
28 |     /// The underlying transport type backing this channel.
29 |     typealias Transport = NIOBSDSocket.PipeHandle
/host/spi-builder-workspace/.build/checkouts/swift-nio/Sources/NIOPosix/BaseSocketChannel+AccessibleTransport.swift:42:11: error: cannot find type 'SocketChannel' in scope
40 | }
41 |
42 | extension SocketChannel: NIOTransportAccessibleChannelCore {}
   |           `- error: cannot find type 'SocketChannel' in scope
43 | extension ServerSocketChannel: NIOTransportAccessibleChannelCore {}
44 | extension DatagramChannel: NIOTransportAccessibleChannelCore {}
/host/spi-builder-workspace/.build/checkouts/swift-nio/Sources/NIOPosix/BaseSocketChannel+AccessibleTransport.swift:43:11: error: cannot find type 'ServerSocketChannel' in scope
41 |
42 | extension SocketChannel: NIOTransportAccessibleChannelCore {}
43 | extension ServerSocketChannel: NIOTransportAccessibleChannelCore {}
   |           `- error: cannot find type 'ServerSocketChannel' in scope
44 | extension DatagramChannel: NIOTransportAccessibleChannelCore {}
45 | extension PipeChannel: NIOTransportAccessibleChannelCore {}
/host/spi-builder-workspace/.build/checkouts/swift-nio/Sources/NIOPosix/BaseSocketChannel+AccessibleTransport.swift:44:11: error: cannot find type 'DatagramChannel' in scope
42 | extension SocketChannel: NIOTransportAccessibleChannelCore {}
43 | extension ServerSocketChannel: NIOTransportAccessibleChannelCore {}
44 | extension DatagramChannel: NIOTransportAccessibleChannelCore {}
   |           `- error: cannot find type 'DatagramChannel' in scope
45 | extension PipeChannel: NIOTransportAccessibleChannelCore {}
46 |
/host/spi-builder-workspace/.build/checkouts/swift-nio/Sources/NIOPosix/BaseSocketChannel+AccessibleTransport.swift:45:11: error: cannot find type 'PipeChannel' in scope
43 | extension ServerSocketChannel: NIOTransportAccessibleChannelCore {}
44 | extension DatagramChannel: NIOTransportAccessibleChannelCore {}
45 | extension PipeChannel: NIOTransportAccessibleChannelCore {}
   |           `- error: cannot find type 'PipeChannel' in scope
46 |
/host/spi-builder-workspace/.build/checkouts/swift-nio/Sources/NIOPosix/BaseSocketChannel+AccessibleTransport.swift:17:29: error: 'where' clause cannot be applied to a non-generic top-level declaration
15 | import NIOCore
16 |
17 | extension BaseSocketChannel where SocketType: BaseSocket {
   |                             `- error: 'where' clause cannot be applied to a non-generic top-level declaration
18 |     /// The underlying transport type backing this channel.
19 |     typealias Transport = NIOBSDSocket.Handle
/host/spi-builder-workspace/.build/checkouts/swift-nio/Sources/NIOPosix/BaseSocketChannel+AccessibleTransport.swift:27:29: error: 'where' clause cannot be applied to a non-generic top-level declaration
25 | }
26 |
27 | extension BaseSocketChannel where SocketType: PipePair {
   |                             `- error: 'where' clause cannot be applied to a non-generic top-level declaration
28 |     /// The underlying transport type backing this channel.
29 |     typealias Transport = NIOBSDSocket.PipeHandle
[711/847] Compiling NIOPosix Thread.swift
[712/847] Compiling NIOPosix ThreadPosix.swift
[713/847] Compiling NIOPosix ThreadWindows.swift
[714/847] Compiling NIOPosix Utilities.swift
[715/847] Compiling NIOPosix VsockAddress.swift
[716/847] Compiling NIOPosix VsockChannelEvents.swift
[717/847] Compiling NIOPosix Windows.swift
error: emit-module command failed with exit code 1 (use -v to see invocation)
[718/847] Emitting module NIOPosix
/host/spi-builder-workspace/.build/checkouts/swift-nio/Sources/NIOPosix/BaseSocketChannel+AccessibleTransport.swift:17:11: error: cannot find type 'BaseSocketChannel' in scope
15 | import NIOCore
16 |
17 | extension BaseSocketChannel where SocketType: BaseSocket {
   |           `- error: cannot find type 'BaseSocketChannel' in scope
18 |     /// The underlying transport type backing this channel.
19 |     typealias Transport = NIOBSDSocket.Handle
/host/spi-builder-workspace/.build/checkouts/swift-nio/Sources/NIOPosix/BaseSocketChannel+AccessibleTransport.swift:27:11: error: cannot find type 'BaseSocketChannel' in scope
25 | }
26 |
27 | extension BaseSocketChannel where SocketType: PipePair {
   |           `- error: cannot find type 'BaseSocketChannel' in scope
28 |     /// The underlying transport type backing this channel.
29 |     typealias Transport = NIOBSDSocket.PipeHandle
/host/spi-builder-workspace/.build/checkouts/swift-nio/Sources/NIOPosix/BaseSocketChannel+AccessibleTransport.swift:42:11: error: cannot find type 'SocketChannel' in scope
40 | }
41 |
42 | extension SocketChannel: NIOTransportAccessibleChannelCore {}
   |           `- error: cannot find type 'SocketChannel' in scope
43 | extension ServerSocketChannel: NIOTransportAccessibleChannelCore {}
44 | extension DatagramChannel: NIOTransportAccessibleChannelCore {}
/host/spi-builder-workspace/.build/checkouts/swift-nio/Sources/NIOPosix/BaseSocketChannel+AccessibleTransport.swift:43:11: error: cannot find type 'ServerSocketChannel' in scope
41 |
42 | extension SocketChannel: NIOTransportAccessibleChannelCore {}
43 | extension ServerSocketChannel: NIOTransportAccessibleChannelCore {}
   |           `- error: cannot find type 'ServerSocketChannel' in scope
44 | extension DatagramChannel: NIOTransportAccessibleChannelCore {}
45 | extension PipeChannel: NIOTransportAccessibleChannelCore {}
/host/spi-builder-workspace/.build/checkouts/swift-nio/Sources/NIOPosix/BaseSocketChannel+AccessibleTransport.swift:44:11: error: cannot find type 'DatagramChannel' in scope
42 | extension SocketChannel: NIOTransportAccessibleChannelCore {}
43 | extension ServerSocketChannel: NIOTransportAccessibleChannelCore {}
44 | extension DatagramChannel: NIOTransportAccessibleChannelCore {}
   |           `- error: cannot find type 'DatagramChannel' in scope
45 | extension PipeChannel: NIOTransportAccessibleChannelCore {}
46 |
/host/spi-builder-workspace/.build/checkouts/swift-nio/Sources/NIOPosix/BaseSocketChannel+AccessibleTransport.swift:45:11: error: cannot find type 'PipeChannel' in scope
43 | extension ServerSocketChannel: NIOTransportAccessibleChannelCore {}
44 | extension DatagramChannel: NIOTransportAccessibleChannelCore {}
45 | extension PipeChannel: NIOTransportAccessibleChannelCore {}
   |           `- error: cannot find type 'PipeChannel' in scope
46 |
[719/856] Compiling SQLKit SQLAliasedColumnListBuilder.swift
[720/856] Compiling SQLKit SQLColumnUpdateBuilder.swift
[721/856] Compiling SQLKit SQLCommonTableExpressionBuilder.swift
[722/856] Compiling SQLKit SQLCommonUnionBuilder.swift
[723/856] Compiling SQLKit SQLJoinBuilder.swift
[724/856] Compiling SQLKit SQLPartialResultBuilder.swift
[725/856] Compiling SQLKit SQLAlterEnumBuilder.swift
[726/856] Compiling SQLKit SQLForeignKeyAction.swift
[727/856] Compiling SQLKit SQLNestedSubpathExpression.swift
[728/856] Compiling SQLKit SQLQualifiedTable.swift
[729/856] Compiling SQLKit SQLQueryString.swift
[730/856] Compiling SQLKit SQLPredicateBuilder.swift
[731/856] Compiling SQLKit SQLQueryBuilder.swift
[732/856] Compiling SQLKit SQLQueryFetcher.swift
[733/856] Compiling SQLKit SQLDropEnumBuilder.swift
[734/856] Compiling SQLKit SQLDropIndexBuilder.swift
[735/856] Compiling SQLKit SQLDropTableBuilder.swift
[736/856] Compiling SQLKit SQLDropTriggerBuilder.swift
[737/856] Compiling SQLKit SQLInsertBuilder.swift
[738/856] Compiling SQLKit SQLQueryBuilders+Deprecated.swift
[739/856] Compiling SQLKit Exports.swift
[740/856] Compiling SQLKit SQLAlterTableBuilder.swift
[741/856] Compiling SQLKit SQLConflictUpdateBuilder.swift
[742/856] Compiling SQLKit SQLCreateEnumBuilder.swift
[743/856] Compiling SQLKit SQLCreateIndexBuilder.swift
[744/856] Compiling SQLKit SQLCreateTableBuilder.swift
[745/856] Compiling SQLKit SQLCreateTriggerBuilder.swift
[746/856] Compiling SQLKit SQLDeleteBuilder.swift
[747/856] Compiling SQLKit SQLAlias.swift
[748/856] Compiling SQLKit SQLBetween.swift
[749/856] Compiling SQLKit SQLColumn.swift
[750/856] Compiling SQLKit SQLConstraint.swift
[751/856] Compiling SQLKit SQLDataType.swift
[752/856] Compiling SQLKit SQLDirection.swift
[753/856] Compiling SQLKit SQLDistinct.swift
[754/856] Compiling SQLKit SQLReturningBuilder.swift
[755/856] Compiling SQLKit SQLSecondaryPredicateBuilder.swift
[756/856] Compiling SQLKit SQLSubqueryClauseBuilder.swift
[757/856] Compiling SQLKit SQLUnqualifiedColumnListBuilder.swift
[758/856] Compiling SQLKit SQLDatabase.swift
[759/856] Compiling SQLKit SQLDatabaseReportedVersion.swift
[760/856] Compiling SQLKit SQLDialect.swift
BUILD FAILURE 6.2 wasm