The Swift Package Index logo.Swift Package Index

Build Information

Failed to build SwiftNGram, reference main (017116), with Swift 6.4 for Wasm on 21 Sep 2026 20:38:43 UTC.

Build Command

bash -c docker run --pull=always --rm -v "checkouts-54344843-0":/host -w "$PWD" -e JAVA_HOME="/root/.sdkman/candidates/java/current" -e SPI_BUILD="1" -e SPI_PROCESSING="1" registry.gitlab.com/saguaro1/spi-images:wasm-6.4-latest swift build --swift-sdk swift-6.4.x-DEVELOPMENT-SNAPSHOT-2026-09-04-a_wasm 2>&1

Build Log

========================================
RunAll
========================================
Builder version: 5.1.0
Interrupt handler set up.
========================================
Checkout
========================================
Clone URL: https://github.com/nyanko3141592/SwiftNGramWiithMarisaTrie.git
Reference: main
Initialized empty Git repository in /host/spi-builder-workspace/.git/
hint: Using 'master' as the name for the initial branch. This default branch name
hint: is subject to change. To configure the initial branch name to use in all
hint: of your new repositories, which will suppress this warning, call:
hint:
hint: 	git config --global init.defaultBranch <name>
hint:
hint: Names commonly chosen instead of 'master' are 'main', 'trunk' and
hint: 'development'. The just-created branch can be renamed via this command:
hint:
hint: 	git branch -m <name>
From https://github.com/nyanko3141592/SwiftNGramWiithMarisaTrie
 * branch            main       -> FETCH_HEAD
 * [new branch]      main       -> origin/main
HEAD is now at 0171169 Merge pull request #4 from nyanko3141592/feat/use_minimum_tokenizers
Cloned https://github.com/nyanko3141592/SwiftNGramWiithMarisaTrie.git
Revision (git rev-parse @):
0171169c1eb8f7bacceb8236ce7d324050d893c2
SUCCESS checkout https://github.com/nyanko3141592/SwiftNGramWiithMarisaTrie.git at main
========================================
Build
========================================
Selected platform:         wasm
Swift version:             6.4
Building package at path:  $PWD
https://github.com/nyanko3141592/SwiftNGramWiithMarisaTrie.git
Running build ...
bash -c docker run --pull=always --rm -v "checkouts-54344843-0":/host -w "$PWD" -e JAVA_HOME="/root/.sdkman/candidates/java/current" -e SPI_BUILD="1" -e SPI_PROCESSING="1" registry.gitlab.com/saguaro1/spi-images:wasm-6.4-latest swift build --swift-sdk swift-6.4.x-DEVELOPMENT-SNAPSHOT-2026-09-04-a_wasm 2>&1
wasm-6.4-latest: Pulling from saguaro1/spi-images
Digest: sha256:4328fdb43c680d205c1d6761b1e3267aa38277eefdda9ddfb17b6a0f1a77857a
Status: Image is up to date for registry.gitlab.com/saguaro1/spi-images:wasm-6.4-latest
Fetching https://github.com/ensan-hcl/SwiftyMarisa
[1/465] Fetching swiftymarisa
Fetched https://github.com/ensan-hcl/SwiftyMarisa (0.48s)
Fetching https://github.com/ensan-hcl/swift-tokenizers
[1/990] Fetching swift-tokenizers
Fetched https://github.com/ensan-hcl/swift-tokenizers (0.59s)
Fetching https://github.com/johnmai-dev/Jinja
[1/1360] Fetching jinja
Fetched https://github.com/johnmai-dev/Jinja (0.56s)
Computing version for https://github.com/johnmai-dev/Jinja
Computed https://github.com/johnmai-dev/Jinja at 1.1.2 (0.71s)
Fetching https://github.com/apple/swift-collections.git
[1/27633] Fetching swift-collections
Fetched https://github.com/apple/swift-collections.git (1.29s)
Computing version for https://github.com/apple/swift-collections.git
Computed https://github.com/apple/swift-collections.git at 1.6.0 (1.58s)
Creating working copy for https://github.com/ensan-hcl/swift-tokenizers
Working copy of https://github.com/ensan-hcl/swift-tokenizers resolved at feat/minimum (407e518)
Creating working copy for https://github.com/ensan-hcl/SwiftyMarisa
Working copy of https://github.com/ensan-hcl/SwiftyMarisa resolved at feat/swift_cpp_interop (6e145ae)
Creating working copy for https://github.com/johnmai-dev/Jinja
Working copy of https://github.com/johnmai-dev/Jinja resolved at 1.1.2
Creating working copy for https://github.com/apple/swift-collections.git
Working copy of https://github.com/apple/swift-collections.git resolved at 1.6.0
warning: 'spi-builder-workspace': 'Examples' was identified as an executable target given the presence of a 'main' file. Starting with tools version 5.4.0 executable targets should be declared as 'executableTarget()'
warning: 'spi-builder-workspace': 'Examples' was identified as an executable target given the presence of a 'main' file. Starting with tools version 5.4.0 executable targets should be declared as 'executableTarget()'
Building for debugging...
[Computing dependencies]
[Pre-planning 1 / 361]
[Constructing 1 / 760]
In file included from /host/spi-builder-workspace/.build/checkouts/SwiftyMarisa/Sources/marisa-trie/marisa/grimoire/io/mapper.cc:6:
/root/.swiftpm/swift-sdks/swift-6.4.x-DEVELOPMENT-SNAPSHOT-2026-09-04-a_wasm.artifactbundle/swift-6.4.x-DEVELOPMENT-SNAPSHOT-2026-09-04-a_wasm/wasm32-unknown-wasip1/WASI.sdk/include/wasm32-wasip1/sys/mman.h:2:2: error: "WASI lacks a true mmap; to enable minimal mmap emulation, compile with -D_WASI_EMULATED_MMAN and link with -lwasi-emulated-mman"
    2 | #error "WASI lacks a true mmap; to enable minimal mmap emulation, \
      |  ^
/host/spi-builder-workspace/.build/checkouts/SwiftyMarisa/Sources/marisa-trie/marisa/grimoire/io/mapper.cc:25:27: error: use of undeclared identifier 'MAP_FAILED'
   25 |     : ptr_(NULL), origin_(MAP_FAILED), avail_(0), size_(0), fd_(-1) {}
      |                           ^~~~~~~~~~
/host/spi-builder-workspace/.build/checkouts/SwiftyMarisa/Sources/marisa-trie/marisa/grimoire/io/mapper.cc:44:18: error: use of undeclared identifier 'MAP_FAILED'
   44 |   if (origin_ != MAP_FAILED) {
      |                  ^~~~~~~~~~
/host/spi-builder-workspace/.build/checkouts/SwiftyMarisa/Sources/marisa-trie/marisa/grimoire/io/mapper.cc:45:7: error: no member named 'munmap' in the global namespace
   45 |     ::munmap(origin_, size_);
      |       ^~~~~~
/host/spi-builder-workspace/.build/checkouts/SwiftyMarisa/Sources/marisa-trie/marisa/grimoire/io/mapper.cc:148:13: error: no member named 'mmap' in the global namespace; did you mean 'map'?
  148 |   origin_ = ::mmap(NULL, size_, PROT_READ, MAP_SHARED, fd_, 0);
      |             ^~~~~~
      |             map
In file included from /host/spi-builder-workspace/.build/checkouts/SwiftyMarisa/Sources/marisa-trie/marisa/grimoire/io/mapper.cc:13:
/host/spi-builder-workspace/.build/checkouts/SwiftyMarisa/Sources/marisa-trie/marisa/grimoire/io/mapper.h:21:8: note: 'map' declared here
   21 |   void map(T *obj) {
      |        ^
/host/spi-builder-workspace/.build/checkouts/SwiftyMarisa/Sources/marisa-trie/marisa/grimoire/io/mapper.cc:148:15: error: cannot refer to member 'map' in 'marisa::grimoire::io::Mapper' with '->'
  148 |   origin_ = ::mmap(NULL, size_, PROT_READ, MAP_SHARED, fd_, 0);
      |               ^
In file included from /host/spi-builder-workspace/.build/checkouts/SwiftyMarisa/Sources/marisa-trie/marisa/grimoire/io/mapper.cc:13:
/host/spi-builder-workspace/.build/checkouts/SwiftyMarisa/Sources/marisa-trie/marisa/grimoire/io/mapper.h:21:8: note: member 'map' declared here
   21 |   void map(T *obj) {
      |        ^
/host/spi-builder-workspace/.build/checkouts/SwiftyMarisa/Sources/marisa-trie/marisa/grimoire/io/mapper.cc:148:33: error: use of undeclared identifier 'PROT_READ'
  148 |   origin_ = ::mmap(NULL, size_, PROT_READ, MAP_SHARED, fd_, 0);
      |                                 ^~~~~~~~~
/host/spi-builder-workspace/.build/checkouts/SwiftyMarisa/Sources/marisa-trie/marisa/grimoire/io/mapper.cc:148:44: error: use of undeclared identifier 'MAP_SHARED'
  148 |   origin_ = ::mmap(NULL, size_, PROT_READ, MAP_SHARED, fd_, 0);
      |                                            ^~~~~~~~~~
/host/spi-builder-workspace/.build/checkouts/SwiftyMarisa/Sources/marisa-trie/marisa/grimoire/io/mapper.cc:149:30: error: use of undeclared identifier 'MAP_FAILED'
  149 |   MARISA_THROW_IF(origin_ == MAP_FAILED, MARISA_IO_ERROR);
      |                              ^~~~~~~~~~
9 errors generated.
error: CompileC /host/spi-builder-workspace/.build/out/Intermediates.noindex/SwiftyMarisa.build/Debug-webassembly-wasm32/marisa-trie-t.build/Objects-normal/wasm32/mapper.o /host/spi-builder-workspace/.build/checkouts/SwiftyMarisa/Sources/marisa-trie/marisa/grimoire/io/mapper.cc normal wasm32 c++ com.apple.compilers.llvm.clang.1_0.compiler failed with a nonzero exit code. Command line:     cd /host

    Using response file: /host/spi-builder-workspace/.build/out/Intermediates.noindex/SwiftyMarisa.build/Debug-webassembly-wasm32/marisa-trie-t.build/Objects-normal/wasm32/11b881b950eb02e21769317df93e9b41d1d7f0348e4e0901ae810dce93ca1a57-common-args.resp

    /usr/bin/clang -x c++ -target wasm32-unknown-wasip1 -fmessage-length\=0 -fdiagnostics-show-note-include-stack -fmacro-backtrace-limit\=0 -fcolor-diagnostics -Wno-trigraphs -Wno-missing-field-initializers -Wno-missing-prototypes -Wno-return-type -Wno-non-virtual-dtor -Wno-overloaded-virtual -Wno-exit-time-destructors -Wno-missing-braces -Wparentheses -Wswitch -Wno-unused-function -Wno-unused-label -Wno-unused-parameter -Wno-unused-variable -Wunused-value -Wno-empty-body -Wno-uninitialized -Wno-unknown-pragmas -w -Wno-shadow -Wno-four-char-constants -Wno-conversion -Wno-constant-conversion -Wno-int-conversion -Wno-bool-conversion -Wno-enum-conversion -Wno-float-conversion -Wno-non-literal-null-conversion -Wno-objc-literal-conversion -Wno-shorten-64-to-32 -Wno-newline-eof -Wno-c++11-extensions -Wno-implicit-fallthrough -fstrict-aliasing -Wdeprecated-declarations -Winvalid-offsetof -Wno-sign-conversion -Wno-infinite-recursion -Wno-move -Wno-comma -Wno-block-capture-autoreleasing -Wno-strict-prototypes -Wno-range-loop-analysis -Wno-semicolon-before-method-body --sysroot /root/.swiftpm/swift-sdks/swift-6.4.x-DEVELOPMENT-SNAPSHOT-2026-09-04-a_wasm.artifactbundle/swift-6.4.x-DEVELOPMENT-SNAPSHOT-2026-09-04-a_wasm/wasm32-unknown-wasip1/WASI.sdk @/host/spi-builder-workspace/.build/out/Intermediates.noindex/SwiftyMarisa.build/Debug-webassembly-wasm32/marisa-trie-t.build/Objects-normal/wasm32/11b881b950eb02e21769317df93e9b41d1d7f0348e4e0901ae810dce93ca1a57-common-args.resp -MMD -MT dependencies -MF /host/spi-builder-workspace/.build/out/Intermediates.noindex/SwiftyMarisa.build/Debug-webassembly-wasm32/marisa-trie-t.build/Objects-normal/wasm32/mapper.d --serialize-diagnostics /host/spi-builder-workspace/.build/out/Intermediates.noindex/SwiftyMarisa.build/Debug-webassembly-wasm32/marisa-trie-t.build/Objects-normal/wasm32/mapper.dia -c /host/spi-builder-workspace/.build/checkouts/SwiftyMarisa/Sources/marisa-trie/marisa/grimoire/io/mapper.cc -o /host/spi-builder-workspace/.build/out/Intermediates.noindex/SwiftyMarisa.build/Debug-webassembly-wasm32/marisa-trie-t.build/Objects-normal/wasm32/mapper.o
[72 / 130] marisa-trie
error: Build failed
BUILD FAILURE 6.4 wasm