Build Information
Failed to build AudiobookshelfAPI, reference main (5e263e), with Swift 6.1 for Wasm on 9 Oct 2026 07:43:19 UTC.
Build Command
bash -c docker run --pull=always --rm -v "checkouts-54344843-1":/host -w "$PWD" -e JAVA_HOME="/root/.sdkman/candidates/java/current" -e SPI_BUILD="1" -e SPI_PROCESSING="1" registry.gitlab.com/saguaro1/spi-images:wasm-6.1-latest swift build --swift-sdk wasm32-unknown-wasi 2>&1Build Log
========================================
RunAll
========================================
Builder version: 5.1.1
Interrupt handler set up.
========================================
Checkout
========================================
Clone URL: https://github.com/JamesRagnar/audiobookshelf-api-swift.git
Reference: main
Initialized empty Git repository in /host/spi-builder-workspace/.git/
hint: Using 'master' as the name for the initial branch. This default branch name
hint: is subject to change. To configure the initial branch name to use in all
hint: of your new repositories, which will suppress this warning, call:
hint:
hint: git config --global init.defaultBranch <name>
hint:
hint: Names commonly chosen instead of 'master' are 'main', 'trunk' and
hint: 'development'. The just-created branch can be renamed via this command:
hint:
hint: git branch -m <name>
From https://github.com/JamesRagnar/audiobookshelf-api-swift
* branch main -> FETCH_HEAD
* [new branch] main -> origin/main
HEAD is now at 5e263ed Correct maintained API contracts and support Audiobookshelf 2.37 (#69)
Cloned https://github.com/JamesRagnar/audiobookshelf-api-swift.git
Revision (git rev-parse @):
5e263ed6b1d0ca8e8b0f5cfdeae7d517be14a85d
SUCCESS checkout https://github.com/JamesRagnar/audiobookshelf-api-swift.git at main
========================================
Build
========================================
Selected platform: wasm
Swift version: 6.1
Building package at path: $PWD
https://github.com/JamesRagnar/audiobookshelf-api-swift.git
https://github.com/JamesRagnar/audiobookshelf-api-swift.git
WARNING: environment variable SUPPRESS_SWIFT_6_FLAGS is not set
Running build ...
bash -c docker run --pull=always --rm -v "checkouts-54344843-1":/host -w "$PWD" -e JAVA_HOME="/root/.sdkman/candidates/java/current" -e SPI_BUILD="1" -e SPI_PROCESSING="1" registry.gitlab.com/saguaro1/spi-images:wasm-6.1-latest swift build --swift-sdk wasm32-unknown-wasi -Xswiftc -Xfrontend -Xswiftc -stats-output-dir -Xswiftc -Xfrontend -Xswiftc .stats -Xswiftc -strict-concurrency=complete -Xswiftc -enable-upcoming-feature -Xswiftc StrictConcurrency -Xswiftc -enable-upcoming-feature -Xswiftc DisableOutwardActorInference -Xswiftc -enable-upcoming-feature -Xswiftc GlobalActorIsolatedTypesUsability -Xswiftc -enable-upcoming-feature -Xswiftc InferSendableFromCaptures 2>&1
wasm-6.1-latest: Pulling from saguaro1/spi-images
Digest: sha256:005e294ea72e7f7733559677ac003354f37dc6afb35c5bbab6bc9a95fc174f44
Status: Image is up to date for registry.gitlab.com/saguaro1/spi-images:wasm-6.1-latest
Fetching https://github.com/JamesRagnar/RagnarNetworking
[1/2236] Fetching ragnarnetworking
Fetched https://github.com/JamesRagnar/RagnarNetworking from cache (0.99s)
Computing version for https://github.com/JamesRagnar/RagnarNetworking
Computed https://github.com/JamesRagnar/RagnarNetworking at 1.0.0 (1.31s)
Creating working copy for https://github.com/JamesRagnar/RagnarNetworking
Working copy of https://github.com/JamesRagnar/RagnarNetworking resolved at 1.0.0
Building for debugging...
[0/5] Write sources
[4/5] Write swift-version-24593BA9C3E375BF.txt
[6/41] Compiling RagnarWebSocket WebSocketCloseCode.swift
<unknown>:0: warning: upcoming feature 'InferSendableFromCaptures' is already enabled as of Swift version 6
<unknown>:0: warning: upcoming feature 'GlobalActorIsolatedTypesUsability' is already enabled as of Swift version 6
<unknown>:0: warning: upcoming feature 'DisableOutwardActorInference' is already enabled as of Swift version 6
/host/spi-builder-workspace/.build/checkouts/RagnarNetworking/Sources/RagnarWebSocket/Logging/Logger+RagnarWebSocket.swift:1:8: error: no such module 'OSLog'
1 | import OSLog
| `- error: no such module 'OSLog'
2 |
3 | let loggingSubsystem = "com.ragnar.networking"
[7/41] Compiling RagnarWebSocket WebSocketMessage.swift
<unknown>:0: warning: upcoming feature 'InferSendableFromCaptures' is already enabled as of Swift version 6
<unknown>:0: warning: upcoming feature 'GlobalActorIsolatedTypesUsability' is already enabled as of Swift version 6
<unknown>:0: warning: upcoming feature 'DisableOutwardActorInference' is already enabled as of Swift version 6
/host/spi-builder-workspace/.build/checkouts/RagnarNetworking/Sources/RagnarWebSocket/Logging/Logger+RagnarWebSocket.swift:1:8: error: no such module 'OSLog'
1 | import OSLog
| `- error: no such module 'OSLog'
2 |
3 | let loggingSubsystem = "com.ragnar.networking"
[8/41] Compiling RagnarWebSocket WebSocketError.swift
<unknown>:0: warning: upcoming feature 'InferSendableFromCaptures' is already enabled as of Swift version 6
<unknown>:0: warning: upcoming feature 'GlobalActorIsolatedTypesUsability' is already enabled as of Swift version 6
<unknown>:0: warning: upcoming feature 'DisableOutwardActorInference' is already enabled as of Swift version 6
/host/spi-builder-workspace/.build/checkouts/RagnarNetworking/Sources/RagnarWebSocket/Logging/Logger+RagnarWebSocket.swift:1:8: error: no such module 'OSLog'
1 | import OSLog
| `- error: no such module 'OSLog'
2 |
3 | let loggingSubsystem = "com.ragnar.networking"
[9/41] Compiling RagnarNetworking RequestBody.swift
<unknown>:0: warning: upcoming feature 'InferSendableFromCaptures' is already enabled as of Swift version 6
<unknown>:0: warning: upcoming feature 'GlobalActorIsolatedTypesUsability' is already enabled as of Swift version 6
<unknown>:0: warning: upcoming feature 'DisableOutwardActorInference' is already enabled as of Swift version 6
/host/spi-builder-workspace/.build/checkouts/RagnarNetworking/Sources/RagnarNetworking/Interfaces/Response/ResponseContract.swift:9:8: error: no such module 'OSLog'
7 |
8 | import Foundation
9 | import OSLog
| `- error: no such module 'OSLog'
10 |
11 | /// The successful and failed status-code semantics for an Interface response.
[10/41] Compiling RagnarNetworking RequestBuilder.swift
<unknown>:0: warning: upcoming feature 'InferSendableFromCaptures' is already enabled as of Swift version 6
<unknown>:0: warning: upcoming feature 'GlobalActorIsolatedTypesUsability' is already enabled as of Swift version 6
<unknown>:0: warning: upcoming feature 'DisableOutwardActorInference' is already enabled as of Swift version 6
/host/spi-builder-workspace/.build/checkouts/RagnarNetworking/Sources/RagnarNetworking/Interfaces/Response/ResponseContract.swift:9:8: error: no such module 'OSLog'
7 |
8 | import Foundation
9 | import OSLog
| `- error: no such module 'OSLog'
10 |
11 | /// The successful and failed status-code semantics for an Interface response.
[11/41] Compiling RagnarNetworking RequestEncoder.swift
<unknown>:0: warning: upcoming feature 'InferSendableFromCaptures' is already enabled as of Swift version 6
<unknown>:0: warning: upcoming feature 'GlobalActorIsolatedTypesUsability' is already enabled as of Swift version 6
<unknown>:0: warning: upcoming feature 'DisableOutwardActorInference' is already enabled as of Swift version 6
/host/spi-builder-workspace/.build/checkouts/RagnarNetworking/Sources/RagnarNetworking/Interfaces/Response/ResponseContract.swift:9:8: error: no such module 'OSLog'
7 |
8 | import Foundation
9 | import OSLog
| `- error: no such module 'OSLog'
10 |
11 | /// The successful and failed status-code semantics for an Interface response.
[12/41] Compiling RagnarNetworking RequestError.swift
<unknown>:0: warning: upcoming feature 'InferSendableFromCaptures' is already enabled as of Swift version 6
<unknown>:0: warning: upcoming feature 'GlobalActorIsolatedTypesUsability' is already enabled as of Swift version 6
<unknown>:0: warning: upcoming feature 'DisableOutwardActorInference' is already enabled as of Swift version 6
/host/spi-builder-workspace/.build/checkouts/RagnarNetworking/Sources/RagnarNetworking/Interfaces/Response/ResponseContract.swift:9:8: error: no such module 'OSLog'
7 |
8 | import Foundation
9 | import OSLog
| `- error: no such module 'OSLog'
10 |
11 | /// The successful and failed status-code semantics for an Interface response.
[13/45] Compiling RagnarNetworking InterfaceDecodingError.swift
<unknown>:0: warning: upcoming feature 'InferSendableFromCaptures' is already enabled as of Swift version 6
<unknown>:0: warning: upcoming feature 'GlobalActorIsolatedTypesUsability' is already enabled as of Swift version 6
<unknown>:0: warning: upcoming feature 'DisableOutwardActorInference' is already enabled as of Swift version 6
/host/spi-builder-workspace/.build/checkouts/RagnarNetworking/Sources/RagnarNetworking/Interfaces/Response/ResponseContract.swift:9:8: error: no such module 'OSLog'
7 |
8 | import Foundation
9 | import OSLog
| `- error: no such module 'OSLog'
10 |
11 | /// The successful and failed status-code semantics for an Interface response.
[14/45] Compiling RagnarNetworking InterfaceResponse.swift
<unknown>:0: warning: upcoming feature 'InferSendableFromCaptures' is already enabled as of Swift version 6
<unknown>:0: warning: upcoming feature 'GlobalActorIsolatedTypesUsability' is already enabled as of Swift version 6
<unknown>:0: warning: upcoming feature 'DisableOutwardActorInference' is already enabled as of Swift version 6
/host/spi-builder-workspace/.build/checkouts/RagnarNetworking/Sources/RagnarNetworking/Interfaces/Response/ResponseContract.swift:9:8: error: no such module 'OSLog'
7 |
8 | import Foundation
9 | import OSLog
| `- error: no such module 'OSLog'
10 |
11 | /// The successful and failed status-code semantics for an Interface response.
[15/45] Compiling RagnarNetworking ResponseBody.swift
<unknown>:0: warning: upcoming feature 'InferSendableFromCaptures' is already enabled as of Swift version 6
<unknown>:0: warning: upcoming feature 'GlobalActorIsolatedTypesUsability' is already enabled as of Swift version 6
<unknown>:0: warning: upcoming feature 'DisableOutwardActorInference' is already enabled as of Swift version 6
/host/spi-builder-workspace/.build/checkouts/RagnarNetworking/Sources/RagnarNetworking/Interfaces/Response/ResponseContract.swift:9:8: error: no such module 'OSLog'
7 |
8 | import Foundation
9 | import OSLog
| `- error: no such module 'OSLog'
10 |
11 | /// The successful and failed status-code semantics for an Interface response.
[16/45] Compiling RagnarNetworking ResponseContract.swift
<unknown>:0: warning: upcoming feature 'InferSendableFromCaptures' is already enabled as of Swift version 6
<unknown>:0: warning: upcoming feature 'GlobalActorIsolatedTypesUsability' is already enabled as of Swift version 6
<unknown>:0: warning: upcoming feature 'DisableOutwardActorInference' is already enabled as of Swift version 6
/host/spi-builder-workspace/.build/checkouts/RagnarNetworking/Sources/RagnarNetworking/Interfaces/Response/ResponseContract.swift:9:8: error: no such module 'OSLog'
7 |
8 | import Foundation
9 | import OSLog
| `- error: no such module 'OSLog'
10 |
11 | /// The successful and failed status-code semantics for an Interface response.
[17/45] Compiling RagnarWebSocket WebSocketClient.swift
<unknown>:0: warning: upcoming feature 'InferSendableFromCaptures' is already enabled as of Swift version 6
<unknown>:0: warning: upcoming feature 'GlobalActorIsolatedTypesUsability' is already enabled as of Swift version 6
<unknown>:0: warning: upcoming feature 'DisableOutwardActorInference' is already enabled as of Swift version 6
/host/spi-builder-workspace/.build/checkouts/RagnarNetworking/Sources/RagnarWebSocket/Logging/Logger+RagnarWebSocket.swift:1:8: error: no such module 'OSLog'
1 | import OSLog
| `- error: no such module 'OSLog'
2 |
3 | let loggingSubsystem = "com.ragnar.networking"
error: emit-module command failed with exit code 1 (use -v to see invocation)
[18/45] Emitting module RagnarWebSocket
<unknown>:0: warning: upcoming feature 'InferSendableFromCaptures' is already enabled as of Swift version 6
<unknown>:0: warning: upcoming feature 'GlobalActorIsolatedTypesUsability' is already enabled as of Swift version 6
<unknown>:0: warning: upcoming feature 'DisableOutwardActorInference' is already enabled as of Swift version 6
/host/spi-builder-workspace/.build/checkouts/RagnarNetworking/Sources/RagnarWebSocket/Logging/Logger+RagnarWebSocket.swift:1:8: error: no such module 'OSLog'
1 | import OSLog
| `- error: no such module 'OSLog'
2 |
3 | let loggingSubsystem = "com.ragnar.networking"
[19/45] Compiling RagnarWebSocket Logger+RagnarWebSocket.swift
<unknown>:0: warning: upcoming feature 'InferSendableFromCaptures' is already enabled as of Swift version 6
<unknown>:0: warning: upcoming feature 'GlobalActorIsolatedTypesUsability' is already enabled as of Swift version 6
<unknown>:0: warning: upcoming feature 'DisableOutwardActorInference' is already enabled as of Swift version 6
/host/spi-builder-workspace/.build/checkouts/RagnarNetworking/Sources/RagnarWebSocket/Logging/Logger+RagnarWebSocket.swift:1:8: error: no such module 'OSLog'
1 | import OSLog
| `- error: no such module 'OSLog'
2 |
3 | let loggingSubsystem = "com.ragnar.networking"
[20/45] Compiling RagnarWebSocket URLSessionWebSocketClient.swift
<unknown>:0: warning: upcoming feature 'InferSendableFromCaptures' is already enabled as of Swift version 6
<unknown>:0: warning: upcoming feature 'GlobalActorIsolatedTypesUsability' is already enabled as of Swift version 6
<unknown>:0: warning: upcoming feature 'DisableOutwardActorInference' is already enabled as of Swift version 6
/host/spi-builder-workspace/.build/checkouts/RagnarNetworking/Sources/RagnarWebSocket/Logging/Logger+RagnarWebSocket.swift:1:8: error: no such module 'OSLog'
1 | import OSLog
| `- error: no such module 'OSLog'
2 |
3 | let loggingSubsystem = "com.ragnar.networking"
Running build ...
bash -c docker run --pull=always --rm -v "checkouts-54344843-1":/host -w "$PWD" -e JAVA_HOME="/root/.sdkman/candidates/java/current" -e SPI_BUILD="1" -e SPI_PROCESSING="1" registry.gitlab.com/saguaro1/spi-images:wasm-6.1-latest swift build --swift-sdk wasm32-unknown-wasi 2>&1
wasm-6.1-latest: Pulling from saguaro1/spi-images
Digest: sha256:005e294ea72e7f7733559677ac003354f37dc6afb35c5bbab6bc9a95fc174f44
Status: Image is up to date for registry.gitlab.com/saguaro1/spi-images:wasm-6.1-latest
[0/1] Planning build
Building for debugging...
[0/1] Write swift-version-24593BA9C3E375BF.txt
[2/37] Compiling RagnarWebSocket WebSocketClient.swift
/host/spi-builder-workspace/.build/checkouts/RagnarNetworking/Sources/RagnarWebSocket/Logging/Logger+RagnarWebSocket.swift:1:8: error: no such module 'OSLog'
1 | import OSLog
| `- error: no such module 'OSLog'
2 |
3 | let loggingSubsystem = "com.ragnar.networking"
[3/37] Compiling RagnarWebSocket WebSocketError.swift
/host/spi-builder-workspace/.build/checkouts/RagnarNetworking/Sources/RagnarWebSocket/Logging/Logger+RagnarWebSocket.swift:1:8: error: no such module 'OSLog'
1 | import OSLog
| `- error: no such module 'OSLog'
2 |
3 | let loggingSubsystem = "com.ragnar.networking"
[4/37] Compiling RagnarWebSocket WebSocketCloseCode.swift
/host/spi-builder-workspace/.build/checkouts/RagnarNetworking/Sources/RagnarWebSocket/Logging/Logger+RagnarWebSocket.swift:1:8: error: no such module 'OSLog'
1 | import OSLog
| `- error: no such module 'OSLog'
2 |
3 | let loggingSubsystem = "com.ragnar.networking"
[5/37] Compiling RagnarWebSocket WebSocketMessage.swift
/host/spi-builder-workspace/.build/checkouts/RagnarNetworking/Sources/RagnarWebSocket/Logging/Logger+RagnarWebSocket.swift:1:8: error: no such module 'OSLog'
1 | import OSLog
| `- error: no such module 'OSLog'
2 |
3 | let loggingSubsystem = "com.ragnar.networking"
error: emit-module command failed with exit code 1 (use -v to see invocation)
[6/37] Compiling RagnarWebSocket Logger+RagnarWebSocket.swift
/host/spi-builder-workspace/.build/checkouts/RagnarNetworking/Sources/RagnarWebSocket/Logging/Logger+RagnarWebSocket.swift:1:8: error: no such module 'OSLog'
1 | import OSLog
| `- error: no such module 'OSLog'
2 |
3 | let loggingSubsystem = "com.ragnar.networking"
[7/37] Emitting module RagnarWebSocket
/host/spi-builder-workspace/.build/checkouts/RagnarNetworking/Sources/RagnarWebSocket/Logging/Logger+RagnarWebSocket.swift:1:8: error: no such module 'OSLog'
1 | import OSLog
| `- error: no such module 'OSLog'
2 |
3 | let loggingSubsystem = "com.ragnar.networking"
[8/37] Compiling RagnarWebSocket URLSessionWebSocketClient.swift
/host/spi-builder-workspace/.build/checkouts/RagnarNetworking/Sources/RagnarWebSocket/Logging/Logger+RagnarWebSocket.swift:1:8: error: no such module 'OSLog'
1 | import OSLog
| `- error: no such module 'OSLog'
2 |
3 | let loggingSubsystem = "com.ragnar.networking"
[9/37] Compiling RagnarNetworking ResponseContext.swift
/host/spi-builder-workspace/.build/checkouts/RagnarNetworking/Sources/RagnarNetworking/Interfaces/Response/ResponseContract.swift:9:8: error: no such module 'OSLog'
7 |
8 | import Foundation
9 | import OSLog
| `- error: no such module 'OSLog'
10 |
11 | /// The successful and failed status-code semantics for an Interface response.
[10/37] Compiling RagnarNetworking ServerConfiguration.swift
/host/spi-builder-workspace/.build/checkouts/RagnarNetworking/Sources/RagnarNetworking/Interfaces/Response/ResponseContract.swift:9:8: error: no such module 'OSLog'
7 |
8 | import Foundation
9 | import OSLog
| `- error: no such module 'OSLog'
10 |
11 | /// The successful and failed status-code semantics for an Interface response.
[11/37] Compiling RagnarNetworking Authenticator.swift
/host/spi-builder-workspace/.build/checkouts/RagnarNetworking/Sources/RagnarNetworking/Interfaces/Response/ResponseContract.swift:9:8: error: no such module 'OSLog'
7 |
8 | import Foundation
9 | import OSLog
| `- error: no such module 'OSLog'
10 |
11 | /// The successful and failed status-code semantics for an Interface response.
[12/37] Compiling RagnarNetworking Nullable.swift
/host/spi-builder-workspace/.build/checkouts/RagnarNetworking/Sources/RagnarNetworking/Interfaces/Response/ResponseContract.swift:9:8: error: no such module 'OSLog'
7 |
8 | import Foundation
9 | import OSLog
| `- error: no such module 'OSLog'
10 |
11 | /// The successful and failed status-code semantics for an Interface response.
error: emit-module command failed with exit code 1 (use -v to see invocation)
[13/37] Emitting module RagnarNetworking
/host/spi-builder-workspace/.build/checkouts/RagnarNetworking/Sources/RagnarNetworking/Interfaces/Response/ResponseContract.swift:9:8: error: no such module 'OSLog'
7 |
8 | import Foundation
9 | import OSLog
| `- error: no such module 'OSLog'
10 |
11 | /// The successful and failed status-code semantics for an Interface response.
[14/37] Compiling RagnarNetworking APIClient.swift
/host/spi-builder-workspace/.build/checkouts/RagnarNetworking/Sources/RagnarNetworking/Interfaces/Response/ResponseContract.swift:9:8: error: no such module 'OSLog'
7 |
8 | import Foundation
9 | import OSLog
| `- error: no such module 'OSLog'
10 |
11 | /// The successful and failed status-code semantics for an Interface response.
[15/37] Compiling RagnarNetworking APIClientError.swift
/host/spi-builder-workspace/.build/checkouts/RagnarNetworking/Sources/RagnarNetworking/Interfaces/Response/ResponseContract.swift:9:8: error: no such module 'OSLog'
7 |
8 | import Foundation
9 | import OSLog
| `- error: no such module 'OSLog'
10 |
11 | /// The successful and failed status-code semantics for an Interface response.
[16/37] Compiling RagnarNetworking CredentialSource.swift
/host/spi-builder-workspace/.build/checkouts/RagnarNetworking/Sources/RagnarNetworking/Interfaces/Response/ResponseContract.swift:9:8: error: no such module 'OSLog'
7 |
8 | import Foundation
9 | import OSLog
| `- error: no such module 'OSLog'
10 |
11 | /// The successful and failed status-code semantics for an Interface response.
[17/37] Compiling RagnarNetworking AuthenticationChallengePolicy.swift
/host/spi-builder-workspace/.build/checkouts/RagnarNetworking/Sources/RagnarNetworking/Interfaces/Response/ResponseContract.swift:9:8: error: no such module 'OSLog'
7 |
8 | import Foundation
9 | import OSLog
| `- error: no such module 'OSLog'
10 |
11 | /// The successful and failed status-code semantics for an Interface response.
BUILD FAILURE 6.1 wasm