The Swift Package Index logo.Swift Package Index

Build Information

Failed to build SwiftyXPC, reference 0.5.4 (00853d), with Swift 6.4 for tvOS using Xcode 27.0 on 21 Sep 2026 04:13:42 UTC.

Build Command

env DEVELOPER_DIR=/Applications/Xcode-27.0.0-Release.Candidate.app xcrun xcodebuild -IDEClonedSourcePackagesDirPathOverride=$PWD/.dependencies -skipMacroValidation -skipPackagePluginValidation -derivedDataPath $PWD/.derivedData build -scheme SwiftyXPC-Package -destination generic/platform=tvOS

Build Log

========================================
RunAll
========================================
Builder version: 5.1.0
Interrupt handler set up.
========================================
Checkout
========================================
Clone URL: https://github.com/CharlesJS/SwiftyXPC.git
Reference: 0.5.4
Initialized empty Git repository in /Users/admin/builder/spi-builder-workspace/.git/
From https://github.com/CharlesJS/SwiftyXPC
 * tag               0.5.4      -> FETCH_HEAD
HEAD is now at 00853dd Clean up concurrency for Swift 6
Cloned https://github.com/CharlesJS/SwiftyXPC.git
Revision (git rev-parse @):
00853ddb5e041975d344f14b23e589b4aaed1f4e
SUCCESS checkout https://github.com/CharlesJS/SwiftyXPC.git at 0.5.4
========================================
Build
========================================
Selected platform:         tvOS
Swift version:             6.4
Building package at path:  $PWD
https://github.com/CharlesJS/SwiftyXPC.git
Command line invocation:
    /Applications/Xcode-27.0.0-Release.Candidate.app/Contents/Developer/usr/bin/xcodebuild -IDEClonedSourcePackagesDirPathOverride=/Users/admin/builder/spi-builder-workspace/.dependencies -resolvePackageDependencies
Resolve Package Graph
Resolve Package Graph
Resolved source packages:
  SwiftyXPC: /Users/admin/builder/spi-builder-workspace
resolved source packages: SwiftyXPC
2026-09-21 00:12:44.183 xcodebuild[524:3028] [MT] IDERunDestination: Supported platforms for the buildables in the current scheme is empty.
2026-09-21 00:12:44.334 xcodebuild[524:3028] [MT] IDERunDestination: Supported platforms for the buildables in the current scheme is empty.
2026-09-21 00:12:46.041 xcodebuild[524:3028] [MT] IDERunDestination: Supported platforms for the buildables in the current scheme is empty.
{
  "dependencies" : [
  ],
  "manifest_display_name" : "SwiftyXPC",
  "name" : "SwiftyXPC",
  "path" : "/Users/admin/builder/spi-builder-workspace",
  "platforms" : [
    {
      "name" : "macos",
      "version" : "10.15"
    },
    {
      "name" : "maccatalyst",
      "version" : "13.0"
    }
  ],
  "products" : [
    {
      "name" : "SwiftyXPC",
      "targets" : [
        "SwiftyXPC"
      ],
      "type" : {
        "library" : [
          "automatic"
        ]
      }
    },
    {
      "name" : "TestHelper",
      "targets" : [
        "TestHelper"
      ],
      "type" : {
        "executable" : null
      }
    }
  ],
  "targets" : [
    {
      "c99name" : "TestShared",
      "module_type" : "SwiftTarget",
      "name" : "TestShared",
      "path" : "Sources/TestShared",
      "product_memberships" : [
        "TestHelper"
      ],
      "sources" : [
        "CommandSet.swift",
        "DataInfo.swift",
        "HelperID.swift",
        "JokeMessage.swift",
        "ProcessIDs.swift"
      ],
      "target_dependencies" : [
        "SwiftyXPC"
      ],
      "type" : "library"
    },
    {
      "c99name" : "TestHelper",
      "module_type" : "SwiftTarget",
      "name" : "TestHelper",
      "path" : "Sources/TestHelper",
      "product_memberships" : [
        "TestHelper"
      ],
      "sources" : [
        "TestHelper.swift"
      ],
      "target_dependencies" : [
        "SwiftyXPC",
        "TestShared"
      ],
      "type" : "executable"
    },
    {
      "c99name" : "SwiftyXPCTests",
      "module_type" : "SwiftTarget",
      "name" : "SwiftyXPCTests",
      "path" : "Tests/SwiftyXPCTests",
      "sources" : [
        "HelperLauncher.swift",
        "SwiftyXPCTests.swift"
      ],
      "target_dependencies" : [
        "SwiftyXPC",
        "TestHelper",
        "TestShared"
      ],
      "type" : "test"
    },
    {
      "c99name" : "SwiftyXPC",
      "module_type" : "SwiftTarget",
      "name" : "SwiftyXPC",
      "path" : "Sources/SwiftyXPC",
      "product_memberships" : [
        "SwiftyXPC",
        "TestHelper"
      ],
      "sources" : [
        "Extensions/String+SwiftyXPC.swift",
        "XPCConnection.swift",
        "XPCDecoder.swift",
        "XPCEncoder.swift",
        "XPCEndpoint.swift",
        "XPCError.swift",
        "XPCErrorRegistry.swift",
        "XPCFileDescriptor.swift",
        "XPCListener.swift",
        "XPCNull.swift",
        "XPCType.swift"
      ],
      "type" : "library"
    }
  ],
  "tools_version" : "5.7"
}
{
  "workspace" : {
    "name" : "SwiftyXPC",
    "schemes" : [
      "SwiftyXPC",
      "SwiftyXPC-Package",
      "TestHelper"
    ]
  }
}
2026-09-21 00:13:31.563 xcodebuild[623:3924] [MT] IDERunDestination: Supported platforms for the buildables in the current scheme is empty.
Running build ...
env DEVELOPER_DIR=/Applications/Xcode-27.0.0-Release.Candidate.app xcrun xcodebuild -IDEClonedSourcePackagesDirPathOverride=$PWD/.dependencies -skipMacroValidation -skipPackagePluginValidation -derivedDataPath $PWD/.derivedData build -scheme SwiftyXPC-Package -destination generic/platform=tvOS
Command line invocation:
    /Applications/Xcode-27.0.0-Release.Candidate.app/Contents/Developer/usr/bin/xcodebuild -IDEClonedSourcePackagesDirPathOverride=/Users/admin/builder/spi-builder-workspace/.dependencies -skipMacroValidation -skipPackagePluginValidation -derivedDataPath /Users/admin/builder/spi-builder-workspace/.derivedData build -scheme SwiftyXPC-Package -destination generic/platform=tvOS
Resolve Package Graph
Resolved source packages:
  SwiftyXPC: /Users/admin/builder/spi-builder-workspace
ComputePackagePrebuildTargetDependencyGraph
Prepare packages
CreateBuildRequest
SendProjectDescription
CreateBuildOperation
ComputeTargetDependencyGraph
note: Building targets in dependency order
note: Target dependency graph (6 targets)
    Target 'SwiftyXPCTests-product' in project 'SwiftyXPC'
        ➜ Explicit dependency on target 'SwiftyXPC' in project 'SwiftyXPC'
        ➜ Explicit dependency on target 'TestShared' in project 'SwiftyXPC'
        ➜ Explicit dependency on target 'TestHelper-product' in project 'SwiftyXPC'
        ➜ Explicit dependency on target 'TestHelper' in project 'SwiftyXPC'
    Target 'TestHelper' in project 'SwiftyXPC'
        ➜ Explicit dependency on target 'SwiftyXPC' in project 'SwiftyXPC'
        ➜ Explicit dependency on target 'TestShared' in project 'SwiftyXPC'
    Target 'TestHelper-product' in project 'SwiftyXPC'
        ➜ Explicit dependency on target 'SwiftyXPC' in project 'SwiftyXPC'
        ➜ Explicit dependency on target 'TestShared' in project 'SwiftyXPC'
    Target 'TestShared' in project 'SwiftyXPC'
        ➜ Explicit dependency on target 'SwiftyXPC' in project 'SwiftyXPC'
    Target 'SwiftyXPC-product' in project 'SwiftyXPC'
        ➜ Explicit dependency on target 'SwiftyXPC' in project 'SwiftyXPC'
    Target 'SwiftyXPC' in project 'SwiftyXPC' (no dependencies)
GatherProvisioningInputs
CreateBuildDescription
ExecuteExternalTool /Applications/Xcode-27.0.0-Release.Candidate.app/Contents/Developer/Toolchains/XcodeDefault.xctoolchain/usr/bin/swiftc --version
ExecuteExternalTool /Applications/Xcode-27.0.0-Release.Candidate.app/Contents/Developer/Toolchains/XcodeDefault.xctoolchain/usr/bin/clang -v -E -dM -isysroot /Applications/Xcode-27.0.0-Release.Candidate.app/Contents/Developer/Platforms/AppleTVOS.platform/Developer/SDKs/AppleTVOS27.0.sdk -x c -c /dev/null
ExecuteExternalTool /Applications/Xcode-27.0.0-Release.Candidate.app/Contents/Developer/Toolchains/XcodeDefault.xctoolchain/usr/bin/ld -version_details
Build description signature: 615e74708a7669342cd1f3cf875021ed
Build description path: /Users/admin/builder/spi-builder-workspace/.derivedData/Build/Intermediates.noindex/XCBuildData/615e74708a7669342cd1f3cf875021ed.xcbuilddata
CreateBuildDirectory /Users/admin/builder/spi-builder-workspace/.derivedData/ModuleCache.noindex
    cd /Users/admin/builder/spi-builder-workspace/.swiftpm/xcode
    builtin-create-build-directory /Users/admin/builder/spi-builder-workspace/.derivedData/ModuleCache.noindex
CreateBuildDirectory /Users/admin/builder/spi-builder-workspace/.derivedData/SDKExplicitPrecompiledModules
    cd /Users/admin/builder/spi-builder-workspace/.swiftpm/xcode
    builtin-create-build-directory /Users/admin/builder/spi-builder-workspace/.derivedData/SDKExplicitPrecompiledModules
CreateBuildDirectory /Users/admin/builder/spi-builder-workspace/.derivedData/CompilationCache.noindex
    cd /Users/admin/builder/spi-builder-workspace/.swiftpm/xcode
    builtin-create-build-directory /Users/admin/builder/spi-builder-workspace/.derivedData/CompilationCache.noindex
ClangStatCache /Applications/Xcode-27.0.0-Release.Candidate.app/Contents/Developer/Toolchains/XcodeDefault.xctoolchain/usr/bin/clang-stat-cache /Applications/Xcode-27.0.0-Release.Candidate.app/Contents/Developer/Platforms/AppleTVOS.platform/Developer/SDKs/AppleTVOS27.0.sdk /Users/admin/builder/spi-builder-workspace/.derivedData/SDKStatCaches.noindex/appletvos27.0-24J360-e829b21a6f8c9b70876ba0858053c044b32bfd8d43560033f8d89884cdb90028.sdkstatcache
    cd /Users/admin/builder/spi-builder-workspace/.swiftpm/xcode
    /Applications/Xcode-27.0.0-Release.Candidate.app/Contents/Developer/Toolchains/XcodeDefault.xctoolchain/usr/bin/clang-stat-cache /Applications/Xcode-27.0.0-Release.Candidate.app/Contents/Developer/Platforms/AppleTVOS.platform/Developer/SDKs/AppleTVOS27.0.sdk -o /Users/admin/builder/spi-builder-workspace/.derivedData/SDKStatCaches.noindex/appletvos27.0-24J360-e829b21a6f8c9b70876ba0858053c044b32bfd8d43560033f8d89884cdb90028.sdkstatcache
CreateBuildDirectory /Users/admin/builder/spi-builder-workspace/.derivedData/Build/Intermediates.noindex
    cd /Users/admin/builder/spi-builder-workspace/.swiftpm/xcode
    builtin-create-build-directory /Users/admin/builder/spi-builder-workspace/.derivedData/Build/Intermediates.noindex
CreateBuildDirectory /Users/admin/builder/spi-builder-workspace/.derivedData/Build/Products
    cd /Users/admin/builder/spi-builder-workspace/.swiftpm/xcode
    builtin-create-build-directory /Users/admin/builder/spi-builder-workspace/.derivedData/Build/Products
CreateBuildDirectory /Users/admin/builder/spi-builder-workspace/.derivedData/Build/Intermediates.noindex/PrecompiledHeaders
    cd /Users/admin/builder/spi-builder-workspace/.swiftpm/xcode
    builtin-create-build-directory /Users/admin/builder/spi-builder-workspace/.derivedData/Build/Intermediates.noindex/PrecompiledHeaders
CreateBuildDirectory /Users/admin/builder/spi-builder-workspace/.derivedData/Build/Intermediates.noindex/SwiftExplicitPrecompiledModules
    cd /Users/admin/builder/spi-builder-workspace/.swiftpm/xcode
    builtin-create-build-directory /Users/admin/builder/spi-builder-workspace/.derivedData/Build/Intermediates.noindex/SwiftExplicitPrecompiledModules
CreateBuildDirectory /Users/admin/builder/spi-builder-workspace/.derivedData/Build/Intermediates.noindex/ExplicitPrecompiledModules
    cd /Users/admin/builder/spi-builder-workspace/.swiftpm/xcode
    builtin-create-build-directory /Users/admin/builder/spi-builder-workspace/.derivedData/Build/Intermediates.noindex/ExplicitPrecompiledModules
CreateBuildDirectory /Users/admin/builder/spi-builder-workspace/.derivedData/Build/Products/Debug-appletvos
    cd /Users/admin/builder/spi-builder-workspace/.swiftpm/xcode
    builtin-create-build-directory /Users/admin/builder/spi-builder-workspace/.derivedData/Build/Products/Debug-appletvos
CreateBuildDirectory /Users/admin/builder/spi-builder-workspace/.derivedData/Build/Intermediates.noindex/EagerLinkingTBDs/Debug-appletvos
    cd /Users/admin/builder/spi-builder-workspace/.swiftpm/xcode
    builtin-create-build-directory /Users/admin/builder/spi-builder-workspace/.derivedData/Build/Intermediates.noindex/EagerLinkingTBDs/Debug-appletvos
CreateBuildDirectory /Users/admin/builder/spi-builder-workspace/.derivedData/Build/Products/Debug-appletvos/PackageFrameworks
    cd /Users/admin/builder/spi-builder-workspace/.swiftpm/xcode
    builtin-create-build-directory /Users/admin/builder/spi-builder-workspace/.derivedData/Build/Products/Debug-appletvos/PackageFrameworks
WriteAuxiliaryFile /Users/admin/builder/spi-builder-workspace/.derivedData/Build/Intermediates.noindex/SwiftyXPC.build/Debug-appletvos/TestShared-t.build/TestShared.modulemap (in target 'TestShared' from project 'SwiftyXPC')
    cd /Users/admin/builder/spi-builder-workspace
    write-file /Users/admin/builder/spi-builder-workspace/.derivedData/Build/Intermediates.noindex/SwiftyXPC.build/Debug-appletvos/TestShared-t.build/TestShared.modulemap
WriteAuxiliaryFile /Users/admin/builder/spi-builder-workspace/.derivedData/Build/Intermediates.noindex/SwiftyXPC.build/Debug-appletvos/TestShared-t.build/TestShared.DependencyStaticMetadataFileList (in target 'TestShared' from project 'SwiftyXPC')
    cd /Users/admin/builder/spi-builder-workspace
    write-file /Users/admin/builder/spi-builder-workspace/.derivedData/Build/Intermediates.noindex/SwiftyXPC.build/Debug-appletvos/TestShared-t.build/TestShared.DependencyStaticMetadataFileList
WriteAuxiliaryFile /Users/admin/builder/spi-builder-workspace/.derivedData/Build/Intermediates.noindex/SwiftyXPC.build/Debug-appletvos/TestShared-t.build/TestShared.DependencyMetadataFileList (in target 'TestShared' from project 'SwiftyXPC')
    cd /Users/admin/builder/spi-builder-workspace
    write-file /Users/admin/builder/spi-builder-workspace/.derivedData/Build/Intermediates.noindex/SwiftyXPC.build/Debug-appletvos/TestShared-t.build/TestShared.DependencyMetadataFileList
WriteAuxiliaryFile /Users/admin/builder/spi-builder-workspace/.derivedData/Build/Intermediates.noindex/SwiftyXPC.build/Debug-appletvos/TestShared-t.build/Objects-normal/arm64/TestShared_const_extract_protocols.json (in target 'TestShared' from project 'SwiftyXPC')
    cd /Users/admin/builder/spi-builder-workspace
    write-file /Users/admin/builder/spi-builder-workspace/.derivedData/Build/Intermediates.noindex/SwiftyXPC.build/Debug-appletvos/TestShared-t.build/Objects-normal/arm64/TestShared_const_extract_protocols.json
WriteAuxiliaryFile /Users/admin/builder/spi-builder-workspace/.derivedData/Build/Intermediates.noindex/SwiftyXPC.build/Debug-appletvos/TestShared-t.build/Objects-normal/arm64/TestShared.SwiftFileList (in target 'TestShared' from project 'SwiftyXPC')
    cd /Users/admin/builder/spi-builder-workspace
    write-file /Users/admin/builder/spi-builder-workspace/.derivedData/Build/Intermediates.noindex/SwiftyXPC.build/Debug-appletvos/TestShared-t.build/Objects-normal/arm64/TestShared.SwiftFileList
WriteAuxiliaryFile /Users/admin/builder/spi-builder-workspace/.derivedData/Build/Intermediates.noindex/SwiftyXPC.build/Debug-appletvos/TestShared-t.build/Objects-normal/arm64/TestShared.LinkFileList (in target 'TestShared' from project 'SwiftyXPC')
    cd /Users/admin/builder/spi-builder-workspace
    write-file /Users/admin/builder/spi-builder-workspace/.derivedData/Build/Intermediates.noindex/SwiftyXPC.build/Debug-appletvos/TestShared-t.build/Objects-normal/arm64/TestShared.LinkFileList
WriteAuxiliaryFile /Users/admin/builder/spi-builder-workspace/.derivedData/Build/Intermediates.noindex/SwiftyXPC.build/Debug-appletvos/TestShared-t.build/Objects-normal/arm64/TestShared.SwiftConstValuesFileList (in target 'TestShared' from project 'SwiftyXPC')
    cd /Users/admin/builder/spi-builder-workspace
    write-file /Users/admin/builder/spi-builder-workspace/.derivedData/Build/Intermediates.noindex/SwiftyXPC.build/Debug-appletvos/TestShared-t.build/Objects-normal/arm64/TestShared.SwiftConstValuesFileList
WriteAuxiliaryFile /Users/admin/builder/spi-builder-workspace/.derivedData/Build/Intermediates.noindex/SwiftyXPC.build/Debug-appletvos/TestShared-t.build/Objects-normal/arm64/TestShared-OutputFileMap.json (in target 'TestShared' from project 'SwiftyXPC')
    cd /Users/admin/builder/spi-builder-workspace
    write-file /Users/admin/builder/spi-builder-workspace/.derivedData/Build/Intermediates.noindex/SwiftyXPC.build/Debug-appletvos/TestShared-t.build/Objects-normal/arm64/TestShared-OutputFileMap.json
WriteAuxiliaryFile /Users/admin/builder/spi-builder-workspace/.derivedData/Build/Intermediates.noindex/SwiftyXPC.build/Debug-appletvos/TestHelper-p.build/TestHelper.DependencyMetadataFileList (in target 'TestHelper-product' from project 'SwiftyXPC')
    cd /Users/admin/builder/spi-builder-workspace
    write-file /Users/admin/builder/spi-builder-workspace/.derivedData/Build/Intermediates.noindex/SwiftyXPC.build/Debug-appletvos/TestHelper-p.build/TestHelper.DependencyMetadataFileList
WriteAuxiliaryFile /Users/admin/builder/spi-builder-workspace/.derivedData/Build/Intermediates.noindex/SwiftyXPC.build/Debug-appletvos/TestHelper-p.build/TestHelper.DependencyStaticMetadataFileList (in target 'TestHelper-product' from project 'SwiftyXPC')
    cd /Users/admin/builder/spi-builder-workspace
    write-file /Users/admin/builder/spi-builder-workspace/.derivedData/Build/Intermediates.noindex/SwiftyXPC.build/Debug-appletvos/TestHelper-p.build/TestHelper.DependencyStaticMetadataFileList
WriteAuxiliaryFile /Users/admin/builder/spi-builder-workspace/.derivedData/Build/Intermediates.noindex/SwiftyXPC.build/Debug-appletvos/TestHelper-p.build/Objects-normal/arm64/TestHelper_const_extract_protocols.json (in target 'TestHelper-product' from project 'SwiftyXPC')
    cd /Users/admin/builder/spi-builder-workspace
    write-file /Users/admin/builder/spi-builder-workspace/.derivedData/Build/Intermediates.noindex/SwiftyXPC.build/Debug-appletvos/TestHelper-p.build/Objects-normal/arm64/TestHelper_const_extract_protocols.json
WriteAuxiliaryFile /Users/admin/builder/spi-builder-workspace/.derivedData/Build/Intermediates.noindex/SwiftyXPC.build/Debug-appletvos/TestHelper-p.build/Objects-normal/arm64/TestHelper.SwiftFileList (in target 'TestHelper-product' from project 'SwiftyXPC')
    cd /Users/admin/builder/spi-builder-workspace
    write-file /Users/admin/builder/spi-builder-workspace/.derivedData/Build/Intermediates.noindex/SwiftyXPC.build/Debug-appletvos/TestHelper-p.build/Objects-normal/arm64/TestHelper.SwiftFileList
Copy /Users/admin/builder/spi-builder-workspace/.derivedData/Build/Intermediates.noindex/GeneratedModuleMaps-appletvos/TestShared.modulemap /Users/admin/builder/spi-builder-workspace/.derivedData/Build/Intermediates.noindex/SwiftyXPC.build/Debug-appletvos/TestShared-t.build/TestShared.modulemap (in target 'TestShared' from project 'SwiftyXPC')
    cd /Users/admin/builder/spi-builder-workspace
    builtin-copy -exclude .DS_Store -exclude CVS -exclude .svn -exclude .git -exclude .hg -resolve-src-symlinks /Users/admin/builder/spi-builder-workspace/.derivedData/Build/Intermediates.noindex/SwiftyXPC.build/Debug-appletvos/TestShared-t.build/TestShared.modulemap /Users/admin/builder/spi-builder-workspace/.derivedData/Build/Intermediates.noindex/GeneratedModuleMaps-appletvos
WriteAuxiliaryFile /Users/admin/builder/spi-builder-workspace/.derivedData/Build/Intermediates.noindex/SwiftyXPC.build/Debug-appletvos/TestHelper-p.build/Objects-normal/arm64/TestHelper.LinkFileList (in target 'TestHelper-product' from project 'SwiftyXPC')
    cd /Users/admin/builder/spi-builder-workspace
    write-file /Users/admin/builder/spi-builder-workspace/.derivedData/Build/Intermediates.noindex/SwiftyXPC.build/Debug-appletvos/TestHelper-p.build/Objects-normal/arm64/TestHelper.LinkFileList
WriteAuxiliaryFile /Users/admin/builder/spi-builder-workspace/.derivedData/Build/Intermediates.noindex/SwiftyXPC.build/Debug-appletvos/TestHelper-p.build/Objects-normal/arm64/TestHelper-OutputFileMap.json (in target 'TestHelper-product' from project 'SwiftyXPC')
    cd /Users/admin/builder/spi-builder-workspace
    write-file /Users/admin/builder/spi-builder-workspace/.derivedData/Build/Intermediates.noindex/SwiftyXPC.build/Debug-appletvos/TestHelper-p.build/Objects-normal/arm64/TestHelper-OutputFileMap.json
WriteAuxiliaryFile /Users/admin/builder/spi-builder-workspace/.derivedData/Build/Intermediates.noindex/SwiftyXPC.build/Debug-appletvos/TestHelper--313D6560AB9AF1F6-testable-t.build/TestHelper.modulemap (in target 'TestHelper' from project 'SwiftyXPC')
    cd /Users/admin/builder/spi-builder-workspace
    write-file /Users/admin/builder/spi-builder-workspace/.derivedData/Build/Intermediates.noindex/SwiftyXPC.build/Debug-appletvos/TestHelper--313D6560AB9AF1F6-testable-t.build/TestHelper.modulemap
WriteAuxiliaryFile /Users/admin/builder/spi-builder-workspace/.derivedData/Build/Intermediates.noindex/SwiftyXPC.build/Debug-appletvos/TestHelper--313D6560AB9AF1F6-testable-t.build/TestHelper--313D6560AB9AF1F6-testable.DependencyStaticMetadataFileList (in target 'TestHelper' from project 'SwiftyXPC')
    cd /Users/admin/builder/spi-builder-workspace
    write-file /Users/admin/builder/spi-builder-workspace/.derivedData/Build/Intermediates.noindex/SwiftyXPC.build/Debug-appletvos/TestHelper--313D6560AB9AF1F6-testable-t.build/TestHelper--313D6560AB9AF1F6-testable.DependencyStaticMetadataFileList
WriteAuxiliaryFile /Users/admin/builder/spi-builder-workspace/.derivedData/Build/Intermediates.noindex/SwiftyXPC.build/Debug-appletvos/TestHelper--313D6560AB9AF1F6-testable-t.build/TestHelper--313D6560AB9AF1F6-testable.DependencyMetadataFileList (in target 'TestHelper' from project 'SwiftyXPC')
    cd /Users/admin/builder/spi-builder-workspace
    write-file /Users/admin/builder/spi-builder-workspace/.derivedData/Build/Intermediates.noindex/SwiftyXPC.build/Debug-appletvos/TestHelper--313D6560AB9AF1F6-testable-t.build/TestHelper--313D6560AB9AF1F6-testable.DependencyMetadataFileList
WriteAuxiliaryFile /Users/admin/builder/spi-builder-workspace/.derivedData/Build/Intermediates.noindex/SwiftyXPC.build/Debug-appletvos/TestHelper--313D6560AB9AF1F6-testable-t.build/Objects-normal/arm64/TestHelper--313D6560AB9AF1F6-testable_const_extract_protocols.json (in target 'TestHelper' from project 'SwiftyXPC')
    cd /Users/admin/builder/spi-builder-workspace
    write-file /Users/admin/builder/spi-builder-workspace/.derivedData/Build/Intermediates.noindex/SwiftyXPC.build/Debug-appletvos/TestHelper--313D6560AB9AF1F6-testable-t.build/Objects-normal/arm64/TestHelper--313D6560AB9AF1F6-testable_const_extract_protocols.json
WriteAuxiliaryFile /Users/admin/builder/spi-builder-workspace/.derivedData/Build/Intermediates.noindex/SwiftyXPC.build/Debug-appletvos/TestHelper--313D6560AB9AF1F6-testable-t.build/Objects-normal/arm64/TestHelper--313D6560AB9AF1F6-testable.SwiftConstValuesFileList (in target 'TestHelper' from project 'SwiftyXPC')
    cd /Users/admin/builder/spi-builder-workspace
    write-file /Users/admin/builder/spi-builder-workspace/.derivedData/Build/Intermediates.noindex/SwiftyXPC.build/Debug-appletvos/TestHelper--313D6560AB9AF1F6-testable-t.build/Objects-normal/arm64/TestHelper--313D6560AB9AF1F6-testable.SwiftConstValuesFileList
WriteAuxiliaryFile /Users/admin/builder/spi-builder-workspace/.derivedData/Build/Intermediates.noindex/SwiftyXPC.build/Debug-appletvos/TestHelper--313D6560AB9AF1F6-testable-t.build/Objects-normal/arm64/TestHelper--313D6560AB9AF1F6-testable.SwiftFileList (in target 'TestHelper' from project 'SwiftyXPC')
    cd /Users/admin/builder/spi-builder-workspace
    write-file /Users/admin/builder/spi-builder-workspace/.derivedData/Build/Intermediates.noindex/SwiftyXPC.build/Debug-appletvos/TestHelper--313D6560AB9AF1F6-testable-t.build/Objects-normal/arm64/TestHelper--313D6560AB9AF1F6-testable.SwiftFileList
WriteAuxiliaryFile /Users/admin/builder/spi-builder-workspace/.derivedData/Build/Intermediates.noindex/SwiftyXPC.build/Debug-appletvos/TestHelper--313D6560AB9AF1F6-testable-t.build/Objects-normal/arm64/TestHelper--313D6560AB9AF1F6-testable.LinkFileList (in target 'TestHelper' from project 'SwiftyXPC')
    cd /Users/admin/builder/spi-builder-workspace
    write-file /Users/admin/builder/spi-builder-workspace/.derivedData/Build/Intermediates.noindex/SwiftyXPC.build/Debug-appletvos/TestHelper--313D6560AB9AF1F6-testable-t.build/Objects-normal/arm64/TestHelper--313D6560AB9AF1F6-testable.LinkFileList
WriteAuxiliaryFile /Users/admin/builder/spi-builder-workspace/.derivedData/Build/Intermediates.noindex/SwiftyXPC.build/Debug-appletvos/TestHelper--313D6560AB9AF1F6-testable-t.build/Objects-normal/arm64/TestHelper--313D6560AB9AF1F6-testable-OutputFileMap.json (in target 'TestHelper' from project 'SwiftyXPC')
    cd /Users/admin/builder/spi-builder-workspace
    write-file /Users/admin/builder/spi-builder-workspace/.derivedData/Build/Intermediates.noindex/SwiftyXPC.build/Debug-appletvos/TestHelper--313D6560AB9AF1F6-testable-t.build/Objects-normal/arm64/TestHelper--313D6560AB9AF1F6-testable-OutputFileMap.json
WriteAuxiliaryFile /Users/admin/builder/spi-builder-workspace/.derivedData/Build/Intermediates.noindex/SwiftyXPC.build/Debug-appletvos/SwiftyXPCTests-p.build/SwiftyXPCTests.DependencyStaticMetadataFileList (in target 'SwiftyXPCTests-product' from project 'SwiftyXPC')
    cd /Users/admin/builder/spi-builder-workspace
    write-file /Users/admin/builder/spi-builder-workspace/.derivedData/Build/Intermediates.noindex/SwiftyXPC.build/Debug-appletvos/SwiftyXPCTests-p.build/SwiftyXPCTests.DependencyStaticMetadataFileList
WriteAuxiliaryFile /Users/admin/builder/spi-builder-workspace/.derivedData/Build/Intermediates.noindex/SwiftyXPC.build/Debug-appletvos/SwiftyXPCTests-p.build/empty-SwiftyXPCTests.plist (in target 'SwiftyXPCTests-product' from project 'SwiftyXPC')
    cd /Users/admin/builder/spi-builder-workspace
    write-file /Users/admin/builder/spi-builder-workspace/.derivedData/Build/Intermediates.noindex/SwiftyXPC.build/Debug-appletvos/SwiftyXPCTests-p.build/empty-SwiftyXPCTests.plist
Copy /Users/admin/builder/spi-builder-workspace/.derivedData/Build/Intermediates.noindex/GeneratedModuleMaps-appletvos/TestHelper.modulemap /Users/admin/builder/spi-builder-workspace/.derivedData/Build/Intermediates.noindex/SwiftyXPC.build/Debug-appletvos/TestHelper--313D6560AB9AF1F6-testable-t.build/TestHelper.modulemap (in target 'TestHelper' from project 'SwiftyXPC')
    cd /Users/admin/builder/spi-builder-workspace
    builtin-copy -exclude .DS_Store -exclude CVS -exclude .svn -exclude .git -exclude .hg -resolve-src-symlinks /Users/admin/builder/spi-builder-workspace/.derivedData/Build/Intermediates.noindex/SwiftyXPC.build/Debug-appletvos/TestHelper--313D6560AB9AF1F6-testable-t.build/TestHelper.modulemap /Users/admin/builder/spi-builder-workspace/.derivedData/Build/Intermediates.noindex/GeneratedModuleMaps-appletvos
WriteAuxiliaryFile /Users/admin/builder/spi-builder-workspace/.derivedData/Build/Intermediates.noindex/SwiftyXPC.build/Debug-appletvos/SwiftyXPCTests-p.build/SwiftyXPCTests.DependencyMetadataFileList (in target 'SwiftyXPCTests-product' from project 'SwiftyXPC')
    cd /Users/admin/builder/spi-builder-workspace
    write-file /Users/admin/builder/spi-builder-workspace/.derivedData/Build/Intermediates.noindex/SwiftyXPC.build/Debug-appletvos/SwiftyXPCTests-p.build/SwiftyXPCTests.DependencyMetadataFileList
WriteAuxiliaryFile /Users/admin/builder/spi-builder-workspace/.derivedData/Build/Intermediates.noindex/SwiftyXPC.build/Debug-appletvos/SwiftyXPCTests-p.build/Objects-normal/arm64/SwiftyXPCTests.LinkFileList (in target 'SwiftyXPCTests-product' from project 'SwiftyXPC')
    cd /Users/admin/builder/spi-builder-workspace
    write-file /Users/admin/builder/spi-builder-workspace/.derivedData/Build/Intermediates.noindex/SwiftyXPC.build/Debug-appletvos/SwiftyXPCTests-p.build/Objects-normal/arm64/SwiftyXPCTests.LinkFileList
WriteAuxiliaryFile /Users/admin/builder/spi-builder-workspace/.derivedData/Build/Intermediates.noindex/SwiftyXPC.build/Debug-appletvos/SwiftyXPCTests-p.build/Objects-normal/arm64/SwiftyXPCTests.SwiftFileList (in target 'SwiftyXPCTests-product' from project 'SwiftyXPC')
    cd /Users/admin/builder/spi-builder-workspace
    write-file /Users/admin/builder/spi-builder-workspace/.derivedData/Build/Intermediates.noindex/SwiftyXPC.build/Debug-appletvos/SwiftyXPCTests-p.build/Objects-normal/arm64/SwiftyXPCTests.SwiftFileList
WriteAuxiliaryFile /Users/admin/builder/spi-builder-workspace/.derivedData/Build/Intermediates.noindex/SwiftyXPC.build/Debug-appletvos/SwiftyXPCTests-p.build/Objects-normal/arm64/SwiftyXPCTests.SwiftConstValuesFileList (in target 'SwiftyXPCTests-product' from project 'SwiftyXPC')
    cd /Users/admin/builder/spi-builder-workspace
    write-file /Users/admin/builder/spi-builder-workspace/.derivedData/Build/Intermediates.noindex/SwiftyXPC.build/Debug-appletvos/SwiftyXPCTests-p.build/Objects-normal/arm64/SwiftyXPCTests.SwiftConstValuesFileList
WriteAuxiliaryFile /Users/admin/builder/spi-builder-workspace/.derivedData/Build/Intermediates.noindex/SwiftyXPC.build/Debug-appletvos/SwiftyXPCTests-p.build/Objects-normal/arm64/SwiftyXPCTests_const_extract_protocols.json (in target 'SwiftyXPCTests-product' from project 'SwiftyXPC')
    cd /Users/admin/builder/spi-builder-workspace
    write-file /Users/admin/builder/spi-builder-workspace/.derivedData/Build/Intermediates.noindex/SwiftyXPC.build/Debug-appletvos/SwiftyXPCTests-p.build/Objects-normal/arm64/SwiftyXPCTests_const_extract_protocols.json
WriteAuxiliaryFile /Users/admin/builder/spi-builder-workspace/.derivedData/Build/Intermediates.noindex/SwiftyXPC.build/Debug-appletvos/SwiftyXPCTests-p.build/Objects-normal/arm64/SwiftyXPCTests-OutputFileMap.json (in target 'SwiftyXPCTests-product' from project 'SwiftyXPC')
    cd /Users/admin/builder/spi-builder-workspace
    write-file /Users/admin/builder/spi-builder-workspace/.derivedData/Build/Intermediates.noindex/SwiftyXPC.build/Debug-appletvos/SwiftyXPCTests-p.build/Objects-normal/arm64/SwiftyXPCTests-OutputFileMap.json
WriteAuxiliaryFile /Users/admin/builder/spi-builder-workspace/.derivedData/Build/Intermediates.noindex/SwiftyXPC.build/Debug-appletvos/SwiftyXPC-t.build/SwiftyXPC.modulemap (in target 'SwiftyXPC' from project 'SwiftyXPC')
    cd /Users/admin/builder/spi-builder-workspace
    write-file /Users/admin/builder/spi-builder-workspace/.derivedData/Build/Intermediates.noindex/SwiftyXPC.build/Debug-appletvos/SwiftyXPC-t.build/SwiftyXPC.modulemap
WriteAuxiliaryFile /Users/admin/builder/spi-builder-workspace/.derivedData/Build/Intermediates.noindex/SwiftyXPC.build/Debug-appletvos/SwiftyXPC-t.build/SwiftyXPC.DependencyStaticMetadataFileList (in target 'SwiftyXPC' from project 'SwiftyXPC')
    cd /Users/admin/builder/spi-builder-workspace
    write-file /Users/admin/builder/spi-builder-workspace/.derivedData/Build/Intermediates.noindex/SwiftyXPC.build/Debug-appletvos/SwiftyXPC-t.build/SwiftyXPC.DependencyStaticMetadataFileList
WriteAuxiliaryFile /Users/admin/builder/spi-builder-workspace/.derivedData/Build/Intermediates.noindex/SwiftyXPC.build/Debug-appletvos/SwiftyXPC-t.build/SwiftyXPC.DependencyMetadataFileList (in target 'SwiftyXPC' from project 'SwiftyXPC')
    cd /Users/admin/builder/spi-builder-workspace
    write-file /Users/admin/builder/spi-builder-workspace/.derivedData/Build/Intermediates.noindex/SwiftyXPC.build/Debug-appletvos/SwiftyXPC-t.build/SwiftyXPC.DependencyMetadataFileList
WriteAuxiliaryFile /Users/admin/builder/spi-builder-workspace/.derivedData/Build/Intermediates.noindex/SwiftyXPC.build/Debug-appletvos/SwiftyXPC-t.build/Objects-normal/arm64/SwiftyXPC.LinkFileList (in target 'SwiftyXPC' from project 'SwiftyXPC')
    cd /Users/admin/builder/spi-builder-workspace
    write-file /Users/admin/builder/spi-builder-workspace/.derivedData/Build/Intermediates.noindex/SwiftyXPC.build/Debug-appletvos/SwiftyXPC-t.build/Objects-normal/arm64/SwiftyXPC.LinkFileList
WriteAuxiliaryFile /Users/admin/builder/spi-builder-workspace/.derivedData/Build/Intermediates.noindex/SwiftyXPC.build/Debug-appletvos/SwiftyXPC-t.build/Objects-normal/arm64/SwiftyXPC-OutputFileMap.json (in target 'SwiftyXPC' from project 'SwiftyXPC')
    cd /Users/admin/builder/spi-builder-workspace
    write-file /Users/admin/builder/spi-builder-workspace/.derivedData/Build/Intermediates.noindex/SwiftyXPC.build/Debug-appletvos/SwiftyXPC-t.build/Objects-normal/arm64/SwiftyXPC-OutputFileMap.json
WriteAuxiliaryFile /Users/admin/builder/spi-builder-workspace/.derivedData/Build/Intermediates.noindex/SwiftyXPC.build/Debug-appletvos/SwiftyXPC-t.build/Objects-normal/arm64/SwiftyXPC_const_extract_protocols.json (in target 'SwiftyXPC' from project 'SwiftyXPC')
    cd /Users/admin/builder/spi-builder-workspace
    write-file /Users/admin/builder/spi-builder-workspace/.derivedData/Build/Intermediates.noindex/SwiftyXPC.build/Debug-appletvos/SwiftyXPC-t.build/Objects-normal/arm64/SwiftyXPC_const_extract_protocols.json
WriteAuxiliaryFile /Users/admin/builder/spi-builder-workspace/.derivedData/Build/Intermediates.noindex/SwiftyXPC.build/Debug-appletvos/SwiftyXPC-t.build/Objects-normal/arm64/SwiftyXPC.SwiftFileList (in target 'SwiftyXPC' from project 'SwiftyXPC')
    cd /Users/admin/builder/spi-builder-workspace
    write-file /Users/admin/builder/spi-builder-workspace/.derivedData/Build/Intermediates.noindex/SwiftyXPC.build/Debug-appletvos/SwiftyXPC-t.build/Objects-normal/arm64/SwiftyXPC.SwiftFileList
WriteAuxiliaryFile /Users/admin/builder/spi-builder-workspace/.derivedData/Build/Intermediates.noindex/SwiftyXPC.build/Debug-appletvos/SwiftyXPC-t.build/Objects-normal/arm64/SwiftyXPC.SwiftConstValuesFileList (in target 'SwiftyXPC' from project 'SwiftyXPC')
    cd /Users/admin/builder/spi-builder-workspace
    write-file /Users/admin/builder/spi-builder-workspace/.derivedData/Build/Intermediates.noindex/SwiftyXPC.build/Debug-appletvos/SwiftyXPC-t.build/Objects-normal/arm64/SwiftyXPC.SwiftConstValuesFileList
MkDir /Users/admin/builder/spi-builder-workspace/.derivedData/Build/Products/Debug-appletvos/SwiftyXPCTests.xctest (in target 'SwiftyXPCTests-product' from project 'SwiftyXPC')
    cd /Users/admin/builder/spi-builder-workspace
    /bin/mkdir -p /Users/admin/builder/spi-builder-workspace/.derivedData/Build/Products/Debug-appletvos/SwiftyXPCTests.xctest
Copy /Users/admin/builder/spi-builder-workspace/.derivedData/Build/Intermediates.noindex/GeneratedModuleMaps-appletvos/SwiftyXPC.modulemap /Users/admin/builder/spi-builder-workspace/.derivedData/Build/Intermediates.noindex/SwiftyXPC.build/Debug-appletvos/SwiftyXPC-t.build/SwiftyXPC.modulemap (in target 'SwiftyXPC' from project 'SwiftyXPC')
    cd /Users/admin/builder/spi-builder-workspace
    builtin-copy -exclude .DS_Store -exclude CVS -exclude .svn -exclude .git -exclude .hg -resolve-src-symlinks /Users/admin/builder/spi-builder-workspace/.derivedData/Build/Intermediates.noindex/SwiftyXPC.build/Debug-appletvos/SwiftyXPC-t.build/SwiftyXPC.modulemap /Users/admin/builder/spi-builder-workspace/.derivedData/Build/Intermediates.noindex/GeneratedModuleMaps-appletvos
SwiftDriver SwiftyXPC normal arm64 com.apple.xcode.tools.swift.compiler (in target 'SwiftyXPC' from project 'SwiftyXPC')
    cd /Users/admin/builder/spi-builder-workspace/.swiftpm/xcode
    builtin-SwiftDriver -- /Applications/Xcode-27.0.0-Release.Candidate.app/Contents/Developer/Toolchains/XcodeDefault.xctoolchain/usr/bin/swiftc -parse-as-library -module-name SwiftyXPC -Onone @/Users/admin/builder/spi-builder-workspace/.derivedData/Build/Intermediates.noindex/SwiftyXPC.build/Debug-appletvos/SwiftyXPC-t.build/Objects-normal/arm64/SwiftyXPC.SwiftFileList -DSWIFT_PACKAGE -DDEBUG -DSWIFT_MODULE_RESOURCE_BUNDLE_UNAVAILABLE -DXcode -plugin-path /Applications/Xcode-27.0.0-Release.Candidate.app/Contents/Developer/Toolchains/XcodeDefault.xctoolchain/usr/lib/swift/host/plugins/testing -enable-experimental-feature DebugDescriptionMacro -sdk /Applications/Xcode-27.0.0-Release.Candidate.app/Contents/Developer/Platforms/AppleTVOS.platform/Developer/SDKs/AppleTVOS27.0.sdk -target arm64-apple-tvos15.0 -g -module-cache-path /Users/admin/builder/spi-builder-workspace/.derivedData/ModuleCache.noindex -Xfrontend -serialize-debugging-options -profile-coverage-mapping -profile-generate -enable-testing -index-store-path /Users/admin/builder/spi-builder-workspace/.derivedData/Index.noindex/DataStore -Xcc -D_LIBCPP_HARDENING_MODE\=_LIBCPP_HARDENING_MODE_DEBUG -swift-version 5 -I /Users/admin/builder/spi-builder-workspace/.derivedData/Build/Products/Debug-appletvos -Isystem /Applications/Xcode-27.0.0-Release.Candidate.app/Contents/Developer/Platforms/AppleTVOS.platform/Developer/usr/lib -F /Users/admin/builder/spi-builder-workspace/.derivedData/Build/Products/Debug-appletvos -F /Applications/Xcode-27.0.0-Release.Candidate.app/Contents/Developer/Platforms/AppleTVOS.platform/Developer/Library/Frameworks -F /Applications/Xcode-27.0.0-Release.Candidate.app/Contents/Developer/Platforms/AppleTVOS.platform/Developer/SDKs/AppleTVOS27.0.sdk/Developer/Library/Frameworks -c -j10 -enable-batch-mode -incremental -Xcc -ivfsstatcache -Xcc /Users/admin/builder/spi-builder-workspace/.derivedData/SDKStatCaches.noindex/appletvos27.0-24J360-e829b21a6f8c9b70876ba0858053c044b32bfd8d43560033f8d89884cdb90028.sdkstatcache -output-file-map /Users/admin/builder/spi-builder-workspace/.derivedData/Build/Intermediates.noindex/SwiftyXPC.build/Debug-appletvos/SwiftyXPC-t.build/Objects-normal/arm64/SwiftyXPC-OutputFileMap.json -save-temps -no-color-diagnostics -explicit-module-build -module-cache-path /Users/admin/builder/spi-builder-workspace/.derivedData/Build/Intermediates.noindex/SwiftExplicitPrecompiledModules -clang-scanner-module-cache-path /Users/admin/builder/spi-builder-workspace/.derivedData/ModuleCache.noindex -sdk-module-cache-path /Users/admin/builder/spi-builder-workspace/.derivedData/SDKExplicitPrecompiledModules -emit-dependencies -emit-module -emit-module-path /Users/admin/builder/spi-builder-workspace/.derivedData/Build/Intermediates.noindex/SwiftyXPC.build/Debug-appletvos/SwiftyXPC-t.build/Objects-normal/arm64/SwiftyXPC.swiftmodule -serialize-diagnostics -dependency-scan-serialize-diagnostics-path /Users/admin/builder/spi-builder-workspace/.derivedData/Build/Intermediates.noindex/SwiftyXPC.build/Debug-appletvos/SwiftyXPC-t.build/Objects-normal/arm64/SwiftyXPC-dependency-scan.dia -validate-clang-modules-once -clang-build-session-file /Users/admin/builder/spi-builder-workspace/.derivedData/ModuleCache.noindex/Session.modulevalidation -Xcc -fmodules-prune-interval\=86400 -Xcc -fmodules-prune-after\=345600 -emit-const-values -const-gather-protocols-list /Users/admin/builder/spi-builder-workspace/.derivedData/Build/Intermediates.noindex/SwiftyXPC.build/Debug-appletvos/SwiftyXPC-t.build/Objects-normal/arm64/SwiftyXPC_const_extract_protocols.json -Xcc -I/Users/admin/builder/spi-builder-workspace/.derivedData/Build/Products/Debug-appletvos/include -Xcc -I/Users/admin/builder/spi-builder-workspace/.derivedData/Build/Intermediates.noindex/SwiftyXPC.build/Debug-appletvos/SwiftyXPC-t.build/DerivedSources-normal/arm64 -Xcc -I/Users/admin/builder/spi-builder-workspace/.derivedData/Build/Intermediates.noindex/SwiftyXPC.build/Debug-appletvos/SwiftyXPC-t.build/DerivedSources/arm64 -Xcc -I/Users/admin/builder/spi-builder-workspace/.derivedData/Build/Intermediates.noindex/SwiftyXPC.build/Debug-appletvos/SwiftyXPC-t.build/DerivedSources -Xcc -DSWIFT_PACKAGE -Xcc -DDEBUG\=1 -emit-objc-header -emit-objc-header-path /Users/admin/builder/spi-builder-workspace/.derivedData/Build/Intermediates.noindex/SwiftyXPC.build/Debug-appletvos/SwiftyXPC-t.build/Objects-normal/arm64/SwiftyXPC-Swift.h -working-directory /Users/admin/builder/spi-builder-workspace/.swiftpm/xcode -experimental-emit-module-separately -disable-cmo
SwiftExplicitDependencyGeneratePcm arm64 /Users/admin/builder/spi-builder-workspace/.derivedData/SDKExplicitPrecompiledModules/_SwiftConcurrencyShims-BY5PD8KF1L5KF6F4Q69HE3TJ4.pcm
SwiftExplicitDependencyGeneratePcm arm64 /Users/admin/builder/spi-builder-workspace/.derivedData/SDKExplicitPrecompiledModules/_AvailabilityInternal-BV2EDDP0MI5QJDDPEEV4D9D3V.pcm
SwiftExplicitDependencyGeneratePcm arm64 /Users/admin/builder/spi-builder-workspace/.derivedData/SDKExplicitPrecompiledModules/_Builtin_float-8ZJAYZ85YBOAOP52Y9H6IUNP3.pcm
SwiftExplicitDependencyGeneratePcm arm64 /Users/admin/builder/spi-builder-workspace/.derivedData/SDKExplicitPrecompiledModules/ptrauth-8X2KEPL7CTRPS40TUB9APHPK6.pcm
SwiftExplicitDependencyGeneratePcm arm64 /Users/admin/builder/spi-builder-workspace/.derivedData/SDKExplicitPrecompiledModules/SwiftShims-8N4EXJ4RUJTR8K9OO3CMOH1EP.pcm
SwiftExplicitDependencyGeneratePcm arm64 /Users/admin/builder/spi-builder-workspace/.derivedData/SDKExplicitPrecompiledModules/_Builtin_stddef-9ZJZ6FDEZNKTZU8YLPMFT9RAQ.pcm
SwiftExplicitDependencyGeneratePcm arm64 /Users/admin/builder/spi-builder-workspace/.derivedData/SDKExplicitPrecompiledModules/ptrcheck-2AZ6B5IBYD3RRRTFWN2ONASY3.pcm
SwiftExplicitDependencyGeneratePcm arm64 /Users/admin/builder/spi-builder-workspace/.derivedData/SDKExplicitPrecompiledModules/_Builtin_stdarg-BO2OCAUYVAXDRVQWQ8ISKGNUQ.pcm
SwiftExplicitDependencyGeneratePcm arm64 /Users/admin/builder/spi-builder-workspace/.derivedData/SDKExplicitPrecompiledModules/_Builtin_stdbool-AHRDH5EKLY6D04C5E42F3VCQI.pcm
SwiftExplicitDependencyGeneratePcm arm64 /Users/admin/builder/spi-builder-workspace/.derivedData/SDKExplicitPrecompiledModules/_DarwinFoundation1-JOTYMOA1YZCIJ2NON6FQ848O.pcm
SwiftExplicitDependencyGeneratePcm arm64 /Users/admin/builder/spi-builder-workspace/.derivedData/SDKExplicitPrecompiledModules/_Builtin_limits-7JU2HP127LIT1X9E2V3D8WZ1.pcm
SwiftExplicitDependencyGeneratePcm arm64 /Users/admin/builder/spi-builder-workspace/.derivedData/SDKExplicitPrecompiledModules/_DarwinFoundation2-AOGAN1O02NKXRJN5V73AV3V3M.pcm
SwiftExplicitDependencyGeneratePcm arm64 /Users/admin/builder/spi-builder-workspace/.derivedData/SDKExplicitPrecompiledModules/_Builtin_stdint-6NFTB6IBKS143IVPGT1EKB7HO.pcm
SwiftExplicitDependencyGeneratePcm arm64 /Users/admin/builder/spi-builder-workspace/.derivedData/SDKExplicitPrecompiledModules/sys_types-8GCAV1YMG5UUGHUID3CA20TCH.pcm
SwiftExplicitDependencyGeneratePcm arm64 /Users/admin/builder/spi-builder-workspace/.derivedData/SDKExplicitPrecompiledModules/_Builtin_stdatomic-3YXHN678NGYM3NL9POJ2HVEIF.pcm
SwiftExplicitDependencyGeneratePcm arm64 /Users/admin/builder/spi-builder-workspace/.derivedData/SDKExplicitPrecompiledModules/_DarwinFoundation3-8SR3855WDFHQPR6G9GHOI2C07.pcm
SwiftExplicitDependencyGeneratePcm arm64 /Users/admin/builder/spi-builder-workspace/.derivedData/SDKExplicitPrecompiledModules/_Builtin_inttypes-6X1IQ3QK9KEVKXOK9Y79EW7J3.pcm
SwiftExplicitDependencyGeneratePcm arm64 /Users/admin/builder/spi-builder-workspace/.derivedData/SDKExplicitPrecompiledModules/Darwin-DBSQAVBBPC3D2OMU5ZI2RXMST.pcm
SwiftExplicitDependencyGeneratePcm arm64 /Users/admin/builder/spi-builder-workspace/.derivedData/SDKExplicitPrecompiledModules/MachO-EH3F5PJCIZG05NO51CEFSZYPW.pcm
SwiftExplicitDependencyGeneratePcm arm64 /Users/admin/builder/spi-builder-workspace/.derivedData/SDKExplicitPrecompiledModules/ObjectiveC-5250FDCE56N8508OR6XUYDKZM.pcm
SwiftExplicitDependencyGeneratePcm arm64 /Users/admin/builder/spi-builder-workspace/.derivedData/SDKExplicitPrecompiledModules/os_object-E2DGZ0SX0TULQHULZRPO6OKNW.pcm
SwiftExplicitDependencyGeneratePcm arm64 /Users/admin/builder/spi-builder-workspace/.derivedData/SDKExplicitPrecompiledModules/os_workgroup-DBUFF7811DKMX7VPBOJPGGF1U.pcm
SwiftExplicitDependencyGeneratePcm arm64 /Users/admin/builder/spi-builder-workspace/.derivedData/SDKExplicitPrecompiledModules/Dispatch-1QL58A0V50C39KVAIC6C38SHL.pcm
SwiftExplicitDependencyGeneratePcm arm64 /Users/admin/builder/spi-builder-workspace/.derivedData/SDKExplicitPrecompiledModules/XPC-6O2DJFT3QUJ7QKTD3SNUB6PCR.pcm
SwiftExplicitDependencyGeneratePcm arm64 /Users/admin/builder/spi-builder-workspace/.derivedData/SDKExplicitPrecompiledModules/CoreFoundation-7TPJ7ENDC4L1A1ESHYI9TXS0D.pcm
SwiftExplicitDependencyGeneratePcm arm64 /Users/admin/builder/spi-builder-workspace/.derivedData/SDKExplicitPrecompiledModules/os-3GJI8H0BNAEZPQPQ1V0VVY3FY.pcm
SwiftExplicitDependencyGeneratePcm arm64 /Users/admin/builder/spi-builder-workspace/.derivedData/SDKExplicitPrecompiledModules/Security-8VMXEKVDA3MHUH9AOTP905DID.pcm
SwiftEmitModule normal arm64 Emitting\ module\ for\ SwiftyXPC (in target 'SwiftyXPC' from project 'SwiftyXPC')
SwiftCompile normal arm64 (in target 'SwiftyXPC' from project 'SwiftyXPC')
    cd /Users/admin/builder/spi-builder-workspace/.swiftpm/xcode

/Users/admin/builder/spi-builder-workspace/Sources/SwiftyXPC/XPCConnection.swift:513:9: warning: unstructured throwing task created by 'init(name:priority:operation:)' is not used, which may accidentally ignore errors thrown inside the task [#NoUseUnstructuredThrowingTask]
511 |         let wrapper = SendableWrapper(event: event)
512 |
513 |         Task {
    |         |- warning: unstructured throwing task created by 'init(name:priority:operation:)' is not used, which may accidentally ignore errors thrown inside the task [#NoUseUnstructuredThrowingTask]
    |         `- note: to silence this warning, handle the error inside the task, or store/discard the task value explicitly
514 |             let event = wrapper.event
515 |
/Users/admin/builder/spi-builder-workspace/Sources/SwiftyXPC/XPCErrorRegistry.swift:52:20: error: 'Mutex' is only available in tvOS 18.0 or newer
 49 |
 50 |     @available(macOS 15.0, macCatalyst 18.0, *)
 51 |     private final class MutexWrapper: Sendable {
    |                         `- note: add '@available' attribute to enclosing class
 52 |         let mutex: Mutex<[String: (Error & Codable).Type]>
    |                    `- error: 'Mutex' is only available in tvOS 18.0 or newer
 53 |         init(dict: [String: (Error & Codable).Type]) { self.mutex = Mutex(dict) }
 54 |     }
[#NoUseUnstructuredThrowingTask]: <https://docs.swift.org/compiler/documentation/diagnostics/no-use-throwing-unstructured-task>
Failed frontend command:
/Applications/Xcode-27.0.0-Release.Candidate.app/Contents/Developer/Toolchains/XcodeDefault.xctoolchain/usr/bin/swift-frontend -frontend -emit-module -experimental-skip-non-inlinable-function-bodies-without-types /Users/admin/builder/spi-builder-workspace/Sources/SwiftyXPC/Extensions/String+SwiftyXPC.swift /Users/admin/builder/spi-builder-workspace/Sources/SwiftyXPC/XPCConnection.swift /Users/admin/builder/spi-builder-workspace/Sources/SwiftyXPC/XPCDecoder.swift /Users/admin/builder/spi-builder-workspace/Sources/SwiftyXPC/XPCEncoder.swift /Users/admin/builder/spi-builder-workspace/Sources/SwiftyXPC/XPCEndpoint.swift /Users/admin/builder/spi-builder-workspace/Sources/SwiftyXPC/XPCError.swift /Users/admin/builder/spi-builder-workspace/Sources/SwiftyXPC/XPCErrorRegistry.swift /Users/admin/builder/spi-builder-workspace/Sources/SwiftyXPC/XPCFileDescriptor.swift /Users/admin/builder/spi-builder-workspace/Sources/SwiftyXPC/XPCListener.swift /Users/admin/builder/spi-builder-workspace/Sources/SwiftyXPC/XPCNull.swift /Users/admin/builder/spi-builder-workspace/Sources/SwiftyXPC/XPCType.swift -target arm64-apple-tvos15.0 -disable-cross-import-overlay-search -swift-module-cross-import Darwin /Applications/Xcode-27.0.0-Release.Candidate.app/Contents/Developer/Platforms/AppleTVOS.platform/Developer/SDKs/AppleTVOS.sdk/usr/include/Darwin.swiftcrossimport/xlocale.swiftoverlay -load-resolved-plugin /Applications/Xcode-27.0.0-Release.Candidate.app/Contents/Developer/Platforms/AppleTVOS.platform/Developer/usr/lib/swift/host/plugins/libSwiftMacros.dylib\#/Applications/Xcode-27.0.0-Release.Candidate.app/Contents/Developer/Platforms/AppleTVOS.platform/Developer/usr/bin/swift-plugin-server\#SwiftMacros -disable-implicit-swift-modules -Xcc -fno-implicit-modules -Xcc -fno-implicit-module-maps -explicit-swift-module-map-file /Users/admin/builder/spi-builder-workspace/.derivedData/Build/Intermediates.noindex/SwiftyXPC.build/Debug-appletvos/SwiftyXPC-t.build/Objects-normal/arm64/SwiftyXPC-dependencies-1.json -Xllvm -aarch64-use-tbi -enable-objc-interop -stack-check -sdk /Applications/Xcode-27.0.0-Release.Candidate.app/Contents/Developer/Platforms/AppleTVOS.platform/Developer/SDKs/AppleTVOS27.0.sdk -I /Users/admin/builder/spi-builder-workspace/.derivedData/Build/Products/Debug-appletvos -Isystem /Applications/Xcode-27.0.0-Release.Candidate.app/Contents/Developer/Platforms/AppleTVOS.platform/Developer/usr/lib -F /Users/admin/builder/spi-builder-workspace/.derivedData/Build/Products/Debug-appletvos -F /Applications/Xcode-27.0.0-Release.Candidate.app/Contents/Developer/Platforms/AppleTVOS.platform/Developer/Library/Frameworks -F /Applications/Xcode-27.0.0-Release.Candidate.app/Contents/Developer/Platforms/AppleTVOS.platform/Developer/SDKs/AppleTVOS27.0.sdk/Developer/Library/Frameworks -module-cache-path /Users/admin/builder/spi-builder-workspace/.derivedData/Build/Intermediates.noindex/SwiftExplicitPrecompiledModules -no-color-diagnostics -Xcc -fno-color-diagnostics -enable-testing -g -debug-info-format\=dwarf -dwarf-version\=4 -profile-generate -profile-coverage-mapping -swift-version 5 -Onone -D SWIFT_PACKAGE -D DEBUG -D SWIFT_MODULE_RESOURCE_BUNDLE_UNAVAILABLE -D Xcode -serialize-debugging-options -enable-experimental-feature DebugDescriptionMacro -empty-abi-descriptor -validate-clang-modules-once -clang-build-session-file /Users/admin/builder/spi-builder-workspace/.derivedData/ModuleCache.noindex/Session.modulevalidation -Xcc -working-directory -Xcc /Users/admin/builder/spi-builder-workspace/.swiftpm/xcode -enable-anonymous-context-mangled-names -file-compilation-dir /Users/admin/builder/spi-builder-workspace/.swiftpm/xcode -Xcc -D_LIBCPP_HARDENING_MODE\=_LIBCPP_HARDENING_MODE_DEBUG -Xcc -ivfsstatcache -Xcc /Users/admin/builder/spi-builder-workspace/.derivedData/SDKStatCaches.noindex/appletvos27.0-24J360-e829b21a6f8c9b70876ba0858053c044b32bfd8d43560033f8d89884cdb90028.sdkstatcache -Xcc -fmodules-prune-interval\=86400 -Xcc -fmodules-prune-after\=345600 -Xcc -I/Users/admin/builder/spi-builder-workspace/.derivedData/Build/Products/Debug-appletvos/include -Xcc -I/Users/admin/builder/spi-builder-workspace/.derivedData/Build/Intermediates.noindex/SwiftyXPC.build/Debug-appletvos/SwiftyXPC-t.build/DerivedSources-normal/arm64 -Xcc -I/Users/admin/builder/spi-builder-workspace/.derivedData/Build/Intermediates.noindex/SwiftyXPC.build/Debug-appletvos/SwiftyXPC-t.build/DerivedSources/arm64 -Xcc -I/Users/admin/builder/spi-builder-workspace/.derivedData/Build/Intermediates.noindex/SwiftyXPC.build/Debug-appletvos/SwiftyXPC-t.build/DerivedSources -Xcc -DSWIFT_PACKAGE -Xcc -DDEBUG\=1 -no-auto-bridging-header-chaining -module-name SwiftyXPC -const-gather-protocols-file /Users/admin/builder/spi-builder-workspace/.derivedData/Build/Intermediates.noindex/SwiftyXPC.build/Debug-appletvos/SwiftyXPC-t.build/Objects-normal/arm64/SwiftyXPC_const_extract_protocols.json -disable-clang-spi -clang-target arm64-apple-tvos27.0 -target-sdk-version 27.0 -target-sdk-name appletvos27.0 -in-process-plugin-server-path /Applications/Xcode-27.0.0-Release.Candidate.app/Contents/Developer/Toolchains/XcodeDefault.xctoolchain/usr/lib/swift/host/libSwiftInProcPluginServer.dylib -emit-module-doc-path /Users/admin/builder/spi-builder-workspace/.derivedData/Build/Intermediates.noindex/SwiftyXPC.build/Debug-appletvos/SwiftyXPC-t.build/Objects-normal/arm64/SwiftyXPC.swiftdoc -emit-module-source-info-path /Users/admin/builder/spi-builder-workspace/.derivedData/Build/Intermediates.noindex/SwiftyXPC.build/Debug-appletvos/SwiftyXPC-t.build/Objects-normal/arm64/SwiftyXPC.swiftsourceinfo -emit-objc-header-path /Users/admin/builder/spi-builder-workspace/.derivedData/Build/Intermediates.noindex/SwiftyXPC.build/Debug-appletvos/SwiftyXPC-t.build/Objects-normal/arm64/SwiftyXPC-Swift.h -serialize-diagnostics-path /Users/admin/builder/spi-builder-workspace/.derivedData/Build/Intermediates.noindex/SwiftyXPC.build/Debug-appletvos/SwiftyXPC-t.build/Objects-normal/arm64/SwiftyXPC-primary-emit-module.dia -emit-dependencies-path /Users/admin/builder/spi-builder-workspace/.derivedData/Build/Intermediates.noindex/SwiftyXPC.build/Debug-appletvos/SwiftyXPC-t.build/Objects-normal/arm64/SwiftyXPC-primary-emit-module.d -parse-as-library -o /Users/admin/builder/spi-builder-workspace/.derivedData/Build/Intermediates.noindex/SwiftyXPC.build/Debug-appletvos/SwiftyXPC-t.build/Objects-normal/arm64/SwiftyXPC.swiftmodule -emit-abi-descriptor-path /Users/admin/builder/spi-builder-workspace/.derivedData/Build/Intermediates.noindex/SwiftyXPC.build/Debug-appletvos/SwiftyXPC-t.build/Objects-normal/arm64/SwiftyXPC.abi.json
SwiftCompile normal arm64 Compiling\ XPCListener.swift /Users/admin/builder/spi-builder-workspace/Sources/SwiftyXPC/XPCListener.swift (in target 'SwiftyXPC' from project 'SwiftyXPC')
SwiftCompile normal arm64 /Users/admin/builder/spi-builder-workspace/Sources/SwiftyXPC/XPCListener.swift (in target 'SwiftyXPC' from project 'SwiftyXPC')
    cd /Users/admin/builder/spi-builder-workspace/.swiftpm/xcode
    builtin-SwiftPerFileCompile XPCListener.swift
SwiftCompile normal arm64 Compiling\ XPCNull.swift /Users/admin/builder/spi-builder-workspace/Sources/SwiftyXPC/XPCNull.swift (in target 'SwiftyXPC' from project 'SwiftyXPC')
SwiftCompile normal arm64 /Users/admin/builder/spi-builder-workspace/Sources/SwiftyXPC/XPCNull.swift (in target 'SwiftyXPC' from project 'SwiftyXPC')
    cd /Users/admin/builder/spi-builder-workspace/.swiftpm/xcode
    builtin-SwiftPerFileCompile XPCNull.swift
SwiftCompile normal arm64 Compiling\ XPCFileDescriptor.swift /Users/admin/builder/spi-builder-workspace/Sources/SwiftyXPC/XPCFileDescriptor.swift (in target 'SwiftyXPC' from project 'SwiftyXPC')
SwiftCompile normal arm64 /Users/admin/builder/spi-builder-workspace/Sources/SwiftyXPC/XPCFileDescriptor.swift (in target 'SwiftyXPC' from project 'SwiftyXPC')
    cd /Users/admin/builder/spi-builder-workspace/.swiftpm/xcode
    builtin-SwiftPerFileCompile XPCFileDescriptor.swift
SwiftCompile normal arm64 Compiling\ XPCType.swift /Users/admin/builder/spi-builder-workspace/Sources/SwiftyXPC/XPCType.swift (in target 'SwiftyXPC' from project 'SwiftyXPC')
SwiftCompile normal arm64 /Users/admin/builder/spi-builder-workspace/Sources/SwiftyXPC/XPCType.swift (in target 'SwiftyXPC' from project 'SwiftyXPC')
    cd /Users/admin/builder/spi-builder-workspace/.swiftpm/xcode
    builtin-SwiftPerFileCompile XPCType.swift
SwiftCompile normal arm64 Compiling\ XPCErrorRegistry.swift /Users/admin/builder/spi-builder-workspace/Sources/SwiftyXPC/XPCErrorRegistry.swift (in target 'SwiftyXPC' from project 'SwiftyXPC')
/Users/admin/builder/spi-builder-workspace/Sources/SwiftyXPC/XPCErrorRegistry.swift:52:20: error: 'Mutex' is only available in tvOS 18.0 or newer
 49 |
 50 |     @available(macOS 15.0, macCatalyst 18.0, *)
 51 |     private final class MutexWrapper: Sendable {
    |                         `- note: add '@available' attribute to enclosing class
 52 |         let mutex: Mutex<[String: (Error & Codable).Type]>
    |                    `- error: 'Mutex' is only available in tvOS 18.0 or newer
 53 |         init(dict: [String: (Error & Codable).Type]) { self.mutex = Mutex(dict) }
 54 |     }
/Users/admin/builder/spi-builder-workspace/Sources/SwiftyXPC/XPCErrorRegistry.swift:53:69: error: 'Mutex' is only available in tvOS 18.0 or newer
 49 |
 50 |     @available(macOS 15.0, macCatalyst 18.0, *)
 51 |     private final class MutexWrapper: Sendable {
    |                         `- note: add '@available' attribute to enclosing class
 52 |         let mutex: Mutex<[String: (Error & Codable).Type]>
 53 |         init(dict: [String: (Error & Codable).Type]) { self.mutex = Mutex(dict) }
    |         |                                                           |- error: 'Mutex' is only available in tvOS 18.0 or newer
    |         |                                                           `- note: add 'if #available' version check
    |         `- note: add '@available' attribute to enclosing initializer
 54 |     }
 55 |
/Users/admin/builder/spi-builder-workspace/Sources/SwiftyXPC/XPCErrorRegistry.swift:53:69: error: 'init(_:)' is only available in tvOS 18.0 or newer
 49 |
 50 |     @available(macOS 15.0, macCatalyst 18.0, *)
 51 |     private final class MutexWrapper: Sendable {
    |                         `- note: add '@available' attribute to enclosing class
 52 |         let mutex: Mutex<[String: (Error & Codable).Type]>
 53 |         init(dict: [String: (Error & Codable).Type]) { self.mutex = Mutex(dict) }
    |         |                                                           |- error: 'init(_:)' is only available in tvOS 18.0 or newer
    |         |                                                           `- note: add 'if #available' version check
    |         `- note: add '@available' attribute to enclosing initializer
 54 |     }
 55 |
SwiftCompile normal arm64 /Users/admin/builder/spi-builder-workspace/Sources/SwiftyXPC/XPCErrorRegistry.swift (in target 'SwiftyXPC' from project 'SwiftyXPC')
    cd /Users/admin/builder/spi-builder-workspace/.swiftpm/xcode
    builtin-SwiftPerFileCompile XPCErrorRegistry.swift
SwiftCompile normal arm64 Compiling\ XPCError.swift /Users/admin/builder/spi-builder-workspace/Sources/SwiftyXPC/XPCError.swift (in target 'SwiftyXPC' from project 'SwiftyXPC')
SwiftCompile normal arm64 /Users/admin/builder/spi-builder-workspace/Sources/SwiftyXPC/XPCError.swift (in target 'SwiftyXPC' from project 'SwiftyXPC')
    cd /Users/admin/builder/spi-builder-workspace/.swiftpm/xcode
    builtin-SwiftPerFileCompile XPCError.swift
SwiftCompile normal arm64 Compiling\ XPCEncoder.swift /Users/admin/builder/spi-builder-workspace/Sources/SwiftyXPC/XPCEncoder.swift (in target 'SwiftyXPC' from project 'SwiftyXPC')
SwiftCompile normal arm64 /Users/admin/builder/spi-builder-workspace/Sources/SwiftyXPC/XPCEncoder.swift (in target 'SwiftyXPC' from project 'SwiftyXPC')
    cd /Users/admin/builder/spi-builder-workspace/.swiftpm/xcode
    builtin-SwiftPerFileCompile XPCEncoder.swift
SwiftCompile normal arm64 Compiling\ XPCDecoder.swift /Users/admin/builder/spi-builder-workspace/Sources/SwiftyXPC/XPCDecoder.swift (in target 'SwiftyXPC' from project 'SwiftyXPC')
SwiftCompile normal arm64 /Users/admin/builder/spi-builder-workspace/Sources/SwiftyXPC/XPCDecoder.swift (in target 'SwiftyXPC' from project 'SwiftyXPC')
    cd /Users/admin/builder/spi-builder-workspace/.swiftpm/xcode
    builtin-SwiftPerFileCompile XPCDecoder.swift
SwiftCompile normal arm64 Compiling\ String+SwiftyXPC.swift,\ XPCConnection.swift /Users/admin/builder/spi-builder-workspace/Sources/SwiftyXPC/Extensions/String+SwiftyXPC.swift /Users/admin/builder/spi-builder-workspace/Sources/SwiftyXPC/XPCConnection.swift (in target 'SwiftyXPC' from project 'SwiftyXPC')
/Users/admin/builder/spi-builder-workspace/Sources/SwiftyXPC/XPCConnection.swift:98:26: error: 'xpc_connection_create_mach_service' is unavailable in tvOS
 96 |
 97 |     internal convenience init(machServiceName: String, flags: Int32, codeSigningRequirement: String? = nil) throws {
 98 |         let connection = xpc_connection_create_mach_service(machServiceName, nil, UInt64(flags))
    |                          `- error: 'xpc_connection_create_mach_service' is unavailable in tvOS
 99 |
100 |         do {
/Applications/Xcode-27.0.0-Release.Candidate.app/Contents/Developer/Platforms/AppleTVOS.platform/Developer/SDKs/AppleTVOS27.0.sdk/usr/include/xpc/connection.h:205:1: note: 'xpc_connection_create_mach_service' has been explicitly marked unavailable here
 203 | XPC_EXPORT XPC_MALLOC XPC_RETURNS_RETAINED XPC_WARN_RESULT XPC_NONNULL1
 204 | xpc_connection_t
 205 | xpc_connection_create_mach_service(const char *name,
     | `- note: 'xpc_connection_create_mach_service' has been explicitly marked unavailable here
 206 | 	dispatch_queue_t _Nullable targetq, uint64_t flags);
 207 |
/Users/admin/builder/spi-builder-workspace/Sources/SwiftyXPC/XPCConnection.swift:116:19: error: 'xpc_connection_set_peer_code_signing_requirement' is unavailable in tvOS
114 |
115 |         if #available(macOS 12.0, *), let requirement = codeSigningRequirement {
116 |             guard xpc_connection_set_peer_code_signing_requirement(self.connection, requirement) == 0 else {
    |                   `- error: 'xpc_connection_set_peer_code_signing_requirement' is unavailable in tvOS
117 |                 throw XPCError.invalidCodeSignatureRequirement
118 |             }
/Applications/Xcode-27.0.0-Release.Candidate.app/Contents/Developer/Platforms/AppleTVOS.platform/Developer/SDKs/AppleTVOS27.0.sdk/usr/include/xpc/connection.h:803:1: note: 'xpc_connection_set_peer_code_signing_requirement' has been explicitly marked unavailable here
 801 | XPC_EXPORT XPC_NONNULL_ALL XPC_WARN_RESULT
 802 | int
 803 | xpc_connection_set_peer_code_signing_requirement(xpc_connection_t connection, const char *requirement);
     | `- note: 'xpc_connection_set_peer_code_signing_requirement' has been explicitly marked unavailable here
 804 |
 805 | /*!
/Users/admin/builder/spi-builder-workspace/Sources/SwiftyXPC/XPCConnection.swift:214:9: error: 'xpc_connection_get_asid' is unavailable in tvOS
212 |     /// The audit session identifier associated with the remote process.
213 |     public var auditSessionIdentifier: au_asid_t {
214 |         xpc_connection_get_asid(self.connection)
    |         `- error: 'xpc_connection_get_asid' is unavailable in tvOS
215 |     }
216 |
/Applications/Xcode-27.0.0-Release.Candidate.app/Contents/Developer/Platforms/AppleTVOS.platform/Developer/SDKs/AppleTVOS27.0.sdk/usr/include/xpc/connection.h:701:1: note: 'xpc_connection_get_asid' has been explicitly marked unavailable here
 699 | XPC_EXPORT XPC_NONNULL_ALL XPC_WARN_RESULT
 700 | au_asid_t
 701 | xpc_connection_get_asid(xpc_connection_t connection);
     | `- note: 'xpc_connection_get_asid' has been explicitly marked unavailable here
 702 |
 703 | /*!
/Users/admin/builder/spi-builder-workspace/Sources/SwiftyXPC/XPCConnection.swift:229:9: error: 'xpc_connection_get_pid' is unavailable in tvOS
227 |     /// The process ID of the remote process.
228 |     public var processIdentifier: pid_t {
229 |         xpc_connection_get_pid(self.connection)
    |         `- error: 'xpc_connection_get_pid' is unavailable in tvOS
230 |     }
231 |
/Applications/Xcode-27.0.0-Release.Candidate.app/Contents/Developer/Platforms/AppleTVOS.platform/Developer/SDKs/AppleTVOS27.0.sdk/usr/include/xpc/connection.h:685:1: note: 'xpc_connection_get_pid' has been explicitly marked unavailable here
 683 | XPC_EXPORT XPC_NONNULL_ALL XPC_WARN_RESULT
 684 | pid_t
 685 | xpc_connection_get_pid(xpc_connection_t connection);
     | `- note: 'xpc_connection_get_pid' has been explicitly marked unavailable here
 686 |
 687 | /*!
/Users/admin/builder/spi-builder-workspace/Sources/SwiftyXPC/XPCConnection.swift:464:19: error: cannot find type 'SecCode' in scope
462 |         guard let requirementString = self.codeSigningRequirement else { return }
463 |
464 |         var code: SecCode? = nil
    |                   `- error: cannot find type 'SecCode' in scope
465 |         var err: OSStatus
466 |
/Users/admin/builder/spi-builder-workspace/Sources/SwiftyXPC/XPCConnection.swift:468:19: error: cannot find 'SecCodeCreateWithXPCMessage' in scope
466 |
467 |         if #available(macOS 11.0, *) {
468 |             err = SecCodeCreateWithXPCMessage(event, [], &code)
    |                   `- error: cannot find 'SecCodeCreateWithXPCMessage' in scope
469 |         } else {
470 |             var keyCB = kCFTypeDictionaryKeyCallBacks
/Users/admin/builder/spi-builder-workspace/Sources/SwiftyXPC/XPCConnection.swift:472:23: error: cannot find 'kSecGuestAttributePid' in scope
470 |             var keyCB = kCFTypeDictionaryKeyCallBacks
471 |             var valueCB = kCFTypeDictionaryValueCallBacks
472 |             let key = kSecGuestAttributePid
    |                       `- error: cannot find 'kSecGuestAttributePid' in scope
473 |             var pid = Int64(xpc_connection_get_pid(xpc_dictionary_get_remote_connection(event)!))
474 |             let value = CFNumberCreate(kCFAllocatorDefault, .sInt64Type, &pid)
/Users/admin/builder/spi-builder-workspace/Sources/SwiftyXPC/XPCConnection.swift:473:29: error: 'xpc_connection_get_pid' is unavailable in tvOS
471 |             var valueCB = kCFTypeDictionaryValueCallBacks
472 |             let key = kSecGuestAttributePid
473 |             var pid = Int64(xpc_connection_get_pid(xpc_dictionary_get_remote_connection(event)!))
    |                             `- error: 'xpc_connection_get_pid' is unavailable in tvOS
474 |             let value = CFNumberCreate(kCFAllocatorDefault, .sInt64Type, &pid)
475 |             let attributes = CFDictionaryCreateMutable(kCFAllocatorDefault, 1, &keyCB, &valueCB)
/Applications/Xcode-27.0.0-Release.Candidate.app/Contents/Developer/Platforms/AppleTVOS.platform/Developer/SDKs/AppleTVOS27.0.sdk/usr/include/xpc/connection.h:685:1: note: 'xpc_connection_get_pid' has been explicitly marked unavailable here
 683 | XPC_EXPORT XPC_NONNULL_ALL XPC_WARN_RESULT
 684 | pid_t
 685 | xpc_connection_get_pid(xpc_connection_t connection);
     | `- note: 'xpc_connection_get_pid' has been explicitly marked unavailable here
 686 |
 687 | /*!
/Users/admin/builder/spi-builder-workspace/Sources/SwiftyXPC/XPCConnection.swift:483:19: error: cannot find 'SecCodeCopyGuestWithAttributes' in scope
481 |             )
482 |
483 |             err = SecCodeCopyGuestWithAttributes(nil, attributes, [], &code)
    |                   `- error: cannot find 'SecCodeCopyGuestWithAttributes' in scope
484 |         }
485 |
/Users/admin/builder/spi-builder-workspace/Sources/SwiftyXPC/XPCConnection.swift:494:26: error: cannot find type 'SecRequirement' in scope
492 |         }
493 |
494 |         var requirement: SecRequirement? = nil
    |                          `- error: cannot find type 'SecRequirement' in scope
495 |         err = SecRequirementCreateWithString(cfRequirementString!, [], &requirement)
496 |         guard err == errSecSuccess else {
/Users/admin/builder/spi-builder-workspace/Sources/SwiftyXPC/XPCConnection.swift:495:15: error: cannot find 'SecRequirementCreateWithString' in scope
493 |
494 |         var requirement: SecRequirement? = nil
495 |         err = SecRequirementCreateWithString(cfRequirementString!, [], &requirement)
    |               `- error: cannot find 'SecRequirementCreateWithString' in scope
496 |         guard err == errSecSuccess else {
497 |             throw Error.callerFailedCredentialCheck(err)
/Users/admin/builder/spi-builder-workspace/Sources/SwiftyXPC/XPCConnection.swift:500:15: error: cannot find 'SecCodeCheckValidity' in scope
498 |         }
499 |
500 |         err = SecCodeCheckValidity(code!, [], requirement)
    |               `- error: cannot find 'SecCodeCheckValidity' in scope
501 |         guard err == errSecSuccess else {
502 |             throw Error.callerFailedCredentialCheck(err)
SwiftCompile normal arm64 /Users/admin/builder/spi-builder-workspace/Sources/SwiftyXPC/Extensions/String+SwiftyXPC.swift (in target 'SwiftyXPC' from project 'SwiftyXPC')
    cd /Users/admin/builder/spi-builder-workspace/.swiftpm/xcode
    builtin-SwiftPerFileCompile String+SwiftyXPC.swift
SwiftCompile normal arm64 /Users/admin/builder/spi-builder-workspace/Sources/SwiftyXPC/XPCConnection.swift (in target 'SwiftyXPC' from project 'SwiftyXPC')
    cd /Users/admin/builder/spi-builder-workspace/.swiftpm/xcode
    builtin-SwiftPerFileCompile XPCConnection.swift
SwiftCompile normal arm64 Compiling\ XPCEndpoint.swift /Users/admin/builder/spi-builder-workspace/Sources/SwiftyXPC/XPCEndpoint.swift (in target 'SwiftyXPC' from project 'SwiftyXPC')
SwiftCompile normal arm64 /Users/admin/builder/spi-builder-workspace/Sources/SwiftyXPC/XPCEndpoint.swift (in target 'SwiftyXPC' from project 'SwiftyXPC')
    cd /Users/admin/builder/spi-builder-workspace/.swiftpm/xcode
    builtin-SwiftPerFileCompile XPCEndpoint.swift
PruneExplicitPrecompiledModules /Users/admin/builder/spi-builder-workspace/.derivedData/Build/Intermediates.noindex/ExplicitPrecompiledModules
PruneExplicitPrecompiledModules /Users/admin/builder/spi-builder-workspace/.derivedData/Build/Intermediates.noindex/SwiftExplicitPrecompiledModules
PruneExplicitPrecompiledModules /Users/admin/builder/spi-builder-workspace/.derivedData/SDKExplicitPrecompiledModules
2026-09-21 00:13:32.585 xcodebuild[625:3990] [MT] IDERunDestination: Supported platforms for the buildables in the current scheme is empty.
2026-09-21 00:13:32.834 xcodebuild[625:3990] [MT] IDERunDestination: Supported platforms for the buildables in the current scheme is empty.
** BUILD FAILED **
The following build commands failed:
	SwiftCompile normal arm64 (in target 'SwiftyXPC' from project 'SwiftyXPC')
	SwiftEmitModule normal arm64 Emitting\ module\ for\ SwiftyXPC (in target 'SwiftyXPC' from project 'SwiftyXPC')
	Building workspace SwiftyXPC with scheme SwiftyXPC-Package
(3 failures)
Command line invocation:
    /Applications/Xcode-27.0.0-Release.Candidate.app/Contents/Developer/usr/bin/xcodebuild -IDEClonedSourcePackagesDirPathOverride=/Users/admin/builder/spi-builder-workspace/.dependencies -resolvePackageDependencies
Resolve Package Graph
Resolved source packages:
  SwiftyXPC: /Users/admin/builder/spi-builder-workspace
resolved source packages: SwiftyXPC
2026-09-21 00:13:37.614 xcodebuild[697:4397] [MT] IDERunDestination: Supported platforms for the buildables in the current scheme is empty.
2026-09-21 00:13:37.758 xcodebuild[697:4397] [MT] IDERunDestination: Supported platforms for the buildables in the current scheme is empty.
{
  "dependencies" : [
  ],
  "manifest_display_name" : "SwiftyXPC",
  "name" : "SwiftyXPC",
  "path" : "/Users/admin/builder/spi-builder-workspace",
  "platforms" : [
    {
      "name" : "macos",
      "version" : "10.15"
    },
    {
      "name" : "maccatalyst",
      "version" : "13.0"
    }
  ],
  "products" : [
    {
      "name" : "SwiftyXPC",
      "targets" : [
        "SwiftyXPC"
      ],
      "type" : {
        "library" : [
          "automatic"
        ]
      }
    },
    {
      "name" : "TestHelper",
      "targets" : [
        "TestHelper"
      ],
      "type" : {
        "executable" : null
      }
    }
  ],
  "targets" : [
    {
      "c99name" : "TestShared",
      "module_type" : "SwiftTarget",
      "name" : "TestShared",
      "path" : "Sources/TestShared",
      "product_memberships" : [
        "TestHelper"
      ],
      "sources" : [
        "CommandSet.swift",
        "DataInfo.swift",
        "HelperID.swift",
        "JokeMessage.swift",
        "ProcessIDs.swift"
      ],
      "target_dependencies" : [
        "SwiftyXPC"
      ],
      "type" : "library"
    },
    {
      "c99name" : "TestHelper",
      "module_type" : "SwiftTarget",
      "name" : "TestHelper",
      "path" : "Sources/TestHelper",
      "product_memberships" : [
        "TestHelper"
      ],
      "sources" : [
        "TestHelper.swift"
      ],
      "target_dependencies" : [
        "SwiftyXPC",
        "TestShared"
      ],
      "type" : "executable"
    },
    {
      "c99name" : "SwiftyXPCTests",
      "module_type" : "SwiftTarget",
      "name" : "SwiftyXPCTests",
      "path" : "Tests/SwiftyXPCTests",
      "sources" : [
        "HelperLauncher.swift",
        "SwiftyXPCTests.swift"
      ],
      "target_dependencies" : [
        "SwiftyXPC",
        "TestHelper",
        "TestShared"
      ],
      "type" : "test"
    },
    {
      "c99name" : "SwiftyXPC",
      "module_type" : "SwiftTarget",
      "name" : "SwiftyXPC",
      "path" : "Sources/SwiftyXPC",
      "product_memberships" : [
        "SwiftyXPC",
        "TestHelper"
      ],
      "sources" : [
        "Extensions/String+SwiftyXPC.swift",
        "XPCConnection.swift",
        "XPCDecoder.swift",
        "XPCEncoder.swift",
        "XPCEndpoint.swift",
        "XPCError.swift",
        "XPCErrorRegistry.swift",
        "XPCFileDescriptor.swift",
        "XPCListener.swift",
        "XPCNull.swift",
        "XPCType.swift"
      ],
      "type" : "library"
    }
  ],
  "tools_version" : "5.7"
}
{
  "workspace" : {
    "name" : "SwiftyXPC",
    "schemes" : [
      "SwiftyXPC",
      "SwiftyXPC-Package",
      "TestHelper"
    ]
  }
}
2026-09-21 00:13:38.894 xcodebuild[705:4460] [MT] IDERunDestination: Supported platforms for the buildables in the current scheme is empty.
Running build ...
env DEVELOPER_DIR=/Applications/Xcode-27.0.0-Release.Candidate.app xcrun xcodebuild -IDEClonedSourcePackagesDirPathOverride=$PWD/.dependencies -skipMacroValidation -skipPackagePluginValidation -derivedDataPath $PWD/.derivedData build -scheme SwiftyXPC-Package -destination generic/platform=tvOS
Command line invocation:
    /Applications/Xcode-27.0.0-Release.Candidate.app/Contents/Developer/usr/bin/xcodebuild -IDEClonedSourcePackagesDirPathOverride=/Users/admin/builder/spi-builder-workspace/.dependencies -skipMacroValidation -skipPackagePluginValidation -derivedDataPath /Users/admin/builder/spi-builder-workspace/.derivedData build -scheme SwiftyXPC-Package -destination generic/platform=tvOS
Resolve Package Graph
Resolved source packages:
  SwiftyXPC: /Users/admin/builder/spi-builder-workspace
ComputePackagePrebuildTargetDependencyGraph
Prepare packages
CreateBuildRequest
SendProjectDescription
CreateBuildOperation
ComputeTargetDependencyGraph
note: Building targets in dependency order
note: Target dependency graph (6 targets)
    Target 'SwiftyXPCTests-product' in project 'SwiftyXPC'
        ➜ Explicit dependency on target 'SwiftyXPC' in project 'SwiftyXPC'
        ➜ Explicit dependency on target 'TestShared' in project 'SwiftyXPC'
        ➜ Explicit dependency on target 'TestHelper-product' in project 'SwiftyXPC'
        ➜ Explicit dependency on target 'TestHelper' in project 'SwiftyXPC'
    Target 'TestHelper' in project 'SwiftyXPC'
        ➜ Explicit dependency on target 'SwiftyXPC' in project 'SwiftyXPC'
        ➜ Explicit dependency on target 'TestShared' in project 'SwiftyXPC'
    Target 'TestHelper-product' in project 'SwiftyXPC'
        ➜ Explicit dependency on target 'SwiftyXPC' in project 'SwiftyXPC'
        ➜ Explicit dependency on target 'TestShared' in project 'SwiftyXPC'
    Target 'TestShared' in project 'SwiftyXPC'
        ➜ Explicit dependency on target 'SwiftyXPC' in project 'SwiftyXPC'
    Target 'SwiftyXPC-product' in project 'SwiftyXPC'
        ➜ Explicit dependency on target 'SwiftyXPC' in project 'SwiftyXPC'
    Target 'SwiftyXPC' in project 'SwiftyXPC' (no dependencies)
GatherProvisioningInputs
CreateBuildDescription
ClangStatCache /Applications/Xcode-27.0.0-Release.Candidate.app/Contents/Developer/Toolchains/XcodeDefault.xctoolchain/usr/bin/clang-stat-cache /Applications/Xcode-27.0.0-Release.Candidate.app/Contents/Developer/Platforms/AppleTVOS.platform/Developer/SDKs/AppleTVOS27.0.sdk /Users/admin/builder/spi-builder-workspace/.derivedData/SDKStatCaches.noindex/appletvos27.0-24J360-e829b21a6f8c9b70876ba0858053c044b32bfd8d43560033f8d89884cdb90028.sdkstatcache
    cd /Users/admin/builder/spi-builder-workspace/.swiftpm/xcode
    /Applications/Xcode-27.0.0-Release.Candidate.app/Contents/Developer/Toolchains/XcodeDefault.xctoolchain/usr/bin/clang-stat-cache /Applications/Xcode-27.0.0-Release.Candidate.app/Contents/Developer/Platforms/AppleTVOS.platform/Developer/SDKs/AppleTVOS27.0.sdk -o /Users/admin/builder/spi-builder-workspace/.derivedData/SDKStatCaches.noindex/appletvos27.0-24J360-e829b21a6f8c9b70876ba0858053c044b32bfd8d43560033f8d89884cdb90028.sdkstatcache
SwiftDriver SwiftyXPC normal arm64 com.apple.xcode.tools.swift.compiler (in target 'SwiftyXPC' from project 'SwiftyXPC')
    cd /Users/admin/builder/spi-builder-workspace/.swiftpm/xcode
    builtin-SwiftDriver -- /Applications/Xcode-27.0.0-Release.Candidate.app/Contents/Developer/Toolchains/XcodeDefault.xctoolchain/usr/bin/swiftc -parse-as-library -module-name SwiftyXPC -Onone @/Users/admin/builder/spi-builder-workspace/.derivedData/Build/Intermediates.noindex/SwiftyXPC.build/Debug-appletvos/SwiftyXPC-t.build/Objects-normal/arm64/SwiftyXPC.SwiftFileList -DSWIFT_PACKAGE -DDEBUG -DSWIFT_MODULE_RESOURCE_BUNDLE_UNAVAILABLE -DXcode -plugin-path /Applications/Xcode-27.0.0-Release.Candidate.app/Contents/Developer/Toolchains/XcodeDefault.xctoolchain/usr/lib/swift/host/plugins/testing -enable-experimental-feature DebugDescriptionMacro -sdk /Applications/Xcode-27.0.0-Release.Candidate.app/Contents/Developer/Platforms/AppleTVOS.platform/Developer/SDKs/AppleTVOS27.0.sdk -target arm64-apple-tvos15.0 -g -module-cache-path /Users/admin/builder/spi-builder-workspace/.derivedData/ModuleCache.noindex -Xfrontend -serialize-debugging-options -profile-coverage-mapping -profile-generate -enable-testing -index-store-path /Users/admin/builder/spi-builder-workspace/.derivedData/Index.noindex/DataStore -Xcc -D_LIBCPP_HARDENING_MODE\=_LIBCPP_HARDENING_MODE_DEBUG -swift-version 5 -I /Users/admin/builder/spi-builder-workspace/.derivedData/Build/Products/Debug-appletvos -Isystem /Applications/Xcode-27.0.0-Release.Candidate.app/Contents/Developer/Platforms/AppleTVOS.platform/Developer/usr/lib -F /Users/admin/builder/spi-builder-workspace/.derivedData/Build/Products/Debug-appletvos -F /Applications/Xcode-27.0.0-Release.Candidate.app/Contents/Developer/Platforms/AppleTVOS.platform/Developer/Library/Frameworks -F /Applications/Xcode-27.0.0-Release.Candidate.app/Contents/Developer/Platforms/AppleTVOS.platform/Developer/SDKs/AppleTVOS27.0.sdk/Developer/Library/Frameworks -c -j10 -enable-batch-mode -incremental -Xcc -ivfsstatcache -Xcc /Users/admin/builder/spi-builder-workspace/.derivedData/SDKStatCaches.noindex/appletvos27.0-24J360-e829b21a6f8c9b70876ba0858053c044b32bfd8d43560033f8d89884cdb90028.sdkstatcache -output-file-map /Users/admin/builder/spi-builder-workspace/.derivedData/Build/Intermediates.noindex/SwiftyXPC.build/Debug-appletvos/SwiftyXPC-t.build/Objects-normal/arm64/SwiftyXPC-OutputFileMap.json -save-temps -no-color-diagnostics -explicit-module-build -module-cache-path /Users/admin/builder/spi-builder-workspace/.derivedData/Build/Intermediates.noindex/SwiftExplicitPrecompiledModules -clang-scanner-module-cache-path /Users/admin/builder/spi-builder-workspace/.derivedData/ModuleCache.noindex -sdk-module-cache-path /Users/admin/builder/spi-builder-workspace/.derivedData/SDKExplicitPrecompiledModules -emit-dependencies -emit-module -emit-module-path /Users/admin/builder/spi-builder-workspace/.derivedData/Build/Intermediates.noindex/SwiftyXPC.build/Debug-appletvos/SwiftyXPC-t.build/Objects-normal/arm64/SwiftyXPC.swiftmodule -serialize-diagnostics -dependency-scan-serialize-diagnostics-path /Users/admin/builder/spi-builder-workspace/.derivedData/Build/Intermediates.noindex/SwiftyXPC.build/Debug-appletvos/SwiftyXPC-t.build/Objects-normal/arm64/SwiftyXPC-dependency-scan.dia -validate-clang-modules-once -clang-build-session-file /Users/admin/builder/spi-builder-workspace/.derivedData/ModuleCache.noindex/Session.modulevalidation -Xcc -fmodules-prune-interval\=86400 -Xcc -fmodules-prune-after\=345600 -emit-const-values -const-gather-protocols-list /Users/admin/builder/spi-builder-workspace/.derivedData/Build/Intermediates.noindex/SwiftyXPC.build/Debug-appletvos/SwiftyXPC-t.build/Objects-normal/arm64/SwiftyXPC_const_extract_protocols.json -Xcc -I/Users/admin/builder/spi-builder-workspace/.derivedData/Build/Products/Debug-appletvos/include -Xcc -I/Users/admin/builder/spi-builder-workspace/.derivedData/Build/Intermediates.noindex/SwiftyXPC.build/Debug-appletvos/SwiftyXPC-t.build/DerivedSources-normal/arm64 -Xcc -I/Users/admin/builder/spi-builder-workspace/.derivedData/Build/Intermediates.noindex/SwiftyXPC.build/Debug-appletvos/SwiftyXPC-t.build/DerivedSources/arm64 -Xcc -I/Users/admin/builder/spi-builder-workspace/.derivedData/Build/Intermediates.noindex/SwiftyXPC.build/Debug-appletvos/SwiftyXPC-t.build/DerivedSources -Xcc -DSWIFT_PACKAGE -Xcc -DDEBUG\=1 -emit-objc-header -emit-objc-header-path /Users/admin/builder/spi-builder-workspace/.derivedData/Build/Intermediates.noindex/SwiftyXPC.build/Debug-appletvos/SwiftyXPC-t.build/Objects-normal/arm64/SwiftyXPC-Swift.h -working-directory /Users/admin/builder/spi-builder-workspace/.swiftpm/xcode -experimental-emit-module-separately -disable-cmo
SwiftCompile normal arm64 Compiling\ String+SwiftyXPC.swift,\ XPCConnection.swift /Users/admin/builder/spi-builder-workspace/Sources/SwiftyXPC/Extensions/String+SwiftyXPC.swift /Users/admin/builder/spi-builder-workspace/Sources/SwiftyXPC/XPCConnection.swift (in target 'SwiftyXPC' from project 'SwiftyXPC')
SwiftCompile normal arm64 /Users/admin/builder/spi-builder-workspace/Sources/SwiftyXPC/Extensions/String+SwiftyXPC.swift (in target 'SwiftyXPC' from project 'SwiftyXPC')
    cd /Users/admin/builder/spi-builder-workspace/.swiftpm/xcode
    builtin-SwiftPerFileCompile String+SwiftyXPC.swift
SwiftCompile normal arm64 /Users/admin/builder/spi-builder-workspace/Sources/SwiftyXPC/XPCConnection.swift (in target 'SwiftyXPC' from project 'SwiftyXPC')
    cd /Users/admin/builder/spi-builder-workspace/.swiftpm/xcode
    builtin-SwiftPerFileCompile XPCConnection.swift
/Users/admin/builder/spi-builder-workspace/Sources/SwiftyXPC/XPCConnection.swift:98:26: error: 'xpc_connection_create_mach_service' is unavailable in tvOS
 96 |
 97 |     internal convenience init(machServiceName: String, flags: Int32, codeSigningRequirement: String? = nil) throws {
 98 |         let connection = xpc_connection_create_mach_service(machServiceName, nil, UInt64(flags))
    |                          `- error: 'xpc_connection_create_mach_service' is unavailable in tvOS
 99 |
100 |         do {
/Applications/Xcode-27.0.0-Release.Candidate.app/Contents/Developer/Platforms/AppleTVOS.platform/Developer/SDKs/AppleTVOS27.0.sdk/usr/include/xpc/connection.h:205:1: note: 'xpc_connection_create_mach_service' has been explicitly marked unavailable here
 203 | XPC_EXPORT XPC_MALLOC XPC_RETURNS_RETAINED XPC_WARN_RESULT XPC_NONNULL1
 204 | xpc_connection_t
 205 | xpc_connection_create_mach_service(const char *name,
     | `- note: 'xpc_connection_create_mach_service' has been explicitly marked unavailable here
 206 | 	dispatch_queue_t _Nullable targetq, uint64_t flags);
 207 |
/Users/admin/builder/spi-builder-workspace/Sources/SwiftyXPC/XPCConnection.swift:116:19: error: 'xpc_connection_set_peer_code_signing_requirement' is unavailable in tvOS
114 |
115 |         if #available(macOS 12.0, *), let requirement = codeSigningRequirement {
116 |             guard xpc_connection_set_peer_code_signing_requirement(self.connection, requirement) == 0 else {
    |                   `- error: 'xpc_connection_set_peer_code_signing_requirement' is unavailable in tvOS
117 |                 throw XPCError.invalidCodeSignatureRequirement
118 |             }
/Applications/Xcode-27.0.0-Release.Candidate.app/Contents/Developer/Platforms/AppleTVOS.platform/Developer/SDKs/AppleTVOS27.0.sdk/usr/include/xpc/connection.h:803:1: note: 'xpc_connection_set_peer_code_signing_requirement' has been explicitly marked unavailable here
 801 | XPC_EXPORT XPC_NONNULL_ALL XPC_WARN_RESULT
 802 | int
 803 | xpc_connection_set_peer_code_signing_requirement(xpc_connection_t connection, const char *requirement);
     | `- note: 'xpc_connection_set_peer_code_signing_requirement' has been explicitly marked unavailable here
 804 |
 805 | /*!
/Users/admin/builder/spi-builder-workspace/Sources/SwiftyXPC/XPCConnection.swift:214:9: error: 'xpc_connection_get_asid' is unavailable in tvOS
212 |     /// The audit session identifier associated with the remote process.
213 |     public var auditSessionIdentifier: au_asid_t {
214 |         xpc_connection_get_asid(self.connection)
    |         `- error: 'xpc_connection_get_asid' is unavailable in tvOS
215 |     }
216 |
/Applications/Xcode-27.0.0-Release.Candidate.app/Contents/Developer/Platforms/AppleTVOS.platform/Developer/SDKs/AppleTVOS27.0.sdk/usr/include/xpc/connection.h:701:1: note: 'xpc_connection_get_asid' has been explicitly marked unavailable here
 699 | XPC_EXPORT XPC_NONNULL_ALL XPC_WARN_RESULT
 700 | au_asid_t
 701 | xpc_connection_get_asid(xpc_connection_t connection);
     | `- note: 'xpc_connection_get_asid' has been explicitly marked unavailable here
 702 |
 703 | /*!
/Users/admin/builder/spi-builder-workspace/Sources/SwiftyXPC/XPCConnection.swift:229:9: error: 'xpc_connection_get_pid' is unavailable in tvOS
227 |     /// The process ID of the remote process.
228 |     public var processIdentifier: pid_t {
229 |         xpc_connection_get_pid(self.connection)
    |         `- error: 'xpc_connection_get_pid' is unavailable in tvOS
230 |     }
231 |
/Applications/Xcode-27.0.0-Release.Candidate.app/Contents/Developer/Platforms/AppleTVOS.platform/Developer/SDKs/AppleTVOS27.0.sdk/usr/include/xpc/connection.h:685:1: note: 'xpc_connection_get_pid' has been explicitly marked unavailable here
 683 | XPC_EXPORT XPC_NONNULL_ALL XPC_WARN_RESULT
 684 | pid_t
 685 | xpc_connection_get_pid(xpc_connection_t connection);
     | `- note: 'xpc_connection_get_pid' has been explicitly marked unavailable here
 686 |
 687 | /*!
/Users/admin/builder/spi-builder-workspace/Sources/SwiftyXPC/XPCConnection.swift:464:19: error: cannot find type 'SecCode' in scope
462 |         guard let requirementString = self.codeSigningRequirement else { return }
463 |
464 |         var code: SecCode? = nil
    |                   `- error: cannot find type 'SecCode' in scope
465 |         var err: OSStatus
466 |
/Users/admin/builder/spi-builder-workspace/Sources/SwiftyXPC/XPCConnection.swift:468:19: error: cannot find 'SecCodeCreateWithXPCMessage' in scope
466 |
467 |         if #available(macOS 11.0, *) {
468 |             err = SecCodeCreateWithXPCMessage(event, [], &code)
    |                   `- error: cannot find 'SecCodeCreateWithXPCMessage' in scope
469 |         } else {
470 |             var keyCB = kCFTypeDictionaryKeyCallBacks
/Users/admin/builder/spi-builder-workspace/Sources/SwiftyXPC/XPCConnection.swift:472:23: error: cannot find 'kSecGuestAttributePid' in scope
470 |             var keyCB = kCFTypeDictionaryKeyCallBacks
471 |             var valueCB = kCFTypeDictionaryValueCallBacks
472 |             let key = kSecGuestAttributePid
    |                       `- error: cannot find 'kSecGuestAttributePid' in scope
473 |             var pid = Int64(xpc_connection_get_pid(xpc_dictionary_get_remote_connection(event)!))
474 |             let value = CFNumberCreate(kCFAllocatorDefault, .sInt64Type, &pid)
/Users/admin/builder/spi-builder-workspace/Sources/SwiftyXPC/XPCConnection.swift:473:29: error: 'xpc_connection_get_pid' is unavailable in tvOS
471 |             var valueCB = kCFTypeDictionaryValueCallBacks
472 |             let key = kSecGuestAttributePid
473 |             var pid = Int64(xpc_connection_get_pid(xpc_dictionary_get_remote_connection(event)!))
    |                             `- error: 'xpc_connection_get_pid' is unavailable in tvOS
474 |             let value = CFNumberCreate(kCFAllocatorDefault, .sInt64Type, &pid)
475 |             let attributes = CFDictionaryCreateMutable(kCFAllocatorDefault, 1, &keyCB, &valueCB)
/Applications/Xcode-27.0.0-Release.Candidate.app/Contents/Developer/Platforms/AppleTVOS.platform/Developer/SDKs/AppleTVOS27.0.sdk/usr/include/xpc/connection.h:685:1: note: 'xpc_connection_get_pid' has been explicitly marked unavailable here
 683 | XPC_EXPORT XPC_NONNULL_ALL XPC_WARN_RESULT
 684 | pid_t
 685 | xpc_connection_get_pid(xpc_connection_t connection);
     | `- note: 'xpc_connection_get_pid' has been explicitly marked unavailable here
 686 |
 687 | /*!
/Users/admin/builder/spi-builder-workspace/Sources/SwiftyXPC/XPCConnection.swift:483:19: error: cannot find 'SecCodeCopyGuestWithAttributes' in scope
481 |             )
482 |
483 |             err = SecCodeCopyGuestWithAttributes(nil, attributes, [], &code)
    |                   `- error: cannot find 'SecCodeCopyGuestWithAttributes' in scope
484 |         }
485 |
/Users/admin/builder/spi-builder-workspace/Sources/SwiftyXPC/XPCConnection.swift:494:26: error: cannot find type 'SecRequirement' in scope
492 |         }
493 |
494 |         var requirement: SecRequirement? = nil
    |                          `- error: cannot find type 'SecRequirement' in scope
495 |         err = SecRequirementCreateWithString(cfRequirementString!, [], &requirement)
496 |         guard err == errSecSuccess else {
/Users/admin/builder/spi-builder-workspace/Sources/SwiftyXPC/XPCConnection.swift:495:15: error: cannot find 'SecRequirementCreateWithString' in scope
493 |
494 |         var requirement: SecRequirement? = nil
495 |         err = SecRequirementCreateWithString(cfRequirementString!, [], &requirement)
    |               `- error: cannot find 'SecRequirementCreateWithString' in scope
496 |         guard err == errSecSuccess else {
497 |             throw Error.callerFailedCredentialCheck(err)
/Users/admin/builder/spi-builder-workspace/Sources/SwiftyXPC/XPCConnection.swift:500:15: error: cannot find 'SecCodeCheckValidity' in scope
498 |         }
499 |
500 |         err = SecCodeCheckValidity(code!, [], requirement)
    |               `- error: cannot find 'SecCodeCheckValidity' in scope
501 |         guard err == errSecSuccess else {
502 |             throw Error.callerFailedCredentialCheck(err)
SwiftCompile normal arm64 Compiling\ XPCEndpoint.swift /Users/admin/builder/spi-builder-workspace/Sources/SwiftyXPC/XPCEndpoint.swift (in target 'SwiftyXPC' from project 'SwiftyXPC')
SwiftCompile normal arm64 /Users/admin/builder/spi-builder-workspace/Sources/SwiftyXPC/XPCEndpoint.swift (in target 'SwiftyXPC' from project 'SwiftyXPC')
    cd /Users/admin/builder/spi-builder-workspace/.swiftpm/xcode
    builtin-SwiftPerFileCompile XPCEndpoint.swift
SwiftCompile normal arm64 Compiling\ XPCEncoder.swift /Users/admin/builder/spi-builder-workspace/Sources/SwiftyXPC/XPCEncoder.swift (in target 'SwiftyXPC' from project 'SwiftyXPC')
SwiftCompile normal arm64 /Users/admin/builder/spi-builder-workspace/Sources/SwiftyXPC/XPCEncoder.swift (in target 'SwiftyXPC' from project 'SwiftyXPC')
    cd /Users/admin/builder/spi-builder-workspace/.swiftpm/xcode
    builtin-SwiftPerFileCompile XPCEncoder.swift
SwiftCompile normal arm64 Compiling\ XPCDecoder.swift /Users/admin/builder/spi-builder-workspace/Sources/SwiftyXPC/XPCDecoder.swift (in target 'SwiftyXPC' from project 'SwiftyXPC')
SwiftCompile normal arm64 /Users/admin/builder/spi-builder-workspace/Sources/SwiftyXPC/XPCDecoder.swift (in target 'SwiftyXPC' from project 'SwiftyXPC')
    cd /Users/admin/builder/spi-builder-workspace/.swiftpm/xcode
    builtin-SwiftPerFileCompile XPCDecoder.swift
SwiftCompile normal arm64 Compiling\ XPCFileDescriptor.swift /Users/admin/builder/spi-builder-workspace/Sources/SwiftyXPC/XPCFileDescriptor.swift (in target 'SwiftyXPC' from project 'SwiftyXPC')
SwiftCompile normal arm64 /Users/admin/builder/spi-builder-workspace/Sources/SwiftyXPC/XPCFileDescriptor.swift (in target 'SwiftyXPC' from project 'SwiftyXPC')
    cd /Users/admin/builder/spi-builder-workspace/.swiftpm/xcode
    builtin-SwiftPerFileCompile XPCFileDescriptor.swift
SwiftCompile normal arm64 Compiling\ XPCErrorRegistry.swift /Users/admin/builder/spi-builder-workspace/Sources/SwiftyXPC/XPCErrorRegistry.swift (in target 'SwiftyXPC' from project 'SwiftyXPC')
/Users/admin/builder/spi-builder-workspace/Sources/SwiftyXPC/XPCErrorRegistry.swift:52:20: error: 'Mutex' is only available in tvOS 18.0 or newer
 49 |
 50 |     @available(macOS 15.0, macCatalyst 18.0, *)
 51 |     private final class MutexWrapper: Sendable {
    |                         `- note: add '@available' attribute to enclosing class
 52 |         let mutex: Mutex<[String: (Error & Codable).Type]>
    |                    `- error: 'Mutex' is only available in tvOS 18.0 or newer
 53 |         init(dict: [String: (Error & Codable).Type]) { self.mutex = Mutex(dict) }
 54 |     }
/Users/admin/builder/spi-builder-workspace/Sources/SwiftyXPC/XPCErrorRegistry.swift:53:69: error: 'Mutex' is only available in tvOS 18.0 or newer
 49 |
 50 |     @available(macOS 15.0, macCatalyst 18.0, *)
 51 |     private final class MutexWrapper: Sendable {
    |                         `- note: add '@available' attribute to enclosing class
 52 |         let mutex: Mutex<[String: (Error & Codable).Type]>
 53 |         init(dict: [String: (Error & Codable).Type]) { self.mutex = Mutex(dict) }
    |         |                                                           |- error: 'Mutex' is only available in tvOS 18.0 or newer
    |         |                                                           `- note: add 'if #available' version check
    |         `- note: add '@available' attribute to enclosing initializer
 54 |     }
 55 |
/Users/admin/builder/spi-builder-workspace/Sources/SwiftyXPC/XPCErrorRegistry.swift:53:69: error: 'init(_:)' is only available in tvOS 18.0 or newer
 49 |
 50 |     @available(macOS 15.0, macCatalyst 18.0, *)
 51 |     private final class MutexWrapper: Sendable {
    |                         `- note: add '@available' attribute to enclosing class
 52 |         let mutex: Mutex<[String: (Error & Codable).Type]>
 53 |         init(dict: [String: (Error & Codable).Type]) { self.mutex = Mutex(dict) }
    |         |                                                           |- error: 'init(_:)' is only available in tvOS 18.0 or newer
    |         |                                                           `- note: add 'if #available' version check
    |         `- note: add '@available' attribute to enclosing initializer
 54 |     }
 55 |
SwiftCompile normal arm64 /Users/admin/builder/spi-builder-workspace/Sources/SwiftyXPC/XPCErrorRegistry.swift (in target 'SwiftyXPC' from project 'SwiftyXPC')
    cd /Users/admin/builder/spi-builder-workspace/.swiftpm/xcode
    builtin-SwiftPerFileCompile XPCErrorRegistry.swift
SwiftCompile normal arm64 Compiling\ XPCError.swift /Users/admin/builder/spi-builder-workspace/Sources/SwiftyXPC/XPCError.swift (in target 'SwiftyXPC' from project 'SwiftyXPC')
SwiftCompile normal arm64 /Users/admin/builder/spi-builder-workspace/Sources/SwiftyXPC/XPCError.swift (in target 'SwiftyXPC' from project 'SwiftyXPC')
    cd /Users/admin/builder/spi-builder-workspace/.swiftpm/xcode
    builtin-SwiftPerFileCompile XPCError.swift
SwiftCompile normal arm64 Compiling\ XPCListener.swift /Users/admin/builder/spi-builder-workspace/Sources/SwiftyXPC/XPCListener.swift (in target 'SwiftyXPC' from project 'SwiftyXPC')
SwiftCompile normal arm64 /Users/admin/builder/spi-builder-workspace/Sources/SwiftyXPC/XPCListener.swift (in target 'SwiftyXPC' from project 'SwiftyXPC')
    cd /Users/admin/builder/spi-builder-workspace/.swiftpm/xcode
    builtin-SwiftPerFileCompile XPCListener.swift
SwiftCompile normal arm64 Compiling\ XPCType.swift /Users/admin/builder/spi-builder-workspace/Sources/SwiftyXPC/XPCType.swift (in target 'SwiftyXPC' from project 'SwiftyXPC')
SwiftCompile normal arm64 /Users/admin/builder/spi-builder-workspace/Sources/SwiftyXPC/XPCType.swift (in target 'SwiftyXPC' from project 'SwiftyXPC')
    cd /Users/admin/builder/spi-builder-workspace/.swiftpm/xcode
    builtin-SwiftPerFileCompile XPCType.swift
SwiftCompile normal arm64 Compiling\ XPCNull.swift /Users/admin/builder/spi-builder-workspace/Sources/SwiftyXPC/XPCNull.swift (in target 'SwiftyXPC' from project 'SwiftyXPC')
SwiftCompile normal arm64 /Users/admin/builder/spi-builder-workspace/Sources/SwiftyXPC/XPCNull.swift (in target 'SwiftyXPC' from project 'SwiftyXPC')
    cd /Users/admin/builder/spi-builder-workspace/.swiftpm/xcode
    builtin-SwiftPerFileCompile XPCNull.swift
SwiftEmitModule normal arm64 Emitting\ module\ for\ SwiftyXPC (in target 'SwiftyXPC' from project 'SwiftyXPC')
/Users/admin/builder/spi-builder-workspace/Sources/SwiftyXPC/XPCConnection.swift:513:9: warning: unstructured throwing task created by 'init(name:priority:operation:)' is not used, which may accidentally ignore errors thrown inside the task [#NoUseUnstructuredThrowingTask]
511 |         let wrapper = SendableWrapper(event: event)
512 |
513 |         Task {
    |         |- warning: unstructured throwing task created by 'init(name:priority:operation:)' is not used, which may accidentally ignore errors thrown inside the task [#NoUseUnstructuredThrowingTask]
    |         `- note: to silence this warning, handle the error inside the task, or store/discard the task value explicitly
514 |             let event = wrapper.event
515 |
/Users/admin/builder/spi-builder-workspace/Sources/SwiftyXPC/XPCErrorRegistry.swift:52:20: error: 'Mutex' is only available in tvOS 18.0 or newer
 49 |
 50 |     @available(macOS 15.0, macCatalyst 18.0, *)
 51 |     private final class MutexWrapper: Sendable {
    |                         `- note: add '@available' attribute to enclosing class
 52 |         let mutex: Mutex<[String: (Error & Codable).Type]>
    |                    `- error: 'Mutex' is only available in tvOS 18.0 or newer
 53 |         init(dict: [String: (Error & Codable).Type]) { self.mutex = Mutex(dict) }
 54 |     }
[#NoUseUnstructuredThrowingTask]: <https://docs.swift.org/compiler/documentation/diagnostics/no-use-throwing-unstructured-task>
Failed frontend command:
/Applications/Xcode-27.0.0-Release.Candidate.app/Contents/Developer/Toolchains/XcodeDefault.xctoolchain/usr/bin/swift-frontend -frontend -emit-module -experimental-skip-non-inlinable-function-bodies-without-types /Users/admin/builder/spi-builder-workspace/Sources/SwiftyXPC/Extensions/String+SwiftyXPC.swift /Users/admin/builder/spi-builder-workspace/Sources/SwiftyXPC/XPCConnection.swift /Users/admin/builder/spi-builder-workspace/Sources/SwiftyXPC/XPCDecoder.swift /Users/admin/builder/spi-builder-workspace/Sources/SwiftyXPC/XPCEncoder.swift /Users/admin/builder/spi-builder-workspace/Sources/SwiftyXPC/XPCEndpoint.swift /Users/admin/builder/spi-builder-workspace/Sources/SwiftyXPC/XPCError.swift /Users/admin/builder/spi-builder-workspace/Sources/SwiftyXPC/XPCErrorRegistry.swift /Users/admin/builder/spi-builder-workspace/Sources/SwiftyXPC/XPCFileDescriptor.swift /Users/admin/builder/spi-builder-workspace/Sources/SwiftyXPC/XPCListener.swift /Users/admin/builder/spi-builder-workspace/Sources/SwiftyXPC/XPCNull.swift /Users/admin/builder/spi-builder-workspace/Sources/SwiftyXPC/XPCType.swift -target arm64-apple-tvos15.0 -disable-cross-import-overlay-search -swift-module-cross-import Darwin /Applications/Xcode-27.0.0-Release.Candidate.app/Contents/Developer/Platforms/AppleTVOS.platform/Developer/SDKs/AppleTVOS.sdk/usr/include/Darwin.swiftcrossimport/xlocale.swiftoverlay -load-resolved-plugin /Applications/Xcode-27.0.0-Release.Candidate.app/Contents/Developer/Platforms/AppleTVOS.platform/Developer/usr/lib/swift/host/plugins/libSwiftMacros.dylib\#/Applications/Xcode-27.0.0-Release.Candidate.app/Contents/Developer/Platforms/AppleTVOS.platform/Developer/usr/bin/swift-plugin-server\#SwiftMacros -disable-implicit-swift-modules -Xcc -fno-implicit-modules -Xcc -fno-implicit-module-maps -explicit-swift-module-map-file /Users/admin/builder/spi-builder-workspace/.derivedData/Build/Intermediates.noindex/SwiftyXPC.build/Debug-appletvos/SwiftyXPC-t.build/Objects-normal/arm64/SwiftyXPC-dependencies-1.json -Xllvm -aarch64-use-tbi -enable-objc-interop -stack-check -sdk /Applications/Xcode-27.0.0-Release.Candidate.app/Contents/Developer/Platforms/AppleTVOS.platform/Developer/SDKs/AppleTVOS27.0.sdk -I /Users/admin/builder/spi-builder-workspace/.derivedData/Build/Products/Debug-appletvos -Isystem /Applications/Xcode-27.0.0-Release.Candidate.app/Contents/Developer/Platforms/AppleTVOS.platform/Developer/usr/lib -F /Users/admin/builder/spi-builder-workspace/.derivedData/Build/Products/Debug-appletvos -F /Applications/Xcode-27.0.0-Release.Candidate.app/Contents/Developer/Platforms/AppleTVOS.platform/Developer/Library/Frameworks -F /Applications/Xcode-27.0.0-Release.Candidate.app/Contents/Developer/Platforms/AppleTVOS.platform/Developer/SDKs/AppleTVOS27.0.sdk/Developer/Library/Frameworks -module-cache-path /Users/admin/builder/spi-builder-workspace/.derivedData/Build/Intermediates.noindex/SwiftExplicitPrecompiledModules -no-color-diagnostics -Xcc -fno-color-diagnostics -enable-testing -g -debug-info-format\=dwarf -dwarf-version\=4 -profile-generate -profile-coverage-mapping -swift-version 5 -Onone -D SWIFT_PACKAGE -D DEBUG -D SWIFT_MODULE_RESOURCE_BUNDLE_UNAVAILABLE -D Xcode -serialize-debugging-options -enable-experimental-feature DebugDescriptionMacro -empty-abi-descriptor -validate-clang-modules-once -clang-build-session-file /Users/admin/builder/spi-builder-workspace/.derivedData/ModuleCache.noindex/Session.modulevalidation -Xcc -working-directory -Xcc /Users/admin/builder/spi-builder-workspace/.swiftpm/xcode -enable-anonymous-context-mangled-names -file-compilation-dir /Users/admin/builder/spi-builder-workspace/.swiftpm/xcode -Xcc -D_LIBCPP_HARDENING_MODE\=_LIBCPP_HARDENING_MODE_DEBUG -Xcc -ivfsstatcache -Xcc /Users/admin/builder/spi-builder-workspace/.derivedData/SDKStatCaches.noindex/appletvos27.0-24J360-e829b21a6f8c9b70876ba0858053c044b32bfd8d43560033f8d89884cdb90028.sdkstatcache -Xcc -fmodules-prune-interval\=86400 -Xcc -fmodules-prune-after\=345600 -Xcc -I/Users/admin/builder/spi-builder-workspace/.derivedData/Build/Products/Debug-appletvos/include -Xcc -I/Users/admin/builder/spi-builder-workspace/.derivedData/Build/Intermediates.noindex/SwiftyXPC.build/Debug-appletvos/SwiftyXPC-t.build/DerivedSources-normal/arm64 -Xcc -I/Users/admin/builder/spi-builder-workspace/.derivedData/Build/Intermediates.noindex/SwiftyXPC.build/Debug-appletvos/SwiftyXPC-t.build/DerivedSources/arm64 -Xcc -I/Users/admin/builder/spi-builder-workspace/.derivedData/Build/Intermediates.noindex/SwiftyXPC.build/Debug-appletvos/SwiftyXPC-t.build/DerivedSources -Xcc -DSWIFT_PACKAGE -Xcc -DDEBUG\=1 -no-auto-bridging-header-chaining -module-name SwiftyXPC -const-gather-protocols-file /Users/admin/builder/spi-builder-workspace/.derivedData/Build/Intermediates.noindex/SwiftyXPC.build/Debug-appletvos/SwiftyXPC-t.build/Objects-normal/arm64/SwiftyXPC_const_extract_protocols.json -disable-clang-spi -clang-target arm64-apple-tvos27.0 -target-sdk-version 27.0 -target-sdk-name appletvos27.0 -in-process-plugin-server-path /Applications/Xcode-27.0.0-Release.Candidate.app/Contents/Developer/Toolchains/XcodeDefault.xctoolchain/usr/lib/swift/host/libSwiftInProcPluginServer.dylib -emit-module-doc-path /Users/admin/builder/spi-builder-workspace/.derivedData/Build/Intermediates.noindex/SwiftyXPC.build/Debug-appletvos/SwiftyXPC-t.build/Objects-normal/arm64/SwiftyXPC.swiftdoc -emit-module-source-info-path /Users/admin/builder/spi-builder-workspace/.derivedData/Build/Intermediates.noindex/SwiftyXPC.build/Debug-appletvos/SwiftyXPC-t.build/Objects-normal/arm64/SwiftyXPC.swiftsourceinfo -emit-objc-header-path /Users/admin/builder/spi-builder-workspace/.derivedData/Build/Intermediates.noindex/SwiftyXPC.build/Debug-appletvos/SwiftyXPC-t.build/Objects-normal/arm64/SwiftyXPC-Swift.h -serialize-diagnostics-path /Users/admin/builder/spi-builder-workspace/.derivedData/Build/Intermediates.noindex/SwiftyXPC.build/Debug-appletvos/SwiftyXPC-t.build/Objects-normal/arm64/SwiftyXPC-primary-emit-module.dia -emit-dependencies-path /Users/admin/builder/spi-builder-workspace/.derivedData/Build/Intermediates.noindex/SwiftyXPC.build/Debug-appletvos/SwiftyXPC-t.build/Objects-normal/arm64/SwiftyXPC-primary-emit-module.d -parse-as-library -o /Users/admin/builder/spi-builder-workspace/.derivedData/Build/Intermediates.noindex/SwiftyXPC.build/Debug-appletvos/SwiftyXPC-t.build/Objects-normal/arm64/SwiftyXPC.swiftmodule -emit-abi-descriptor-path /Users/admin/builder/spi-builder-workspace/.derivedData/Build/Intermediates.noindex/SwiftyXPC.build/Debug-appletvos/SwiftyXPC-t.build/Objects-normal/arm64/SwiftyXPC.abi.json
SwiftCompile normal arm64 (in target 'SwiftyXPC' from project 'SwiftyXPC')
    cd /Users/admin/builder/spi-builder-workspace/.swiftpm/xcode

SwiftDriverJobDiscovery normal arm64 Compiling XPCNull.swift (in target 'SwiftyXPC' from project 'SwiftyXPC')
PruneExplicitPrecompiledModules /Users/admin/builder/spi-builder-workspace/.derivedData/SDKExplicitPrecompiledModules
PruneExplicitPrecompiledModules /Users/admin/builder/spi-builder-workspace/.derivedData/Build/Intermediates.noindex/SwiftExplicitPrecompiledModules
PruneExplicitPrecompiledModules /Users/admin/builder/spi-builder-workspace/.derivedData/Build/Intermediates.noindex/ExplicitPrecompiledModules
2026-09-21 00:13:40.027 xcodebuild[706:4486] [MT] IDERunDestination: Supported platforms for the buildables in the current scheme is empty.
** BUILD FAILED **
The following build commands failed:
	SwiftEmitModule normal arm64 Emitting\ module\ for\ SwiftyXPC (in target 'SwiftyXPC' from project 'SwiftyXPC')
	SwiftCompile normal arm64 (in target 'SwiftyXPC' from project 'SwiftyXPC')
	Building workspace SwiftyXPC with scheme SwiftyXPC-Package
(3 failures)
BUILD FAILURE 6.4 tvOS