The Swift Package Index logo.Swift Package Index

Build Information

Failed to build EZPush, reference 3.7.2 (5c46ea), with Swift 6.4 for tvOS using Xcode 27.0 on 24 Sep 2026 00:59:42 UTC.

Build Command

env DEVELOPER_DIR=/Applications/Xcode-27.0.0-Release.Candidate.app xcrun xcodebuild -IDEClonedSourcePackagesDirPathOverride=$PWD/.dependencies -skipMacroValidation -skipPackagePluginValidation -derivedDataPath $PWD/.derivedData build -scheme EZPush -destination generic/platform=tvOS

Build Log

========================================
RunAll
========================================
Builder version: 5.1.0
Interrupt handler set up.
========================================
Checkout
========================================
Clone URL: https://github.com/ez-push/ios.git
Reference: 3.7.2
Initialized empty Git repository in /Users/admin/builder/spi-builder-workspace/.git/
From https://github.com/ez-push/ios
 * tag               3.7.2      -> FETCH_HEAD
HEAD is now at 5c46eac chore: version bump for v3.7.2
Cloned https://github.com/ez-push/ios.git
Revision (git rev-parse @):
5c46eace2c1e2ef3825e266613f7e525da79ba19
SUCCESS checkout https://github.com/ez-push/ios.git at 3.7.2
========================================
Build
========================================
Selected platform:         tvOS
Swift version:             6.4
Building package at path:  $PWD
https://github.com/ez-push/ios.git
Command line invocation:
    /Applications/Xcode-27.0.0-Release.Candidate.app/Contents/Developer/usr/bin/xcodebuild -IDEClonedSourcePackagesDirPathOverride=/Users/admin/builder/spi-builder-workspace/.dependencies -resolvePackageDependencies
Resolve Package Graph
Resolve Package Graph
Resolved source packages:
  EZPush: /Users/admin/builder/spi-builder-workspace
resolved source packages: EZPush
2026-09-23 20:58:54.730 xcodebuild[529:3033] [MT] IDERunDestination: Supported platforms for the buildables in the current scheme is empty.
{
  "dependencies" : [
  ],
  "manifest_display_name" : "EZPush",
  "name" : "EZPush",
  "path" : "/Users/admin/builder/spi-builder-workspace",
  "platforms" : [
    {
      "name" : "ios",
      "version" : "13.0"
    }
  ],
  "products" : [
    {
      "name" : "EZPush",
      "targets" : [
        "EZPush",
        "EZPushCore"
      ],
      "type" : {
        "library" : [
          "automatic"
        ]
      }
    }
  ],
  "targets" : [
    {
      "c99name" : "EZPushCore",
      "module_type" : "BinaryTarget",
      "name" : "EZPushCore",
      "path" : "remote/archive/EZPushCore.zip",
      "product_memberships" : [
        "EZPush"
      ],
      "sources" : [
      ],
      "type" : "binary"
    },
    {
      "c99name" : "EZPush",
      "module_type" : "BinaryTarget",
      "name" : "EZPush",
      "path" : "remote/archive/EZPush.zip",
      "product_memberships" : [
        "EZPush"
      ],
      "sources" : [
      ],
      "type" : "binary"
    }
  ],
  "tools_version" : "5.7"
}
{
  "workspace" : {
    "name" : "EZPush",
    "schemes" : [
      "EZPush"
    ]
  }
}
2026-09-23 20:59:36.827 xcodebuild[671:4207] [MT] IDERunDestination: Supported platforms for the buildables in the current scheme is empty.
Running build ...
env DEVELOPER_DIR=/Applications/Xcode-27.0.0-Release.Candidate.app xcrun xcodebuild -IDEClonedSourcePackagesDirPathOverride=$PWD/.dependencies -skipMacroValidation -skipPackagePluginValidation -derivedDataPath $PWD/.derivedData build -scheme EZPush -destination generic/platform=tvOS
Command line invocation:
    /Applications/Xcode-27.0.0-Release.Candidate.app/Contents/Developer/usr/bin/xcodebuild -IDEClonedSourcePackagesDirPathOverride=/Users/admin/builder/spi-builder-workspace/.dependencies -skipMacroValidation -skipPackagePluginValidation -derivedDataPath /Users/admin/builder/spi-builder-workspace/.derivedData build -scheme EZPush -destination generic/platform=tvOS
Resolve Package Graph
Resolved source packages:
  EZPush: /Users/admin/builder/spi-builder-workspace
ComputePackagePrebuildTargetDependencyGraph
Prepare packages
CreateBuildRequest
SendProjectDescription
CreateBuildOperation
ComputeTargetDependencyGraph
note: Building targets in dependency order
note: Target dependency graph (1 target)
    Target 'EZPush-product' in project 'EZPush' (no dependencies)
GatherProvisioningInputs
CreateBuildDescription
ExecuteExternalTool /Applications/Xcode-27.0.0-Release.Candidate.app/Contents/Developer/Toolchains/XcodeDefault.xctoolchain/usr/bin/clang -v -E -dM -isysroot /Applications/Xcode-27.0.0-Release.Candidate.app/Contents/Developer/Platforms/AppleTVOS.platform/Developer/SDKs/AppleTVOS27.0.sdk -x c -c /dev/null
Build description signature: 5452590c3173d0f83bcb19a74e6f3786
Build description path: /Users/admin/builder/spi-builder-workspace/.derivedData/Build/Intermediates.noindex/XCBuildData/5452590c3173d0f83bcb19a74e6f3786.xcbuilddata
/Users/admin/builder/spi-builder-workspace/.dependencies/artifacts/spi-builder-workspace/EZPush/EZPush.xcframework:1:1: error: While building for tvOS, no library for this platform was found in '/Users/admin/builder/spi-builder-workspace/.dependencies/artifacts/spi-builder-workspace/EZPush/EZPush.xcframework'. (in target 'EZPush-product' from project 'EZPush')
/Users/admin/builder/spi-builder-workspace/.dependencies/artifacts/spi-builder-workspace/EZPushCore/EZPushCore.xcframework:1:1: error: While building for tvOS, no library for this platform was found in '/Users/admin/builder/spi-builder-workspace/.dependencies/artifacts/spi-builder-workspace/EZPushCore/EZPushCore.xcframework'. (in target 'EZPush-product' from project 'EZPush')
2026-09-23 20:59:38.375 xcodebuild[672:4251] [MT] IDERunDestination: Supported platforms for the buildables in the current scheme is empty.
** BUILD FAILED **
The following build commands failed:
	Building workspace EZPush with scheme EZPush
(1 failure)
Command line invocation:
    /Applications/Xcode-27.0.0-Release.Candidate.app/Contents/Developer/usr/bin/xcodebuild -IDEClonedSourcePackagesDirPathOverride=/Users/admin/builder/spi-builder-workspace/.dependencies -resolvePackageDependencies
Resolve Package Graph
Resolved source packages:
  EZPush: /Users/admin/builder/spi-builder-workspace
resolved source packages: EZPush
2026-09-23 20:59:39.946 xcodebuild[684:4355] [MT] IDERunDestination: Supported platforms for the buildables in the current scheme is empty.
{
  "dependencies" : [
  ],
  "manifest_display_name" : "EZPush",
  "name" : "EZPush",
  "path" : "/Users/admin/builder/spi-builder-workspace",
  "platforms" : [
    {
      "name" : "ios",
      "version" : "13.0"
    }
  ],
  "products" : [
    {
      "name" : "EZPush",
      "targets" : [
        "EZPush",
        "EZPushCore"
      ],
      "type" : {
        "library" : [
          "automatic"
        ]
      }
    }
  ],
  "targets" : [
    {
      "c99name" : "EZPushCore",
      "module_type" : "BinaryTarget",
      "name" : "EZPushCore",
      "path" : "remote/archive/EZPushCore.zip",
      "product_memberships" : [
        "EZPush"
      ],
      "sources" : [
      ],
      "type" : "binary"
    },
    {
      "c99name" : "EZPush",
      "module_type" : "BinaryTarget",
      "name" : "EZPush",
      "path" : "remote/archive/EZPush.zip",
      "product_memberships" : [
        "EZPush"
      ],
      "sources" : [
      ],
      "type" : "binary"
    }
  ],
  "tools_version" : "5.7"
}
{
  "workspace" : {
    "name" : "EZPush",
    "schemes" : [
      "EZPush"
    ]
  }
}
2026-09-23 20:59:41.131 xcodebuild[692:4414] [MT] IDERunDestination: Supported platforms for the buildables in the current scheme is empty.
Running build ...
env DEVELOPER_DIR=/Applications/Xcode-27.0.0-Release.Candidate.app xcrun xcodebuild -IDEClonedSourcePackagesDirPathOverride=$PWD/.dependencies -skipMacroValidation -skipPackagePluginValidation -derivedDataPath $PWD/.derivedData build -scheme EZPush -destination generic/platform=tvOS
Command line invocation:
    /Applications/Xcode-27.0.0-Release.Candidate.app/Contents/Developer/usr/bin/xcodebuild -IDEClonedSourcePackagesDirPathOverride=/Users/admin/builder/spi-builder-workspace/.dependencies -skipMacroValidation -skipPackagePluginValidation -derivedDataPath /Users/admin/builder/spi-builder-workspace/.derivedData build -scheme EZPush -destination generic/platform=tvOS
Resolve Package Graph
Resolved source packages:
  EZPush: /Users/admin/builder/spi-builder-workspace
ComputePackagePrebuildTargetDependencyGraph
Prepare packages
CreateBuildRequest
SendProjectDescription
CreateBuildOperation
ComputeTargetDependencyGraph
note: Building targets in dependency order
note: Target dependency graph (1 target)
    Target 'EZPush-product' in project 'EZPush' (no dependencies)
GatherProvisioningInputs
CreateBuildDescription
/Users/admin/builder/spi-builder-workspace/.dependencies/artifacts/spi-builder-workspace/EZPush/EZPush.xcframework:1:1: error: While building for tvOS, no library for this platform was found in '/Users/admin/builder/spi-builder-workspace/.dependencies/artifacts/spi-builder-workspace/EZPush/EZPush.xcframework'. (in target 'EZPush-product' from project 'EZPush')
/Users/admin/builder/spi-builder-workspace/.dependencies/artifacts/spi-builder-workspace/EZPushCore/EZPushCore.xcframework:1:1: error: While building for tvOS, no library for this platform was found in '/Users/admin/builder/spi-builder-workspace/.dependencies/artifacts/spi-builder-workspace/EZPushCore/EZPushCore.xcframework'. (in target 'EZPush-product' from project 'EZPush')
2026-09-23 20:59:42.070 xcodebuild[693:4440] [MT] IDERunDestination: Supported platforms for the buildables in the current scheme is empty.
** BUILD FAILED **
The following build commands failed:
	Building workspace EZPush with scheme EZPush
(1 failure)
BUILD FAILURE 6.4 tvOS