Build Information
Failed to build SkavokNetworking, reference 2.0.0 (df65f7), with Swift 6.2 for watchOS using Xcode 26.3 on 3 Sep 2026 15:27:05 UTC.
Build Command
env DEVELOPER_DIR=/Applications/Xcode-26.3.0.app xcrun xcodebuild -IDEClonedSourcePackagesDirPathOverride=$PWD/.dependencies -skipMacroValidation -skipPackagePluginValidation -derivedDataPath $PWD/.derivedData build -scheme SkavokNetworking -destination generic/platform=watchOSBuild Log
========================================
RunAll
========================================
Builder version: 5.0.2
Interrupt handler set up.
========================================
Checkout
========================================
Clone URL: https://github.com/Livsy90/SkavokNetworking.git
Reference: 2.0.0
Initialized empty Git repository in /Users/admin/builder/spi-builder-workspace/.git/
From https://github.com/Livsy90/SkavokNetworking
* tag 2.0.0 -> FETCH_HEAD
HEAD is now at df65f7a Update .gitignore
Cloned https://github.com/Livsy90/SkavokNetworking.git
Revision (git rev-parse @):
df65f7a5b1f9475fed04a50c43e5f592b69cf16b
SUCCESS checkout https://github.com/Livsy90/SkavokNetworking.git at 2.0.0
========================================
Build
========================================
Selected platform: watchOS
Swift version: 6.2
Building package at path: $PWD
https://github.com/Livsy90/SkavokNetworking.git
Command line invocation:
/Applications/Xcode-26.3.0.app/Contents/Developer/usr/bin/xcodebuild -IDEClonedSourcePackagesDirPathOverride=/Users/admin/builder/spi-builder-workspace/.dependencies -resolvePackageDependencies
Resolve Package Graph
Resolve Package Graph
Resolved source packages:
SkavokNetworking: /Users/admin/builder/spi-builder-workspace
resolved source packages: SkavokNetworking
2026-09-03 11:26:37.791 xcodebuild[538:3104] [MT] IDERunDestination: Supported platforms for the buildables in the current scheme is empty.
{
"dependencies" : [
],
"manifest_display_name" : "SkavokNetworking",
"name" : "SkavokNetworking",
"path" : "/Users/admin/builder/spi-builder-workspace",
"platforms" : [
{
"name" : "ios",
"version" : "16.0"
},
{
"name" : "macos",
"version" : "12.0"
}
],
"products" : [
{
"name" : "SkavokNetworking",
"targets" : [
"SkavokNetworking"
],
"type" : {
"library" : [
"automatic"
]
}
}
],
"swift_languages_versions" : [
"6"
],
"targets" : [
{
"c99name" : "SkavokNetworkingTests",
"module_type" : "SwiftTarget",
"name" : "SkavokNetworkingTests",
"path" : "Tests/SkavokNetworkingTests",
"sources" : [
"APIClientTests.swift",
"MockURLProtocol.swift"
],
"target_dependencies" : [
"SkavokNetworking"
],
"type" : "test"
},
{
"c99name" : "SkavokNetworking",
"module_type" : "SwiftTarget",
"name" : "SkavokNetworking",
"path" : "Sources/SkavokNetworking",
"product_memberships" : [
"SkavokNetworking"
],
"sources" : [
"APIClient.swift",
"APIClientDelegate.swift",
"APIClientProtocol.swift",
"DataLoader.swift",
"Models/APIError.swift",
"Models/Request.swift",
"Models/Response.swift"
],
"type" : "library"
}
],
"tools_version" : "6.0"
}
{
"workspace" : {
"name" : "spi-builder-workspace",
"schemes" : [
"SkavokNetworking"
]
}
}
2026-09-03 11:26:55.866 xcodebuild[673:4208] [MT] IDERunDestination: Supported platforms for the buildables in the current scheme is empty.
Running build ...
env DEVELOPER_DIR=/Applications/Xcode-26.3.0.app xcrun xcodebuild -IDEClonedSourcePackagesDirPathOverride=$PWD/.dependencies -skipMacroValidation -skipPackagePluginValidation -derivedDataPath $PWD/.derivedData build -scheme SkavokNetworking -destination generic/platform=watchOS
Command line invocation:
/Applications/Xcode-26.3.0.app/Contents/Developer/usr/bin/xcodebuild -IDEClonedSourcePackagesDirPathOverride=/Users/admin/builder/spi-builder-workspace/.dependencies -skipMacroValidation -skipPackagePluginValidation -derivedDataPath /Users/admin/builder/spi-builder-workspace/.derivedData build -scheme SkavokNetworking -destination generic/platform=watchOS
Resolve Package Graph
Resolved source packages:
SkavokNetworking: /Users/admin/builder/spi-builder-workspace
ComputePackagePrebuildTargetDependencyGraph
Prepare packages
CreateBuildRequest
SendProjectDescription
CreateBuildOperation
ComputeTargetDependencyGraph
note: Building targets in dependency order
note: Target dependency graph (2 targets)
Target 'SkavokNetworking' in project 'SkavokNetworking'
➜ Explicit dependency on target 'SkavokNetworking' in project 'SkavokNetworking'
Target 'SkavokNetworking' in project 'SkavokNetworking' (no dependencies)
GatherProvisioningInputs
CreateBuildDescription
ExecuteExternalTool /Applications/Xcode-26.3.0.app/Contents/Developer/Toolchains/XcodeDefault.xctoolchain/usr/bin/clang -v -E -dM -isysroot /Applications/Xcode-26.3.0.app/Contents/Developer/Platforms/WatchOS.platform/Developer/SDKs/WatchOS26.2.sdk -x c -c /dev/null
ExecuteExternalTool /Applications/Xcode-26.3.0.app/Contents/Developer/Toolchains/XcodeDefault.xctoolchain/usr/bin/swiftc --version
ExecuteExternalTool /Applications/Xcode-26.3.0.app/Contents/Developer/Toolchains/XcodeDefault.xctoolchain/usr/bin/ld -version_details
Build description signature: 90d1fef2659aa2b03dea30d67748f83b
Build description path: /Users/admin/builder/spi-builder-workspace/.derivedData/Build/Intermediates.noindex/XCBuildData/90d1fef2659aa2b03dea30d67748f83b.xcbuilddata
CreateBuildDirectory /Users/admin/builder/spi-builder-workspace/.derivedData/Build/Intermediates.noindex
cd /Users/admin/builder/spi-builder-workspace/.swiftpm/xcode
builtin-create-build-directory /Users/admin/builder/spi-builder-workspace/.derivedData/Build/Intermediates.noindex
CreateBuildDirectory /Users/admin/builder/spi-builder-workspace/.derivedData/Build/Products
cd /Users/admin/builder/spi-builder-workspace/.swiftpm/xcode
builtin-create-build-directory /Users/admin/builder/spi-builder-workspace/.derivedData/Build/Products
ClangStatCache /Applications/Xcode-26.3.0.app/Contents/Developer/Toolchains/XcodeDefault.xctoolchain/usr/bin/clang-stat-cache /Applications/Xcode-26.3.0.app/Contents/Developer/Platforms/WatchOS.platform/Developer/SDKs/WatchOS26.2.sdk /Users/admin/builder/spi-builder-workspace/.derivedData/SDKStatCaches.noindex/watchos26.2-23S303-dc75598d0054f22ec865fa860f139d721753b489057de6bda919edfa1c59a62b.sdkstatcache
cd /Users/admin/builder/spi-builder-workspace/.swiftpm/xcode
/Applications/Xcode-26.3.0.app/Contents/Developer/Toolchains/XcodeDefault.xctoolchain/usr/bin/clang-stat-cache /Applications/Xcode-26.3.0.app/Contents/Developer/Platforms/WatchOS.platform/Developer/SDKs/WatchOS26.2.sdk -o /Users/admin/builder/spi-builder-workspace/.derivedData/SDKStatCaches.noindex/watchos26.2-23S303-dc75598d0054f22ec865fa860f139d721753b489057de6bda919edfa1c59a62b.sdkstatcache
CreateBuildDirectory /Users/admin/builder/spi-builder-workspace/.derivedData/Build/Intermediates.noindex/SwiftExplicitPrecompiledModules
cd /Users/admin/builder/spi-builder-workspace/.swiftpm/xcode
builtin-create-build-directory /Users/admin/builder/spi-builder-workspace/.derivedData/Build/Intermediates.noindex/SwiftExplicitPrecompiledModules
CreateBuildDirectory /Users/admin/builder/spi-builder-workspace/.derivedData/Build/Intermediates.noindex/ExplicitPrecompiledModules
cd /Users/admin/builder/spi-builder-workspace/.swiftpm/xcode
builtin-create-build-directory /Users/admin/builder/spi-builder-workspace/.derivedData/Build/Intermediates.noindex/ExplicitPrecompiledModules
CreateBuildDirectory /Users/admin/builder/spi-builder-workspace/.derivedData/Build/Intermediates.noindex/EagerLinkingTBDs/Debug-watchos
cd /Users/admin/builder/spi-builder-workspace/.swiftpm/xcode
builtin-create-build-directory /Users/admin/builder/spi-builder-workspace/.derivedData/Build/Intermediates.noindex/EagerLinkingTBDs/Debug-watchos
CreateBuildDirectory /Users/admin/builder/spi-builder-workspace/.derivedData/Build/Products/Debug-watchos
cd /Users/admin/builder/spi-builder-workspace/.swiftpm/xcode
builtin-create-build-directory /Users/admin/builder/spi-builder-workspace/.derivedData/Build/Products/Debug-watchos
CreateBuildDirectory /Users/admin/builder/spi-builder-workspace/.derivedData/Build/Products/Debug-watchos/PackageFrameworks
cd /Users/admin/builder/spi-builder-workspace/.swiftpm/xcode
builtin-create-build-directory /Users/admin/builder/spi-builder-workspace/.derivedData/Build/Products/Debug-watchos/PackageFrameworks
WriteAuxiliaryFile /Users/admin/builder/spi-builder-workspace/.derivedData/Build/Intermediates.noindex/SkavokNetworking.build/Debug-watchos/SkavokNetworking.build/SkavokNetworking.modulemap (in target 'SkavokNetworking' from project 'SkavokNetworking')
cd /Users/admin/builder/spi-builder-workspace
write-file /Users/admin/builder/spi-builder-workspace/.derivedData/Build/Intermediates.noindex/SkavokNetworking.build/Debug-watchos/SkavokNetworking.build/SkavokNetworking.modulemap
WriteAuxiliaryFile /Users/admin/builder/spi-builder-workspace/.derivedData/Build/Intermediates.noindex/SkavokNetworking.build/Debug-watchos/SkavokNetworking.build/SkavokNetworking.DependencyStaticMetadataFileList (in target 'SkavokNetworking' from project 'SkavokNetworking')
cd /Users/admin/builder/spi-builder-workspace
write-file /Users/admin/builder/spi-builder-workspace/.derivedData/Build/Intermediates.noindex/SkavokNetworking.build/Debug-watchos/SkavokNetworking.build/SkavokNetworking.DependencyStaticMetadataFileList
WriteAuxiliaryFile /Users/admin/builder/spi-builder-workspace/.derivedData/Build/Intermediates.noindex/SkavokNetworking.build/Debug-watchos/SkavokNetworking.build/SkavokNetworking.DependencyMetadataFileList (in target 'SkavokNetworking' from project 'SkavokNetworking')
cd /Users/admin/builder/spi-builder-workspace
write-file /Users/admin/builder/spi-builder-workspace/.derivedData/Build/Intermediates.noindex/SkavokNetworking.build/Debug-watchos/SkavokNetworking.build/SkavokNetworking.DependencyMetadataFileList
WriteAuxiliaryFile /Users/admin/builder/spi-builder-workspace/.derivedData/Build/Intermediates.noindex/SkavokNetworking.build/Debug-watchos/SkavokNetworking.build/Objects-normal/arm64_32/SkavokNetworking.LinkFileList (in target 'SkavokNetworking' from project 'SkavokNetworking')
cd /Users/admin/builder/spi-builder-workspace
write-file /Users/admin/builder/spi-builder-workspace/.derivedData/Build/Intermediates.noindex/SkavokNetworking.build/Debug-watchos/SkavokNetworking.build/Objects-normal/arm64_32/SkavokNetworking.LinkFileList
WriteAuxiliaryFile /Users/admin/builder/spi-builder-workspace/.derivedData/Build/Intermediates.noindex/SkavokNetworking.build/Debug-watchos/SkavokNetworking.build/Objects-normal/arm64_32/SkavokNetworking-OutputFileMap.json (in target 'SkavokNetworking' from project 'SkavokNetworking')
cd /Users/admin/builder/spi-builder-workspace
write-file /Users/admin/builder/spi-builder-workspace/.derivedData/Build/Intermediates.noindex/SkavokNetworking.build/Debug-watchos/SkavokNetworking.build/Objects-normal/arm64_32/SkavokNetworking-OutputFileMap.json
WriteAuxiliaryFile /Users/admin/builder/spi-builder-workspace/.derivedData/Build/Intermediates.noindex/SkavokNetworking.build/Debug-watchos/SkavokNetworking.build/Objects-normal/arm64/SkavokNetworking_const_extract_protocols.json (in target 'SkavokNetworking' from project 'SkavokNetworking')
cd /Users/admin/builder/spi-builder-workspace
write-file /Users/admin/builder/spi-builder-workspace/.derivedData/Build/Intermediates.noindex/SkavokNetworking.build/Debug-watchos/SkavokNetworking.build/Objects-normal/arm64/SkavokNetworking_const_extract_protocols.json
WriteAuxiliaryFile /Users/admin/builder/spi-builder-workspace/.derivedData/Build/Intermediates.noindex/SkavokNetworking.build/Debug-watchos/SkavokNetworking.build/Objects-normal/arm64_32/SkavokNetworking_const_extract_protocols.json (in target 'SkavokNetworking' from project 'SkavokNetworking')
cd /Users/admin/builder/spi-builder-workspace
write-file /Users/admin/builder/spi-builder-workspace/.derivedData/Build/Intermediates.noindex/SkavokNetworking.build/Debug-watchos/SkavokNetworking.build/Objects-normal/arm64_32/SkavokNetworking_const_extract_protocols.json
WriteAuxiliaryFile /Users/admin/builder/spi-builder-workspace/.derivedData/Build/Intermediates.noindex/SkavokNetworking.build/Debug-watchos/SkavokNetworking.build/Objects-normal/arm64/SkavokNetworking.LinkFileList (in target 'SkavokNetworking' from project 'SkavokNetworking')
cd /Users/admin/builder/spi-builder-workspace
write-file /Users/admin/builder/spi-builder-workspace/.derivedData/Build/Intermediates.noindex/SkavokNetworking.build/Debug-watchos/SkavokNetworking.build/Objects-normal/arm64/SkavokNetworking.LinkFileList
WriteAuxiliaryFile /Users/admin/builder/spi-builder-workspace/.derivedData/Build/Intermediates.noindex/SkavokNetworking.build/Debug-watchos/SkavokNetworking.build/Objects-normal/arm64/SkavokNetworking-OutputFileMap.json (in target 'SkavokNetworking' from project 'SkavokNetworking')
cd /Users/admin/builder/spi-builder-workspace
write-file /Users/admin/builder/spi-builder-workspace/.derivedData/Build/Intermediates.noindex/SkavokNetworking.build/Debug-watchos/SkavokNetworking.build/Objects-normal/arm64/SkavokNetworking-OutputFileMap.json
WriteAuxiliaryFile /Users/admin/builder/spi-builder-workspace/.derivedData/Build/Intermediates.noindex/SkavokNetworking.build/Debug-watchos/SkavokNetworking.build/Objects-normal/arm64_32/SkavokNetworking.SwiftFileList (in target 'SkavokNetworking' from project 'SkavokNetworking')
cd /Users/admin/builder/spi-builder-workspace
write-file /Users/admin/builder/spi-builder-workspace/.derivedData/Build/Intermediates.noindex/SkavokNetworking.build/Debug-watchos/SkavokNetworking.build/Objects-normal/arm64_32/SkavokNetworking.SwiftFileList
WriteAuxiliaryFile /Users/admin/builder/spi-builder-workspace/.derivedData/Build/Intermediates.noindex/SkavokNetworking.build/Debug-watchos/SkavokNetworking.build/Objects-normal/arm64_32/SkavokNetworking.SwiftConstValuesFileList (in target 'SkavokNetworking' from project 'SkavokNetworking')
cd /Users/admin/builder/spi-builder-workspace
write-file /Users/admin/builder/spi-builder-workspace/.derivedData/Build/Intermediates.noindex/SkavokNetworking.build/Debug-watchos/SkavokNetworking.build/Objects-normal/arm64_32/SkavokNetworking.SwiftConstValuesFileList
WriteAuxiliaryFile /Users/admin/builder/spi-builder-workspace/.derivedData/Build/Intermediates.noindex/SkavokNetworking.build/Debug-watchos/SkavokNetworking.build/Objects-normal/arm64/SkavokNetworking.SwiftFileList (in target 'SkavokNetworking' from project 'SkavokNetworking')
cd /Users/admin/builder/spi-builder-workspace
write-file /Users/admin/builder/spi-builder-workspace/.derivedData/Build/Intermediates.noindex/SkavokNetworking.build/Debug-watchos/SkavokNetworking.build/Objects-normal/arm64/SkavokNetworking.SwiftFileList
WriteAuxiliaryFile /Users/admin/builder/spi-builder-workspace/.derivedData/Build/Intermediates.noindex/SkavokNetworking.build/Debug-watchos/SkavokNetworking.build/Objects-normal/arm64/SkavokNetworking.SwiftConstValuesFileList (in target 'SkavokNetworking' from project 'SkavokNetworking')
cd /Users/admin/builder/spi-builder-workspace
write-file /Users/admin/builder/spi-builder-workspace/.derivedData/Build/Intermediates.noindex/SkavokNetworking.build/Debug-watchos/SkavokNetworking.build/Objects-normal/arm64/SkavokNetworking.SwiftConstValuesFileList
Copy /Users/admin/builder/spi-builder-workspace/.derivedData/Build/Intermediates.noindex/GeneratedModuleMaps-watchos/SkavokNetworking.modulemap /Users/admin/builder/spi-builder-workspace/.derivedData/Build/Intermediates.noindex/SkavokNetworking.build/Debug-watchos/SkavokNetworking.build/SkavokNetworking.modulemap (in target 'SkavokNetworking' from project 'SkavokNetworking')
cd /Users/admin/builder/spi-builder-workspace
builtin-copy -exclude .DS_Store -exclude CVS -exclude .svn -exclude .git -exclude .hg -resolve-src-symlinks /Users/admin/builder/spi-builder-workspace/.derivedData/Build/Intermediates.noindex/SkavokNetworking.build/Debug-watchos/SkavokNetworking.build/SkavokNetworking.modulemap /Users/admin/builder/spi-builder-workspace/.derivedData/Build/Intermediates.noindex/GeneratedModuleMaps-watchos
SwiftDriver SkavokNetworking normal arm64 com.apple.xcode.tools.swift.compiler (in target 'SkavokNetworking' from project 'SkavokNetworking')
cd /Users/admin/builder/spi-builder-workspace/.swiftpm/xcode
builtin-SwiftDriver -- /Applications/Xcode-26.3.0.app/Contents/Developer/Toolchains/XcodeDefault.xctoolchain/usr/bin/swiftc -module-name SkavokNetworking -Onone -enforce-exclusivity\=checked @/Users/admin/builder/spi-builder-workspace/.derivedData/Build/Intermediates.noindex/SkavokNetworking.build/Debug-watchos/SkavokNetworking.build/Objects-normal/arm64/SkavokNetworking.SwiftFileList -DSWIFT_PACKAGE -DDEBUG -DSWIFT_MODULE_RESOURCE_BUNDLE_UNAVAILABLE -DXcode -plugin-path /Applications/Xcode-26.3.0.app/Contents/Developer/Toolchains/XcodeDefault.xctoolchain/usr/lib/swift/host/plugins/testing -enable-experimental-feature DebugDescriptionMacro -sdk /Applications/Xcode-26.3.0.app/Contents/Developer/Platforms/WatchOS.platform/Developer/SDKs/WatchOS26.2.sdk -target arm64-apple-watchos9.0 -g -module-cache-path /Users/admin/builder/spi-builder-workspace/.derivedData/ModuleCache.noindex -Xfrontend -serialize-debugging-options -profile-coverage-mapping -profile-generate -enable-testing -index-store-path /Users/admin/builder/spi-builder-workspace/.derivedData/Index.noindex/DataStore -Xcc -D_LIBCPP_HARDENING_MODE\=_LIBCPP_HARDENING_MODE_DEBUG -swift-version 6 -I /Users/admin/builder/spi-builder-workspace/.derivedData/Build/Products/Debug-watchos -Isystem /Applications/Xcode-26.3.0.app/Contents/Developer/Platforms/WatchOS.platform/Developer/usr/lib -F /Users/admin/builder/spi-builder-workspace/.derivedData/Build/Products/Debug-watchos -F /Applications/Xcode-26.3.0.app/Contents/Developer/Platforms/WatchOS.platform/Developer/Library/Frameworks -F /Applications/Xcode-26.3.0.app/Contents/Developer/Platforms/WatchOS.platform/Developer/SDKs/WatchOS26.2.sdk/Developer/Library/Frameworks -c -j10 -enable-batch-mode -incremental -Xcc -ivfsstatcache -Xcc /Users/admin/builder/spi-builder-workspace/.derivedData/SDKStatCaches.noindex/watchos26.2-23S303-dc75598d0054f22ec865fa860f139d721753b489057de6bda919edfa1c59a62b.sdkstatcache -output-file-map /Users/admin/builder/spi-builder-workspace/.derivedData/Build/Intermediates.noindex/SkavokNetworking.build/Debug-watchos/SkavokNetworking.build/Objects-normal/arm64/SkavokNetworking-OutputFileMap.json -use-frontend-parseable-output -save-temps -no-color-diagnostics -explicit-module-build -module-cache-path /Users/admin/builder/spi-builder-workspace/.derivedData/Build/Intermediates.noindex/SwiftExplicitPrecompiledModules -clang-scanner-module-cache-path /Users/admin/builder/spi-builder-workspace/.derivedData/ModuleCache.noindex -sdk-module-cache-path /Users/admin/builder/spi-builder-workspace/.derivedData/ModuleCache.noindex -serialize-diagnostics -emit-dependencies -emit-module -emit-module-path /Users/admin/builder/spi-builder-workspace/.derivedData/Build/Intermediates.noindex/SkavokNetworking.build/Debug-watchos/SkavokNetworking.build/Objects-normal/arm64/SkavokNetworking.swiftmodule -validate-clang-modules-once -clang-build-session-file /Users/admin/builder/spi-builder-workspace/.derivedData/ModuleCache.noindex/Session.modulevalidation -package-name spi_builder_workspace -Xcc -I/Users/admin/builder/spi-builder-workspace/.derivedData/Build/Intermediates.noindex/SkavokNetworking.build/Debug-watchos/SkavokNetworking.build/swift-overrides.hmap -emit-const-values -Xfrontend -const-gather-protocols-file -Xfrontend /Users/admin/builder/spi-builder-workspace/.derivedData/Build/Intermediates.noindex/SkavokNetworking.build/Debug-watchos/SkavokNetworking.build/Objects-normal/arm64/SkavokNetworking_const_extract_protocols.json -Xcc -I/Users/admin/builder/spi-builder-workspace/.derivedData/Build/Products/Debug-watchos/include -Xcc -I/Users/admin/builder/spi-builder-workspace/.derivedData/Build/Intermediates.noindex/SkavokNetworking.build/Debug-watchos/SkavokNetworking.build/DerivedSources-normal/arm64 -Xcc -I/Users/admin/builder/spi-builder-workspace/.derivedData/Build/Intermediates.noindex/SkavokNetworking.build/Debug-watchos/SkavokNetworking.build/DerivedSources/arm64 -Xcc -I/Users/admin/builder/spi-builder-workspace/.derivedData/Build/Intermediates.noindex/SkavokNetworking.build/Debug-watchos/SkavokNetworking.build/DerivedSources -Xcc -DSWIFT_PACKAGE -Xcc -DDEBUG\=1 -emit-objc-header -emit-objc-header-path /Users/admin/builder/spi-builder-workspace/.derivedData/Build/Intermediates.noindex/SkavokNetworking.build/Debug-watchos/SkavokNetworking.build/Objects-normal/arm64/SkavokNetworking-Swift.h -working-directory /Users/admin/builder/spi-builder-workspace/.swiftpm/xcode -experimental-emit-module-separately -disable-cmo
SwiftDriver SkavokNetworking normal arm64_32 com.apple.xcode.tools.swift.compiler (in target 'SkavokNetworking' from project 'SkavokNetworking')
cd /Users/admin/builder/spi-builder-workspace/.swiftpm/xcode
builtin-SwiftDriver -- /Applications/Xcode-26.3.0.app/Contents/Developer/Toolchains/XcodeDefault.xctoolchain/usr/bin/swiftc -module-name SkavokNetworking -Onone -enforce-exclusivity\=checked @/Users/admin/builder/spi-builder-workspace/.derivedData/Build/Intermediates.noindex/SkavokNetworking.build/Debug-watchos/SkavokNetworking.build/Objects-normal/arm64_32/SkavokNetworking.SwiftFileList -DSWIFT_PACKAGE -DDEBUG -DSWIFT_MODULE_RESOURCE_BUNDLE_UNAVAILABLE -DXcode -plugin-path /Applications/Xcode-26.3.0.app/Contents/Developer/Toolchains/XcodeDefault.xctoolchain/usr/lib/swift/host/plugins/testing -enable-experimental-feature DebugDescriptionMacro -sdk /Applications/Xcode-26.3.0.app/Contents/Developer/Platforms/WatchOS.platform/Developer/SDKs/WatchOS26.2.sdk -target arm64_32-apple-watchos9.0 -g -module-cache-path /Users/admin/builder/spi-builder-workspace/.derivedData/ModuleCache.noindex -Xfrontend -serialize-debugging-options -profile-coverage-mapping -profile-generate -enable-testing -index-store-path /Users/admin/builder/spi-builder-workspace/.derivedData/Index.noindex/DataStore -Xcc -D_LIBCPP_HARDENING_MODE\=_LIBCPP_HARDENING_MODE_DEBUG -swift-version 6 -I /Users/admin/builder/spi-builder-workspace/.derivedData/Build/Products/Debug-watchos -Isystem /Applications/Xcode-26.3.0.app/Contents/Developer/Platforms/WatchOS.platform/Developer/usr/lib -F /Users/admin/builder/spi-builder-workspace/.derivedData/Build/Products/Debug-watchos -F /Applications/Xcode-26.3.0.app/Contents/Developer/Platforms/WatchOS.platform/Developer/Library/Frameworks -F /Applications/Xcode-26.3.0.app/Contents/Developer/Platforms/WatchOS.platform/Developer/SDKs/WatchOS26.2.sdk/Developer/Library/Frameworks -c -j10 -enable-batch-mode -incremental -Xcc -ivfsstatcache -Xcc /Users/admin/builder/spi-builder-workspace/.derivedData/SDKStatCaches.noindex/watchos26.2-23S303-dc75598d0054f22ec865fa860f139d721753b489057de6bda919edfa1c59a62b.sdkstatcache -output-file-map /Users/admin/builder/spi-builder-workspace/.derivedData/Build/Intermediates.noindex/SkavokNetworking.build/Debug-watchos/SkavokNetworking.build/Objects-normal/arm64_32/SkavokNetworking-OutputFileMap.json -use-frontend-parseable-output -save-temps -no-color-diagnostics -explicit-module-build -module-cache-path /Users/admin/builder/spi-builder-workspace/.derivedData/Build/Intermediates.noindex/SwiftExplicitPrecompiledModules -clang-scanner-module-cache-path /Users/admin/builder/spi-builder-workspace/.derivedData/ModuleCache.noindex -sdk-module-cache-path /Users/admin/builder/spi-builder-workspace/.derivedData/ModuleCache.noindex -serialize-diagnostics -emit-dependencies -emit-module -emit-module-path /Users/admin/builder/spi-builder-workspace/.derivedData/Build/Intermediates.noindex/SkavokNetworking.build/Debug-watchos/SkavokNetworking.build/Objects-normal/arm64_32/SkavokNetworking.swiftmodule -validate-clang-modules-once -clang-build-session-file /Users/admin/builder/spi-builder-workspace/.derivedData/ModuleCache.noindex/Session.modulevalidation -package-name spi_builder_workspace -Xcc -I/Users/admin/builder/spi-builder-workspace/.derivedData/Build/Intermediates.noindex/SkavokNetworking.build/Debug-watchos/SkavokNetworking.build/swift-overrides.hmap -emit-const-values -Xfrontend -const-gather-protocols-file -Xfrontend /Users/admin/builder/spi-builder-workspace/.derivedData/Build/Intermediates.noindex/SkavokNetworking.build/Debug-watchos/SkavokNetworking.build/Objects-normal/arm64_32/SkavokNetworking_const_extract_protocols.json -Xcc -I/Users/admin/builder/spi-builder-workspace/.derivedData/Build/Products/Debug-watchos/include -Xcc -I/Users/admin/builder/spi-builder-workspace/.derivedData/Build/Intermediates.noindex/SkavokNetworking.build/Debug-watchos/SkavokNetworking.build/DerivedSources-normal/arm64_32 -Xcc -I/Users/admin/builder/spi-builder-workspace/.derivedData/Build/Intermediates.noindex/SkavokNetworking.build/Debug-watchos/SkavokNetworking.build/DerivedSources/arm64_32 -Xcc -I/Users/admin/builder/spi-builder-workspace/.derivedData/Build/Intermediates.noindex/SkavokNetworking.build/Debug-watchos/SkavokNetworking.build/DerivedSources -Xcc -DSWIFT_PACKAGE -Xcc -DDEBUG\=1 -emit-objc-header -emit-objc-header-path /Users/admin/builder/spi-builder-workspace/.derivedData/Build/Intermediates.noindex/SkavokNetworking.build/Debug-watchos/SkavokNetworking.build/Objects-normal/arm64_32/SkavokNetworking-Swift.h -working-directory /Users/admin/builder/spi-builder-workspace/.swiftpm/xcode -experimental-emit-module-separately -disable-cmo
SwiftExplicitDependencyGeneratePcm arm64 /Users/admin/builder/spi-builder-workspace/.derivedData/ModuleCache.noindex/_Builtin_float-5QRDZB35Y522CLCFL7NT2LPUF.pcm
SwiftExplicitDependencyGeneratePcm arm64 /Users/admin/builder/spi-builder-workspace/.derivedData/ModuleCache.noindex/_SwiftConcurrencyShims-6I3LH2ITNOZQ7GZSIWV3YFHI2.pcm
SwiftExplicitDependencyGeneratePcm arm64 /Users/admin/builder/spi-builder-workspace/.derivedData/ModuleCache.noindex/_AvailabilityInternal-2O3RFBUGA1RPVNII2XIZ3QNC3.pcm
SwiftExplicitDependencyGeneratePcm arm64 /Users/admin/builder/spi-builder-workspace/.derivedData/ModuleCache.noindex/_Builtin_stdarg-RZPX1L7HC0FE24QDJB88HMGH.pcm
SwiftExplicitDependencyGeneratePcm arm64 /Users/admin/builder/spi-builder-workspace/.derivedData/ModuleCache.noindex/ptrauth-23V973HP08H1G8HHZ6OAJWG6Z.pcm
SwiftExplicitDependencyGeneratePcm arm64 /Users/admin/builder/spi-builder-workspace/.derivedData/ModuleCache.noindex/ptrcheck-4YU0IIP3FXMEGKRFTVKLD8FLA.pcm
SwiftExplicitDependencyGeneratePcm arm64 /Users/admin/builder/spi-builder-workspace/.derivedData/ModuleCache.noindex/_Builtin_stddef-85JH2ZGWLM4WGGJWD7P19JNV6.pcm
SwiftExplicitDependencyGeneratePcm arm64 /Users/admin/builder/spi-builder-workspace/.derivedData/ModuleCache.noindex/_Builtin_stdbool-6XT6P5XUZWCFLZBIHXXS8S9EV.pcm
SwiftExplicitDependencyGeneratePcm arm64 /Users/admin/builder/spi-builder-workspace/.derivedData/ModuleCache.noindex/SwiftShims-7I20DMCTK17Q8T32LA04FWAMX.pcm
SwiftExplicitDependencyGeneratePcm arm64_32 /Users/admin/builder/spi-builder-workspace/.derivedData/ModuleCache.noindex/_SwiftConcurrencyShims-BE6OCM46C4HZFNWL8BR101QWH.pcm
SwiftExplicitDependencyGeneratePcm arm64_32 /Users/admin/builder/spi-builder-workspace/.derivedData/ModuleCache.noindex/_Builtin_stdbool-5P7XRQ5AQ02CJZQOFJGPCI3TD.pcm
SwiftExplicitDependencyGeneratePcm arm64_32 /Users/admin/builder/spi-builder-workspace/.derivedData/ModuleCache.noindex/_Builtin_float-57NF6Z0LMY2BSAMQJ9NJ49CVA.pcm
SwiftExplicitDependencyGeneratePcm arm64_32 /Users/admin/builder/spi-builder-workspace/.derivedData/ModuleCache.noindex/_AvailabilityInternal-2P7I2A0IHHWZTWSQ7YWZKAXBX.pcm
SwiftExplicitDependencyGeneratePcm arm64_32 /Users/admin/builder/spi-builder-workspace/.derivedData/ModuleCache.noindex/_Builtin_stdarg-D40VS4Q2KALO38V4FLA1GBDYO.pcm
SwiftExplicitDependencyGeneratePcm arm64_32 /Users/admin/builder/spi-builder-workspace/.derivedData/ModuleCache.noindex/ptrcheck-9AZUY5IS5PCZJH0IGF6KZ1CS4.pcm
SwiftExplicitDependencyGeneratePcm arm64_32 /Users/admin/builder/spi-builder-workspace/.derivedData/ModuleCache.noindex/ptrauth-625I4K1NIQYS1FZEGD4TBZD97.pcm
SwiftExplicitDependencyGeneratePcm arm64_32 /Users/admin/builder/spi-builder-workspace/.derivedData/ModuleCache.noindex/SwiftShims-1KDDRF0T4GF3KEVBC8BQQ0CZ5.pcm
SwiftExplicitDependencyGeneratePcm arm64_32 /Users/admin/builder/spi-builder-workspace/.derivedData/ModuleCache.noindex/_Builtin_stddef-CVMDFD2LRC6J8Y1G2VDJIK5XT.pcm
SwiftExplicitDependencyGeneratePcm arm64 /Users/admin/builder/spi-builder-workspace/.derivedData/ModuleCache.noindex/_DarwinFoundation1-9CHGZVG6Q11ZVI9VKIOS0DH8R.pcm
SwiftExplicitDependencyGeneratePcm arm64_32 /Users/admin/builder/spi-builder-workspace/.derivedData/ModuleCache.noindex/_DarwinFoundation1-B5IP3NLVAB98PUH6026E7IU3Z.pcm
SwiftExplicitDependencyGeneratePcm arm64 /Users/admin/builder/spi-builder-workspace/.derivedData/ModuleCache.noindex/_DarwinFoundation2-91AUNY1B00JVZZS04EHZ5P78E.pcm
SwiftExplicitDependencyGeneratePcm arm64 /Users/admin/builder/spi-builder-workspace/.derivedData/ModuleCache.noindex/_Builtin_limits-DDBVG65V69EW9COVSML9AW08G.pcm
SwiftExplicitDependencyGeneratePcm arm64_32 /Users/admin/builder/spi-builder-workspace/.derivedData/ModuleCache.noindex/_DarwinFoundation2-BE53KZ13PGS3ADMTR162NWOT8.pcm
SwiftExplicitDependencyGeneratePcm arm64_32 /Users/admin/builder/spi-builder-workspace/.derivedData/ModuleCache.noindex/_Builtin_limits-85C3GEXRWK1KZJSJYR1SLAHJZ.pcm
SwiftExplicitDependencyGeneratePcm arm64 /Users/admin/builder/spi-builder-workspace/.derivedData/ModuleCache.noindex/sys_types-3UK4M66LJG7B93KMPGCYXJLGJ.pcm
SwiftExplicitDependencyGeneratePcm arm64 /Users/admin/builder/spi-builder-workspace/.derivedData/ModuleCache.noindex/_Builtin_stdint-BFTPAV7DTJR0UZMVITWJ89G3Z.pcm
SwiftExplicitDependencyGeneratePcm arm64_32 /Users/admin/builder/spi-builder-workspace/.derivedData/ModuleCache.noindex/_Builtin_stdint-DHK9W4154W1VADFICW26EF51A.pcm
SwiftExplicitDependencyGeneratePcm arm64_32 /Users/admin/builder/spi-builder-workspace/.derivedData/ModuleCache.noindex/sys_types-5220JAOP6QAKP1ZZSQXQIGT3N.pcm
SwiftExplicitDependencyGeneratePcm arm64 /Users/admin/builder/spi-builder-workspace/.derivedData/ModuleCache.noindex/_DarwinFoundation3-5VMZVD9RI030DGKFFW74MIHMQ.pcm
SwiftExplicitDependencyGeneratePcm arm64_32 /Users/admin/builder/spi-builder-workspace/.derivedData/ModuleCache.noindex/_DarwinFoundation3-ECPZQXPEKKE17FVBYD1POXRMU.pcm
SwiftExplicitDependencyGeneratePcm arm64 /Users/admin/builder/spi-builder-workspace/.derivedData/ModuleCache.noindex/_Builtin_inttypes-EAYG1OYRDQ7HO6J9WI6WA5Y2M.pcm
SwiftExplicitDependencyGeneratePcm arm64_32 /Users/admin/builder/spi-builder-workspace/.derivedData/ModuleCache.noindex/_Builtin_inttypes-DVW4DAGN9X56OUK4E1BD9DBZ7.pcm
SwiftExplicitDependencyGeneratePcm arm64 /Users/admin/builder/spi-builder-workspace/.derivedData/ModuleCache.noindex/Darwin-E1ZCMHXYOAUQKSA4QO0SMGPXA.pcm
SwiftExplicitDependencyGeneratePcm arm64_32 /Users/admin/builder/spi-builder-workspace/.derivedData/ModuleCache.noindex/Darwin-C8WYVRDE1BASWGOHXGC15GM9F.pcm
SwiftExplicitDependencyGeneratePcm arm64 /Users/admin/builder/spi-builder-workspace/.derivedData/ModuleCache.noindex/ObjectiveC-2PU9OT47G6RBOHSXQR2STMWWR.pcm
SwiftExplicitDependencyGeneratePcm arm64_32 /Users/admin/builder/spi-builder-workspace/.derivedData/ModuleCache.noindex/ObjectiveC-AVYBQYXS0QCLOEQGWXNFUFJ0V.pcm
SwiftExplicitDependencyGeneratePcm arm64 /Users/admin/builder/spi-builder-workspace/.derivedData/ModuleCache.noindex/os_object-CIUJ5N1V1HWSGEK024IV96R1M.pcm
SwiftExplicitDependencyGeneratePcm arm64_32 /Users/admin/builder/spi-builder-workspace/.derivedData/ModuleCache.noindex/os_object-8N6RR4J5VVS62U9VXHR1297AW.pcm
SwiftExplicitDependencyGeneratePcm arm64 /Users/admin/builder/spi-builder-workspace/.derivedData/ModuleCache.noindex/os_workgroup-5S02ISLSMHO6BA5HLY5UNJ6A3.pcm
SwiftExplicitDependencyGeneratePcm arm64_32 /Users/admin/builder/spi-builder-workspace/.derivedData/ModuleCache.noindex/os_workgroup-EGGSTWNSSUGG124AQRBUF2J85.pcm
SwiftExplicitDependencyGeneratePcm arm64 /Users/admin/builder/spi-builder-workspace/.derivedData/ModuleCache.noindex/Dispatch-4KQN7RRX0L9C07MGTWHYRJGYM.pcm
SwiftExplicitDependencyGeneratePcm arm64_32 /Users/admin/builder/spi-builder-workspace/.derivedData/ModuleCache.noindex/Dispatch-DV1SP0JEXVJ6MTIWZ3XCJTXSW.pcm
SwiftExplicitDependencyGeneratePcm arm64 /Users/admin/builder/spi-builder-workspace/.derivedData/ModuleCache.noindex/CoreFoundation-C0JIKJUNM7J0IFUIZ8S5RWP5A.pcm
SwiftExplicitDependencyGeneratePcm arm64_32 /Users/admin/builder/spi-builder-workspace/.derivedData/ModuleCache.noindex/CoreFoundation-EN8GNA4ERP0UOK1XPZ1YRZKGF.pcm
SwiftExplicitDependencyGeneratePcm arm64 /Users/admin/builder/spi-builder-workspace/.derivedData/ModuleCache.noindex/Security-8WXKZYCC8N3IYZ7GEEYK1LTTC.pcm
SwiftExplicitDependencyGeneratePcm arm64_32 /Users/admin/builder/spi-builder-workspace/.derivedData/ModuleCache.noindex/Security-8KJEGVX0ECINJU374GLCNITFA.pcm
SwiftExplicitDependencyGeneratePcm arm64 /Users/admin/builder/spi-builder-workspace/.derivedData/ModuleCache.noindex/Foundation-188QGUU7PNEMS0JL2JNA4L9D.pcm
SwiftExplicitDependencyGeneratePcm arm64_32 /Users/admin/builder/spi-builder-workspace/.derivedData/ModuleCache.noindex/Foundation-1ZQJQ54U4TUPUQFY2U9YK0983.pcm
SwiftEmitModule normal arm64 Emitting\ module\ for\ SkavokNetworking (in target 'SkavokNetworking' from project 'SkavokNetworking')
EmitSwiftModule normal arm64 (in target 'SkavokNetworking' from project 'SkavokNetworking')
cd /Users/admin/builder/spi-builder-workspace/.swiftpm/xcode
/Users/admin/builder/spi-builder-workspace/Sources/SkavokNetworking/APIClient.swift:116:36: error: non-Sendable parameter type '((inout URLRequest) throws -> Void)?' cannot be sent from caller of protocol requirement 'send(_:delegate:configure:)' into actor-isolated implementation
@discardableResult public func send<T: Decodable & Sendable>(
^
/Users/admin/builder/spi-builder-workspace/Sources/SkavokNetworking/APIClientProtocol.swift:4:10: note: a function type must be marked '@Sendable' to conform to 'Sendable'
func send<T: Decodable & Sendable>(
^
/Users/admin/builder/spi-builder-workspace/Sources/SkavokNetworking/APIClient.swift:133:36: error: non-Sendable parameter type '((inout URLRequest) throws -> Void)?' cannot be sent from caller of protocol requirement 'send(_:delegate:configure:)' into actor-isolated implementation
@discardableResult public func send(
^
/Users/admin/builder/spi-builder-workspace/Sources/SkavokNetworking/APIClientProtocol.swift:10:10: note: a function type must be marked '@Sendable' to conform to 'Sendable'
func send(
^
/Users/admin/builder/spi-builder-workspace/Sources/SkavokNetworking/APIClient.swift:150:17: error: non-Sendable parameter type '((inout URLRequest) throws -> Void)?' cannot be sent from caller of protocol requirement 'data(for:delegate:configure:)' into actor-isolated implementation
public func data<T>(
^
/Users/admin/builder/spi-builder-workspace/Sources/SkavokNetworking/APIClientProtocol.swift:16:10: note: a function type must be marked '@Sendable' to conform to 'Sendable'
func data<T>(
^
/Users/admin/builder/spi-builder-workspace/Sources/SkavokNetworking/APIClient.swift:184:17: error: non-Sendable parameter type '((inout URLRequest) throws -> Void)?' cannot be sent from caller of protocol requirement 'download(for:destination:delegate:configure:)' into actor-isolated implementation
public func download(
^
/Users/admin/builder/spi-builder-workspace/Sources/SkavokNetworking/APIClientProtocol.swift:23:10: note: a function type must be marked '@Sendable' to conform to 'Sendable'
func download(
^
/Users/admin/builder/spi-builder-workspace/Sources/SkavokNetworking/APIClient.swift:234:36: error: non-Sendable parameter type '((inout URLRequest) throws -> Void)?' cannot be sent from caller of protocol requirement 'upload(for:fromFile:delegate:configure:)' into actor-isolated implementation
@discardableResult public func upload<T: Decodable & Sendable>(
^
/Users/admin/builder/spi-builder-workspace/Sources/SkavokNetworking/APIClientProtocol.swift:41:10: note: a function type must be marked '@Sendable' to conform to 'Sendable'
func upload<T: Decodable & Sendable>(
^
/Users/admin/builder/spi-builder-workspace/Sources/SkavokNetworking/APIClient.swift:253:36: error: non-Sendable parameter type '((inout URLRequest) throws -> Void)?' cannot be sent from caller of protocol requirement 'upload(for:fromFile:delegate:configure:)' into actor-isolated implementation
@discardableResult public func upload(
^
/Users/admin/builder/spi-builder-workspace/Sources/SkavokNetworking/APIClientProtocol.swift:57:10: note: a function type must be marked '@Sendable' to conform to 'Sendable'
func upload(
^
/Users/admin/builder/spi-builder-workspace/Sources/SkavokNetworking/APIClient.swift:295:36: error: non-Sendable parameter type '((inout URLRequest) throws -> Void)?' cannot be sent from caller of protocol requirement 'upload(for:from:delegate:configure:)' into actor-isolated implementation
@discardableResult public func upload<T: Decodable & Sendable>(
^
/Users/admin/builder/spi-builder-workspace/Sources/SkavokNetworking/APIClientProtocol.swift:75:10: note: a function type must be marked '@Sendable' to conform to 'Sendable'
func upload<T: Decodable & Sendable>(
^
/Users/admin/builder/spi-builder-workspace/Sources/SkavokNetworking/APIClient.swift:314:36: error: non-Sendable parameter type '((inout URLRequest) throws -> Void)?' cannot be sent from caller of protocol requirement 'upload(for:from:delegate:configure:)' into actor-isolated implementation
@discardableResult public func upload(
^
/Users/admin/builder/spi-builder-workspace/Sources/SkavokNetworking/APIClientProtocol.swift:91:10: note: a function type must be marked '@Sendable' to conform to 'Sendable'
func upload(
^
Failed frontend command:
/Applications/Xcode-26.3.0.app/Contents/Developer/Toolchains/XcodeDefault.xctoolchain/usr/bin/swift-frontend -frontend -emit-module -experimental-skip-non-inlinable-function-bodies-without-types /Users/admin/builder/spi-builder-workspace/Sources/SkavokNetworking/APIClient.swift /Users/admin/builder/spi-builder-workspace/Sources/SkavokNetworking/APIClientDelegate.swift /Users/admin/builder/spi-builder-workspace/Sources/SkavokNetworking/APIClientProtocol.swift /Users/admin/builder/spi-builder-workspace/Sources/SkavokNetworking/DataLoader.swift /Users/admin/builder/spi-builder-workspace/Sources/SkavokNetworking/Models/APIError.swift /Users/admin/builder/spi-builder-workspace/Sources/SkavokNetworking/Models/Request.swift /Users/admin/builder/spi-builder-workspace/Sources/SkavokNetworking/Models/Response.swift -target arm64-apple-watchos9.0 -load-resolved-plugin /Applications/Xcode-26.3.0.app/Contents/Developer/Platforms/WatchOS.platform/Developer/usr/lib/swift/host/plugins/libFoundationMacros.dylib\#/Applications/Xcode-26.3.0.app/Contents/Developer/Platforms/WatchOS.platform/Developer/usr/bin/swift-plugin-server\#FoundationMacros -load-resolved-plugin /Applications/Xcode-26.3.0.app/Contents/Developer/Platforms/WatchOS.platform/Developer/usr/lib/swift/host/plugins/libObservationMacros.dylib\#/Applications/Xcode-26.3.0.app/Contents/Developer/Platforms/WatchOS.platform/Developer/usr/bin/swift-plugin-server\#ObservationMacros -load-resolved-plugin /Applications/Xcode-26.3.0.app/Contents/Developer/Platforms/WatchOS.platform/Developer/usr/lib/swift/host/plugins/libSwiftMacros.dylib\#/Applications/Xcode-26.3.0.app/Contents/Developer/Platforms/WatchOS.platform/Developer/usr/bin/swift-plugin-server\#SwiftMacros -disable-implicit-swift-modules -Xcc -fno-implicit-modules -Xcc -fno-implicit-module-maps -explicit-swift-module-map-file /Users/admin/builder/spi-builder-workspace/.derivedData/Build/Intermediates.noindex/SkavokNetworking.build/Debug-watchos/SkavokNetworking.build/Objects-normal/arm64/SkavokNetworking-dependencies-2.json -Xllvm -aarch64-use-tbi -enable-objc-interop -stack-check -sdk /Applications/Xcode-26.3.0.app/Contents/Developer/Platforms/WatchOS.platform/Developer/SDKs/WatchOS26.2.sdk -I /Users/admin/builder/spi-builder-workspace/.derivedData/Build/Products/Debug-watchos -Isystem /Applications/Xcode-26.3.0.app/Contents/Developer/Platforms/WatchOS.platform/Developer/usr/lib -F /Users/admin/builder/spi-builder-workspace/.derivedData/Build/Products/Debug-watchos -F /Applications/Xcode-26.3.0.app/Contents/Developer/Platforms/WatchOS.platform/Developer/Library/Frameworks -F /Applications/Xcode-26.3.0.app/Contents/Developer/Platforms/WatchOS.platform/Developer/SDKs/WatchOS26.2.sdk/Developer/Library/Frameworks -no-color-diagnostics -Xcc -fno-color-diagnostics -enable-testing -g -debug-info-format\=dwarf -dwarf-version\=4 -module-cache-path /Users/admin/builder/spi-builder-workspace/.derivedData/Build/Intermediates.noindex/SwiftExplicitPrecompiledModules -profile-generate -profile-coverage-mapping -swift-version 6 -enforce-exclusivity\=checked -Onone -D SWIFT_PACKAGE -D DEBUG -D SWIFT_MODULE_RESOURCE_BUNDLE_UNAVAILABLE -D Xcode -serialize-debugging-options -const-gather-protocols-file /Users/admin/builder/spi-builder-workspace/.derivedData/Build/Intermediates.noindex/SkavokNetworking.build/Debug-watchos/SkavokNetworking.build/Objects-normal/arm64/SkavokNetworking_const_extract_protocols.json -enable-experimental-feature DebugDescriptionMacro -empty-abi-descriptor -validate-clang-modules-once -clang-build-session-file /Users/admin/builder/spi-builder-workspace/.derivedData/ModuleCache.noindex/Session.modulevalidation -Xcc -working-directory -Xcc /Users/admin/builder/spi-builder-workspace/.swiftpm/xcode -enable-anonymous-context-mangled-names -file-compilation-dir /Users/admin/builder/spi-builder-workspace/.swiftpm/xcode -Xcc -D_LIBCPP_HARDENING_MODE\=_LIBCPP_HARDENING_MODE_DEBUG -Xcc -ivfsstatcache -Xcc /Users/admin/builder/spi-builder-workspace/.derivedData/SDKStatCaches.noindex/watchos26.2-23S303-dc75598d0054f22ec865fa860f139d721753b489057de6bda919edfa1c59a62b.sdkstatcache -Xcc -I/Users/admin/builder/spi-builder-workspace/.derivedData/Build/Intermediates.noindex/SkavokNetworking.build/Debug-watchos/SkavokNetworking.build/swift-overrides.hmap -Xcc -I/Users/admin/builder/spi-builder-workspace/.derivedData/Build/Products/Debug-watchos/include -Xcc -I/Users/admin/builder/spi-builder-workspace/.derivedData/Build/Intermediates.noindex/SkavokNetworking.build/Debug-watchos/SkavokNetworking.build/DerivedSources-normal/arm64 -Xcc -I/Users/admin/builder/spi-builder-workspace/.derivedData/Build/Intermediates.noindex/SkavokNetworking.build/Debug-watchos/SkavokNetworking.build/DerivedSources/arm64 -Xcc -I/Users/admin/builder/spi-builder-workspace/.derivedData/Build/Intermediates.noindex/SkavokNetworking.build/Debug-watchos/SkavokNetworking.build/DerivedSources -Xcc -DSWIFT_PACKAGE -Xcc -DDEBUG\=1 -no-auto-bridging-header-chaining -module-name SkavokNetworking -package-name spi_builder_workspace -frontend-parseable-output -disable-clang-spi -target-sdk-version 26.2 -target-sdk-name watchos26.2 -clang-target arm64-apple-watchos26.2 -in-process-plugin-server-path /Applications/Xcode-26.3.0.app/Contents/Developer/Toolchains/XcodeDefault.xctoolchain/usr/lib/swift/host/libSwiftInProcPluginServer.dylib -emit-module-doc-path /Users/admin/builder/spi-builder-workspace/.derivedData/Build/Intermediates.noindex/SkavokNetworking.build/Debug-watchos/SkavokNetworking.build/Objects-normal/arm64/SkavokNetworking.swiftdoc -emit-module-source-info-path /Users/admin/builder/spi-builder-workspace/.derivedData/Build/Intermediates.noindex/SkavokNetworking.build/Debug-watchos/SkavokNetworking.build/Objects-normal/arm64/SkavokNetworking.swiftsourceinfo -emit-objc-header-path /Users/admin/builder/spi-builder-workspace/.derivedData/Build/Intermediates.noindex/SkavokNetworking.build/Debug-watchos/SkavokNetworking.build/Objects-normal/arm64/SkavokNetworking-Swift.h -serialize-diagnostics-path /Users/admin/builder/spi-builder-workspace/.derivedData/Build/Intermediates.noindex/SkavokNetworking.build/Debug-watchos/SkavokNetworking.build/Objects-normal/arm64/SkavokNetworking-primary-emit-module.dia -emit-dependencies-path /Users/admin/builder/spi-builder-workspace/.derivedData/Build/Intermediates.noindex/SkavokNetworking.build/Debug-watchos/SkavokNetworking.build/Objects-normal/arm64/SkavokNetworking-primary-emit-module.d -o /Users/admin/builder/spi-builder-workspace/.derivedData/Build/Intermediates.noindex/SkavokNetworking.build/Debug-watchos/SkavokNetworking.build/Objects-normal/arm64/SkavokNetworking.swiftmodule -emit-abi-descriptor-path /Users/admin/builder/spi-builder-workspace/.derivedData/Build/Intermediates.noindex/SkavokNetworking.build/Debug-watchos/SkavokNetworking.build/Objects-normal/arm64/SkavokNetworking.abi.json
SwiftCompile normal arm64 Compiling\ APIClientDelegate.swift /Users/admin/builder/spi-builder-workspace/Sources/SkavokNetworking/APIClientDelegate.swift (in target 'SkavokNetworking' from project 'SkavokNetworking')
SwiftCompile normal arm64 /Users/admin/builder/spi-builder-workspace/Sources/SkavokNetworking/APIClientDelegate.swift (in target 'SkavokNetworking' from project 'SkavokNetworking')
cd /Users/admin/builder/spi-builder-workspace/.swiftpm/xcode
SwiftCompile normal arm64 Compiling\ APIError.swift /Users/admin/builder/spi-builder-workspace/Sources/SkavokNetworking/Models/APIError.swift (in target 'SkavokNetworking' from project 'SkavokNetworking')
SwiftCompile normal arm64 /Users/admin/builder/spi-builder-workspace/Sources/SkavokNetworking/Models/APIError.swift (in target 'SkavokNetworking' from project 'SkavokNetworking')
cd /Users/admin/builder/spi-builder-workspace/.swiftpm/xcode
SwiftCompile normal arm64 Compiling\ DataLoader.swift /Users/admin/builder/spi-builder-workspace/Sources/SkavokNetworking/DataLoader.swift (in target 'SkavokNetworking' from project 'SkavokNetworking')
SwiftCompile normal arm64 /Users/admin/builder/spi-builder-workspace/Sources/SkavokNetworking/DataLoader.swift (in target 'SkavokNetworking' from project 'SkavokNetworking')
cd /Users/admin/builder/spi-builder-workspace/.swiftpm/xcode
SwiftCompile normal arm64 Compiling\ APIClient.swift /Users/admin/builder/spi-builder-workspace/Sources/SkavokNetworking/APIClient.swift (in target 'SkavokNetworking' from project 'SkavokNetworking')
SwiftCompile normal arm64 /Users/admin/builder/spi-builder-workspace/Sources/SkavokNetworking/APIClient.swift (in target 'SkavokNetworking' from project 'SkavokNetworking')
cd /Users/admin/builder/spi-builder-workspace/.swiftpm/xcode
SwiftCompile normal arm64 Compiling\ Request.swift /Users/admin/builder/spi-builder-workspace/Sources/SkavokNetworking/Models/Request.swift (in target 'SkavokNetworking' from project 'SkavokNetworking')
SwiftCompile normal arm64 /Users/admin/builder/spi-builder-workspace/Sources/SkavokNetworking/Models/Request.swift (in target 'SkavokNetworking' from project 'SkavokNetworking')
cd /Users/admin/builder/spi-builder-workspace/.swiftpm/xcode
SwiftCompile normal arm64 Compiling\ APIClientProtocol.swift /Users/admin/builder/spi-builder-workspace/Sources/SkavokNetworking/APIClientProtocol.swift (in target 'SkavokNetworking' from project 'SkavokNetworking')
SwiftCompile normal arm64 /Users/admin/builder/spi-builder-workspace/Sources/SkavokNetworking/APIClientProtocol.swift (in target 'SkavokNetworking' from project 'SkavokNetworking')
cd /Users/admin/builder/spi-builder-workspace/.swiftpm/xcode
SwiftCompile normal arm64 Compiling\ Response.swift /Users/admin/builder/spi-builder-workspace/Sources/SkavokNetworking/Models/Response.swift (in target 'SkavokNetworking' from project 'SkavokNetworking')
SwiftCompile normal arm64 /Users/admin/builder/spi-builder-workspace/Sources/SkavokNetworking/Models/Response.swift (in target 'SkavokNetworking' from project 'SkavokNetworking')
cd /Users/admin/builder/spi-builder-workspace/.swiftpm/xcode
SwiftEmitModule normal arm64_32 Emitting\ module\ for\ SkavokNetworking (in target 'SkavokNetworking' from project 'SkavokNetworking')
EmitSwiftModule normal arm64_32 (in target 'SkavokNetworking' from project 'SkavokNetworking')
cd /Users/admin/builder/spi-builder-workspace/.swiftpm/xcode
SwiftCompile normal arm64_32 Compiling\ APIClientDelegate.swift /Users/admin/builder/spi-builder-workspace/Sources/SkavokNetworking/APIClientDelegate.swift (in target 'SkavokNetworking' from project 'SkavokNetworking')
SwiftCompile normal arm64_32 /Users/admin/builder/spi-builder-workspace/Sources/SkavokNetworking/APIClientDelegate.swift (in target 'SkavokNetworking' from project 'SkavokNetworking')
cd /Users/admin/builder/spi-builder-workspace/.swiftpm/xcode
SwiftCompile normal arm64_32 Compiling\ Request.swift /Users/admin/builder/spi-builder-workspace/Sources/SkavokNetworking/Models/Request.swift (in target 'SkavokNetworking' from project 'SkavokNetworking')
2026-09-03 11:26:57.301 xcodebuild[675:4261] [MT] IDERunDestination: Supported platforms for the buildables in the current scheme is empty.
** BUILD FAILED **
The following build commands failed:
EmitSwiftModule normal arm64 (in target 'SkavokNetworking' from project 'SkavokNetworking')
SwiftEmitModule normal arm64 Emitting\ module\ for\ SkavokNetworking (in target 'SkavokNetworking' from project 'SkavokNetworking')
Building workspace spi-builder-workspace with scheme SkavokNetworking
(3 failures)
Command line invocation:
/Applications/Xcode-26.3.0.app/Contents/Developer/usr/bin/xcodebuild -IDEClonedSourcePackagesDirPathOverride=/Users/admin/builder/spi-builder-workspace/.dependencies -resolvePackageDependencies
Resolve Package Graph
Resolved source packages:
SkavokNetworking: /Users/admin/builder/spi-builder-workspace
resolved source packages: SkavokNetworking
2026-09-03 11:27:02.881 xcodebuild[749:4579] [MT] IDERunDestination: Supported platforms for the buildables in the current scheme is empty.
{
"dependencies" : [
],
"manifest_display_name" : "SkavokNetworking",
"name" : "SkavokNetworking",
"path" : "/Users/admin/builder/spi-builder-workspace",
"platforms" : [
{
"name" : "ios",
"version" : "16.0"
},
{
"name" : "macos",
"version" : "12.0"
}
],
"products" : [
{
"name" : "SkavokNetworking",
"targets" : [
"SkavokNetworking"
],
"type" : {
"library" : [
"automatic"
]
}
}
],
"swift_languages_versions" : [
"6"
],
"targets" : [
{
"c99name" : "SkavokNetworkingTests",
"module_type" : "SwiftTarget",
"name" : "SkavokNetworkingTests",
"path" : "Tests/SkavokNetworkingTests",
"sources" : [
"APIClientTests.swift",
"MockURLProtocol.swift"
],
"target_dependencies" : [
"SkavokNetworking"
],
"type" : "test"
},
{
"c99name" : "SkavokNetworking",
"module_type" : "SwiftTarget",
"name" : "SkavokNetworking",
"path" : "Sources/SkavokNetworking",
"product_memberships" : [
"SkavokNetworking"
],
"sources" : [
"APIClient.swift",
"APIClientDelegate.swift",
"APIClientProtocol.swift",
"DataLoader.swift",
"Models/APIError.swift",
"Models/Request.swift",
"Models/Response.swift"
],
"type" : "library"
}
],
"tools_version" : "6.0"
}
{
"workspace" : {
"name" : "spi-builder-workspace",
"schemes" : [
"SkavokNetworking"
]
}
}
2026-09-03 11:27:03.975 xcodebuild[757:4650] [MT] IDERunDestination: Supported platforms for the buildables in the current scheme is empty.
Running build ...
env DEVELOPER_DIR=/Applications/Xcode-26.3.0.app xcrun xcodebuild -IDEClonedSourcePackagesDirPathOverride=$PWD/.dependencies -skipMacroValidation -skipPackagePluginValidation -derivedDataPath $PWD/.derivedData build -scheme SkavokNetworking -destination generic/platform=watchOS
Command line invocation:
/Applications/Xcode-26.3.0.app/Contents/Developer/usr/bin/xcodebuild -IDEClonedSourcePackagesDirPathOverride=/Users/admin/builder/spi-builder-workspace/.dependencies -skipMacroValidation -skipPackagePluginValidation -derivedDataPath /Users/admin/builder/spi-builder-workspace/.derivedData build -scheme SkavokNetworking -destination generic/platform=watchOS
Resolve Package Graph
Resolved source packages:
SkavokNetworking: /Users/admin/builder/spi-builder-workspace
ComputePackagePrebuildTargetDependencyGraph
Prepare packages
CreateBuildRequest
SendProjectDescription
CreateBuildOperation
ComputeTargetDependencyGraph
note: Building targets in dependency order
note: Target dependency graph (2 targets)
Target 'SkavokNetworking' in project 'SkavokNetworking'
➜ Explicit dependency on target 'SkavokNetworking' in project 'SkavokNetworking'
Target 'SkavokNetworking' in project 'SkavokNetworking' (no dependencies)
GatherProvisioningInputs
CreateBuildDescription
ClangStatCache /Applications/Xcode-26.3.0.app/Contents/Developer/Toolchains/XcodeDefault.xctoolchain/usr/bin/clang-stat-cache /Applications/Xcode-26.3.0.app/Contents/Developer/Platforms/WatchOS.platform/Developer/SDKs/WatchOS26.2.sdk /Users/admin/builder/spi-builder-workspace/.derivedData/SDKStatCaches.noindex/watchos26.2-23S303-dc75598d0054f22ec865fa860f139d721753b489057de6bda919edfa1c59a62b.sdkstatcache
cd /Users/admin/builder/spi-builder-workspace/.swiftpm/xcode
/Applications/Xcode-26.3.0.app/Contents/Developer/Toolchains/XcodeDefault.xctoolchain/usr/bin/clang-stat-cache /Applications/Xcode-26.3.0.app/Contents/Developer/Platforms/WatchOS.platform/Developer/SDKs/WatchOS26.2.sdk -o /Users/admin/builder/spi-builder-workspace/.derivedData/SDKStatCaches.noindex/watchos26.2-23S303-dc75598d0054f22ec865fa860f139d721753b489057de6bda919edfa1c59a62b.sdkstatcache
SwiftDriver SkavokNetworking normal arm64_32 com.apple.xcode.tools.swift.compiler (in target 'SkavokNetworking' from project 'SkavokNetworking')
cd /Users/admin/builder/spi-builder-workspace/.swiftpm/xcode
builtin-SwiftDriver -- /Applications/Xcode-26.3.0.app/Contents/Developer/Toolchains/XcodeDefault.xctoolchain/usr/bin/swiftc -module-name SkavokNetworking -Onone -enforce-exclusivity\=checked @/Users/admin/builder/spi-builder-workspace/.derivedData/Build/Intermediates.noindex/SkavokNetworking.build/Debug-watchos/SkavokNetworking.build/Objects-normal/arm64_32/SkavokNetworking.SwiftFileList -DSWIFT_PACKAGE -DDEBUG -DSWIFT_MODULE_RESOURCE_BUNDLE_UNAVAILABLE -DXcode -plugin-path /Applications/Xcode-26.3.0.app/Contents/Developer/Toolchains/XcodeDefault.xctoolchain/usr/lib/swift/host/plugins/testing -enable-experimental-feature DebugDescriptionMacro -sdk /Applications/Xcode-26.3.0.app/Contents/Developer/Platforms/WatchOS.platform/Developer/SDKs/WatchOS26.2.sdk -target arm64_32-apple-watchos9.0 -g -module-cache-path /Users/admin/builder/spi-builder-workspace/.derivedData/ModuleCache.noindex -Xfrontend -serialize-debugging-options -profile-coverage-mapping -profile-generate -enable-testing -index-store-path /Users/admin/builder/spi-builder-workspace/.derivedData/Index.noindex/DataStore -Xcc -D_LIBCPP_HARDENING_MODE\=_LIBCPP_HARDENING_MODE_DEBUG -swift-version 6 -I /Users/admin/builder/spi-builder-workspace/.derivedData/Build/Products/Debug-watchos -Isystem /Applications/Xcode-26.3.0.app/Contents/Developer/Platforms/WatchOS.platform/Developer/usr/lib -F /Users/admin/builder/spi-builder-workspace/.derivedData/Build/Products/Debug-watchos -F /Applications/Xcode-26.3.0.app/Contents/Developer/Platforms/WatchOS.platform/Developer/Library/Frameworks -F /Applications/Xcode-26.3.0.app/Contents/Developer/Platforms/WatchOS.platform/Developer/SDKs/WatchOS26.2.sdk/Developer/Library/Frameworks -c -j10 -enable-batch-mode -incremental -Xcc -ivfsstatcache -Xcc /Users/admin/builder/spi-builder-workspace/.derivedData/SDKStatCaches.noindex/watchos26.2-23S303-dc75598d0054f22ec865fa860f139d721753b489057de6bda919edfa1c59a62b.sdkstatcache -output-file-map /Users/admin/builder/spi-builder-workspace/.derivedData/Build/Intermediates.noindex/SkavokNetworking.build/Debug-watchos/SkavokNetworking.build/Objects-normal/arm64_32/SkavokNetworking-OutputFileMap.json -use-frontend-parseable-output -save-temps -no-color-diagnostics -explicit-module-build -module-cache-path /Users/admin/builder/spi-builder-workspace/.derivedData/Build/Intermediates.noindex/SwiftExplicitPrecompiledModules -clang-scanner-module-cache-path /Users/admin/builder/spi-builder-workspace/.derivedData/ModuleCache.noindex -sdk-module-cache-path /Users/admin/builder/spi-builder-workspace/.derivedData/ModuleCache.noindex -serialize-diagnostics -emit-dependencies -emit-module -emit-module-path /Users/admin/builder/spi-builder-workspace/.derivedData/Build/Intermediates.noindex/SkavokNetworking.build/Debug-watchos/SkavokNetworking.build/Objects-normal/arm64_32/SkavokNetworking.swiftmodule -validate-clang-modules-once -clang-build-session-file /Users/admin/builder/spi-builder-workspace/.derivedData/ModuleCache.noindex/Session.modulevalidation -package-name spi_builder_workspace -Xcc -I/Users/admin/builder/spi-builder-workspace/.derivedData/Build/Intermediates.noindex/SkavokNetworking.build/Debug-watchos/SkavokNetworking.build/swift-overrides.hmap -emit-const-values -Xfrontend -const-gather-protocols-file -Xfrontend /Users/admin/builder/spi-builder-workspace/.derivedData/Build/Intermediates.noindex/SkavokNetworking.build/Debug-watchos/SkavokNetworking.build/Objects-normal/arm64_32/SkavokNetworking_const_extract_protocols.json -Xcc -I/Users/admin/builder/spi-builder-workspace/.derivedData/Build/Products/Debug-watchos/include -Xcc -I/Users/admin/builder/spi-builder-workspace/.derivedData/Build/Intermediates.noindex/SkavokNetworking.build/Debug-watchos/SkavokNetworking.build/DerivedSources-normal/arm64_32 -Xcc -I/Users/admin/builder/spi-builder-workspace/.derivedData/Build/Intermediates.noindex/SkavokNetworking.build/Debug-watchos/SkavokNetworking.build/DerivedSources/arm64_32 -Xcc -I/Users/admin/builder/spi-builder-workspace/.derivedData/Build/Intermediates.noindex/SkavokNetworking.build/Debug-watchos/SkavokNetworking.build/DerivedSources -Xcc -DSWIFT_PACKAGE -Xcc -DDEBUG\=1 -emit-objc-header -emit-objc-header-path /Users/admin/builder/spi-builder-workspace/.derivedData/Build/Intermediates.noindex/SkavokNetworking.build/Debug-watchos/SkavokNetworking.build/Objects-normal/arm64_32/SkavokNetworking-Swift.h -working-directory /Users/admin/builder/spi-builder-workspace/.swiftpm/xcode -experimental-emit-module-separately -disable-cmo
SwiftDriver SkavokNetworking normal arm64 com.apple.xcode.tools.swift.compiler (in target 'SkavokNetworking' from project 'SkavokNetworking')
cd /Users/admin/builder/spi-builder-workspace/.swiftpm/xcode
builtin-SwiftDriver -- /Applications/Xcode-26.3.0.app/Contents/Developer/Toolchains/XcodeDefault.xctoolchain/usr/bin/swiftc -module-name SkavokNetworking -Onone -enforce-exclusivity\=checked @/Users/admin/builder/spi-builder-workspace/.derivedData/Build/Intermediates.noindex/SkavokNetworking.build/Debug-watchos/SkavokNetworking.build/Objects-normal/arm64/SkavokNetworking.SwiftFileList -DSWIFT_PACKAGE -DDEBUG -DSWIFT_MODULE_RESOURCE_BUNDLE_UNAVAILABLE -DXcode -plugin-path /Applications/Xcode-26.3.0.app/Contents/Developer/Toolchains/XcodeDefault.xctoolchain/usr/lib/swift/host/plugins/testing -enable-experimental-feature DebugDescriptionMacro -sdk /Applications/Xcode-26.3.0.app/Contents/Developer/Platforms/WatchOS.platform/Developer/SDKs/WatchOS26.2.sdk -target arm64-apple-watchos9.0 -g -module-cache-path /Users/admin/builder/spi-builder-workspace/.derivedData/ModuleCache.noindex -Xfrontend -serialize-debugging-options -profile-coverage-mapping -profile-generate -enable-testing -index-store-path /Users/admin/builder/spi-builder-workspace/.derivedData/Index.noindex/DataStore -Xcc -D_LIBCPP_HARDENING_MODE\=_LIBCPP_HARDENING_MODE_DEBUG -swift-version 6 -I /Users/admin/builder/spi-builder-workspace/.derivedData/Build/Products/Debug-watchos -Isystem /Applications/Xcode-26.3.0.app/Contents/Developer/Platforms/WatchOS.platform/Developer/usr/lib -F /Users/admin/builder/spi-builder-workspace/.derivedData/Build/Products/Debug-watchos -F /Applications/Xcode-26.3.0.app/Contents/Developer/Platforms/WatchOS.platform/Developer/Library/Frameworks -F /Applications/Xcode-26.3.0.app/Contents/Developer/Platforms/WatchOS.platform/Developer/SDKs/WatchOS26.2.sdk/Developer/Library/Frameworks -c -j10 -enable-batch-mode -incremental -Xcc -ivfsstatcache -Xcc /Users/admin/builder/spi-builder-workspace/.derivedData/SDKStatCaches.noindex/watchos26.2-23S303-dc75598d0054f22ec865fa860f139d721753b489057de6bda919edfa1c59a62b.sdkstatcache -output-file-map /Users/admin/builder/spi-builder-workspace/.derivedData/Build/Intermediates.noindex/SkavokNetworking.build/Debug-watchos/SkavokNetworking.build/Objects-normal/arm64/SkavokNetworking-OutputFileMap.json -use-frontend-parseable-output -save-temps -no-color-diagnostics -explicit-module-build -module-cache-path /Users/admin/builder/spi-builder-workspace/.derivedData/Build/Intermediates.noindex/SwiftExplicitPrecompiledModules -clang-scanner-module-cache-path /Users/admin/builder/spi-builder-workspace/.derivedData/ModuleCache.noindex -sdk-module-cache-path /Users/admin/builder/spi-builder-workspace/.derivedData/ModuleCache.noindex -serialize-diagnostics -emit-dependencies -emit-module -emit-module-path /Users/admin/builder/spi-builder-workspace/.derivedData/Build/Intermediates.noindex/SkavokNetworking.build/Debug-watchos/SkavokNetworking.build/Objects-normal/arm64/SkavokNetworking.swiftmodule -validate-clang-modules-once -clang-build-session-file /Users/admin/builder/spi-builder-workspace/.derivedData/ModuleCache.noindex/Session.modulevalidation -package-name spi_builder_workspace -Xcc -I/Users/admin/builder/spi-builder-workspace/.derivedData/Build/Intermediates.noindex/SkavokNetworking.build/Debug-watchos/SkavokNetworking.build/swift-overrides.hmap -emit-const-values -Xfrontend -const-gather-protocols-file -Xfrontend /Users/admin/builder/spi-builder-workspace/.derivedData/Build/Intermediates.noindex/SkavokNetworking.build/Debug-watchos/SkavokNetworking.build/Objects-normal/arm64/SkavokNetworking_const_extract_protocols.json -Xcc -I/Users/admin/builder/spi-builder-workspace/.derivedData/Build/Products/Debug-watchos/include -Xcc -I/Users/admin/builder/spi-builder-workspace/.derivedData/Build/Intermediates.noindex/SkavokNetworking.build/Debug-watchos/SkavokNetworking.build/DerivedSources-normal/arm64 -Xcc -I/Users/admin/builder/spi-builder-workspace/.derivedData/Build/Intermediates.noindex/SkavokNetworking.build/Debug-watchos/SkavokNetworking.build/DerivedSources/arm64 -Xcc -I/Users/admin/builder/spi-builder-workspace/.derivedData/Build/Intermediates.noindex/SkavokNetworking.build/Debug-watchos/SkavokNetworking.build/DerivedSources -Xcc -DSWIFT_PACKAGE -Xcc -DDEBUG\=1 -emit-objc-header -emit-objc-header-path /Users/admin/builder/spi-builder-workspace/.derivedData/Build/Intermediates.noindex/SkavokNetworking.build/Debug-watchos/SkavokNetworking.build/Objects-normal/arm64/SkavokNetworking-Swift.h -working-directory /Users/admin/builder/spi-builder-workspace/.swiftpm/xcode -experimental-emit-module-separately -disable-cmo
SwiftEmitModule normal arm64_32 Emitting\ module\ for\ SkavokNetworking (in target 'SkavokNetworking' from project 'SkavokNetworking')
EmitSwiftModule normal arm64_32 (in target 'SkavokNetworking' from project 'SkavokNetworking')
cd /Users/admin/builder/spi-builder-workspace/.swiftpm/xcode
/Users/admin/builder/spi-builder-workspace/Sources/SkavokNetworking/APIClient.swift:116:36: error: non-Sendable parameter type '((inout URLRequest) throws -> Void)?' cannot be sent from caller of protocol requirement 'send(_:delegate:configure:)' into actor-isolated implementation
@discardableResult public func send<T: Decodable & Sendable>(
^
/Users/admin/builder/spi-builder-workspace/Sources/SkavokNetworking/APIClientProtocol.swift:4:10: note: a function type must be marked '@Sendable' to conform to 'Sendable'
func send<T: Decodable & Sendable>(
^
/Users/admin/builder/spi-builder-workspace/Sources/SkavokNetworking/APIClient.swift:133:36: error: non-Sendable parameter type '((inout URLRequest) throws -> Void)?' cannot be sent from caller of protocol requirement 'send(_:delegate:configure:)' into actor-isolated implementation
@discardableResult public func send(
^
/Users/admin/builder/spi-builder-workspace/Sources/SkavokNetworking/APIClientProtocol.swift:10:10: note: a function type must be marked '@Sendable' to conform to 'Sendable'
func send(
^
/Users/admin/builder/spi-builder-workspace/Sources/SkavokNetworking/APIClient.swift:150:17: error: non-Sendable parameter type '((inout URLRequest) throws -> Void)?' cannot be sent from caller of protocol requirement 'data(for:delegate:configure:)' into actor-isolated implementation
public func data<T>(
^
/Users/admin/builder/spi-builder-workspace/Sources/SkavokNetworking/APIClientProtocol.swift:16:10: note: a function type must be marked '@Sendable' to conform to 'Sendable'
func data<T>(
^
/Users/admin/builder/spi-builder-workspace/Sources/SkavokNetworking/APIClient.swift:184:17: error: non-Sendable parameter type '((inout URLRequest) throws -> Void)?' cannot be sent from caller of protocol requirement 'download(for:destination:delegate:configure:)' into actor-isolated implementation
public func download(
^
/Users/admin/builder/spi-builder-workspace/Sources/SkavokNetworking/APIClientProtocol.swift:23:10: note: a function type must be marked '@Sendable' to conform to 'Sendable'
func download(
^
/Users/admin/builder/spi-builder-workspace/Sources/SkavokNetworking/APIClient.swift:234:36: error: non-Sendable parameter type '((inout URLRequest) throws -> Void)?' cannot be sent from caller of protocol requirement 'upload(for:fromFile:delegate:configure:)' into actor-isolated implementation
@discardableResult public func upload<T: Decodable & Sendable>(
^
/Users/admin/builder/spi-builder-workspace/Sources/SkavokNetworking/APIClientProtocol.swift:41:10: note: a function type must be marked '@Sendable' to conform to 'Sendable'
func upload<T: Decodable & Sendable>(
^
/Users/admin/builder/spi-builder-workspace/Sources/SkavokNetworking/APIClient.swift:253:36: error: non-Sendable parameter type '((inout URLRequest) throws -> Void)?' cannot be sent from caller of protocol requirement 'upload(for:fromFile:delegate:configure:)' into actor-isolated implementation
@discardableResult public func upload(
^
/Users/admin/builder/spi-builder-workspace/Sources/SkavokNetworking/APIClientProtocol.swift:57:10: note: a function type must be marked '@Sendable' to conform to 'Sendable'
func upload(
^
/Users/admin/builder/spi-builder-workspace/Sources/SkavokNetworking/APIClient.swift:295:36: error: non-Sendable parameter type '((inout URLRequest) throws -> Void)?' cannot be sent from caller of protocol requirement 'upload(for:from:delegate:configure:)' into actor-isolated implementation
@discardableResult public func upload<T: Decodable & Sendable>(
^
/Users/admin/builder/spi-builder-workspace/Sources/SkavokNetworking/APIClientProtocol.swift:75:10: note: a function type must be marked '@Sendable' to conform to 'Sendable'
func upload<T: Decodable & Sendable>(
^
/Users/admin/builder/spi-builder-workspace/Sources/SkavokNetworking/APIClient.swift:314:36: error: non-Sendable parameter type '((inout URLRequest) throws -> Void)?' cannot be sent from caller of protocol requirement 'upload(for:from:delegate:configure:)' into actor-isolated implementation
@discardableResult public func upload(
^
/Users/admin/builder/spi-builder-workspace/Sources/SkavokNetworking/APIClientProtocol.swift:91:10: note: a function type must be marked '@Sendable' to conform to 'Sendable'
func upload(
^
Failed frontend command:
/Applications/Xcode-26.3.0.app/Contents/Developer/Toolchains/XcodeDefault.xctoolchain/usr/bin/swift-frontend -frontend -emit-module -experimental-skip-non-inlinable-function-bodies-without-types /Users/admin/builder/spi-builder-workspace/Sources/SkavokNetworking/APIClient.swift /Users/admin/builder/spi-builder-workspace/Sources/SkavokNetworking/APIClientDelegate.swift /Users/admin/builder/spi-builder-workspace/Sources/SkavokNetworking/APIClientProtocol.swift /Users/admin/builder/spi-builder-workspace/Sources/SkavokNetworking/DataLoader.swift /Users/admin/builder/spi-builder-workspace/Sources/SkavokNetworking/Models/APIError.swift /Users/admin/builder/spi-builder-workspace/Sources/SkavokNetworking/Models/Request.swift /Users/admin/builder/spi-builder-workspace/Sources/SkavokNetworking/Models/Response.swift -target arm64_32-apple-watchos9.0 -load-resolved-plugin /Applications/Xcode-26.3.0.app/Contents/Developer/Platforms/WatchOS.platform/Developer/usr/lib/swift/host/plugins/libFoundationMacros.dylib\#/Applications/Xcode-26.3.0.app/Contents/Developer/Platforms/WatchOS.platform/Developer/usr/bin/swift-plugin-server\#FoundationMacros -load-resolved-plugin /Applications/Xcode-26.3.0.app/Contents/Developer/Platforms/WatchOS.platform/Developer/usr/lib/swift/host/plugins/libObservationMacros.dylib\#/Applications/Xcode-26.3.0.app/Contents/Developer/Platforms/WatchOS.platform/Developer/usr/bin/swift-plugin-server\#ObservationMacros -load-resolved-plugin /Applications/Xcode-26.3.0.app/Contents/Developer/Platforms/WatchOS.platform/Developer/usr/lib/swift/host/plugins/libSwiftMacros.dylib\#/Applications/Xcode-26.3.0.app/Contents/Developer/Platforms/WatchOS.platform/Developer/usr/bin/swift-plugin-server\#SwiftMacros -disable-implicit-swift-modules -Xcc -fno-implicit-modules -Xcc -fno-implicit-module-maps -explicit-swift-module-map-file /Users/admin/builder/spi-builder-workspace/.derivedData/Build/Intermediates.noindex/SkavokNetworking.build/Debug-watchos/SkavokNetworking.build/Objects-normal/arm64_32/SkavokNetworking-dependencies-1.json -enable-objc-interop -sdk /Applications/Xcode-26.3.0.app/Contents/Developer/Platforms/WatchOS.platform/Developer/SDKs/WatchOS26.2.sdk -I /Users/admin/builder/spi-builder-workspace/.derivedData/Build/Products/Debug-watchos -Isystem /Applications/Xcode-26.3.0.app/Contents/Developer/Platforms/WatchOS.platform/Developer/usr/lib -F /Users/admin/builder/spi-builder-workspace/.derivedData/Build/Products/Debug-watchos -F /Applications/Xcode-26.3.0.app/Contents/Developer/Platforms/WatchOS.platform/Developer/Library/Frameworks -F /Applications/Xcode-26.3.0.app/Contents/Developer/Platforms/WatchOS.platform/Developer/SDKs/WatchOS26.2.sdk/Developer/Library/Frameworks -no-color-diagnostics -Xcc -fno-color-diagnostics -enable-testing -g -debug-info-format\=dwarf -dwarf-version\=4 -module-cache-path /Users/admin/builder/spi-builder-workspace/.derivedData/Build/Intermediates.noindex/SwiftExplicitPrecompiledModules -profile-generate -profile-coverage-mapping -swift-version 6 -enforce-exclusivity\=checked -Onone -D SWIFT_PACKAGE -D DEBUG -D SWIFT_MODULE_RESOURCE_BUNDLE_UNAVAILABLE -D Xcode -serialize-debugging-options -const-gather-protocols-file /Users/admin/builder/spi-builder-workspace/.derivedData/Build/Intermediates.noindex/SkavokNetworking.build/Debug-watchos/SkavokNetworking.build/Objects-normal/arm64_32/SkavokNetworking_const_extract_protocols.json -enable-experimental-feature DebugDescriptionMacro -empty-abi-descriptor -validate-clang-modules-once -clang-build-session-file /Users/admin/builder/spi-builder-workspace/.derivedData/ModuleCache.noindex/Session.modulevalidation -Xcc -working-directory -Xcc /Users/admin/builder/spi-builder-workspace/.swiftpm/xcode -enable-anonymous-context-mangled-names -file-compilation-dir /Users/admin/builder/spi-builder-workspace/.swiftpm/xcode -Xcc -D_LIBCPP_HARDENING_MODE\=_LIBCPP_HARDENING_MODE_DEBUG -Xcc -ivfsstatcache -Xcc /Users/admin/builder/spi-builder-workspace/.derivedData/SDKStatCaches.noindex/watchos26.2-23S303-dc75598d0054f22ec865fa860f139d721753b489057de6bda919edfa1c59a62b.sdkstatcache -Xcc -I/Users/admin/builder/spi-builder-workspace/.derivedData/Build/Intermediates.noindex/SkavokNetworking.build/Debug-watchos/SkavokNetworking.build/swift-overrides.hmap -Xcc -I/Users/admin/builder/spi-builder-workspace/.derivedData/Build/Products/Debug-watchos/include -Xcc -I/Users/admin/builder/spi-builder-workspace/.derivedData/Build/Intermediates.noindex/SkavokNetworking.build/Debug-watchos/SkavokNetworking.build/DerivedSources-normal/arm64_32 -Xcc -I/Users/admin/builder/spi-builder-workspace/.derivedData/Build/Intermediates.noindex/SkavokNetworking.build/Debug-watchos/SkavokNetworking.build/DerivedSources/arm64_32 -Xcc -I/Users/admin/builder/spi-builder-workspace/.derivedData/Build/Intermediates.noindex/SkavokNetworking.build/Debug-watchos/SkavokNetworking.build/DerivedSources -Xcc -DSWIFT_PACKAGE -Xcc -DDEBUG\=1 -no-auto-bridging-header-chaining -module-name SkavokNetworking -package-name spi_builder_workspace -frontend-parseable-output -disable-clang-spi -target-sdk-version 26.2 -target-sdk-name watchos26.2 -clang-target arm64_32-apple-watchos26.2 -in-process-plugin-server-path /Applications/Xcode-26.3.0.app/Contents/Developer/Toolchains/XcodeDefault.xctoolchain/usr/lib/swift/host/libSwiftInProcPluginServer.dylib -emit-module-doc-path /Users/admin/builder/spi-builder-workspace/.derivedData/Build/Intermediates.noindex/SkavokNetworking.build/Debug-watchos/SkavokNetworking.build/Objects-normal/arm64_32/SkavokNetworking.swiftdoc -emit-module-source-info-path /Users/admin/builder/spi-builder-workspace/.derivedData/Build/Intermediates.noindex/SkavokNetworking.build/Debug-watchos/SkavokNetworking.build/Objects-normal/arm64_32/SkavokNetworking.swiftsourceinfo -emit-objc-header-path /Users/admin/builder/spi-builder-workspace/.derivedData/Build/Intermediates.noindex/SkavokNetworking.build/Debug-watchos/SkavokNetworking.build/Objects-normal/arm64_32/SkavokNetworking-Swift.h -serialize-diagnostics-path /Users/admin/builder/spi-builder-workspace/.derivedData/Build/Intermediates.noindex/SkavokNetworking.build/Debug-watchos/SkavokNetworking.build/Objects-normal/arm64_32/SkavokNetworking-primary-emit-module.dia -emit-dependencies-path /Users/admin/builder/spi-builder-workspace/.derivedData/Build/Intermediates.noindex/SkavokNetworking.build/Debug-watchos/SkavokNetworking.build/Objects-normal/arm64_32/SkavokNetworking-primary-emit-module.d -o /Users/admin/builder/spi-builder-workspace/.derivedData/Build/Intermediates.noindex/SkavokNetworking.build/Debug-watchos/SkavokNetworking.build/Objects-normal/arm64_32/SkavokNetworking.swiftmodule -emit-abi-descriptor-path /Users/admin/builder/spi-builder-workspace/.derivedData/Build/Intermediates.noindex/SkavokNetworking.build/Debug-watchos/SkavokNetworking.build/Objects-normal/arm64_32/SkavokNetworking.abi.json
SwiftCompile normal arm64_32 Compiling\ DataLoader.swift /Users/admin/builder/spi-builder-workspace/Sources/SkavokNetworking/DataLoader.swift (in target 'SkavokNetworking' from project 'SkavokNetworking')
SwiftCompile normal arm64_32 /Users/admin/builder/spi-builder-workspace/Sources/SkavokNetworking/DataLoader.swift (in target 'SkavokNetworking' from project 'SkavokNetworking')
cd /Users/admin/builder/spi-builder-workspace/.swiftpm/xcode
SwiftCompile normal arm64_32 Compiling\ Response.swift /Users/admin/builder/spi-builder-workspace/Sources/SkavokNetworking/Models/Response.swift (in target 'SkavokNetworking' from project 'SkavokNetworking')
SwiftCompile normal arm64_32 /Users/admin/builder/spi-builder-workspace/Sources/SkavokNetworking/Models/Response.swift (in target 'SkavokNetworking' from project 'SkavokNetworking')
cd /Users/admin/builder/spi-builder-workspace/.swiftpm/xcode
SwiftCompile normal arm64_32 Compiling\ APIClient.swift /Users/admin/builder/spi-builder-workspace/Sources/SkavokNetworking/APIClient.swift (in target 'SkavokNetworking' from project 'SkavokNetworking')
SwiftCompile normal arm64_32 /Users/admin/builder/spi-builder-workspace/Sources/SkavokNetworking/APIClient.swift (in target 'SkavokNetworking' from project 'SkavokNetworking')
cd /Users/admin/builder/spi-builder-workspace/.swiftpm/xcode
SwiftCompile normal arm64_32 Compiling\ APIClientDelegate.swift /Users/admin/builder/spi-builder-workspace/Sources/SkavokNetworking/APIClientDelegate.swift (in target 'SkavokNetworking' from project 'SkavokNetworking')
SwiftCompile normal arm64_32 /Users/admin/builder/spi-builder-workspace/Sources/SkavokNetworking/APIClientDelegate.swift (in target 'SkavokNetworking' from project 'SkavokNetworking')
cd /Users/admin/builder/spi-builder-workspace/.swiftpm/xcode
SwiftCompile normal arm64_32 Compiling\ APIError.swift /Users/admin/builder/spi-builder-workspace/Sources/SkavokNetworking/Models/APIError.swift (in target 'SkavokNetworking' from project 'SkavokNetworking')
SwiftCompile normal arm64_32 /Users/admin/builder/spi-builder-workspace/Sources/SkavokNetworking/Models/APIError.swift (in target 'SkavokNetworking' from project 'SkavokNetworking')
cd /Users/admin/builder/spi-builder-workspace/.swiftpm/xcode
SwiftCompile normal arm64_32 Compiling\ Request.swift /Users/admin/builder/spi-builder-workspace/Sources/SkavokNetworking/Models/Request.swift (in target 'SkavokNetworking' from project 'SkavokNetworking')
SwiftCompile normal arm64_32 /Users/admin/builder/spi-builder-workspace/Sources/SkavokNetworking/Models/Request.swift (in target 'SkavokNetworking' from project 'SkavokNetworking')
cd /Users/admin/builder/spi-builder-workspace/.swiftpm/xcode
SwiftCompile normal arm64_32 Compiling\ APIClientProtocol.swift /Users/admin/builder/spi-builder-workspace/Sources/SkavokNetworking/APIClientProtocol.swift (in target 'SkavokNetworking' from project 'SkavokNetworking')
SwiftCompile normal arm64_32 /Users/admin/builder/spi-builder-workspace/Sources/SkavokNetworking/APIClientProtocol.swift (in target 'SkavokNetworking' from project 'SkavokNetworking')
cd /Users/admin/builder/spi-builder-workspace/.swiftpm/xcode
SwiftCompile normal arm64 Compiling\ APIClientDelegate.swift /Users/admin/builder/spi-builder-workspace/Sources/SkavokNetworking/APIClientDelegate.swift (in target 'SkavokNetworking' from project 'SkavokNetworking')
SwiftCompile normal arm64 /Users/admin/builder/spi-builder-workspace/Sources/SkavokNetworking/APIClientDelegate.swift (in target 'SkavokNetworking' from project 'SkavokNetworking')
cd /Users/admin/builder/spi-builder-workspace/.swiftpm/xcode
SwiftEmitModule normal arm64 Emitting\ module\ for\ SkavokNetworking (in target 'SkavokNetworking' from project 'SkavokNetworking')
Failed frontend command:
/Applications/Xcode-26.3.0.app/Contents/Developer/Toolchains/XcodeDefault.xctoolchain/usr/bin/swift-frontend -frontend -emit-module -experimental-skip-non-inlinable-function-bodies-without-types /Users/admin/builder/spi-builder-workspace/Sources/SkavokNetworking/APIClient.swift /Users/admin/builder/spi-builder-workspace/Sources/SkavokNetworking/APIClientDelegate.swift /Users/admin/builder/spi-builder-workspace/Sources/SkavokNetworking/APIClientProtocol.swift /Users/admin/builder/spi-builder-workspace/Sources/SkavokNetworking/DataLoader.swift /Users/admin/builder/spi-builder-workspace/Sources/SkavokNetworking/Models/APIError.swift /Users/admin/builder/spi-builder-workspace/Sources/SkavokNetworking/Models/Request.swift /Users/admin/builder/spi-builder-workspace/Sources/SkavokNetworking/Models/Response.swift -target arm64-apple-watchos9.0 -load-resolved-plugin /Applications/Xcode-26.3.0.app/Contents/Developer/Platforms/WatchOS.platform/Developer/usr/lib/swift/host/plugins/libFoundationMacros.dylib\#/Applications/Xcode-26.3.0.app/Contents/Developer/Platforms/WatchOS.platform/Developer/usr/bin/swift-plugin-server\#FoundationMacros -load-resolved-plugin /Applications/Xcode-26.3.0.app/Contents/Developer/Platforms/WatchOS.platform/Developer/usr/lib/swift/host/plugins/libObservationMacros.dylib\#/Applications/Xcode-26.3.0.app/Contents/Developer/Platforms/WatchOS.platform/Developer/usr/bin/swift-plugin-server\#ObservationMacros -load-resolved-plugin /Applications/Xcode-26.3.0.app/Contents/Developer/Platforms/WatchOS.platform/Developer/usr/lib/swift/host/plugins/libSwiftMacros.dylib\#/Applications/Xcode-26.3.0.app/Contents/Developer/Platforms/WatchOS.platform/Developer/usr/bin/swift-plugin-server\#SwiftMacros -disable-implicit-swift-modules -Xcc -fno-implicit-modules -Xcc -fno-implicit-module-maps -explicit-swift-module-map-file /Users/admin/builder/spi-builder-workspace/.derivedData/Build/Intermediates.noindex/SkavokNetworking.build/Debug-watchos/SkavokNetworking.build/Objects-normal/arm64/SkavokNetworking-dependencies-2.json -Xllvm -aarch64-use-tbi -enable-objc-interop -stack-check -sdk /Applications/Xcode-26.3.0.app/Contents/Developer/Platforms/WatchOS.platform/Developer/SDKs/WatchOS26.2.sdk -I /Users/admin/builder/spi-builder-workspace/.derivedData/Build/Products/Debug-watchos -Isystem /Applications/Xcode-26.3.0.app/Contents/Developer/Platforms/WatchOS.platform/Developer/usr/lib -F /Users/admin/builder/spi-builder-workspace/.derivedData/Build/Products/Debug-watchos -F /Applications/Xcode-26.3.0.app/Contents/Developer/Platforms/WatchOS.platform/Developer/Library/Frameworks -F /Applications/Xcode-26.3.0.app/Contents/Developer/Platforms/WatchOS.platform/Developer/SDKs/WatchOS26.2.sdk/Developer/Library/Frameworks -no-color-diagnostics -Xcc -fno-color-diagnostics -enable-testing -g -debug-info-format\=dwarf -dwarf-version\=4 -module-cache-path /Users/admin/builder/spi-builder-workspace/.derivedData/Build/Intermediates.noindex/SwiftExplicitPrecompiledModules -profile-generate -profile-coverage-mapping -swift-version 6 -enforce-exclusivity\=checked -Onone -D SWIFT_PACKAGE -D DEBUG -D SWIFT_MODULE_RESOURCE_BUNDLE_UNAVAILABLE -D Xcode -serialize-debugging-options -const-gather-protocols-file /Users/admin/builder/spi-builder-workspace/.derivedData/Build/Intermediates.noindex/SkavokNetworking.build/Debug-watchos/SkavokNetworking.build/Objects-normal/arm64/SkavokNetworking_const_extract_protocols.json -enable-experimental-feature DebugDescriptionMacro -empty-abi-descriptor -validate-clang-modules-once -clang-build-session-file /Users/admin/builder/spi-builder-workspace/.derivedData/ModuleCache.noindex/Session.modulevalidation -Xcc -working-directory -Xcc /Users/admin/builder/spi-builder-workspace/.swiftpm/xcode -enable-anonymous-context-mangled-names -file-compilation-dir /Users/admin/builder/spi-builder-workspace/.swiftpm/xcode -Xcc -D_LIBCPP_HARDENING_MODE\=_LIBCPP_HARDENING_MODE_DEBUG -Xcc -ivfsstatcache -Xcc /Users/admin/builder/spi-builder-workspace/.derivedData/SDKStatCaches.noindex/watchos26.2-23S303-dc75598d0054f22ec865fa860f139d721753b489057de6bda919edfa1c59a62b.sdkstatcache -Xcc -I/Users/admin/builder/spi-builder-workspace/.derivedData/Build/Intermediates.noindex/SkavokNetworking.build/Debug-watchos/SkavokNetworking.build/swift-overrides.hmap -Xcc -I/Users/admin/builder/spi-builder-workspace/.derivedData/Build/Products/Debug-watchos/include -Xcc -I/Users/admin/builder/spi-builder-workspace/.derivedData/Build/Intermediates.noindex/SkavokNetworking.build/Debug-watchos/SkavokNetworking.build/DerivedSources-normal/arm64 -Xcc -I/Users/admin/builder/spi-builder-workspace/.derivedData/Build/Intermediates.noindex/SkavokNetworking.build/Debug-watchos/SkavokNetworking.build/DerivedSources/arm64 -Xcc -I/Users/admin/builder/spi-builder-workspace/.derivedData/Build/Intermediates.noindex/SkavokNetworking.build/Debug-watchos/SkavokNetworking.build/DerivedSources -Xcc -DSWIFT_PACKAGE -Xcc -DDEBUG\=1 -no-auto-bridging-header-chaining -module-name SkavokNetworking -package-name spi_builder_workspace -frontend-parseable-output -disable-clang-spi -target-sdk-version 26.2 -target-sdk-name watchos26.2 -clang-target arm64-apple-watchos26.2 -in-process-plugin-server-path /Applications/Xcode-26.3.0.app/Contents/Developer/Toolchains/XcodeDefault.xctoolchain/usr/lib/swift/host/libSwiftInProcPluginServer.dylib -emit-module-doc-path /Users/admin/builder/spi-builder-workspace/.derivedData/Build/Intermediates.noindex/SkavokNetworking.build/Debug-watchos/SkavokNetworking.build/Objects-normal/arm64/SkavokNetworking.swiftdoc -emit-module-source-info-path /Users/admin/builder/spi-builder-workspace/.derivedData/Build/Intermediates.noindex/SkavokNetworking.build/Debug-watchos/SkavokNetworking.build/Objects-normal/arm64/SkavokNetworking.swiftsourceinfo -emit-objc-header-path /Users/admin/builder/spi-builder-workspace/.derivedData/Build/Intermediates.noindex/SkavokNetworking.build/Debug-watchos/SkavokNetworking.build/Objects-normal/arm64/SkavokNetworking-Swift.h -serialize-diagnostics-path /Users/admin/builder/spi-builder-workspace/.derivedData/Build/Intermediates.noindex/SkavokNetworking.build/Debug-watchos/SkavokNetworking.build/Objects-normal/arm64/SkavokNetworking-primary-emit-module.dia -emit-dependencies-path /Users/admin/builder/spi-builder-workspace/.derivedData/Build/Intermediates.noindex/SkavokNetworking.build/Debug-watchos/SkavokNetworking.build/Objects-normal/arm64/SkavokNetworking-primary-emit-module.d -o /Users/admin/builder/spi-builder-workspace/.derivedData/Build/Intermediates.noindex/SkavokNetworking.build/Debug-watchos/SkavokNetworking.build/Objects-normal/arm64/SkavokNetworking.swiftmodule -emit-abi-descriptor-path /Users/admin/builder/spi-builder-workspace/.derivedData/Build/Intermediates.noindex/SkavokNetworking.build/Debug-watchos/SkavokNetworking.build/Objects-normal/arm64/SkavokNetworking.abi.json
EmitSwiftModule normal arm64 (in target 'SkavokNetworking' from project 'SkavokNetworking')
cd /Users/admin/builder/spi-builder-workspace/.swiftpm/xcode
/Users/admin/builder/spi-builder-workspace/Sources/SkavokNetworking/APIClient.swift:116:36: error: non-Sendable parameter type '((inout URLRequest) throws -> Void)?' cannot be sent from caller of protocol requirement 'send(_:delegate:configure:)' into actor-isolated implementation
@discardableResult public func send<T: Decodable & Sendable>(
^
/Users/admin/builder/spi-builder-workspace/Sources/SkavokNetworking/APIClientProtocol.swift:4:10: note: a function type must be marked '@Sendable' to conform to 'Sendable'
func send<T: Decodable & Sendable>(
^
/Users/admin/builder/spi-builder-workspace/Sources/SkavokNetworking/APIClient.swift:133:36: error: non-Sendable parameter type '((inout URLRequest) throws -> Void)?' cannot be sent from caller of protocol requirement 'send(_:delegate:configure:)' into actor-isolated implementation
@discardableResult public func send(
^
/Users/admin/builder/spi-builder-workspace/Sources/SkavokNetworking/APIClientProtocol.swift:10:10: note: a function type must be marked '@Sendable' to conform to 'Sendable'
func send(
^
/Users/admin/builder/spi-builder-workspace/Sources/SkavokNetworking/APIClient.swift:150:17: error: non-Sendable parameter type '((inout URLRequest) throws -> Void)?' cannot be sent from caller of protocol requirement 'data(for:delegate:configure:)' into actor-isolated implementation
public func data<T>(
^
/Users/admin/builder/spi-builder-workspace/Sources/SkavokNetworking/APIClientProtocol.swift:16:10: note: a function type must be marked '@Sendable' to conform to 'Sendable'
func data<T>(
^
/Users/admin/builder/spi-builder-workspace/Sources/SkavokNetworking/APIClient.swift:184:17: error: non-Sendable parameter type '((inout URLRequest) throws -> Void)?' cannot be sent from caller of protocol requirement 'download(for:destination:delegate:configure:)' into actor-isolated implementation
public func download(
^
/Users/admin/builder/spi-builder-workspace/Sources/SkavokNetworking/APIClientProtocol.swift:23:10: note: a function type must be marked '@Sendable' to conform to 'Sendable'
func download(
^
/Users/admin/builder/spi-builder-workspace/Sources/SkavokNetworking/APIClient.swift:234:36: error: non-Sendable parameter type '((inout URLRequest) throws -> Void)?' cannot be sent from caller of protocol requirement 'upload(for:fromFile:delegate:configure:)' into actor-isolated implementation
@discardableResult public func upload<T: Decodable & Sendable>(
^
/Users/admin/builder/spi-builder-workspace/Sources/SkavokNetworking/APIClientProtocol.swift:41:10: note: a function type must be marked '@Sendable' to conform to 'Sendable'
func upload<T: Decodable & Sendable>(
^
/Users/admin/builder/spi-builder-workspace/Sources/SkavokNetworking/APIClient.swift:253:36: error: non-Sendable parameter type '((inout URLRequest) throws -> Void)?' cannot be sent from caller of protocol requirement 'upload(for:fromFile:delegate:configure:)' into actor-isolated implementation
@discardableResult public func upload(
^
/Users/admin/builder/spi-builder-workspace/Sources/SkavokNetworking/APIClientProtocol.swift:57:10: note: a function type must be marked '@Sendable' to conform to 'Sendable'
func upload(
^
/Users/admin/builder/spi-builder-workspace/Sources/SkavokNetworking/APIClient.swift:295:36: error: non-Sendable parameter type '((inout URLRequest) throws -> Void)?' cannot be sent from caller of protocol requirement 'upload(for:from:delegate:configure:)' into actor-isolated implementation
@discardableResult public func upload<T: Decodable & Sendable>(
^
/Users/admin/builder/spi-builder-workspace/Sources/SkavokNetworking/APIClientProtocol.swift:75:10: note: a function type must be marked '@Sendable' to conform to 'Sendable'
func upload<T: Decodable & Sendable>(
^
/Users/admin/builder/spi-builder-workspace/Sources/SkavokNetworking/APIClient.swift:314:36: error: non-Sendable parameter type '((inout URLRequest) throws -> Void)?' cannot be sent from caller of protocol requirement 'upload(for:from:delegate:configure:)' into actor-isolated implementation
@discardableResult public func upload(
^
/Users/admin/builder/spi-builder-workspace/Sources/SkavokNetworking/APIClientProtocol.swift:91:10: note: a function type must be marked '@Sendable' to conform to 'Sendable'
func upload(
^
SwiftCompile normal arm64 Compiling\ Response.swift /Users/admin/builder/spi-builder-workspace/Sources/SkavokNetworking/Models/Response.swift (in target 'SkavokNetworking' from project 'SkavokNetworking')
2026-09-03 11:27:04.839 xcodebuild[759:4686] [MT] IDERunDestination: Supported platforms for the buildables in the current scheme is empty.
** BUILD FAILED **
The following build commands failed:
EmitSwiftModule normal arm64_32 (in target 'SkavokNetworking' from project 'SkavokNetworking')
SwiftEmitModule normal arm64_32 Emitting\ module\ for\ SkavokNetworking (in target 'SkavokNetworking' from project 'SkavokNetworking')
SwiftEmitModule normal arm64 Emitting\ module\ for\ SkavokNetworking (in target 'SkavokNetworking' from project 'SkavokNetworking')
EmitSwiftModule normal arm64 (in target 'SkavokNetworking' from project 'SkavokNetworking')
Building workspace spi-builder-workspace with scheme SkavokNetworking
(5 failures)
BUILD FAILURE 6.2 watchOS