The Swift Package Index logo.Swift Package Index

Build Information

Failed to build OTPublishersHeadlessSDK, reference main (83d3ec), with Swift 6.2 for watchOS using Xcode 26.3 on 1 Oct 2026 09:29:59 UTC.

Build Command

env DEVELOPER_DIR=/Applications/Xcode-26.3.0.app xcrun xcodebuild -IDEClonedSourcePackagesDirPathOverride=$PWD/.dependencies -skipMacroValidation -skipPackagePluginValidation -derivedDataPath $PWD/.derivedData build -scheme OTPublishersHeadlessSDK -destination generic/platform=watchOS

Build Log

========================================
RunAll
========================================
Builder version: 5.1.1
Interrupt handler set up.
========================================
Checkout
========================================
Clone URL: https://github.com/Zentrust/OTPublishersHeadlessSDK.git
Reference: main
Initialized empty Git repository in /Users/admin/builder/spi-builder-workspace/.git/
From https://github.com/Zentrust/OTPublishersHeadlessSDK
 * branch            main       -> FETCH_HEAD
 * [new branch]      main       -> origin/main
HEAD is now at 83d3ec1 Deploy 202609.2.0
Cloned https://github.com/Zentrust/OTPublishersHeadlessSDK.git
Revision (git rev-parse @):
83d3ec191f4211300b2df110d0e22d9215fa2165
SUCCESS checkout https://github.com/Zentrust/OTPublishersHeadlessSDK.git at main
========================================
Build
========================================
Selected platform:         watchOS
Swift version:             6.2
Building package at path:  $PWD
https://github.com/Zentrust/OTPublishersHeadlessSDK.git
Command line invocation:
    /Applications/Xcode-26.3.0.app/Contents/Developer/usr/bin/xcodebuild -IDEClonedSourcePackagesDirPathOverride=/Users/admin/builder/spi-builder-workspace/.dependencies -resolvePackageDependencies
Resolve Package Graph
Resolve Package Graph
Resolved source packages:
  OTPublishersHeadlessSDK: /Users/admin/builder/spi-builder-workspace
resolved source packages: OTPublishersHeadlessSDK
2026-10-01 05:29:32.721 xcodebuild[538:3129] [MT] IDERunDestination: Supported platforms for the buildables in the current scheme is empty.
{
  "dependencies" : [
  ],
  "manifest_display_name" : "OTPublishersHeadlessSDK",
  "name" : "OTPublishersHeadlessSDK",
  "path" : "/Users/admin/builder/spi-builder-workspace",
  "platforms" : [
    {
      "name" : "ios",
      "version" : "10.0"
    }
  ],
  "products" : [
    {
      "name" : "OTPublishersHeadlessSDK",
      "targets" : [
        "OTPublishersHeadlessSDK"
      ],
      "type" : {
        "library" : [
          "automatic"
        ]
      }
    }
  ],
  "targets" : [
    {
      "c99name" : "OTPublishersHeadlessSDK",
      "module_type" : "BinaryTarget",
      "name" : "OTPublishersHeadlessSDK",
      "path" : "Sources/OTPublishersHeadlessSDK.xcframework",
      "product_memberships" : [
        "OTPublishersHeadlessSDK"
      ],
      "sources" : [
      ],
      "type" : "binary"
    }
  ],
  "tools_version" : "5.3"
}
{
  "workspace" : {
    "name" : "spi-builder-workspace",
    "schemes" : [
      "OTPublishersHeadlessSDK"
    ]
  }
}
2026-10-01 05:29:53.836 xcodebuild[686:4331] [MT] IDERunDestination: Supported platforms for the buildables in the current scheme is empty.
Running build ...
env DEVELOPER_DIR=/Applications/Xcode-26.3.0.app xcrun xcodebuild -IDEClonedSourcePackagesDirPathOverride=$PWD/.dependencies -skipMacroValidation -skipPackagePluginValidation -derivedDataPath $PWD/.derivedData build -scheme OTPublishersHeadlessSDK -destination generic/platform=watchOS
Command line invocation:
    /Applications/Xcode-26.3.0.app/Contents/Developer/usr/bin/xcodebuild -IDEClonedSourcePackagesDirPathOverride=/Users/admin/builder/spi-builder-workspace/.dependencies -skipMacroValidation -skipPackagePluginValidation -derivedDataPath /Users/admin/builder/spi-builder-workspace/.derivedData build -scheme OTPublishersHeadlessSDK -destination generic/platform=watchOS
Resolve Package Graph
Resolved source packages:
  OTPublishersHeadlessSDK: /Users/admin/builder/spi-builder-workspace
ComputePackagePrebuildTargetDependencyGraph
Prepare packages
CreateBuildRequest
SendProjectDescription
CreateBuildOperation
ComputeTargetDependencyGraph
note: Building targets in dependency order
note: Target dependency graph (1 target)
    Target 'OTPublishersHeadlessSDK' in project 'OTPublishersHeadlessSDK' (no dependencies)
GatherProvisioningInputs
CreateBuildDescription
ExecuteExternalTool /Applications/Xcode-26.3.0.app/Contents/Developer/Toolchains/XcodeDefault.xctoolchain/usr/bin/clang -v -E -dM -isysroot /Applications/Xcode-26.3.0.app/Contents/Developer/Platforms/WatchOS.platform/Developer/SDKs/WatchOS26.2.sdk -x c -c /dev/null
Build description signature: b515f3385af2cc73ef425afd7005cc02
Build description path: /Users/admin/builder/spi-builder-workspace/.derivedData/Build/Intermediates.noindex/XCBuildData/b515f3385af2cc73ef425afd7005cc02.xcbuilddata
/Users/admin/builder/spi-builder-workspace/Sources/OTPublishersHeadlessSDK.xcframework:1:1: error: While building for watchOS, no library for this platform was found in '/Users/admin/builder/spi-builder-workspace/Sources/OTPublishersHeadlessSDK.xcframework'. (in target 'OTPublishersHeadlessSDK' from project 'OTPublishersHeadlessSDK')
2026-10-01 05:29:55.254 xcodebuild[688:4384] [MT] IDERunDestination: Supported platforms for the buildables in the current scheme is empty.
** BUILD FAILED **
The following build commands failed:
	Building workspace spi-builder-workspace with scheme OTPublishersHeadlessSDK
(1 failure)
Command line invocation:
    /Applications/Xcode-26.3.0.app/Contents/Developer/usr/bin/xcodebuild -IDEClonedSourcePackagesDirPathOverride=/Users/admin/builder/spi-builder-workspace/.dependencies -resolvePackageDependencies
Resolve Package Graph
Resolved source packages:
  OTPublishersHeadlessSDK: /Users/admin/builder/spi-builder-workspace
resolved source packages: OTPublishersHeadlessSDK
2026-10-01 05:29:57.526 xcodebuild[701:4487] [MT] IDERunDestination: Supported platforms for the buildables in the current scheme is empty.
{
  "dependencies" : [
  ],
  "manifest_display_name" : "OTPublishersHeadlessSDK",
  "name" : "OTPublishersHeadlessSDK",
  "path" : "/Users/admin/builder/spi-builder-workspace",
  "platforms" : [
    {
      "name" : "ios",
      "version" : "10.0"
    }
  ],
  "products" : [
    {
      "name" : "OTPublishersHeadlessSDK",
      "targets" : [
        "OTPublishersHeadlessSDK"
      ],
      "type" : {
        "library" : [
          "automatic"
        ]
      }
    }
  ],
  "targets" : [
    {
      "c99name" : "OTPublishersHeadlessSDK",
      "module_type" : "BinaryTarget",
      "name" : "OTPublishersHeadlessSDK",
      "path" : "Sources/OTPublishersHeadlessSDK.xcframework",
      "product_memberships" : [
        "OTPublishersHeadlessSDK"
      ],
      "sources" : [
      ],
      "type" : "binary"
    }
  ],
  "tools_version" : "5.3"
}
{
  "workspace" : {
    "name" : "spi-builder-workspace",
    "schemes" : [
      "OTPublishersHeadlessSDK"
    ]
  }
}
2026-10-01 05:29:58.591 xcodebuild[709:4549] [MT] IDERunDestination: Supported platforms for the buildables in the current scheme is empty.
Running build ...
env DEVELOPER_DIR=/Applications/Xcode-26.3.0.app xcrun xcodebuild -IDEClonedSourcePackagesDirPathOverride=$PWD/.dependencies -skipMacroValidation -skipPackagePluginValidation -derivedDataPath $PWD/.derivedData build -scheme OTPublishersHeadlessSDK -destination generic/platform=watchOS
Command line invocation:
    /Applications/Xcode-26.3.0.app/Contents/Developer/usr/bin/xcodebuild -IDEClonedSourcePackagesDirPathOverride=/Users/admin/builder/spi-builder-workspace/.dependencies -skipMacroValidation -skipPackagePluginValidation -derivedDataPath /Users/admin/builder/spi-builder-workspace/.derivedData build -scheme OTPublishersHeadlessSDK -destination generic/platform=watchOS
Resolve Package Graph
Resolved source packages:
  OTPublishersHeadlessSDK: /Users/admin/builder/spi-builder-workspace
ComputePackagePrebuildTargetDependencyGraph
Prepare packages
CreateBuildRequest
SendProjectDescription
CreateBuildOperation
ComputeTargetDependencyGraph
note: Building targets in dependency order
note: Target dependency graph (1 target)
    Target 'OTPublishersHeadlessSDK' in project 'OTPublishersHeadlessSDK' (no dependencies)
GatherProvisioningInputs
CreateBuildDescription
ExecuteExternalTool /Applications/Xcode-26.3.0.app/Contents/Developer/Toolchains/XcodeDefault.xctoolchain/usr/bin/clang -v -E -dM -isysroot /Applications/Xcode-26.3.0.app/Contents/Developer/Platforms/WatchOS.platform/Developer/SDKs/WatchOS26.2.sdk -x c -c /dev/null
Build description signature: b515f3385af2cc73ef425afd7005cc02
Build description path: /Users/admin/builder/spi-builder-workspace/.derivedData/Build/Intermediates.noindex/XCBuildData/b515f3385af2cc73ef425afd7005cc02.xcbuilddata
/Users/admin/builder/spi-builder-workspace/Sources/OTPublishersHeadlessSDK.xcframework:1:1: error: While building for watchOS, no library for this platform was found in '/Users/admin/builder/spi-builder-workspace/Sources/OTPublishersHeadlessSDK.xcframework'. (in target 'OTPublishersHeadlessSDK' from project 'OTPublishersHeadlessSDK')
2026-10-01 05:29:59.415 xcodebuild[711:4582] [MT] IDERunDestination: Supported platforms for the buildables in the current scheme is empty.
** BUILD FAILED **
The following build commands failed:
	Building workspace spi-builder-workspace with scheme OTPublishersHeadlessSDK
(1 failure)
BUILD FAILURE 6.2 watchOS