Build Information
Failed to build SwiftFTR, reference main (28432f), with Swift 6.2 for visionOS using Xcode 26.3 on 4 Sep 2026 15:06:15 UTC.
Build Command
env DEVELOPER_DIR=/Applications/Xcode-26.3.0.app xcrun xcodebuild -IDEClonedSourcePackagesDirPathOverride=$PWD/.dependencies -skipMacroValidation -skipPackagePluginValidation -derivedDataPath $PWD/.derivedData build -scheme SwiftFTR-Package -destination generic/platform=xrOSBuild Log
"icmpv6fuzz"
],
"type" : {
"executable" : null
}
},
{
"name" : "icmpfuzzer",
"targets" : [
"icmpfuzzer"
],
"type" : {
"executable" : null
}
},
{
"name" : "icmpfuzz",
"targets" : [
"icmpfuzz"
],
"type" : {
"executable" : null
}
},
{
"name" : "genseeds",
"targets" : [
"genseeds"
],
"type" : {
"executable" : null
}
},
{
"name" : "asnloadprobe",
"targets" : [
"asnloadprobe"
],
"type" : {
"executable" : null
}
},
{
"name" : "ResourceBenchmark",
"targets" : [
"ResourceBenchmark"
],
"type" : {
"executable" : null
}
}
],
"swift_languages_versions" : [
"6"
],
"targets" : [
{
"c99name" : "traceroute6probe",
"module_type" : "SwiftTarget",
"name" : "traceroute6probe",
"path" : "Tests/TestSupport/traceroute6probe",
"product_memberships" : [
"traceroute6probe"
],
"sources" : [
"traceroute6probe.swift"
],
"target_dependencies" : [
"SwiftFTR"
],
"type" : "executable"
},
{
"c99name" : "swift_ftr",
"module_type" : "SwiftTarget",
"name" : "swift-ftr",
"path" : "Sources/swift-ftr",
"product_dependencies" : [
"ArgumentParser"
],
"product_memberships" : [
"swift-ftr"
],
"sources" : [
"main.swift"
],
"target_dependencies" : [
"SwiftFTR"
],
"type" : "executable"
},
{
"c99name" : "ptrtests",
"module_type" : "SwiftTarget",
"name" : "ptrtests",
"path" : "Sources/ptrtests",
"product_memberships" : [
"ptrtests"
],
"sources" : [
"main.swift"
],
"target_dependencies" : [
"SwiftFTR"
],
"type" : "executable"
},
{
"c99name" : "ip2asnv6probe",
"module_type" : "SwiftTarget",
"name" : "ip2asnv6probe",
"path" : "Tests/TestSupport/ip2asnv6probe",
"product_dependencies" : [
"SwiftIP2ASN"
],
"product_memberships" : [
"ip2asnv6probe"
],
"sources" : [
"ip2asnv6probe.swift"
],
"type" : "executable"
},
{
"c99name" : "integrationtest",
"module_type" : "SwiftTarget",
"name" : "integrationtest",
"path" : "Sources/integrationtest",
"product_memberships" : [
"integrationtest"
],
"sources" : [
"main.swift"
],
"target_dependencies" : [
"SwiftFTR"
],
"type" : "executable"
},
{
"c99name" : "icmpv6probe",
"module_type" : "SwiftTarget",
"name" : "icmpv6probe",
"path" : "Tests/TestSupport/icmpv6probe",
"product_memberships" : [
"icmpv6probe"
],
"sources" : [
"icmpv6probe.swift"
],
"target_dependencies" : [
"SwiftFTR"
],
"type" : "executable"
},
{
"c99name" : "icmpv6fuzz",
"module_type" : "SwiftTarget",
"name" : "icmpv6fuzz",
"path" : "Sources/icmpv6fuzz",
"product_memberships" : [
"icmpv6fuzz"
],
"sources" : [
"main.swift"
],
"target_dependencies" : [
"SwiftFTR"
],
"type" : "executable"
},
{
"c99name" : "icmpfuzzer",
"module_type" : "SwiftTarget",
"name" : "icmpfuzzer",
"path" : "Sources/icmpfuzzer",
"product_memberships" : [
"icmpfuzzer"
],
"sources" : [
"ICMPFuzzer.swift"
],
"target_dependencies" : [
"SwiftFTR"
],
"type" : "executable"
},
{
"c99name" : "icmpfuzz",
"module_type" : "SwiftTarget",
"name" : "icmpfuzz",
"path" : "Sources/icmpfuzz",
"product_memberships" : [
"icmpfuzz"
],
"sources" : [
"main.swift"
],
"target_dependencies" : [
"SwiftFTR"
],
"type" : "executable"
},
{
"c99name" : "hop_monitor",
"module_type" : "SwiftTarget",
"name" : "hop-monitor",
"path" : "Sources/hop-monitor",
"product_dependencies" : [
"ArgumentParser"
],
"product_memberships" : [
"hop-monitor"
],
"sources" : [
"main.swift"
],
"target_dependencies" : [
"SwiftFTR"
],
"type" : "executable"
},
{
"c99name" : "genseeds",
"module_type" : "SwiftTarget",
"name" : "genseeds",
"path" : "Sources/genseeds",
"product_memberships" : [
"genseeds"
],
"sources" : [
"main.swift"
],
"type" : "executable"
},
{
"c99name" : "asnloadprobe",
"module_type" : "SwiftTarget",
"name" : "asnloadprobe",
"path" : "Tests/TestSupport/asnloadprobe",
"product_memberships" : [
"asnloadprobe"
],
"sources" : [
"asnloadprobe.swift"
],
"target_dependencies" : [
"SwiftFTR"
],
"type" : "executable"
},
{
"c99name" : "SwiftFTRTests",
"module_type" : "SwiftTarget",
"name" : "SwiftFTRTests",
"path" : "Tests/SwiftFTRTests",
"sources" : [
"APICompatibilityTests.swift",
"ActorSchedulingTests.swift",
"AsnStrategyBench.swift",
"BlockingIOBridgeTests.swift",
"BlockingIOCancellationTests.swift",
"BufferbloatComparisonTests.swift",
"BufferbloatLifecycleTests.swift",
"BufferbloatTests.swift",
"CLIReverseDNSTests.swift",
"CacheGenerationTests.swift",
"ClassifiedTraceBoundsTests.swift",
"ComprehensiveTests.swift",
"ConcurrencyBottleneckTests.swift",
"ConfigurationTests.swift",
"ConfigurationValidationTests.swift",
"DNSInputValidationTests.swift",
"DNSRDataBoundaryTests.swift",
"DNSWireHardeningTests.swift",
"DualStackRoutingTests.swift",
"HTTPHeaderProbeTests.swift",
"HopOutcomeTests.swift",
"IPScopeClassificationTests.swift",
"IPv6Reachability.swift",
"InterfaceBindingTests.swift",
"InterfaceBoundHTTPSProbeSpikeTests.swift",
"LocalASNResolverTests.swift",
"MultipathCancellationTests.swift",
"MultipathTests.swift",
"NetworkInterfaceTests.swift",
"NetworkTestGate.swift",
"PingConfigurationValidationTests.swift",
"PingLifecycleTests.swift",
"PingParallelismTests.swift",
"PingTests.swift",
"ProbeTests.swift",
"RDNSSuppressionTests.swift",
"ReverseDNSSemanticsTests.swift",
"STUNTests.swift",
"StreamingLifecycleTests.swift",
"StreamingTraceTests.swift",
"StressTests.swift",
"SwiftFTRCacheTests.swift",
"SwiftFTRClassificationTests.swift",
"SwiftFTRCommandTests.swift",
"SwiftFTRDNSTests.swift",
"SwiftFTRICMPTests.swift",
"SwiftFTRInterfacesCommandTests.swift",
"SwiftFTRPingParserTests.swift",
"SwiftFTRUtilsTests.swift",
"TCPProbeCancellationTests.swift",
"TraceLifecycleTests.swift",
"TransientSendRetryTests.swift",
"UDPProbeBindingTests.swift",
"VPNClassificationTests.swift"
],
"target_dependencies" : [
"SwiftFTR",
"swift-ftr"
],
"type" : "test"
},
{
"c99name" : "SwiftFTR",
"module_type" : "SwiftTarget",
"name" : "SwiftFTR",
"path" : "Sources/SwiftFTR",
"product_dependencies" : [
"SwiftIP2ASN"
],
"product_memberships" : [
"SwiftFTR",
"swift-ftr",
"hop-monitor",
"traceroute6probe",
"ptrtests",
"integrationtest",
"icmpv6probe",
"icmpv6fuzz",
"icmpfuzzer",
"icmpfuzz",
"asnloadprobe",
"ResourceBenchmark"
],
"sources" : [
"ASN.swift",
"Bufferbloat.swift",
"ConfigurationValidation.swift",
"DNS.swift",
"HTTPProbe.swift",
"HopOutcome.swift",
"Hostname.swift",
"HybridASNResolver.swift",
"ICMP.swift",
"InterfaceBoundHTTPSProbeSpike.swift",
"LocalASNResolver.swift",
"Multipath.swift",
"NetworkInterfaces.swift",
"Ping.swift",
"RDNSCache.swift",
"STUN.swift",
"Segmentation.swift",
"SendRetry.swift",
"StreamingTrace.swift",
"TCPProbe.swift",
"TraceHandle.swift",
"Traceroute.swift",
"UDPProbe.swift",
"Utils.swift",
"Version.swift"
],
"type" : "library"
},
{
"c99name" : "ResourceBenchmark",
"module_type" : "SwiftTarget",
"name" : "ResourceBenchmark",
"path" : "Tests/TestSupport",
"product_memberships" : [
"ResourceBenchmark"
],
"sources" : [
"ResourceBenchmark.swift"
],
"target_dependencies" : [
"SwiftFTR"
],
"type" : "executable"
}
],
"tools_version" : "6.0"
}
{
"workspace" : {
"name" : "spi-builder-workspace",
"schemes" : [
"asnloadprobe",
"genseeds",
"hop-monitor",
"icmpfuzz",
"icmpfuzzer",
"icmpv6fuzz",
"icmpv6probe",
"integrationtest",
"ip2asnv6probe",
"ptrtests",
"ResourceBenchmark",
"swift-ftr",
"SwiftFTR",
"SwiftFTR-Package",
"traceroute6probe"
]
}
}
2026-09-04 11:05:14.399 xcodebuild[940:5595] [MT] IDERunDestination: Supported platforms for the buildables in the current scheme is empty.
{
"workspace" : {
"name" : "spi-builder-workspace",
"schemes" : [
"asnloadprobe",
"genseeds",
"hop-monitor",
"icmpfuzz",
"icmpfuzzer",
"icmpv6fuzz",
"icmpv6probe",
"integrationtest",
"ip2asnv6probe",
"ptrtests",
"ResourceBenchmark",
"swift-ftr",
"SwiftFTR",
"SwiftFTR-Package",
"traceroute6probe"
]
}
}
2026-09-04 11:05:21.748 xcodebuild[1013:6066] [MT] IDERunDestination: Supported platforms for the buildables in the current scheme is empty.
Running build ...
env DEVELOPER_DIR=/Applications/Xcode-26.3.0.app xcrun xcodebuild -IDEClonedSourcePackagesDirPathOverride=$PWD/.dependencies -skipMacroValidation -skipPackagePluginValidation -derivedDataPath $PWD/.derivedData build -scheme SwiftFTR-Package -destination generic/platform=xrOS
Command line invocation:
/Applications/Xcode-26.3.0.app/Contents/Developer/usr/bin/xcodebuild -IDEClonedSourcePackagesDirPathOverride=/Users/admin/builder/spi-builder-workspace/.dependencies -skipMacroValidation -skipPackagePluginValidation -derivedDataPath /Users/admin/builder/spi-builder-workspace/.derivedData build -scheme SwiftFTR-Package -destination generic/platform=xrOS
Resolve Package Graph
Resolve Package Graph
Resolved source packages:
swift-argument-parser: https://github.com/apple/swift-argument-parser @ 1.8.2
SymbolKit: https://github.com/swiftlang/swift-docc-symbolkit @ 1.0.0
SwiftFTR: /Users/admin/builder/spi-builder-workspace
SwiftDocCPlugin: https://github.com/apple/swift-docc-plugin @ 1.5.0
SwiftIP2ASN: https://github.com/network-weather/swift-ip2asn @ 0.5.1
ComputePackagePrebuildTargetDependencyGraph
Prepare packages
CreateBuildRequest
SendProjectDescription
CreateBuildOperation
ComputeTargetDependencyGraph
note: Building targets in dependency order
note: Target dependency graph (21 targets)
Target 'traceroute6probe' in project 'SwiftFTR'
➜ Explicit dependency on target 'SwiftFTR' in project 'SwiftFTR'
➜ Explicit dependency on target 'SwiftIP2ASN' in project 'SwiftIP2ASN'
Target 'swift-ftr' in project 'SwiftFTR'
➜ Explicit dependency on target 'SwiftFTR' in project 'SwiftFTR'
➜ Explicit dependency on target 'SwiftIP2ASN' in project 'SwiftIP2ASN'
➜ Explicit dependency on target 'ArgumentParser' in project 'swift-argument-parser'
Target 'ptrtests' in project 'SwiftFTR'
➜ Explicit dependency on target 'SwiftFTR' in project 'SwiftFTR'
➜ Explicit dependency on target 'SwiftIP2ASN' in project 'SwiftIP2ASN'
Target 'ip2asnv6probe' in project 'SwiftFTR'
➜ Explicit dependency on target 'SwiftIP2ASN' in project 'SwiftIP2ASN'
Target 'integrationtest' in project 'SwiftFTR'
➜ Explicit dependency on target 'SwiftFTR' in project 'SwiftFTR'
➜ Explicit dependency on target 'SwiftIP2ASN' in project 'SwiftIP2ASN'
Target 'icmpv6probe' in project 'SwiftFTR'
➜ Explicit dependency on target 'SwiftFTR' in project 'SwiftFTR'
➜ Explicit dependency on target 'SwiftIP2ASN' in project 'SwiftIP2ASN'
Target 'icmpv6fuzz' in project 'SwiftFTR'
➜ Explicit dependency on target 'SwiftFTR' in project 'SwiftFTR'
➜ Explicit dependency on target 'SwiftIP2ASN' in project 'SwiftIP2ASN'
Target 'icmpfuzzer' in project 'SwiftFTR'
➜ Explicit dependency on target 'SwiftFTR' in project 'SwiftFTR'
➜ Explicit dependency on target 'SwiftIP2ASN' in project 'SwiftIP2ASN'
Target 'icmpfuzz' in project 'SwiftFTR'
➜ Explicit dependency on target 'SwiftFTR' in project 'SwiftFTR'
➜ Explicit dependency on target 'SwiftIP2ASN' in project 'SwiftIP2ASN'
Target 'hop-monitor' in project 'SwiftFTR'
➜ Explicit dependency on target 'SwiftFTR' in project 'SwiftFTR'
➜ Explicit dependency on target 'SwiftIP2ASN' in project 'SwiftIP2ASN'
➜ Explicit dependency on target 'ArgumentParser' in project 'swift-argument-parser'
Target 'ArgumentParser' in project 'swift-argument-parser'
➜ Explicit dependency on target 'ArgumentParser' in project 'swift-argument-parser'
➜ Explicit dependency on target 'ArgumentParserToolInfo' in project 'swift-argument-parser'
Target 'ArgumentParser' in project 'swift-argument-parser'
➜ Explicit dependency on target 'ArgumentParserToolInfo' in project 'swift-argument-parser'
Target 'ArgumentParserToolInfo' in project 'swift-argument-parser' (no dependencies)
Target 'genseeds' in project 'SwiftFTR' (no dependencies)
Target 'asnloadprobe' in project 'SwiftFTR'
➜ Explicit dependency on target 'SwiftFTR' in project 'SwiftFTR'
➜ Explicit dependency on target 'SwiftIP2ASN' in project 'SwiftIP2ASN'
Target 'ResourceBenchmark' in project 'SwiftFTR'
➜ Explicit dependency on target 'SwiftFTR' in project 'SwiftFTR'
➜ Explicit dependency on target 'SwiftIP2ASN' in project 'SwiftIP2ASN'
Target 'SwiftFTR' in project 'SwiftFTR'
➜ Explicit dependency on target 'SwiftFTR' in project 'SwiftFTR'
➜ Explicit dependency on target 'SwiftIP2ASN' in project 'SwiftIP2ASN'
Target 'SwiftFTR' in project 'SwiftFTR'
➜ Explicit dependency on target 'SwiftIP2ASN' in project 'SwiftIP2ASN'
Target 'SwiftIP2ASN' in project 'SwiftIP2ASN'
➜ Explicit dependency on target 'SwiftIP2ASN' in project 'SwiftIP2ASN'
➜ Explicit dependency on target 'SwiftIP2ASN_SwiftIP2ASN' in project 'SwiftIP2ASN'
Target 'SwiftIP2ASN' in project 'SwiftIP2ASN'
➜ Explicit dependency on target 'SwiftIP2ASN_SwiftIP2ASN' in project 'SwiftIP2ASN'
Target 'SwiftIP2ASN_SwiftIP2ASN' in project 'SwiftIP2ASN' (no dependencies)
GatherProvisioningInputs
CreateBuildDescription
ExecuteExternalTool /Applications/Xcode-26.3.0.app/Contents/Developer/Toolchains/XcodeDefault.xctoolchain/usr/bin/swiftc --version
ExecuteExternalTool /Applications/Xcode-26.3.0.app/Contents/Developer/Toolchains/XcodeDefault.xctoolchain/usr/bin/clang -v -E -dM -isysroot /Applications/Xcode-26.3.0.app/Contents/Developer/Platforms/XROS.platform/Developer/SDKs/XROS26.2.sdk -x c -c /dev/null
ExecuteExternalTool /Applications/Xcode-26.3.0.app/Contents/Developer/Toolchains/XcodeDefault.xctoolchain/usr/bin/ld -version_details
ReadFileContents /Applications/Xcode-26.3.0.app/Contents/Developer/Toolchains/XcodeDefault.xctoolchain/usr/share/docc/features.json
Build description signature: 66e1118137c84043ea0728715b7f0fc7
Build description path: /Users/admin/builder/spi-builder-workspace/.derivedData/Build/Intermediates.noindex/XCBuildData/66e1118137c84043ea0728715b7f0fc7.xcbuilddata
ClangStatCache /Applications/Xcode-26.3.0.app/Contents/Developer/Toolchains/XcodeDefault.xctoolchain/usr/bin/clang-stat-cache /Applications/Xcode-26.3.0.app/Contents/Developer/Platforms/XROS.platform/Developer/SDKs/XROS26.2.sdk /Users/admin/builder/spi-builder-workspace/.derivedData/SDKStatCaches.noindex/xros26.2-23N301-dc75598d0054f22ec865fa860f139d72f5e64962d3ee001da1d77d1957dffdab.sdkstatcache
cd /Users/admin/builder/spi-builder-workspace/.swiftpm/xcode
/Applications/Xcode-26.3.0.app/Contents/Developer/Toolchains/XcodeDefault.xctoolchain/usr/bin/clang-stat-cache /Applications/Xcode-26.3.0.app/Contents/Developer/Platforms/XROS.platform/Developer/SDKs/XROS26.2.sdk -o /Users/admin/builder/spi-builder-workspace/.derivedData/SDKStatCaches.noindex/xros26.2-23N301-dc75598d0054f22ec865fa860f139d72f5e64962d3ee001da1d77d1957dffdab.sdkstatcache
CreateBuildDirectory /Users/admin/builder/spi-builder-workspace/.derivedData/Build/Products
cd /Users/admin/builder/spi-builder-workspace/.swiftpm/xcode
builtin-create-build-directory /Users/admin/builder/spi-builder-workspace/.derivedData/Build/Products
CreateBuildDirectory /Users/admin/builder/spi-builder-workspace/.derivedData/Build/Intermediates.noindex
cd /Users/admin/builder/spi-builder-workspace/.swiftpm/xcode
builtin-create-build-directory /Users/admin/builder/spi-builder-workspace/.derivedData/Build/Intermediates.noindex
CreateBuildDirectory /Users/admin/builder/spi-builder-workspace/.derivedData/Build/Products/Debug-xros
cd /Users/admin/builder/spi-builder-workspace/.swiftpm/xcode
builtin-create-build-directory /Users/admin/builder/spi-builder-workspace/.derivedData/Build/Products/Debug-xros
CreateBuildDirectory /Users/admin/builder/spi-builder-workspace/.derivedData/Build/Intermediates.noindex/SwiftExplicitPrecompiledModules
cd /Users/admin/builder/spi-builder-workspace/.swiftpm/xcode
builtin-create-build-directory /Users/admin/builder/spi-builder-workspace/.derivedData/Build/Intermediates.noindex/SwiftExplicitPrecompiledModules
CreateBuildDirectory /Users/admin/builder/spi-builder-workspace/.derivedData/Build/Intermediates.noindex/ExplicitPrecompiledModules
cd /Users/admin/builder/spi-builder-workspace/.swiftpm/xcode
builtin-create-build-directory /Users/admin/builder/spi-builder-workspace/.derivedData/Build/Intermediates.noindex/ExplicitPrecompiledModules
CreateBuildDirectory /Users/admin/builder/spi-builder-workspace/.derivedData/Build/Intermediates.noindex/EagerLinkingTBDs/Debug-xros
cd /Users/admin/builder/spi-builder-workspace/.swiftpm/xcode
builtin-create-build-directory /Users/admin/builder/spi-builder-workspace/.derivedData/Build/Intermediates.noindex/EagerLinkingTBDs/Debug-xros
CreateBuildDirectory /Users/admin/builder/spi-builder-workspace/.derivedData/Build/Products/Debug-xros/PackageFrameworks
cd /Users/admin/builder/spi-builder-workspace/.swiftpm/xcode
builtin-create-build-directory /Users/admin/builder/spi-builder-workspace/.derivedData/Build/Products/Debug-xros/PackageFrameworks
WriteAuxiliaryFile /Users/admin/builder/spi-builder-workspace/.derivedData/Build/Intermediates.noindex/SwiftFTR.build/Debug-xros/traceroute6probe.build/traceroute6probe.DependencyStaticMetadataFileList (in target 'traceroute6probe' from project 'SwiftFTR')
cd /Users/admin/builder/spi-builder-workspace
write-file /Users/admin/builder/spi-builder-workspace/.derivedData/Build/Intermediates.noindex/SwiftFTR.build/Debug-xros/traceroute6probe.build/traceroute6probe.DependencyStaticMetadataFileList
WriteAuxiliaryFile /Users/admin/builder/spi-builder-workspace/.derivedData/Build/Intermediates.noindex/SwiftFTR.build/Debug-xros/traceroute6probe.build/traceroute6probe.DependencyMetadataFileList (in target 'traceroute6probe' from project 'SwiftFTR')
cd /Users/admin/builder/spi-builder-workspace
write-file /Users/admin/builder/spi-builder-workspace/.derivedData/Build/Intermediates.noindex/SwiftFTR.build/Debug-xros/traceroute6probe.build/traceroute6probe.DependencyMetadataFileList
WriteAuxiliaryFile /Users/admin/builder/spi-builder-workspace/.derivedData/Build/Intermediates.noindex/SwiftFTR.build/Debug-xros/swift-ftr.build/swift-ftr.DependencyMetadataFileList (in target 'swift-ftr' from project 'SwiftFTR')
cd /Users/admin/builder/spi-builder-workspace
write-file /Users/admin/builder/spi-builder-workspace/.derivedData/Build/Intermediates.noindex/SwiftFTR.build/Debug-xros/swift-ftr.build/swift-ftr.DependencyMetadataFileList
WriteAuxiliaryFile /Users/admin/builder/spi-builder-workspace/.derivedData/Build/Intermediates.noindex/SwiftFTR.build/Debug-xros/swift-ftr.build/swift-ftr.DependencyStaticMetadataFileList (in target 'swift-ftr' from project 'SwiftFTR')
cd /Users/admin/builder/spi-builder-workspace
write-file /Users/admin/builder/spi-builder-workspace/.derivedData/Build/Intermediates.noindex/SwiftFTR.build/Debug-xros/swift-ftr.build/swift-ftr.DependencyStaticMetadataFileList
WriteAuxiliaryFile /Users/admin/builder/spi-builder-workspace/.derivedData/Build/Intermediates.noindex/SwiftFTR.build/Debug-xros/traceroute6probe.build/Objects-normal/arm64/traceroute6probe_const_extract_protocols.json (in target 'traceroute6probe' from project 'SwiftFTR')
cd /Users/admin/builder/spi-builder-workspace
write-file /Users/admin/builder/spi-builder-workspace/.derivedData/Build/Intermediates.noindex/SwiftFTR.build/Debug-xros/traceroute6probe.build/Objects-normal/arm64/traceroute6probe_const_extract_protocols.json
WriteAuxiliaryFile /Users/admin/builder/spi-builder-workspace/.derivedData/Build/Intermediates.noindex/SwiftFTR.build/Debug-xros/traceroute6probe.build/Objects-normal/arm64/traceroute6probe.LinkFileList (in target 'traceroute6probe' from project 'SwiftFTR')
cd /Users/admin/builder/spi-builder-workspace
write-file /Users/admin/builder/spi-builder-workspace/.derivedData/Build/Intermediates.noindex/SwiftFTR.build/Debug-xros/traceroute6probe.build/Objects-normal/arm64/traceroute6probe.LinkFileList
WriteAuxiliaryFile /Users/admin/builder/spi-builder-workspace/.derivedData/Build/Intermediates.noindex/SwiftFTR.build/Debug-xros/traceroute6probe.build/Objects-normal/arm64/traceroute6probe-OutputFileMap.json (in target 'traceroute6probe' from project 'SwiftFTR')
cd /Users/admin/builder/spi-builder-workspace
write-file /Users/admin/builder/spi-builder-workspace/.derivedData/Build/Intermediates.noindex/SwiftFTR.build/Debug-xros/traceroute6probe.build/Objects-normal/arm64/traceroute6probe-OutputFileMap.json
WriteAuxiliaryFile /Users/admin/builder/spi-builder-workspace/.derivedData/Build/Intermediates.noindex/SwiftFTR.build/Debug-xros/swift-ftr.build/Objects-normal/arm64/swift-ftr_const_extract_protocols.json (in target 'swift-ftr' from project 'SwiftFTR')
cd /Users/admin/builder/spi-builder-workspace
write-file /Users/admin/builder/spi-builder-workspace/.derivedData/Build/Intermediates.noindex/SwiftFTR.build/Debug-xros/swift-ftr.build/Objects-normal/arm64/swift-ftr_const_extract_protocols.json
WriteAuxiliaryFile /Users/admin/builder/spi-builder-workspace/.derivedData/Build/Intermediates.noindex/SwiftFTR.build/Debug-xros/traceroute6probe.build/Objects-normal/arm64/traceroute6probe.SwiftFileList (in target 'traceroute6probe' from project 'SwiftFTR')
cd /Users/admin/builder/spi-builder-workspace
write-file /Users/admin/builder/spi-builder-workspace/.derivedData/Build/Intermediates.noindex/SwiftFTR.build/Debug-xros/traceroute6probe.build/Objects-normal/arm64/traceroute6probe.SwiftFileList
WriteAuxiliaryFile /Users/admin/builder/spi-builder-workspace/.derivedData/Build/Intermediates.noindex/SwiftFTR.build/Debug-xros/swift-ftr.build/Objects-normal/arm64/swift-ftr.SwiftFileList (in target 'swift-ftr' from project 'SwiftFTR')
cd /Users/admin/builder/spi-builder-workspace
write-file /Users/admin/builder/spi-builder-workspace/.derivedData/Build/Intermediates.noindex/SwiftFTR.build/Debug-xros/swift-ftr.build/Objects-normal/arm64/swift-ftr.SwiftFileList
WriteAuxiliaryFile /Users/admin/builder/spi-builder-workspace/.derivedData/Build/Intermediates.noindex/SwiftFTR.build/Debug-xros/swift-ftr.build/Objects-normal/arm64/swift-ftr.LinkFileList (in target 'swift-ftr' from project 'SwiftFTR')
cd /Users/admin/builder/spi-builder-workspace
write-file /Users/admin/builder/spi-builder-workspace/.derivedData/Build/Intermediates.noindex/SwiftFTR.build/Debug-xros/swift-ftr.build/Objects-normal/arm64/swift-ftr.LinkFileList
WriteAuxiliaryFile /Users/admin/builder/spi-builder-workspace/.derivedData/Build/Intermediates.noindex/SwiftFTR.build/Debug-xros/swift-ftr.build/Objects-normal/arm64/swift-ftr-OutputFileMap.json (in target 'swift-ftr' from project 'SwiftFTR')
cd /Users/admin/builder/spi-builder-workspace
write-file /Users/admin/builder/spi-builder-workspace/.derivedData/Build/Intermediates.noindex/SwiftFTR.build/Debug-xros/swift-ftr.build/Objects-normal/arm64/swift-ftr-OutputFileMap.json
WriteAuxiliaryFile /Users/admin/builder/spi-builder-workspace/.derivedData/Build/Intermediates.noindex/SwiftFTR.build/Debug-xros/ptrtests.build/ptrtests.DependencyStaticMetadataFileList (in target 'ptrtests' from project 'SwiftFTR')
cd /Users/admin/builder/spi-builder-workspace
write-file /Users/admin/builder/spi-builder-workspace/.derivedData/Build/Intermediates.noindex/SwiftFTR.build/Debug-xros/ptrtests.build/ptrtests.DependencyStaticMetadataFileList
WriteAuxiliaryFile /Users/admin/builder/spi-builder-workspace/.derivedData/Build/Intermediates.noindex/SwiftFTR.build/Debug-xros/ptrtests.build/ptrtests.DependencyMetadataFileList (in target 'ptrtests' from project 'SwiftFTR')
cd /Users/admin/builder/spi-builder-workspace
write-file /Users/admin/builder/spi-builder-workspace/.derivedData/Build/Intermediates.noindex/SwiftFTR.build/Debug-xros/ptrtests.build/ptrtests.DependencyMetadataFileList
WriteAuxiliaryFile /Users/admin/builder/spi-builder-workspace/.derivedData/Build/Intermediates.noindex/SwiftFTR.build/Debug-xros/ptrtests.build/Objects-normal/arm64/ptrtests-OutputFileMap.json (in target 'ptrtests' from project 'SwiftFTR')
cd /Users/admin/builder/spi-builder-workspace
write-file /Users/admin/builder/spi-builder-workspace/.derivedData/Build/Intermediates.noindex/SwiftFTR.build/Debug-xros/ptrtests.build/Objects-normal/arm64/ptrtests-OutputFileMap.json
WriteAuxiliaryFile /Users/admin/builder/spi-builder-workspace/.derivedData/Build/Intermediates.noindex/SwiftFTR.build/Debug-xros/ptrtests.build/Objects-normal/arm64/ptrtests.SwiftFileList (in target 'ptrtests' from project 'SwiftFTR')
cd /Users/admin/builder/spi-builder-workspace
write-file /Users/admin/builder/spi-builder-workspace/.derivedData/Build/Intermediates.noindex/SwiftFTR.build/Debug-xros/ptrtests.build/Objects-normal/arm64/ptrtests.SwiftFileList
WriteAuxiliaryFile /Users/admin/builder/spi-builder-workspace/.derivedData/Build/Intermediates.noindex/SwiftFTR.build/Debug-xros/ptrtests.build/Objects-normal/arm64/ptrtests_const_extract_protocols.json (in target 'ptrtests' from project 'SwiftFTR')
cd /Users/admin/builder/spi-builder-workspace
write-file /Users/admin/builder/spi-builder-workspace/.derivedData/Build/Intermediates.noindex/SwiftFTR.build/Debug-xros/ptrtests.build/Objects-normal/arm64/ptrtests_const_extract_protocols.json
WriteAuxiliaryFile /Users/admin/builder/spi-builder-workspace/.derivedData/Build/Intermediates.noindex/SwiftFTR.build/Debug-xros/ptrtests.build/Objects-normal/arm64/ptrtests.LinkFileList (in target 'ptrtests' from project 'SwiftFTR')
cd /Users/admin/builder/spi-builder-workspace
write-file /Users/admin/builder/spi-builder-workspace/.derivedData/Build/Intermediates.noindex/SwiftFTR.build/Debug-xros/ptrtests.build/Objects-normal/arm64/ptrtests.LinkFileList
WriteAuxiliaryFile /Users/admin/builder/spi-builder-workspace/.derivedData/Build/Intermediates.noindex/SwiftFTR.build/Debug-xros/ip2asnv6probe.build/ip2asnv6probe.DependencyStaticMetadataFileList (in target 'ip2asnv6probe' from project 'SwiftFTR')
cd /Users/admin/builder/spi-builder-workspace
write-file /Users/admin/builder/spi-builder-workspace/.derivedData/Build/Intermediates.noindex/SwiftFTR.build/Debug-xros/ip2asnv6probe.build/ip2asnv6probe.DependencyStaticMetadataFileList
WriteAuxiliaryFile /Users/admin/builder/spi-builder-workspace/.derivedData/Build/Intermediates.noindex/SwiftFTR.build/Debug-xros/ip2asnv6probe.build/ip2asnv6probe.DependencyMetadataFileList (in target 'ip2asnv6probe' from project 'SwiftFTR')
cd /Users/admin/builder/spi-builder-workspace
write-file /Users/admin/builder/spi-builder-workspace/.derivedData/Build/Intermediates.noindex/SwiftFTR.build/Debug-xros/ip2asnv6probe.build/ip2asnv6probe.DependencyMetadataFileList
WriteAuxiliaryFile /Users/admin/builder/spi-builder-workspace/.derivedData/Build/Intermediates.noindex/SwiftFTR.build/Debug-xros/ip2asnv6probe.build/Objects-normal/arm64/ip2asnv6probe.SwiftFileList (in target 'ip2asnv6probe' from project 'SwiftFTR')
cd /Users/admin/builder/spi-builder-workspace
write-file /Users/admin/builder/spi-builder-workspace/.derivedData/Build/Intermediates.noindex/SwiftFTR.build/Debug-xros/ip2asnv6probe.build/Objects-normal/arm64/ip2asnv6probe.SwiftFileList
WriteAuxiliaryFile /Users/admin/builder/spi-builder-workspace/.derivedData/Build/Intermediates.noindex/SwiftFTR.build/Debug-xros/ip2asnv6probe.build/Objects-normal/arm64/ip2asnv6probe_const_extract_protocols.json (in target 'ip2asnv6probe' from project 'SwiftFTR')
cd /Users/admin/builder/spi-builder-workspace
write-file /Users/admin/builder/spi-builder-workspace/.derivedData/Build/Intermediates.noindex/SwiftFTR.build/Debug-xros/ip2asnv6probe.build/Objects-normal/arm64/ip2asnv6probe_const_extract_protocols.json
WriteAuxiliaryFile /Users/admin/builder/spi-builder-workspace/.derivedData/Build/Intermediates.noindex/SwiftFTR.build/Debug-xros/ip2asnv6probe.build/Objects-normal/arm64/ip2asnv6probe.LinkFileList (in target 'ip2asnv6probe' from project 'SwiftFTR')
cd /Users/admin/builder/spi-builder-workspace
write-file /Users/admin/builder/spi-builder-workspace/.derivedData/Build/Intermediates.noindex/SwiftFTR.build/Debug-xros/ip2asnv6probe.build/Objects-normal/arm64/ip2asnv6probe.LinkFileList
WriteAuxiliaryFile /Users/admin/builder/spi-builder-workspace/.derivedData/Build/Intermediates.noindex/SwiftFTR.build/Debug-xros/ip2asnv6probe.build/Objects-normal/arm64/ip2asnv6probe-OutputFileMap.json (in target 'ip2asnv6probe' from project 'SwiftFTR')
cd /Users/admin/builder/spi-builder-workspace
write-file /Users/admin/builder/spi-builder-workspace/.derivedData/Build/Intermediates.noindex/SwiftFTR.build/Debug-xros/ip2asnv6probe.build/Objects-normal/arm64/ip2asnv6probe-OutputFileMap.json
WriteAuxiliaryFile /Users/admin/builder/spi-builder-workspace/.derivedData/Build/Intermediates.noindex/SwiftFTR.build/Debug-xros/integrationtest.build/integrationtest.DependencyStaticMetadataFileList (in target 'integrationtest' from project 'SwiftFTR')
cd /Users/admin/builder/spi-builder-workspace
write-file /Users/admin/builder/spi-builder-workspace/.derivedData/Build/Intermediates.noindex/SwiftFTR.build/Debug-xros/integrationtest.build/integrationtest.DependencyStaticMetadataFileList
WriteAuxiliaryFile /Users/admin/builder/spi-builder-workspace/.derivedData/Build/Intermediates.noindex/SwiftFTR.build/Debug-xros/integrationtest.build/integrationtest.DependencyMetadataFileList (in target 'integrationtest' from project 'SwiftFTR')
cd /Users/admin/builder/spi-builder-workspace
write-file /Users/admin/builder/spi-builder-workspace/.derivedData/Build/Intermediates.noindex/SwiftFTR.build/Debug-xros/integrationtest.build/integrationtest.DependencyMetadataFileList
WriteAuxiliaryFile /Users/admin/builder/spi-builder-workspace/.derivedData/Build/Intermediates.noindex/SwiftFTR.build/Debug-xros/integrationtest.build/Objects-normal/arm64/integrationtest.LinkFileList (in target 'integrationtest' from project 'SwiftFTR')
cd /Users/admin/builder/spi-builder-workspace
write-file /Users/admin/builder/spi-builder-workspace/.derivedData/Build/Intermediates.noindex/SwiftFTR.build/Debug-xros/integrationtest.build/Objects-normal/arm64/integrationtest.LinkFileList
WriteAuxiliaryFile /Users/admin/builder/spi-builder-workspace/.derivedData/Build/Intermediates.noindex/SwiftFTR.build/Debug-xros/integrationtest.build/Objects-normal/arm64/integrationtest.SwiftFileList (in target 'integrationtest' from project 'SwiftFTR')
cd /Users/admin/builder/spi-builder-workspace
write-file /Users/admin/builder/spi-builder-workspace/.derivedData/Build/Intermediates.noindex/SwiftFTR.build/Debug-xros/integrationtest.build/Objects-normal/arm64/integrationtest.SwiftFileList
WriteAuxiliaryFile /Users/admin/builder/spi-builder-workspace/.derivedData/Build/Intermediates.noindex/SwiftFTR.build/Debug-xros/integrationtest.build/Objects-normal/arm64/integrationtest_const_extract_protocols.json (in target 'integrationtest' from project 'SwiftFTR')
cd /Users/admin/builder/spi-builder-workspace
write-file /Users/admin/builder/spi-builder-workspace/.derivedData/Build/Intermediates.noindex/SwiftFTR.build/Debug-xros/integrationtest.build/Objects-normal/arm64/integrationtest_const_extract_protocols.json
WriteAuxiliaryFile /Users/admin/builder/spi-builder-workspace/.derivedData/Build/Intermediates.noindex/SwiftFTR.build/Debug-xros/integrationtest.build/Objects-normal/arm64/integrationtest-OutputFileMap.json (in target 'integrationtest' from project 'SwiftFTR')
cd /Users/admin/builder/spi-builder-workspace
write-file /Users/admin/builder/spi-builder-workspace/.derivedData/Build/Intermediates.noindex/SwiftFTR.build/Debug-xros/integrationtest.build/Objects-normal/arm64/integrationtest-OutputFileMap.json
WriteAuxiliaryFile /Users/admin/builder/spi-builder-workspace/.derivedData/Build/Intermediates.noindex/SwiftFTR.build/Debug-xros/icmpv6probe.build/icmpv6probe.DependencyStaticMetadataFileList (in target 'icmpv6probe' from project 'SwiftFTR')
cd /Users/admin/builder/spi-builder-workspace
write-file /Users/admin/builder/spi-builder-workspace/.derivedData/Build/Intermediates.noindex/SwiftFTR.build/Debug-xros/icmpv6probe.build/icmpv6probe.DependencyStaticMetadataFileList
WriteAuxiliaryFile /Users/admin/builder/spi-builder-workspace/.derivedData/Build/Intermediates.noindex/SwiftFTR.build/Debug-xros/icmpv6probe.build/icmpv6probe.DependencyMetadataFileList (in target 'icmpv6probe' from project 'SwiftFTR')
cd /Users/admin/builder/spi-builder-workspace
write-file /Users/admin/builder/spi-builder-workspace/.derivedData/Build/Intermediates.noindex/SwiftFTR.build/Debug-xros/icmpv6probe.build/icmpv6probe.DependencyMetadataFileList
WriteAuxiliaryFile /Users/admin/builder/spi-builder-workspace/.derivedData/Build/Intermediates.noindex/SwiftFTR.build/Debug-xros/icmpv6probe.build/Objects-normal/arm64/icmpv6probe_const_extract_protocols.json (in target 'icmpv6probe' from project 'SwiftFTR')
cd /Users/admin/builder/spi-builder-workspace
write-file /Users/admin/builder/spi-builder-workspace/.derivedData/Build/Intermediates.noindex/SwiftFTR.build/Debug-xros/icmpv6probe.build/Objects-normal/arm64/icmpv6probe_const_extract_protocols.json
WriteAuxiliaryFile /Users/admin/builder/spi-builder-workspace/.derivedData/Build/Intermediates.noindex/SwiftFTR.build/Debug-xros/icmpv6probe.build/Objects-normal/arm64/icmpv6probe.SwiftFileList (in target 'icmpv6probe' from project 'SwiftFTR')
cd /Users/admin/builder/spi-builder-workspace
write-file /Users/admin/builder/spi-builder-workspace/.derivedData/Build/Intermediates.noindex/SwiftFTR.build/Debug-xros/icmpv6probe.build/Objects-normal/arm64/icmpv6probe.SwiftFileList
WriteAuxiliaryFile /Users/admin/builder/spi-builder-workspace/.derivedData/Build/Intermediates.noindex/SwiftFTR.build/Debug-xros/icmpv6probe.build/Objects-normal/arm64/icmpv6probe.LinkFileList (in target 'icmpv6probe' from project 'SwiftFTR')
cd /Users/admin/builder/spi-builder-workspace
write-file /Users/admin/builder/spi-builder-workspace/.derivedData/Build/Intermediates.noindex/SwiftFTR.build/Debug-xros/icmpv6probe.build/Objects-normal/arm64/icmpv6probe.LinkFileList
WriteAuxiliaryFile /Users/admin/builder/spi-builder-workspace/.derivedData/Build/Intermediates.noindex/SwiftFTR.build/Debug-xros/icmpv6probe.build/Objects-normal/arm64/icmpv6probe-OutputFileMap.json (in target 'icmpv6probe' from project 'SwiftFTR')
cd /Users/admin/builder/spi-builder-workspace
write-file /Users/admin/builder/spi-builder-workspace/.derivedData/Build/Intermediates.noindex/SwiftFTR.build/Debug-xros/icmpv6probe.build/Objects-normal/arm64/icmpv6probe-OutputFileMap.json
WriteAuxiliaryFile /Users/admin/builder/spi-builder-workspace/.derivedData/Build/Intermediates.noindex/SwiftFTR.build/Debug-xros/icmpv6fuzz.build/icmpv6fuzz.DependencyStaticMetadataFileList (in target 'icmpv6fuzz' from project 'SwiftFTR')
cd /Users/admin/builder/spi-builder-workspace
write-file /Users/admin/builder/spi-builder-workspace/.derivedData/Build/Intermediates.noindex/SwiftFTR.build/Debug-xros/icmpv6fuzz.build/icmpv6fuzz.DependencyStaticMetadataFileList
WriteAuxiliaryFile /Users/admin/builder/spi-builder-workspace/.derivedData/Build/Intermediates.noindex/SwiftFTR.build/Debug-xros/icmpv6fuzz.build/icmpv6fuzz.DependencyMetadataFileList (in target 'icmpv6fuzz' from project 'SwiftFTR')
cd /Users/admin/builder/spi-builder-workspace
write-file /Users/admin/builder/spi-builder-workspace/.derivedData/Build/Intermediates.noindex/SwiftFTR.build/Debug-xros/icmpv6fuzz.build/icmpv6fuzz.DependencyMetadataFileList
WriteAuxiliaryFile /Users/admin/builder/spi-builder-workspace/.derivedData/Build/Intermediates.noindex/SwiftFTR.build/Debug-xros/icmpv6fuzz.build/Objects-normal/arm64/icmpv6fuzz_const_extract_protocols.json (in target 'icmpv6fuzz' from project 'SwiftFTR')
cd /Users/admin/builder/spi-builder-workspace
write-file /Users/admin/builder/spi-builder-workspace/.derivedData/Build/Intermediates.noindex/SwiftFTR.build/Debug-xros/icmpv6fuzz.build/Objects-normal/arm64/icmpv6fuzz_const_extract_protocols.json
WriteAuxiliaryFile /Users/admin/builder/spi-builder-workspace/.derivedData/Build/Intermediates.noindex/SwiftFTR.build/Debug-xros/icmpv6fuzz.build/Objects-normal/arm64/icmpv6fuzz.SwiftFileList (in target 'icmpv6fuzz' from project 'SwiftFTR')
cd /Users/admin/builder/spi-builder-workspace
write-file /Users/admin/builder/spi-builder-workspace/.derivedData/Build/Intermediates.noindex/SwiftFTR.build/Debug-xros/icmpv6fuzz.build/Objects-normal/arm64/icmpv6fuzz.SwiftFileList
WriteAuxiliaryFile /Users/admin/builder/spi-builder-workspace/.derivedData/Build/Intermediates.noindex/SwiftFTR.build/Debug-xros/icmpv6fuzz.build/Objects-normal/arm64/icmpv6fuzz.LinkFileList (in target 'icmpv6fuzz' from project 'SwiftFTR')
cd /Users/admin/builder/spi-builder-workspace
write-file /Users/admin/builder/spi-builder-workspace/.derivedData/Build/Intermediates.noindex/SwiftFTR.build/Debug-xros/icmpv6fuzz.build/Objects-normal/arm64/icmpv6fuzz.LinkFileList
WriteAuxiliaryFile /Users/admin/builder/spi-builder-workspace/.derivedData/Build/Intermediates.noindex/SwiftFTR.build/Debug-xros/icmpv6fuzz.build/Objects-normal/arm64/icmpv6fuzz-OutputFileMap.json (in target 'icmpv6fuzz' from project 'SwiftFTR')
cd /Users/admin/builder/spi-builder-workspace
write-file /Users/admin/builder/spi-builder-workspace/.derivedData/Build/Intermediates.noindex/SwiftFTR.build/Debug-xros/icmpv6fuzz.build/Objects-normal/arm64/icmpv6fuzz-OutputFileMap.json
WriteAuxiliaryFile /Users/admin/builder/spi-builder-workspace/.derivedData/Build/Intermediates.noindex/SwiftFTR.build/Debug-xros/icmpfuzzer.build/icmpfuzzer.DependencyMetadataFileList (in target 'icmpfuzzer' from project 'SwiftFTR')
cd /Users/admin/builder/spi-builder-workspace
write-file /Users/admin/builder/spi-builder-workspace/.derivedData/Build/Intermediates.noindex/SwiftFTR.build/Debug-xros/icmpfuzzer.build/icmpfuzzer.DependencyMetadataFileList
WriteAuxiliaryFile /Users/admin/builder/spi-builder-workspace/.derivedData/Build/Intermediates.noindex/SwiftFTR.build/Debug-xros/icmpfuzzer.build/icmpfuzzer.DependencyStaticMetadataFileList (in target 'icmpfuzzer' from project 'SwiftFTR')
cd /Users/admin/builder/spi-builder-workspace
write-file /Users/admin/builder/spi-builder-workspace/.derivedData/Build/Intermediates.noindex/SwiftFTR.build/Debug-xros/icmpfuzzer.build/icmpfuzzer.DependencyStaticMetadataFileList
WriteAuxiliaryFile /Users/admin/builder/spi-builder-workspace/.derivedData/Build/Intermediates.noindex/SwiftFTR.build/Debug-xros/icmpfuzzer.build/Objects-normal/arm64/icmpfuzzer_const_extract_protocols.json (in target 'icmpfuzzer' from project 'SwiftFTR')
cd /Users/admin/builder/spi-builder-workspace
write-file /Users/admin/builder/spi-builder-workspace/.derivedData/Build/Intermediates.noindex/SwiftFTR.build/Debug-xros/icmpfuzzer.build/Objects-normal/arm64/icmpfuzzer_const_extract_protocols.json
WriteAuxiliaryFile /Users/admin/builder/spi-builder-workspace/.derivedData/Build/Intermediates.noindex/SwiftFTR.build/Debug-xros/icmpfuzzer.build/Objects-normal/arm64/icmpfuzzer.SwiftFileList (in target 'icmpfuzzer' from project 'SwiftFTR')
cd /Users/admin/builder/spi-builder-workspace
write-file /Users/admin/builder/spi-builder-workspace/.derivedData/Build/Intermediates.noindex/SwiftFTR.build/Debug-xros/icmpfuzzer.build/Objects-normal/arm64/icmpfuzzer.SwiftFileList
WriteAuxiliaryFile /Users/admin/builder/spi-builder-workspace/.derivedData/Build/Intermediates.noindex/SwiftFTR.build/Debug-xros/icmpfuzzer.build/Objects-normal/arm64/icmpfuzzer.LinkFileList (in target 'icmpfuzzer' from project 'SwiftFTR')
cd /Users/admin/builder/spi-builder-workspace
write-file /Users/admin/builder/spi-builder-workspace/.derivedData/Build/Intermediates.noindex/SwiftFTR.build/Debug-xros/icmpfuzzer.build/Objects-normal/arm64/icmpfuzzer.LinkFileList
WriteAuxiliaryFile /Users/admin/builder/spi-builder-workspace/.derivedData/Build/Intermediates.noindex/SwiftFTR.build/Debug-xros/icmpfuzzer.build/Objects-normal/arm64/icmpfuzzer-OutputFileMap.json (in target 'icmpfuzzer' from project 'SwiftFTR')
cd /Users/admin/builder/spi-builder-workspace
write-file /Users/admin/builder/spi-builder-workspace/.derivedData/Build/Intermediates.noindex/SwiftFTR.build/Debug-xros/icmpfuzzer.build/Objects-normal/arm64/icmpfuzzer-OutputFileMap.json
WriteAuxiliaryFile /Users/admin/builder/spi-builder-workspace/.derivedData/Build/Intermediates.noindex/SwiftFTR.build/Debug-xros/icmpfuzz.build/icmpfuzz.DependencyStaticMetadataFileList (in target 'icmpfuzz' from project 'SwiftFTR')
cd /Users/admin/builder/spi-builder-workspace
write-file /Users/admin/builder/spi-builder-workspace/.derivedData/Build/Intermediates.noindex/SwiftFTR.build/Debug-xros/icmpfuzz.build/icmpfuzz.DependencyStaticMetadataFileList
WriteAuxiliaryFile /Users/admin/builder/spi-builder-workspace/.derivedData/Build/Intermediates.noindex/SwiftFTR.build/Debug-xros/icmpfuzz.build/icmpfuzz.DependencyMetadataFileList (in target 'icmpfuzz' from project 'SwiftFTR')
cd /Users/admin/builder/spi-builder-workspace
write-file /Users/admin/builder/spi-builder-workspace/.derivedData/Build/Intermediates.noindex/SwiftFTR.build/Debug-xros/icmpfuzz.build/icmpfuzz.DependencyMetadataFileList
WriteAuxiliaryFile /Users/admin/builder/spi-builder-workspace/.derivedData/Build/Intermediates.noindex/SwiftFTR.build/Debug-xros/icmpfuzz.build/Objects-normal/arm64/icmpfuzz_const_extract_protocols.json (in target 'icmpfuzz' from project 'SwiftFTR')
cd /Users/admin/builder/spi-builder-workspace
write-file /Users/admin/builder/spi-builder-workspace/.derivedData/Build/Intermediates.noindex/SwiftFTR.build/Debug-xros/icmpfuzz.build/Objects-normal/arm64/icmpfuzz_const_extract_protocols.json
WriteAuxiliaryFile /Users/admin/builder/spi-builder-workspace/.derivedData/Build/Intermediates.noindex/SwiftFTR.build/Debug-xros/icmpfuzz.build/Objects-normal/arm64/icmpfuzz.SwiftFileList (in target 'icmpfuzz' from project 'SwiftFTR')
cd /Users/admin/builder/spi-builder-workspace
write-file /Users/admin/builder/spi-builder-workspace/.derivedData/Build/Intermediates.noindex/SwiftFTR.build/Debug-xros/icmpfuzz.build/Objects-normal/arm64/icmpfuzz.SwiftFileList
WriteAuxiliaryFile /Users/admin/builder/spi-builder-workspace/.derivedData/Build/Intermediates.noindex/SwiftFTR.build/Debug-xros/icmpfuzz.build/Objects-normal/arm64/icmpfuzz-OutputFileMap.json (in target 'icmpfuzz' from project 'SwiftFTR')
cd /Users/admin/builder/spi-builder-workspace
write-file /Users/admin/builder/spi-builder-workspace/.derivedData/Build/Intermediates.noindex/SwiftFTR.build/Debug-xros/icmpfuzz.build/Objects-normal/arm64/icmpfuzz-OutputFileMap.json
WriteAuxiliaryFile /Users/admin/builder/spi-builder-workspace/.derivedData/Build/Intermediates.noindex/SwiftFTR.build/Debug-xros/icmpfuzz.build/Objects-normal/arm64/icmpfuzz.LinkFileList (in target 'icmpfuzz' from project 'SwiftFTR')
cd /Users/admin/builder/spi-builder-workspace
write-file /Users/admin/builder/spi-builder-workspace/.derivedData/Build/Intermediates.noindex/SwiftFTR.build/Debug-xros/icmpfuzz.build/Objects-normal/arm64/icmpfuzz.LinkFileList
WriteAuxiliaryFile /Users/admin/builder/spi-builder-workspace/.derivedData/Build/Intermediates.noindex/SwiftFTR.build/Debug-xros/hop-monitor.build/hop-monitor.DependencyMetadataFileList (in target 'hop-monitor' from project 'SwiftFTR')
cd /Users/admin/builder/spi-builder-workspace
write-file /Users/admin/builder/spi-builder-workspace/.derivedData/Build/Intermediates.noindex/SwiftFTR.build/Debug-xros/hop-monitor.build/hop-monitor.DependencyMetadataFileList
WriteAuxiliaryFile /Users/admin/builder/spi-builder-workspace/.derivedData/Build/Intermediates.noindex/SwiftFTR.build/Debug-xros/hop-monitor.build/hop-monitor.DependencyStaticMetadataFileList (in target 'hop-monitor' from project 'SwiftFTR')
cd /Users/admin/builder/spi-builder-workspace
write-file /Users/admin/builder/spi-builder-workspace/.derivedData/Build/Intermediates.noindex/SwiftFTR.build/Debug-xros/hop-monitor.build/hop-monitor.DependencyStaticMetadataFileList
WriteAuxiliaryFile /Users/admin/builder/spi-builder-workspace/.derivedData/Build/Intermediates.noindex/SwiftFTR.build/Debug-xros/hop-monitor.build/Objects-normal/arm64/hop-monitor.LinkFileList (in target 'hop-monitor' from project 'SwiftFTR')
cd /Users/admin/builder/spi-builder-workspace
write-file /Users/admin/builder/spi-builder-workspace/.derivedData/Build/Intermediates.noindex/SwiftFTR.build/Debug-xros/hop-monitor.build/Objects-normal/arm64/hop-monitor.LinkFileList
WriteAuxiliaryFile /Users/admin/builder/spi-builder-workspace/.derivedData/Build/Intermediates.noindex/SwiftFTR.build/Debug-xros/hop-monitor.build/Objects-normal/arm64/hop-monitor_const_extract_protocols.json (in target 'hop-monitor' from project 'SwiftFTR')
cd /Users/admin/builder/spi-builder-workspace
write-file /Users/admin/builder/spi-builder-workspace/.derivedData/Build/Intermediates.noindex/SwiftFTR.build/Debug-xros/hop-monitor.build/Objects-normal/arm64/hop-monitor_const_extract_protocols.json
WriteAuxiliaryFile /Users/admin/builder/spi-builder-workspace/.derivedData/Build/Intermediates.noindex/SwiftFTR.build/Debug-xros/hop-monitor.build/Objects-normal/arm64/hop-monitor.SwiftFileList (in target 'hop-monitor' from project 'SwiftFTR')
cd /Users/admin/builder/spi-builder-workspace
write-file /Users/admin/builder/spi-builder-workspace/.derivedData/Build/Intermediates.noindex/SwiftFTR.build/Debug-xros/hop-monitor.build/Objects-normal/arm64/hop-monitor.SwiftFileList
WriteAuxiliaryFile /Users/admin/builder/spi-builder-workspace/.derivedData/Build/Intermediates.noindex/SwiftFTR.build/Debug-xros/hop-monitor.build/Objects-normal/arm64/hop-monitor-OutputFileMap.json (in target 'hop-monitor' from project 'SwiftFTR')
cd /Users/admin/builder/spi-builder-workspace
write-file /Users/admin/builder/spi-builder-workspace/.derivedData/Build/Intermediates.noindex/SwiftFTR.build/Debug-xros/hop-monitor.build/Objects-normal/arm64/hop-monitor-OutputFileMap.json
WriteAuxiliaryFile /Users/admin/builder/spi-builder-workspace/.derivedData/Build/Intermediates.noindex/SwiftFTR.build/Debug-xros/genseeds.build/genseeds.DependencyMetadataFileList (in target 'genseeds' from project 'SwiftFTR')
cd /Users/admin/builder/spi-builder-workspace
write-file /Users/admin/builder/spi-builder-workspace/.derivedData/Build/Intermediates.noindex/SwiftFTR.build/Debug-xros/genseeds.build/genseeds.DependencyMetadataFileList
WriteAuxiliaryFile /Users/admin/builder/spi-builder-workspace/.derivedData/Build/Intermediates.noindex/SwiftFTR.build/Debug-xros/genseeds.build/genseeds.DependencyStaticMetadataFileList (in target 'genseeds' from project 'SwiftFTR')
cd /Users/admin/builder/spi-builder-workspace
write-file /Users/admin/builder/spi-builder-workspace/.derivedData/Build/Intermediates.noindex/SwiftFTR.build/Debug-xros/genseeds.build/genseeds.DependencyStaticMetadataFileList
WriteAuxiliaryFile /Users/admin/builder/spi-builder-workspace/.derivedData/Build/Intermediates.noindex/SwiftFTR.build/Debug-xros/genseeds.build/Objects-normal/arm64/genseeds_const_extract_protocols.json (in target 'genseeds' from project 'SwiftFTR')
cd /Users/admin/builder/spi-builder-workspace
write-file /Users/admin/builder/spi-builder-workspace/.derivedData/Build/Intermediates.noindex/SwiftFTR.build/Debug-xros/genseeds.build/Objects-normal/arm64/genseeds_const_extract_protocols.json
WriteAuxiliaryFile /Users/admin/builder/spi-builder-workspace/.derivedData/Build/Intermediates.noindex/SwiftFTR.build/Debug-xros/genseeds.build/Objects-normal/arm64/genseeds.SwiftFileList (in target 'genseeds' from project 'SwiftFTR')
cd /Users/admin/builder/spi-builder-workspace
write-file /Users/admin/builder/spi-builder-workspace/.derivedData/Build/Intermediates.noindex/SwiftFTR.build/Debug-xros/genseeds.build/Objects-normal/arm64/genseeds.SwiftFileList
WriteAuxiliaryFile /Users/admin/builder/spi-builder-workspace/.derivedData/Build/Intermediates.noindex/SwiftFTR.build/Debug-xros/genseeds.build/Objects-normal/arm64/genseeds.LinkFileList (in target 'genseeds' from project 'SwiftFTR')
cd /Users/admin/builder/spi-builder-workspace
write-file /Users/admin/builder/spi-builder-workspace/.derivedData/Build/Intermediates.noindex/SwiftFTR.build/Debug-xros/genseeds.build/Objects-normal/arm64/genseeds.LinkFileList
WriteAuxiliaryFile /Users/admin/builder/spi-builder-workspace/.derivedData/Build/Intermediates.noindex/SwiftFTR.build/Debug-xros/genseeds.build/Objects-normal/arm64/genseeds-OutputFileMap.json (in target 'genseeds' from project 'SwiftFTR')
cd /Users/admin/builder/spi-builder-workspace
write-file /Users/admin/builder/spi-builder-workspace/.derivedData/Build/Intermediates.noindex/SwiftFTR.build/Debug-xros/genseeds.build/Objects-normal/arm64/genseeds-OutputFileMap.json
WriteAuxiliaryFile /Users/admin/builder/spi-builder-workspace/.derivedData/Build/Intermediates.noindex/SwiftFTR.build/Debug-xros/asnloadprobe.build/asnloadprobe.DependencyMetadataFileList (in target 'asnloadprobe' from project 'SwiftFTR')
cd /Users/admin/builder/spi-builder-workspace
write-file /Users/admin/builder/spi-builder-workspace/.derivedData/Build/Intermediates.noindex/SwiftFTR.build/Debug-xros/asnloadprobe.build/asnloadprobe.DependencyMetadataFileList
WriteAuxiliaryFile /Users/admin/builder/spi-builder-workspace/.derivedData/Build/Intermediates.noindex/SwiftFTR.build/Debug-xros/asnloadprobe.build/asnloadprobe.DependencyStaticMetadataFileList (in target 'asnloadprobe' from project 'SwiftFTR')
cd /Users/admin/builder/spi-builder-workspace
write-file /Users/admin/builder/spi-builder-workspace/.derivedData/Build/Intermediates.noindex/SwiftFTR.build/Debug-xros/asnloadprobe.build/asnloadprobe.DependencyStaticMetadataFileList
WriteAuxiliaryFile /Users/admin/builder/spi-builder-workspace/.derivedData/Build/Intermediates.noindex/SwiftFTR.build/Debug-xros/asnloadprobe.build/Objects-normal/arm64/asnloadprobe_const_extract_protocols.json (in target 'asnloadprobe' from project 'SwiftFTR')
cd /Users/admin/builder/spi-builder-workspace
write-file /Users/admin/builder/spi-builder-workspace/.derivedData/Build/Intermediates.noindex/SwiftFTR.build/Debug-xros/asnloadprobe.build/Objects-normal/arm64/asnloadprobe_const_extract_protocols.json
WriteAuxiliaryFile /Users/admin/builder/spi-builder-workspace/.derivedData/Build/Intermediates.noindex/SwiftFTR.build/Debug-xros/asnloadprobe.build/Objects-normal/arm64/asnloadprobe.LinkFileList (in target 'asnloadprobe' from project 'SwiftFTR')
cd /Users/admin/builder/spi-builder-workspace
write-file /Users/admin/builder/spi-builder-workspace/.derivedData/Build/Intermediates.noindex/SwiftFTR.build/Debug-xros/asnloadprobe.build/Objects-normal/arm64/asnloadprobe.LinkFileList
WriteAuxiliaryFile /Users/admin/builder/spi-builder-workspace/.derivedData/Build/Intermediates.noindex/SwiftFTR.build/Debug-xros/asnloadprobe.build/Objects-normal/arm64/asnloadprobe.SwiftFileList (in target 'asnloadprobe' from project 'SwiftFTR')
cd /Users/admin/builder/spi-builder-workspace
write-file /Users/admin/builder/spi-builder-workspace/.derivedData/Build/Intermediates.noindex/SwiftFTR.build/Debug-xros/asnloadprobe.build/Objects-normal/arm64/asnloadprobe.SwiftFileList
WriteAuxiliaryFile /Users/admin/builder/spi-builder-workspace/.derivedData/Build/Intermediates.noindex/SwiftFTR.build/Debug-xros/asnloadprobe.build/Objects-normal/arm64/asnloadprobe-OutputFileMap.json (in target 'asnloadprobe' from project 'SwiftFTR')
cd /Users/admin/builder/spi-builder-workspace
write-file /Users/admin/builder/spi-builder-workspace/.derivedData/Build/Intermediates.noindex/SwiftFTR.build/Debug-xros/asnloadprobe.build/Objects-normal/arm64/asnloadprobe-OutputFileMap.json
WriteAuxiliaryFile /Users/admin/builder/spi-builder-workspace/.derivedData/Build/Intermediates.noindex/SwiftIP2ASN.build/Debug-xros/SwiftIP2ASN_SwiftIP2ASN.build/empty-SwiftIP2ASN_SwiftIP2ASN.plist (in target 'SwiftIP2ASN_SwiftIP2ASN' from project 'SwiftIP2ASN')
cd /Users/admin/builder/spi-builder-workspace/.dependencies/checkouts/swift-ip2asn
write-file /Users/admin/builder/spi-builder-workspace/.derivedData/Build/Intermediates.noindex/SwiftIP2ASN.build/Debug-xros/SwiftIP2ASN_SwiftIP2ASN.build/empty-SwiftIP2ASN_SwiftIP2ASN.plist
WriteAuxiliaryFile /Users/admin/builder/spi-builder-workspace/.derivedData/Build/Intermediates.noindex/SwiftIP2ASN.build/Debug-xros/SwiftIP2ASN_SwiftIP2ASN.build/SwiftIP2ASN_SwiftIP2ASN.DependencyStaticMetadataFileList (in target 'SwiftIP2ASN_SwiftIP2ASN' from project 'SwiftIP2ASN')
cd /Users/admin/builder/spi-builder-workspace/.dependencies/checkouts/swift-ip2asn
write-file /Users/admin/builder/spi-builder-workspace/.derivedData/Build/Intermediates.noindex/SwiftIP2ASN.build/Debug-xros/SwiftIP2ASN_SwiftIP2ASN.build/SwiftIP2ASN_SwiftIP2ASN.DependencyStaticMetadataFileList
WriteAuxiliaryFile /Users/admin/builder/spi-builder-workspace/.derivedData/Build/Intermediates.noindex/SwiftIP2ASN.build/Debug-xros/SwiftIP2ASN_SwiftIP2ASN.build/SwiftIP2ASN_SwiftIP2ASN.DependencyMetadataFileList (in target 'SwiftIP2ASN_SwiftIP2ASN' from project 'SwiftIP2ASN')
cd /Users/admin/builder/spi-builder-workspace/.dependencies/checkouts/swift-ip2asn
write-file /Users/admin/builder/spi-builder-workspace/.derivedData/Build/Intermediates.noindex/SwiftIP2ASN.build/Debug-xros/SwiftIP2ASN_SwiftIP2ASN.build/SwiftIP2ASN_SwiftIP2ASN.DependencyMetadataFileList
MkDir /Users/admin/builder/spi-builder-workspace/.derivedData/Build/Products/Debug-xros/SwiftIP2ASN_SwiftIP2ASN.bundle (in target 'SwiftIP2ASN_SwiftIP2ASN' from project 'SwiftIP2ASN')
cd /Users/admin/builder/spi-builder-workspace/.dependencies/checkouts/swift-ip2asn
/bin/mkdir -p /Users/admin/builder/spi-builder-workspace/.derivedData/Build/Products/Debug-xros/SwiftIP2ASN_SwiftIP2ASN.bundle
WriteAuxiliaryFile /Users/admin/builder/spi-builder-workspace/.derivedData/Build/Intermediates.noindex/SwiftIP2ASN.build/Debug-xros/SwiftIP2ASN.build/SwiftIP2ASN.DependencyStaticMetadataFileList (in target 'SwiftIP2ASN' from project 'SwiftIP2ASN')
cd /Users/admin/builder/spi-builder-workspace/.dependencies/checkouts/swift-ip2asn
write-file /Users/admin/builder/spi-builder-workspace/.derivedData/Build/Intermediates.noindex/SwiftIP2ASN.build/Debug-xros/SwiftIP2ASN.build/SwiftIP2ASN.DependencyStaticMetadataFileList
WriteAuxiliaryFile /Users/admin/builder/spi-builder-workspace/.derivedData/Build/Intermediates.noindex/SwiftIP2ASN.build/Debug-xros/SwiftIP2ASN.build/SwiftIP2ASN.modulemap (in target 'SwiftIP2ASN' from project 'SwiftIP2ASN')
cd /Users/admin/builder/spi-builder-workspace/.dependencies/checkouts/swift-ip2asn
write-file /Users/admin/builder/spi-builder-workspace/.derivedData/Build/Intermediates.noindex/SwiftIP2ASN.build/Debug-xros/SwiftIP2ASN.build/SwiftIP2ASN.modulemap
WriteAuxiliaryFile /Users/admin/builder/spi-builder-workspace/.derivedData/Build/Intermediates.noindex/SwiftIP2ASN.build/Debug-xros/SwiftIP2ASN.build/SwiftIP2ASN.DependencyMetadataFileList (in target 'SwiftIP2ASN' from project 'SwiftIP2ASN')
cd /Users/admin/builder/spi-builder-workspace/.dependencies/checkouts/swift-ip2asn
write-file /Users/admin/builder/spi-builder-workspace/.derivedData/Build/Intermediates.noindex/SwiftIP2ASN.build/Debug-xros/SwiftIP2ASN.build/SwiftIP2ASN.DependencyMetadataFileList
WriteAuxiliaryFile /Users/admin/builder/spi-builder-workspace/.derivedData/Build/Intermediates.noindex/SwiftIP2ASN.build/Debug-xros/SwiftIP2ASN.build/Objects-normal/arm64/SwiftIP2ASN.SwiftFileList (in target 'SwiftIP2ASN' from project 'SwiftIP2ASN')
cd /Users/admin/builder/spi-builder-workspace/.dependencies/checkouts/swift-ip2asn
write-file /Users/admin/builder/spi-builder-workspace/.derivedData/Build/Intermediates.noindex/SwiftIP2ASN.build/Debug-xros/SwiftIP2ASN.build/Objects-normal/arm64/SwiftIP2ASN.SwiftFileList
WriteAuxiliaryFile /Users/admin/builder/spi-builder-workspace/.derivedData/Build/Intermediates.noindex/SwiftIP2ASN.build/Debug-xros/SwiftIP2ASN.build/Objects-normal/arm64/SwiftIP2ASN.LinkFileList (in target 'SwiftIP2ASN' from project 'SwiftIP2ASN')
cd /Users/admin/builder/spi-builder-workspace/.dependencies/checkouts/swift-ip2asn
write-file /Users/admin/builder/spi-builder-workspace/.derivedData/Build/Intermediates.noindex/SwiftIP2ASN.build/Debug-xros/SwiftIP2ASN.build/Objects-normal/arm64/SwiftIP2ASN.LinkFileList
WriteAuxiliaryFile /Users/admin/builder/spi-builder-workspace/.derivedData/Build/Intermediates.noindex/SwiftIP2ASN.build/Debug-xros/SwiftIP2ASN.build/Objects-normal/arm64/SwiftIP2ASN.SwiftConstValuesFileList (in target 'SwiftIP2ASN' from project 'SwiftIP2ASN')
cd /Users/admin/builder/spi-builder-workspace/.dependencies/checkouts/swift-ip2asn
write-file /Users/admin/builder/spi-builder-workspace/.derivedData/Build/Intermediates.noindex/SwiftIP2ASN.build/Debug-xros/SwiftIP2ASN.build/Objects-normal/arm64/SwiftIP2ASN.SwiftConstValuesFileList
WriteAuxiliaryFile /Users/admin/builder/spi-builder-workspace/.derivedData/Build/Intermediates.noindex/SwiftIP2ASN.build/Debug-xros/SwiftIP2ASN.build/Objects-normal/arm64/SwiftIP2ASN_const_extract_protocols.json (in target 'SwiftIP2ASN' from project 'SwiftIP2ASN')
cd /Users/admin/builder/spi-builder-workspace/.dependencies/checkouts/swift-ip2asn
write-file /Users/admin/builder/spi-builder-workspace/.derivedData/Build/Intermediates.noindex/SwiftIP2ASN.build/Debug-xros/SwiftIP2ASN.build/Objects-normal/arm64/SwiftIP2ASN_const_extract_protocols.json
WriteAuxiliaryFile /Users/admin/builder/spi-builder-workspace/.derivedData/Build/Intermediates.noindex/SwiftIP2ASN.build/Debug-xros/SwiftIP2ASN.build/Objects-normal/arm64/SwiftIP2ASN-OutputFileMap.json (in target 'SwiftIP2ASN' from project 'SwiftIP2ASN')
cd /Users/admin/builder/spi-builder-workspace/.dependencies/checkouts/swift-ip2asn
write-file /Users/admin/builder/spi-builder-workspace/.derivedData/Build/Intermediates.noindex/SwiftIP2ASN.build/Debug-xros/SwiftIP2ASN.build/Objects-normal/arm64/SwiftIP2ASN-OutputFileMap.json
WriteAuxiliaryFile /Users/admin/builder/spi-builder-workspace/.derivedData/Build/Intermediates.noindex/SwiftIP2ASN.build/Debug-xros/SwiftIP2ASN.build/DerivedSources/resource_bundle_accessor.swift (in target 'SwiftIP2ASN' from project 'SwiftIP2ASN')
cd /Users/admin/builder/spi-builder-workspace/.dependencies/checkouts/swift-ip2asn
write-file /Users/admin/builder/spi-builder-workspace/.derivedData/Build/Intermediates.noindex/SwiftIP2ASN.build/Debug-xros/SwiftIP2ASN.build/DerivedSources/resource_bundle_accessor.swift
WriteAuxiliaryFile /Users/admin/builder/spi-builder-workspace/.derivedData/Build/Intermediates.noindex/SwiftFTR.build/Debug-xros/SwiftFTR.build/SwiftFTR.DependencyStaticMetadataFileList (in target 'SwiftFTR' from project 'SwiftFTR')
cd /Users/admin/builder/spi-builder-workspace
write-file /Users/admin/builder/spi-builder-workspace/.derivedData/Build/Intermediates.noindex/SwiftFTR.build/Debug-xros/SwiftFTR.build/SwiftFTR.DependencyStaticMetadataFileList
WriteAuxiliaryFile /Users/admin/builder/spi-builder-workspace/.derivedData/Build/Intermediates.noindex/SwiftFTR.build/Debug-xros/SwiftFTR.build/SwiftFTR.modulemap (in target 'SwiftFTR' from project 'SwiftFTR')
cd /Users/admin/builder/spi-builder-workspace
write-file /Users/admin/builder/spi-builder-workspace/.derivedData/Build/Intermediates.noindex/SwiftFTR.build/Debug-xros/SwiftFTR.build/SwiftFTR.modulemap
WriteAuxiliaryFile /Users/admin/builder/spi-builder-workspace/.derivedData/Build/Intermediates.noindex/SwiftFTR.build/Debug-xros/SwiftFTR.build/SwiftFTR.DependencyMetadataFileList (in target 'SwiftFTR' from project 'SwiftFTR')
cd /Users/admin/builder/spi-builder-workspace
write-file /Users/admin/builder/spi-builder-workspace/.derivedData/Build/Intermediates.noindex/SwiftFTR.build/Debug-xros/SwiftFTR.build/SwiftFTR.DependencyMetadataFileList
Copy /Users/admin/builder/spi-builder-workspace/.derivedData/Build/Intermediates.noindex/GeneratedModuleMaps-xros/SwiftIP2ASN.modulemap /Users/admin/builder/spi-builder-workspace/.derivedData/Build/Intermediates.noindex/SwiftIP2ASN.build/Debug-xros/SwiftIP2ASN.build/SwiftIP2ASN.modulemap (in target 'SwiftIP2ASN' from project 'SwiftIP2ASN')
cd /Users/admin/builder/spi-builder-workspace/.dependencies/checkouts/swift-ip2asn
builtin-copy -exclude .DS_Store -exclude CVS -exclude .svn -exclude .git -exclude .hg -resolve-src-symlinks /Users/admin/builder/spi-builder-workspace/.derivedData/Build/Intermediates.noindex/SwiftIP2ASN.build/Debug-xros/SwiftIP2ASN.build/SwiftIP2ASN.modulemap /Users/admin/builder/spi-builder-workspace/.derivedData/Build/Intermediates.noindex/GeneratedModuleMaps-xros
WriteAuxiliaryFile /Users/admin/builder/spi-builder-workspace/.derivedData/Build/Intermediates.noindex/SwiftFTR.build/Debug-xros/SwiftFTR.build/Objects-normal/arm64/SwiftFTR_const_extract_protocols.json (in target 'SwiftFTR' from project 'SwiftFTR')
cd /Users/admin/builder/spi-builder-workspace
write-file /Users/admin/builder/spi-builder-workspace/.derivedData/Build/Intermediates.noindex/SwiftFTR.build/Debug-xros/SwiftFTR.build/Objects-normal/arm64/SwiftFTR_const_extract_protocols.json
WriteAuxiliaryFile /Users/admin/builder/spi-builder-workspace/.derivedData/Build/Intermediates.noindex/SwiftFTR.build/Debug-xros/SwiftFTR.build/Objects-normal/arm64/SwiftFTR.SwiftFileList (in target 'SwiftFTR' from project 'SwiftFTR')
cd /Users/admin/builder/spi-builder-workspace
write-file /Users/admin/builder/spi-builder-workspace/.derivedData/Build/Intermediates.noindex/SwiftFTR.build/Debug-xros/SwiftFTR.build/Objects-normal/arm64/SwiftFTR.SwiftFileList
WriteAuxiliaryFile /Users/admin/builder/spi-builder-workspace/.derivedData/Build/Intermediates.noindex/SwiftFTR.build/Debug-xros/SwiftFTR.build/Objects-normal/arm64/SwiftFTR.LinkFileList (in target 'SwiftFTR' from project 'SwiftFTR')
cd /Users/admin/builder/spi-builder-workspace
write-file /Users/admin/builder/spi-builder-workspace/.derivedData/Build/Intermediates.noindex/SwiftFTR.build/Debug-xros/SwiftFTR.build/Objects-normal/arm64/SwiftFTR.LinkFileList
WriteAuxiliaryFile /Users/admin/builder/spi-builder-workspace/.derivedData/Build/Intermediates.noindex/SwiftFTR.build/Debug-xros/SwiftFTR.build/Objects-normal/arm64/SwiftFTR-OutputFileMap.json (in target 'SwiftFTR' from project 'SwiftFTR')
cd /Users/admin/builder/spi-builder-workspace
write-file /Users/admin/builder/spi-builder-workspace/.derivedData/Build/Intermediates.noindex/SwiftFTR.build/Debug-xros/SwiftFTR.build/Objects-normal/arm64/SwiftFTR-OutputFileMap.json
WriteAuxiliaryFile /Users/admin/builder/spi-builder-workspace/.derivedData/Build/Intermediates.noindex/SwiftFTR.build/Debug-xros/SwiftFTR.build/Objects-normal/arm64/SwiftFTR.SwiftConstValuesFileList (in target 'SwiftFTR' from project 'SwiftFTR')
cd /Users/admin/builder/spi-builder-workspace
write-file /Users/admin/builder/spi-builder-workspace/.derivedData/Build/Intermediates.noindex/SwiftFTR.build/Debug-xros/SwiftFTR.build/Objects-normal/arm64/SwiftFTR.SwiftConstValuesFileList
WriteAuxiliaryFile /Users/admin/builder/spi-builder-workspace/.derivedData/Build/Intermediates.noindex/SwiftFTR.build/Debug-xros/ResourceBenchmark.build/ResourceBenchmark.DependencyMetadataFileList (in target 'ResourceBenchmark' from project 'SwiftFTR')
cd /Users/admin/builder/spi-builder-workspace
write-file /Users/admin/builder/spi-builder-workspace/.derivedData/Build/Intermediates.noindex/SwiftFTR.build/Debug-xros/ResourceBenchmark.build/ResourceBenchmark.DependencyMetadataFileList
WriteAuxiliaryFile /Users/admin/builder/spi-builder-workspace/.derivedData/Build/Intermediates.noindex/SwiftFTR.build/Debug-xros/ResourceBenchmark.build/ResourceBenchmark.DependencyStaticMetadataFileList (in target 'ResourceBenchmark' from project 'SwiftFTR')
cd /Users/admin/builder/spi-builder-workspace
write-file /Users/admin/builder/spi-builder-workspace/.derivedData/Build/Intermediates.noindex/SwiftFTR.build/Debug-xros/ResourceBenchmark.build/ResourceBenchmark.DependencyStaticMetadataFileList
WriteAuxiliaryFile /Users/admin/builder/spi-builder-workspace/.derivedData/Build/Intermediates.noindex/SwiftFTR.build/Debug-xros/ResourceBenchmark.build/Objects-normal/arm64/ResourceBenchmark.SwiftFileList (in target 'ResourceBenchmark' from project 'SwiftFTR')
cd /Users/admin/builder/spi-builder-workspace
write-file /Users/admin/builder/spi-builder-workspace/.derivedData/Build/Intermediates.noindex/SwiftFTR.build/Debug-xros/ResourceBenchmark.build/Objects-normal/arm64/ResourceBenchmark.SwiftFileList
WriteAuxiliaryFile /Users/admin/builder/spi-builder-workspace/.derivedData/Build/Intermediates.noindex/SwiftFTR.build/Debug-xros/ResourceBenchmark.build/Objects-normal/arm64/ResourceBenchmark_const_extract_protocols.json (in target 'ResourceBenchmark' from project 'SwiftFTR')
cd /Users/admin/builder/spi-builder-workspace
write-file /Users/admin/builder/spi-builder-workspace/.derivedData/Build/Intermediates.noindex/SwiftFTR.build/Debug-xros/ResourceBenchmark.build/Objects-normal/arm64/ResourceBenchmark_const_extract_protocols.json
WriteAuxiliaryFile /Users/admin/builder/spi-builder-workspace/.derivedData/Build/Intermediates.noindex/SwiftFTR.build/Debug-xros/ResourceBenchmark.build/Objects-normal/arm64/ResourceBenchmark.LinkFileList (in target 'ResourceBenchmark' from project 'SwiftFTR')
cd /Users/admin/builder/spi-builder-workspace
write-file /Users/admin/builder/spi-builder-workspace/.derivedData/Build/Intermediates.noindex/SwiftFTR.build/Debug-xros/ResourceBenchmark.build/Objects-normal/arm64/ResourceBenchmark.LinkFileList
Copy /Users/admin/builder/spi-builder-workspace/.derivedData/Build/Intermediates.noindex/GeneratedModuleMaps-xros/SwiftFTR.modulemap /Users/admin/builder/spi-builder-workspace/.derivedData/Build/Intermediates.noindex/SwiftFTR.build/Debug-xros/SwiftFTR.build/SwiftFTR.modulemap (in target 'SwiftFTR' from project 'SwiftFTR')
cd /Users/admin/builder/spi-builder-workspace
builtin-copy -exclude .DS_Store -exclude CVS -exclude .svn -exclude .git -exclude .hg -resolve-src-symlinks /Users/admin/builder/spi-builder-workspace/.derivedData/Build/Intermediates.noindex/SwiftFTR.build/Debug-xros/SwiftFTR.build/SwiftFTR.modulemap /Users/admin/builder/spi-builder-workspace/.derivedData/Build/Intermediates.noindex/GeneratedModuleMaps-xros
WriteAuxiliaryFile /Users/admin/builder/spi-builder-workspace/.derivedData/Build/Intermediates.noindex/SwiftFTR.build/Debug-xros/ResourceBenchmark.build/Objects-normal/arm64/ResourceBenchmark-OutputFileMap.json (in target 'ResourceBenchmark' from project 'SwiftFTR')
cd /Users/admin/builder/spi-builder-workspace
write-file /Users/admin/builder/spi-builder-workspace/.derivedData/Build/Intermediates.noindex/SwiftFTR.build/Debug-xros/ResourceBenchmark.build/Objects-normal/arm64/ResourceBenchmark-OutputFileMap.json
WriteAuxiliaryFile /Users/admin/builder/spi-builder-workspace/.derivedData/Build/Intermediates.noindex/swift-argument-parser.build/Debug-xros/ArgumentParserToolInfo.build/Objects-normal/arm64/ArgumentParserToolInfo.SwiftConstValuesFileList (in target 'ArgumentParserToolInfo' from project 'swift-argument-parser')
cd /Users/admin/builder/spi-builder-workspace/.dependencies/checkouts/swift-argument-parser
write-file /Users/admin/builder/spi-builder-workspace/.derivedData/Build/Intermediates.noindex/swift-argument-parser.build/Debug-xros/ArgumentParserToolInfo.build/Objects-normal/arm64/ArgumentParserToolInfo.SwiftConstValuesFileList
WriteAuxiliaryFile /Users/admin/builder/spi-builder-workspace/.derivedData/Build/Intermediates.noindex/swift-argument-parser.build/Debug-xros/ArgumentParserToolInfo.build/Objects-normal/arm64/ArgumentParserToolInfo_const_extract_protocols.json (in target 'ArgumentParserToolInfo' from project 'swift-argument-parser')
cd /Users/admin/builder/spi-builder-workspace/.dependencies/checkouts/swift-argument-parser
write-file /Users/admin/builder/spi-builder-workspace/.derivedData/Build/Intermediates.noindex/swift-argument-parser.build/Debug-xros/ArgumentParserToolInfo.build/Objects-normal/arm64/ArgumentParserToolInfo_const_extract_protocols.json
WriteAuxiliaryFile /Users/admin/builder/spi-builder-workspace/.derivedData/Build/Intermediates.noindex/swift-argument-parser.build/Debug-xros/ArgumentParserToolInfo.build/Objects-normal/arm64/ArgumentParserToolInfo.LinkFileList (in target 'ArgumentParserToolInfo' from project 'swift-argument-parser')
cd /Users/admin/builder/spi-builder-workspace/.dependencies/checkouts/swift-argument-parser
write-file /Users/admin/builder/spi-builder-workspace/.derivedData/Build/Intermediates.noindex/swift-argument-parser.build/Debug-xros/ArgumentParserToolInfo.build/Objects-normal/arm64/ArgumentParserToolInfo.LinkFileList
WriteAuxiliaryFile /Users/admin/builder/spi-builder-workspace/.derivedData/Build/Intermediates.noindex/swift-argument-parser.build/Debug-xros/ArgumentParserToolInfo.build/Objects-normal/arm64/ArgumentParserToolInfo.SwiftFileList (in target 'ArgumentParserToolInfo' from project 'swift-argument-parser')
cd /Users/admin/builder/spi-builder-workspace/.dependencies/checkouts/swift-argument-parser
write-file /Users/admin/builder/spi-builder-workspace/.derivedData/Build/Intermediates.noindex/swift-argument-parser.build/Debug-xros/ArgumentParserToolInfo.build/Objects-normal/arm64/ArgumentParserToolInfo.SwiftFileList
WriteAuxiliaryFile /Users/admin/builder/spi-builder-workspace/.derivedData/Build/Intermediates.noindex/swift-argument-parser.build/Debug-xros/ArgumentParserToolInfo.build/Objects-normal/arm64/ArgumentParserToolInfo-OutputFileMap.json (in target 'ArgumentParserToolInfo' from project 'swift-argument-parser')
cd /Users/admin/builder/spi-builder-workspace/.dependencies/checkouts/swift-argument-parser
write-file /Users/admin/builder/spi-builder-workspace/.derivedData/Build/Intermediates.noindex/swift-argument-parser.build/Debug-xros/ArgumentParserToolInfo.build/Objects-normal/arm64/ArgumentParserToolInfo-OutputFileMap.json
WriteAuxiliaryFile /Users/admin/builder/spi-builder-workspace/.derivedData/Build/Intermediates.noindex/swift-argument-parser.build/Debug-xros/ArgumentParserToolInfo.build/ArgumentParserToolInfo.modulemap (in target 'ArgumentParserToolInfo' from project 'swift-argument-parser')
cd /Users/admin/builder/spi-builder-workspace/.dependencies/checkouts/swift-argument-parser
write-file /Users/admin/builder/spi-builder-workspace/.derivedData/Build/Intermediates.noindex/swift-argument-parser.build/Debug-xros/ArgumentParserToolInfo.build/ArgumentParserToolInfo.modulemap
WriteAuxiliaryFile /Users/admin/builder/spi-builder-workspace/.derivedData/Build/Intermediates.noindex/swift-argument-parser.build/Debug-xros/ArgumentParserToolInfo.build/ArgumentParserToolInfo.DependencyStaticMetadataFileList (in target 'ArgumentParserToolInfo' from project 'swift-argument-parser')
cd /Users/admin/builder/spi-builder-workspace/.dependencies/checkouts/swift-argument-parser
write-file /Users/admin/builder/spi-builder-workspace/.derivedData/Build/Intermediates.noindex/swift-argument-parser.build/Debug-xros/ArgumentParserToolInfo.build/ArgumentParserToolInfo.DependencyStaticMetadataFileList
WriteAuxiliaryFile /Users/admin/builder/spi-builder-workspace/.derivedData/Build/Intermediates.noindex/swift-argument-parser.build/Debug-xros/ArgumentParserToolInfo.build/ArgumentParserToolInfo.DependencyMetadataFileList (in target 'ArgumentParserToolInfo' from project 'swift-argument-parser')
cd /Users/admin/builder/spi-builder-workspace/.dependencies/checkouts/swift-argument-parser
write-file /Users/admin/builder/spi-builder-workspace/.derivedData/Build/Intermediates.noindex/swift-argument-parser.build/Debug-xros/ArgumentParserToolInfo.build/ArgumentParserToolInfo.DependencyMetadataFileList
Copy /Users/admin/builder/spi-builder-workspace/.derivedData/Build/Intermediates.noindex/GeneratedModuleMaps-xros/ArgumentParserToolInfo.modulemap /Users/admin/builder/spi-builder-workspace/.derivedData/Build/Intermediates.noindex/swift-argument-parser.build/Debug-xros/ArgumentParserToolInfo.build/ArgumentParserToolInfo.modulemap (in target 'ArgumentParserToolInfo' from project 'swift-argument-parser')
cd /Users/admin/builder/spi-builder-workspace/.dependencies/checkouts/swift-argument-parser
builtin-copy -exclude .DS_Store -exclude CVS -exclude .svn -exclude .git -exclude .hg -resolve-src-symlinks /Users/admin/builder/spi-builder-workspace/.derivedData/Build/Intermediates.noindex/swift-argument-parser.build/Debug-xros/ArgumentParserToolInfo.build/ArgumentParserToolInfo.modulemap /Users/admin/builder/spi-builder-workspace/.derivedData/Build/Intermediates.noindex/GeneratedModuleMaps-xros
WriteAuxiliaryFile /Users/admin/builder/spi-builder-workspace/.derivedData/Build/Intermediates.noindex/swift-argument-parser.build/Debug-xros/ArgumentParser.build/Objects-normal/arm64/ArgumentParser.SwiftConstValuesFileList (in target 'ArgumentParser' from project 'swift-argument-parser')
cd /Users/admin/builder/spi-builder-workspace/.dependencies/checkouts/swift-argument-parser
write-file /Users/admin/builder/spi-builder-workspace/.derivedData/Build/Intermediates.noindex/swift-argument-parser.build/Debug-xros/ArgumentParser.build/Objects-normal/arm64/ArgumentParser.SwiftConstValuesFileList
WriteAuxiliaryFile /Users/admin/builder/spi-builder-workspace/.derivedData/Build/Intermediates.noindex/swift-argument-parser.build/Debug-xros/ArgumentParser.build/Objects-normal/arm64/ArgumentParser.SwiftFileList (in target 'ArgumentParser' from project 'swift-argument-parser')
cd /Users/admin/builder/spi-builder-workspace/.dependencies/checkouts/swift-argument-parser
write-file /Users/admin/builder/spi-builder-workspace/.derivedData/Build/Intermediates.noindex/swift-argument-parser.build/Debug-xros/ArgumentParser.build/Objects-normal/arm64/ArgumentParser.SwiftFileList
WriteAuxiliaryFile /Users/admin/builder/spi-builder-workspace/.derivedData/Build/Intermediates.noindex/swift-argument-parser.build/Debug-xros/ArgumentParser.build/Objects-normal/arm64/ArgumentParser_const_extract_protocols.json (in target 'ArgumentParser' from project 'swift-argument-parser')
cd /Users/admin/builder/spi-builder-workspace/.dependencies/checkouts/swift-argument-parser
write-file /Users/admin/builder/spi-builder-workspace/.derivedData/Build/Intermediates.noindex/swift-argument-parser.build/Debug-xros/ArgumentParser.build/Objects-normal/arm64/ArgumentParser_const_extract_protocols.json
WriteAuxiliaryFile /Users/admin/builder/spi-builder-workspace/.derivedData/Build/Intermediates.noindex/swift-argument-parser.build/Debug-xros/ArgumentParser.build/Objects-normal/arm64/ArgumentParser.LinkFileList (in target 'ArgumentParser' from project 'swift-argument-parser')
cd /Users/admin/builder/spi-builder-workspace/.dependencies/checkouts/swift-argument-parser
write-file /Users/admin/builder/spi-builder-workspace/.derivedData/Build/Intermediates.noindex/swift-argument-parser.build/Debug-xros/ArgumentParser.build/Objects-normal/arm64/ArgumentParser.LinkFileList
WriteAuxiliaryFile /Users/admin/builder/spi-builder-workspace/.derivedData/Build/Intermediates.noindex/swift-argument-parser.build/Debug-xros/ArgumentParser.build/Objects-normal/arm64/ArgumentParser-OutputFileMap.json (in target 'ArgumentParser' from project 'swift-argument-parser')
cd /Users/admin/builder/spi-builder-workspace/.dependencies/checkouts/swift-argument-parser
write-file /Users/admin/builder/spi-builder-workspace/.derivedData/Build/Intermediates.noindex/swift-argument-parser.build/Debug-xros/ArgumentParser.build/Objects-normal/arm64/ArgumentParser-OutputFileMap.json
WriteAuxiliaryFile /Users/admin/builder/spi-builder-workspace/.derivedData/Build/Intermediates.noindex/swift-argument-parser.build/Debug-xros/ArgumentParser.build/ArgumentParser.modulemap (in target 'ArgumentParser' from project 'swift-argument-parser')
cd /Users/admin/builder/spi-builder-workspace/.dependencies/checkouts/swift-argument-parser
write-file /Users/admin/builder/spi-builder-workspace/.derivedData/Build/Intermediates.noindex/swift-argument-parser.build/Debug-xros/ArgumentParser.build/ArgumentParser.modulemap
WriteAuxiliaryFile /Users/admin/builder/spi-builder-workspace/.derivedData/Build/Intermediates.noindex/swift-argument-parser.build/Debug-xros/ArgumentParser.build/ArgumentParser.DependencyStaticMetadataFileList (in target 'ArgumentParser' from project 'swift-argument-parser')
cd /Users/admin/builder/spi-builder-workspace/.dependencies/checkouts/swift-argument-parser
write-file /Users/admin/builder/spi-builder-workspace/.derivedData/Build/Intermediates.noindex/swift-argument-parser.build/Debug-xros/ArgumentParser.build/ArgumentParser.DependencyStaticMetadataFileList
WriteAuxiliaryFile /Users/admin/builder/spi-builder-workspace/.derivedData/Build/Intermediates.noindex/swift-argument-parser.build/Debug-xros/ArgumentParser.build/ArgumentParser.DependencyMetadataFileList (in target 'ArgumentParser' from project 'swift-argument-parser')
cd /Users/admin/builder/spi-builder-workspace/.dependencies/checkouts/swift-argument-parser
write-file /Users/admin/builder/spi-builder-workspace/.derivedData/Build/Intermediates.noindex/swift-argument-parser.build/Debug-xros/ArgumentParser.build/ArgumentParser.DependencyMetadataFileList
Copy /Users/admin/builder/spi-builder-workspace/.derivedData/Build/Intermediates.noindex/GeneratedModuleMaps-xros/ArgumentParser.modulemap /Users/admin/builder/spi-builder-workspace/.derivedData/Build/Intermediates.noindex/swift-argument-parser.build/Debug-xros/ArgumentParser.build/ArgumentParser.modulemap (in target 'ArgumentParser' from project 'swift-argument-parser')
cd /Users/admin/builder/spi-builder-workspace/.dependencies/checkouts/swift-argument-parser
builtin-copy -exclude .DS_Store -exclude CVS -exclude .svn -exclude .git -exclude .hg -resolve-src-symlinks /Users/admin/builder/spi-builder-workspace/.derivedData/Build/Intermediates.noindex/swift-argument-parser.build/Debug-xros/ArgumentParser.build/ArgumentParser.modulemap /Users/admin/builder/spi-builder-workspace/.derivedData/Build/Intermediates.noindex/GeneratedModuleMaps-xros
CpResource /Users/admin/builder/spi-builder-workspace/.derivedData/Build/Products/Debug-xros/SwiftIP2ASN_SwiftIP2ASN.bundle/ip2asn.ultra /Users/admin/builder/spi-builder-workspace/.dependencies/checkouts/swift-ip2asn/Sources/SwiftIP2ASN/Resources/ip2asn.ultra (in target 'SwiftIP2ASN_SwiftIP2ASN' from project 'SwiftIP2ASN')
cd /Users/admin/builder/spi-builder-workspace/.dependencies/checkouts/swift-ip2asn
builtin-copy -exclude .DS_Store -exclude CVS -exclude .svn -exclude .git -exclude .hg -resolve-src-symlinks /Users/admin/builder/spi-builder-workspace/.dependencies/checkouts/swift-ip2asn/Sources/SwiftIP2ASN/Resources/ip2asn.ultra /Users/admin/builder/spi-builder-workspace/.derivedData/Build/Products/Debug-xros/SwiftIP2ASN_SwiftIP2ASN.bundle
ProcessInfoPlistFile /Users/admin/builder/spi-builder-workspace/.derivedData/Build/Products/Debug-xros/SwiftIP2ASN_SwiftIP2ASN.bundle/Info.plist /Users/admin/builder/spi-builder-workspace/.derivedData/Build/Intermediates.noindex/SwiftIP2ASN.build/Debug-xros/SwiftIP2ASN_SwiftIP2ASN.build/empty-SwiftIP2ASN_SwiftIP2ASN.plist (in target 'SwiftIP2ASN_SwiftIP2ASN' from project 'SwiftIP2ASN')
cd /Users/admin/builder/spi-builder-workspace/.dependencies/checkouts/swift-ip2asn
builtin-infoPlistUtility /Users/admin/builder/spi-builder-workspace/.derivedData/Build/Intermediates.noindex/SwiftIP2ASN.build/Debug-xros/SwiftIP2ASN_SwiftIP2ASN.build/empty-SwiftIP2ASN_SwiftIP2ASN.plist -producttype com.apple.product-type.bundle -expandbuildsettings -format binary -platform xros -o /Users/admin/builder/spi-builder-workspace/.derivedData/Build/Products/Debug-xros/SwiftIP2ASN_SwiftIP2ASN.bundle/Info.plist
CpResource /Users/admin/builder/spi-builder-workspace/.derivedData/Build/Products/Debug-xros/SwiftIP2ASN_SwiftIP2ASN.bundle/ip2asn.manifest.json /Users/admin/builder/spi-builder-workspace/.dependencies/checkouts/swift-ip2asn/Sources/SwiftIP2ASN/Resources/ip2asn.manifest.json (in target 'SwiftIP2ASN_SwiftIP2ASN' from project 'SwiftIP2ASN')
cd /Users/admin/builder/spi-builder-workspace/.dependencies/checkouts/swift-ip2asn
builtin-copy -exclude .DS_Store -exclude CVS -exclude .svn -exclude .git -exclude .hg -resolve-src-symlinks /Users/admin/builder/spi-builder-workspace/.dependencies/checkouts/swift-ip2asn/Sources/SwiftIP2ASN/Resources/ip2asn.manifest.json /Users/admin/builder/spi-builder-workspace/.derivedData/Build/Products/Debug-xros/SwiftIP2ASN_SwiftIP2ASN.bundle
RegisterExecutionPolicyException /Users/admin/builder/spi-builder-workspace/.derivedData/Build/Products/Debug-xros/SwiftIP2ASN_SwiftIP2ASN.bundle (in target 'SwiftIP2ASN_SwiftIP2ASN' from project 'SwiftIP2ASN')
cd /Users/admin/builder/spi-builder-workspace/.dependencies/checkouts/swift-ip2asn
builtin-RegisterExecutionPolicyException /Users/admin/builder/spi-builder-workspace/.derivedData/Build/Products/Debug-xros/SwiftIP2ASN_SwiftIP2ASN.bundle
Touch /Users/admin/builder/spi-builder-workspace/.derivedData/Build/Products/Debug-xros/SwiftIP2ASN_SwiftIP2ASN.bundle (in target 'SwiftIP2ASN_SwiftIP2ASN' from project 'SwiftIP2ASN')
cd /Users/admin/builder/spi-builder-workspace/.dependencies/checkouts/swift-ip2asn
/usr/bin/touch -c /Users/admin/builder/spi-builder-workspace/.derivedData/Build/Products/Debug-xros/SwiftIP2ASN_SwiftIP2ASN.bundle
SwiftDriver SwiftIP2ASN normal arm64 com.apple.xcode.tools.swift.compiler (in target 'SwiftIP2ASN' from project 'SwiftIP2ASN')
cd /Users/admin/builder/spi-builder-workspace/.swiftpm/xcode
builtin-SwiftDriver -- /Applications/Xcode-26.3.0.app/Contents/Developer/Toolchains/XcodeDefault.xctoolchain/usr/bin/swiftc -module-name SwiftIP2ASN -Onone -enforce-exclusivity\=checked @/Users/admin/builder/spi-builder-workspace/.derivedData/Build/Intermediates.noindex/SwiftIP2ASN.build/Debug-xros/SwiftIP2ASN.build/Objects-normal/arm64/SwiftIP2ASN.SwiftFileList -DSWIFT_PACKAGE -DDEBUG -DSWIFT_MODULE_RESOURCE_BUNDLE_AVAILABLE -DXcode -plugin-path /Applications/Xcode-26.3.0.app/Contents/Developer/Toolchains/XcodeDefault.xctoolchain/usr/lib/swift/host/plugins/testing -enable-experimental-feature DebugDescriptionMacro -sdk /Applications/Xcode-26.3.0.app/Contents/Developer/Platforms/XROS.platform/Developer/SDKs/XROS26.2.sdk -target arm64-apple-xros1.0 -g -module-cache-path /Users/admin/builder/spi-builder-workspace/.derivedData/ModuleCache.noindex -Xfrontend -serialize-debugging-options -profile-coverage-mapping -profile-generate -enable-testing -suppress-warnings -index-store-path /Users/admin/builder/spi-builder-workspace/.derivedData/Index.noindex/DataStore -Xcc -D_LIBCPP_HARDENING_MODE\=_LIBCPP_HARDENING_MODE_DEBUG -swift-version 6 -I /Users/admin/builder/spi-builder-workspace/.derivedData/Build/Products/Debug-xros -Isystem /Applications/Xcode-26.3.0.app/Contents/Developer/Platforms/XROS.platform/Developer/usr/lib -F /Users/admin/builder/spi-builder-workspace/.derivedData/Build/Products/Debug-xros -F /Applications/Xcode-26.3.0.app/Contents/Developer/Platforms/XROS.platform/Developer/Library/Frameworks -F /Applications/Xcode-26.3.0.app/Contents/Developer/Platforms/XROS.platform/Developer/SDKs/XROS26.2.sdk/Developer/Library/Frameworks -c -j10 -enable-batch-mode -incremental -Xcc -ivfsstatcache -Xcc /Users/admin/builder/spi-builder-workspace/.derivedData/SDKStatCaches.noindex/xros26.2-23N301-dc75598d0054f22ec865fa860f139d72f5e64962d3ee001da1d77d1957dffdab.sdkstatcache -output-file-map /Users/admin/builder/spi-builder-workspace/.derivedData/Build/Intermediates.noindex/SwiftIP2ASN.build/Debug-xros/SwiftIP2ASN.build/Objects-normal/arm64/SwiftIP2ASN-OutputFileMap.json -use-frontend-parseable-output -save-temps -no-color-diagnostics -explicit-module-build -module-cache-path /Users/admin/builder/spi-builder-workspace/.derivedData/Build/Intermediates.noindex/SwiftExplicitPrecompiledModules -clang-scanner-module-cache-path /Users/admin/builder/spi-builder-workspace/.derivedData/ModuleCache.noindex -sdk-module-cache-path /Users/admin/builder/spi-builder-workspace/.derivedData/ModuleCache.noindex -serialize-diagnostics -emit-dependencies -emit-module -emit-module-path /Users/admin/builder/spi-builder-workspace/.derivedData/Build/Intermediates.noindex/SwiftIP2ASN.build/Debug-xros/SwiftIP2ASN.build/Objects-normal/arm64/SwiftIP2ASN.swiftmodule -user-module-version 0.5.1 -validate-clang-modules-once -clang-build-session-file /Users/admin/builder/spi-builder-workspace/.derivedData/ModuleCache.noindex/Session.modulevalidation -package-name swift_ip2asn -Xcc -I/Users/admin/builder/spi-builder-workspace/.derivedData/Build/Intermediates.noindex/SwiftIP2ASN.build/Debug-xros/SwiftIP2ASN.build/swift-overrides.hmap -emit-const-values -Xfrontend -const-gather-protocols-file -Xfrontend /Users/admin/builder/spi-builder-workspace/.derivedData/Build/Intermediates.noindex/SwiftIP2ASN.build/Debug-xros/SwiftIP2ASN.build/Objects-normal/arm64/SwiftIP2ASN_const_extract_protocols.json -Xcc -I/Users/admin/builder/spi-builder-workspace/.derivedData/Build/Products/Debug-xros/include -Xcc -I/Users/admin/builder/spi-builder-workspace/.derivedData/Build/Intermediates.noindex/SwiftIP2ASN.build/Debug-xros/SwiftIP2ASN.build/DerivedSources-normal/arm64 -Xcc -I/Users/admin/builder/spi-builder-workspace/.derivedData/Build/Intermediates.noindex/SwiftIP2ASN.build/Debug-xros/SwiftIP2ASN.build/DerivedSources/arm64 -Xcc -I/Users/admin/builder/spi-builder-workspace/.derivedData/Build/Intermediates.noindex/SwiftIP2ASN.build/Debug-xros/SwiftIP2ASN.build/DerivedSources -Xcc -DSWIFT_PACKAGE -Xcc -DDEBUG\=1 -emit-objc-header -emit-objc-header-path /Users/admin/builder/spi-builder-workspace/.derivedData/Build/Intermediates.noindex/SwiftIP2ASN.build/Debug-xros/SwiftIP2ASN.build/Objects-normal/arm64/SwiftIP2ASN-Swift.h -working-directory /Users/admin/builder/spi-builder-workspace/.swiftpm/xcode -experimental-emit-module-separately -disable-cmo
SwiftDriver genseeds normal arm64 com.apple.xcode.tools.swift.compiler (in target 'genseeds' from project 'SwiftFTR')
cd /Users/admin/builder/spi-builder-workspace/.swiftpm/xcode
builtin-SwiftDriver -- /Applications/Xcode-26.3.0.app/Contents/Developer/Toolchains/XcodeDefault.xctoolchain/usr/bin/swiftc -module-name genseeds -Onone -enforce-exclusivity\=checked @/Users/admin/builder/spi-builder-workspace/.derivedData/Build/Intermediates.noindex/SwiftFTR.build/Debug-xros/genseeds.build/Objects-normal/arm64/genseeds.SwiftFileList -DSWIFT_PACKAGE -DDEBUG -DXcode -plugin-path /Applications/Xcode-26.3.0.app/Contents/Developer/Toolchains/XcodeDefault.xctoolchain/usr/lib/swift/host/plugins/testing -enable-experimental-feature DebugDescriptionMacro -sdk /Applications/Xcode-26.3.0.app/Contents/Developer/Platforms/XROS.platform/Developer/SDKs/XROS26.2.sdk -target arm64-apple-xros1.0 -g -module-cache-path /Users/admin/builder/spi-builder-workspace/.derivedData/ModuleCache.noindex -Xfrontend -serialize-debugging-options -profile-coverage-mapping -profile-generate -enable-testing -index-store-path /Users/admin/builder/spi-builder-workspace/.derivedData/Index.noindex/DataStore -Xcc -D_LIBCPP_HARDENING_MODE\=_LIBCPP_HARDENING_MODE_DEBUG -swift-version 6 -I /Users/admin/builder/spi-builder-workspace/.derivedData/Build/Products/Debug-xros -Isystem /Applications/Xcode-26.3.0.app/Contents/Developer/Platforms/XROS.platform/Developer/usr/lib -F /Users/admin/builder/spi-builder-workspace/.derivedData/Build/Products/Debug-xros -F /Applications/Xcode-26.3.0.app/Contents/Developer/Platforms/XROS.platform/Developer/Library/Frameworks -F /Applications/Xcode-26.3.0.app/Contents/Developer/Platforms/XROS.platform/Developer/SDKs/XROS26.2.sdk/Developer/Library/Frameworks -c -j10 -enable-batch-mode -incremental -Xcc -ivfsstatcache -Xcc /Users/admin/builder/spi-builder-workspace/.derivedData/SDKStatCaches.noindex/xros26.2-23N301-dc75598d0054f22ec865fa860f139d72f5e64962d3ee001da1d77d1957dffdab.sdkstatcache -output-file-map /Users/admin/builder/spi-builder-workspace/.derivedData/Build/Intermediates.noindex/SwiftFTR.build/Debug-xros/genseeds.build/Objects-normal/arm64/genseeds-OutputFileMap.json -use-frontend-parseable-output -save-temps -no-color-diagnostics -explicit-module-build -module-cache-path /Users/admin/builder/spi-builder-workspace/.derivedData/Build/Intermediates.noindex/SwiftExplicitPrecompiledModules -clang-scanner-module-cache-path /Users/admin/builder/spi-builder-workspace/.derivedData/ModuleCache.noindex -sdk-module-cache-path /Users/admin/builder/spi-builder-workspace/.derivedData/ModuleCache.noindex -serialize-diagnostics -emit-dependencies -emit-module -emit-module-path /Users/admin/builder/spi-builder-workspace/.derivedData/Build/Intermediates.noindex/SwiftFTR.build/Debug-xros/genseeds.build/Objects-normal/arm64/genseeds.swiftmodule -validate-clang-modules-once -clang-build-session-file /Users/admin/builder/spi-builder-workspace/.derivedData/ModuleCache.noindex/Session.modulevalidation -package-name spi_builder_workspace -emit-const-values -Xfrontend -const-gather-protocols-file -Xfrontend /Users/admin/builder/spi-builder-workspace/.derivedData/Build/Intermediates.noindex/SwiftFTR.build/Debug-xros/genseeds.build/Objects-normal/arm64/genseeds_const_extract_protocols.json -Xcc -I/Users/admin/builder/spi-builder-workspace/.derivedData/Build/Products/Debug-xros/include -Xcc -I/Users/admin/builder/spi-builder-workspace/.derivedData/Build/Intermediates.noindex/SwiftFTR.build/Debug-xros/genseeds.build/DerivedSources-normal/arm64 -Xcc -I/Users/admin/builder/spi-builder-workspace/.derivedData/Build/Intermediates.noindex/SwiftFTR.build/Debug-xros/genseeds.build/DerivedSources/arm64 -Xcc -I/Users/admin/builder/spi-builder-workspace/.derivedData/Build/Intermediates.noindex/SwiftFTR.build/Debug-xros/genseeds.build/DerivedSources -Xcc -DSWIFT_PACKAGE -Xcc -DDEBUG\=1 -working-directory /Users/admin/builder/spi-builder-workspace/.swiftpm/xcode -experimental-emit-module-separately -disable-cmo
SwiftDriver ArgumentParserToolInfo normal arm64 com.apple.xcode.tools.swift.compiler (in target 'ArgumentParserToolInfo' from project 'swift-argument-parser')
cd /Users/admin/builder/spi-builder-workspace/.swiftpm/xcode
builtin-SwiftDriver -- /Applications/Xcode-26.3.0.app/Contents/Developer/Toolchains/XcodeDefault.xctoolchain/usr/bin/swiftc -module-name ArgumentParserToolInfo -Onone -enforce-exclusivity\=checked @/Users/admin/builder/spi-builder-workspace/.derivedData/Build/Intermediates.noindex/swift-argument-parser.build/Debug-xros/ArgumentParserToolInfo.build/Objects-normal/arm64/ArgumentParserToolInfo.SwiftFileList -DSWIFT_PACKAGE -DDEBUG -DSWIFT_MODULE_RESOURCE_BUNDLE_UNAVAILABLE -DXcode -plugin-path /Applications/Xcode-26.3.0.app/Contents/Developer/Toolchains/XcodeDefault.xctoolchain/usr/lib/swift/host/plugins/testing -enable-experimental-feature DebugDescriptionMacro -sdk /Applications/Xcode-26.3.0.app/Contents/Developer/Platforms/XROS.platform/Developer/SDKs/XROS26.2.sdk -target arm64-apple-xros1.0 -g -module-cache-path /Users/admin/builder/spi-builder-workspace/.derivedData/ModuleCache.noindex -Xfrontend -serialize-debugging-options -profile-coverage-mapping -profile-generate -enable-testing -suppress-warnings -index-store-path /Users/admin/builder/spi-builder-workspace/.derivedData/Index.noindex/DataStore -Xcc -D_LIBCPP_HARDENING_MODE\=_LIBCPP_HARDENING_MODE_DEBUG -swift-version 6 -I /Users/admin/builder/spi-builder-workspace/.derivedData/Build/Products/Debug-xros -Isystem /Applications/Xcode-26.3.0.app/Contents/Developer/Platforms/XROS.platform/Developer/usr/lib -F /Users/admin/builder/spi-builder-workspace/.derivedData/Build/Products/Debug-xros -F /Applications/Xcode-26.3.0.app/Contents/Developer/Platforms/XROS.platform/Developer/Library/Frameworks -F /Applications/Xcode-26.3.0.app/Contents/Developer/Platforms/XROS.platform/Developer/SDKs/XROS26.2.sdk/Developer/Library/Frameworks -parse-as-library -c -j10 -enable-batch-mode -incremental -Xcc -ivfsstatcache -Xcc /Users/admin/builder/spi-builder-workspace/.derivedData/SDKStatCaches.noindex/xros26.2-23N301-dc75598d0054f22ec865fa860f139d72f5e64962d3ee001da1d77d1957dffdab.sdkstatcache -output-file-map /Users/admin/builder/spi-builder-workspace/.derivedData/Build/Intermediates.noindex/swift-argument-parser.build/Debug-xros/ArgumentParserToolInfo.build/Objects-normal/arm64/ArgumentParserToolInfo-OutputFileMap.json -use-frontend-parseable-output -save-temps -no-color-diagnostics -explicit-module-build -module-cache-path /Users/admin/builder/spi-builder-workspace/.derivedData/Build/Intermediates.noindex/SwiftExplicitPrecompiledModules -clang-scanner-module-cache-path /Users/admin/builder/spi-builder-workspace/.derivedData/ModuleCache.noindex -sdk-module-cache-path /Users/admin/builder/spi-builder-workspace/.derivedData/ModuleCache.noindex -serialize-diagnostics -emit-dependencies -emit-module -emit-module-path /Users/admin/builder/spi-builder-workspace/.derivedData/Build/Intermediates.noindex/swift-argument-parser.build/Debug-xros/ArgumentParserToolInfo.build/Objects-normal/arm64/ArgumentParserToolInfo.swiftmodule -user-module-version 1.8.2 -validate-clang-modules-once -clang-build-session-file /Users/admin/builder/spi-builder-workspace/.derivedData/ModuleCache.noindex/Session.modulevalidation -package-name swift_argument_parser -Xcc -I/Users/admin/builder/spi-builder-workspace/.derivedData/Build/Intermediates.noindex/swift-argument-parser.build/Debug-xros/ArgumentParserToolInfo.build/swift-overrides.hmap -emit-const-values -Xfrontend -const-gather-protocols-file -Xfrontend /Users/admin/builder/spi-builder-workspace/.derivedData/Build/Intermediates.noindex/swift-argument-parser.build/Debug-xros/ArgumentParserToolInfo.build/Objects-normal/arm64/ArgumentParserToolInfo_const_extract_protocols.json -Xcc -I/Users/admin/builder/spi-builder-workspace/.derivedData/Build/Products/Debug-xros/include -Xcc -I/Users/admin/builder/spi-builder-workspace/.derivedData/Build/Intermediates.noindex/swift-argument-parser.build/Debug-xros/ArgumentParserToolInfo.build/DerivedSources-normal/arm64 -Xcc -I/Users/admin/builder/spi-builder-workspace/.derivedData/Build/Intermediates.noindex/swift-argument-parser.build/Debug-xros/ArgumentParserToolInfo.build/DerivedSources/arm64 -Xcc -I/Users/admin/builder/spi-builder-workspace/.derivedData/Build/Intermediates.noindex/swift-argument-parser.build/Debug-xros/ArgumentParserToolInfo.build/DerivedSources -Xcc -DSWIFT_PACKAGE -Xcc -DDEBUG\=1 -emit-objc-header -emit-objc-header-path /Users/admin/builder/spi-builder-workspace/.derivedData/Build/Intermediates.noindex/swift-argument-parser.build/Debug-xros/ArgumentParserToolInfo.build/Objects-normal/arm64/ArgumentParserToolInfo-Swift.h -working-directory /Users/admin/builder/spi-builder-workspace/.swiftpm/xcode -experimental-emit-module-separately -disable-cmo
SwiftExplicitDependencyGeneratePcm arm64 /Users/admin/builder/spi-builder-workspace/.derivedData/ModuleCache.noindex/SwiftShims-5F2LV4HI2MAS9N2BJS4URWGWG.pcm
SwiftExplicitDependencyGeneratePcm arm64 /Users/admin/builder/spi-builder-workspace/.derivedData/ModuleCache.noindex/_SwiftConcurrencyShims-1HZHSJNSE97Y104N6IP2TMXTC.pcm
SwiftEmitModule normal arm64 Emitting\ module\ for\ ArgumentParserToolInfo (in target 'ArgumentParserToolInfo' from project 'swift-argument-parser')
SwiftCompile normal arm64 /Users/admin/builder/spi-builder-workspace/.dependencies/checkouts/swift-argument-parser/Sources/ArgumentParserToolInfo/ToolInfo.swift (in target 'ArgumentParserToolInfo' from project 'swift-argument-parser')
cd /Users/admin/builder/spi-builder-workspace/.swiftpm/xcode
SwiftCompile normal arm64 Compiling\ ToolInfo.swift /Users/admin/builder/spi-builder-workspace/.dependencies/checkouts/swift-argument-parser/Sources/ArgumentParserToolInfo/ToolInfo.swift (in target 'ArgumentParserToolInfo' from project 'swift-argument-parser')
SwiftCompile normal arm64 /Users/admin/builder/spi-builder-workspace/.dependencies/checkouts/swift-argument-parser/Sources/ArgumentParserToolInfo/ToolInfo.swift (in target 'ArgumentParserToolInfo' from project 'swift-argument-parser')
cd /Users/admin/builder/spi-builder-workspace/.swiftpm/xcode
SwiftDriverJobDiscovery normal arm64 Emitting module for ArgumentParserToolInfo (in target 'ArgumentParserToolInfo' from project 'swift-argument-parser')
SwiftDriver\ Compilation\ Requirements ArgumentParserToolInfo normal arm64 com.apple.xcode.tools.swift.compiler (in target 'ArgumentParserToolInfo' from project 'swift-argument-parser')
cd /Users/admin/builder/spi-builder-workspace/.swiftpm/xcode
builtin-Swift-Compilation-Requirements -- /Applications/Xcode-26.3.0.app/Contents/Developer/Toolchains/XcodeDefault.xctoolchain/usr/bin/swiftc -module-name ArgumentParserToolInfo -Onone -enforce-exclusivity\=checked @/Users/admin/builder/spi-builder-workspace/.derivedData/Build/Intermediates.noindex/swift-argument-parser.build/Debug-xros/ArgumentParserToolInfo.build/Objects-normal/arm64/ArgumentParserToolInfo.SwiftFileList -DSWIFT_PACKAGE -DDEBUG -DSWIFT_MODULE_RESOURCE_BUNDLE_UNAVAILABLE -DXcode -plugin-path /Applications/Xcode-26.3.0.app/Contents/Developer/Toolchains/XcodeDefault.xctoolchain/usr/lib/swift/host/plugins/testing -enable-experimental-feature DebugDescriptionMacro -sdk /Applications/Xcode-26.3.0.app/Contents/Developer/Platforms/XROS.platform/Developer/SDKs/XROS26.2.sdk -target arm64-apple-xros1.0 -g -module-cache-path /Users/admin/builder/spi-builder-workspace/.derivedData/ModuleCache.noindex -Xfrontend -serialize-debugging-options -profile-coverage-mapping -profile-generate -enable-testing -suppress-warnings -index-store-path /Users/admin/builder/spi-builder-workspace/.derivedData/Index.noindex/DataStore -Xcc -D_LIBCPP_HARDENING_MODE\=_LIBCPP_HARDENING_MODE_DEBUG -swift-version 6 -I /Users/admin/builder/spi-builder-workspace/.derivedData/Build/Products/Debug-xros -Isystem /Applications/Xcode-26.3.0.app/Contents/Developer/Platforms/XROS.platform/Developer/usr/lib -F /Users/admin/builder/spi-builder-workspace/.derivedData/Build/Products/Debug-xros -F /Applications/Xcode-26.3.0.app/Contents/Developer/Platforms/XROS.platform/Developer/Library/Frameworks -F /Applications/Xcode-26.3.0.app/Contents/Developer/Platforms/XROS.platform/Developer/SDKs/XROS26.2.sdk/Developer/Library/Frameworks -parse-as-library -c -j10 -enable-batch-mode -incremental -Xcc -ivfsstatcache -Xcc /Users/admin/builder/spi-builder-workspace/.derivedData/SDKStatCaches.noindex/xros26.2-23N301-dc75598d0054f22ec865fa860f139d72f5e64962d3ee001da1d77d1957dffdab.sdkstatcache -output-file-map /Users/admin/builder/spi-builder-workspace/.derivedData/Build/Intermediates.noindex/swift-argument-parser.build/Debug-xros/ArgumentParserToolInfo.build/Objects-normal/arm64/ArgumentParserToolInfo-OutputFileMap.json -use-frontend-parseable-output -save-temps -no-color-diagnostics -explicit-module-build -module-cache-path /Users/admin/builder/spi-builder-workspace/.derivedData/Build/Intermediates.noindex/SwiftExplicitPrecompiledModules -clang-scanner-module-cache-path /Users/admin/builder/spi-builder-workspace/.derivedData/ModuleCache.noindex -sdk-module-cache-path /Users/admin/builder/spi-builder-workspace/.derivedData/ModuleCache.noindex -serialize-diagnostics -emit-dependencies -emit-module -emit-module-path /Users/admin/builder/spi-builder-workspace/.derivedData/Build/Intermediates.noindex/swift-argument-parser.build/Debug-xros/ArgumentParserToolInfo.build/Objects-normal/arm64/ArgumentParserToolInfo.swiftmodule -user-module-version 1.8.2 -validate-clang-modules-once -clang-build-session-file /Users/admin/builder/spi-builder-workspace/.derivedData/ModuleCache.noindex/Session.modulevalidation -package-name swift_argument_parser -Xcc -I/Users/admin/builder/spi-builder-workspace/.derivedData/Build/Intermediates.noindex/swift-argument-parser.build/Debug-xros/ArgumentParserToolInfo.build/swift-overrides.hmap -emit-const-values -Xfrontend -const-gather-protocols-file -Xfrontend /Users/admin/builder/spi-builder-workspace/.derivedData/Build/Intermediates.noindex/swift-argument-parser.build/Debug-xros/ArgumentParserToolInfo.build/Objects-normal/arm64/ArgumentParserToolInfo_const_extract_protocols.json -Xcc -I/Users/admin/builder/spi-builder-workspace/.derivedData/Build/Products/Debug-xros/include -Xcc -I/Users/admin/builder/spi-builder-workspace/.derivedData/Build/Intermediates.noindex/swift-argument-parser.build/Debug-xros/ArgumentParserToolInfo.build/DerivedSources-normal/arm64 -Xcc -I/Users/admin/builder/spi-builder-workspace/.derivedData/Build/Intermediates.noindex/swift-argument-parser.build/Debug-xros/ArgumentParserToolInfo.build/DerivedSources/arm64 -Xcc -I/Users/admin/builder/spi-builder-workspace/.derivedData/Build/Intermediates.noindex/swift-argument-parser.build/Debug-xros/ArgumentParserToolInfo.build/DerivedSources -Xcc -DSWIFT_PACKAGE -Xcc -DDEBUG\=1 -emit-objc-header -emit-objc-header-path /Users/admin/builder/spi-builder-workspace/.derivedData/Build/Intermediates.noindex/swift-argument-parser.build/Debug-xros/ArgumentParserToolInfo.build/Objects-normal/arm64/ArgumentParserToolInfo-Swift.h -working-directory /Users/admin/builder/spi-builder-workspace/.swiftpm/xcode -experimental-emit-module-separately -disable-cmo
SwiftMergeGeneratedHeaders /Users/admin/builder/spi-builder-workspace/.derivedData/Build/Intermediates.noindex/GeneratedModuleMaps-xros/ArgumentParserToolInfo-Swift.h /Users/admin/builder/spi-builder-workspace/.derivedData/Build/Intermediates.noindex/swift-argument-parser.build/Debug-xros/ArgumentParserToolInfo.build/Objects-normal/arm64/ArgumentParserToolInfo-Swift.h (in target 'ArgumentParserToolInfo' from project 'swift-argument-parser')
cd /Users/admin/builder/spi-builder-workspace/.dependencies/checkouts/swift-argument-parser
builtin-swiftHeaderTool -arch arm64 /Users/admin/builder/spi-builder-workspace/.derivedData/Build/Intermediates.noindex/swift-argument-parser.build/Debug-xros/ArgumentParserToolInfo.build/Objects-normal/arm64/ArgumentParserToolInfo-Swift.h -o /Users/admin/builder/spi-builder-workspace/.derivedData/Build/Intermediates.noindex/GeneratedModuleMaps-xros/ArgumentParserToolInfo-Swift.h
Copy /Users/admin/builder/spi-builder-workspace/.derivedData/Build/Products/Debug-xros/ArgumentParserToolInfo.swiftmodule/arm64-apple-xros.swiftdoc /Users/admin/builder/spi-builder-workspace/.derivedData/Build/Intermediates.noindex/swift-argument-parser.build/Debug-xros/ArgumentParserToolInfo.build/Objects-normal/arm64/ArgumentParserToolInfo.swiftdoc (in target 'ArgumentParserToolInfo' from project 'swift-argument-parser')
cd /Users/admin/builder/spi-builder-workspace/.dependencies/checkouts/swift-argument-parser
builtin-copy -exclude .DS_Store -exclude CVS -exclude .svn -exclude .git -exclude .hg -resolve-src-symlinks -rename /Users/admin/builder/spi-builder-workspace/.derivedData/Build/Intermediates.noindex/swift-argument-parser.build/Debug-xros/ArgumentParserToolInfo.build/Objects-normal/arm64/ArgumentParserToolInfo.swiftdoc /Users/admin/builder/spi-builder-workspace/.derivedData/Build/Products/Debug-xros/ArgumentParserToolInfo.swiftmodule/arm64-apple-xros.swiftdoc
Copy /Users/admin/builder/spi-builder-workspace/.derivedData/Build/Products/Debug-xros/ArgumentParserToolInfo.swiftmodule/arm64-apple-xros.swiftmodule /Users/admin/builder/spi-builder-workspace/.derivedData/Build/Intermediates.noindex/swift-argument-parser.build/Debug-xros/ArgumentParserToolInfo.build/Objects-normal/arm64/ArgumentParserToolInfo.swiftmodule (in target 'ArgumentParserToolInfo' from project 'swift-argument-parser')
cd /Users/admin/builder/spi-builder-workspace/.dependencies/checkouts/swift-argument-parser
builtin-copy -exclude .DS_Store -exclude CVS -exclude .svn -exclude .git -exclude .hg -resolve-src-symlinks -rename /Users/admin/builder/spi-builder-workspace/.derivedData/Build/Intermediates.noindex/swift-argument-parser.build/Debug-xros/ArgumentParserToolInfo.build/Objects-normal/arm64/ArgumentParserToolInfo.swiftmodule /Users/admin/builder/spi-builder-workspace/.derivedData/Build/Products/Debug-xros/ArgumentParserToolInfo.swiftmodule/arm64-apple-xros.swiftmodule
Copy /Users/admin/builder/spi-builder-workspace/.derivedData/Build/Products/Debug-xros/ArgumentParserToolInfo.swiftmodule/arm64-apple-xros.abi.json /Users/admin/builder/spi-builder-workspace/.derivedData/Build/Intermediates.noindex/swift-argument-parser.build/Debug-xros/ArgumentParserToolInfo.build/Objects-normal/arm64/ArgumentParserToolInfo.abi.json (in target 'ArgumentParserToolInfo' from project 'swift-argument-parser')
cd /Users/admin/builder/spi-builder-workspace/.dependencies/checkouts/swift-argument-parser
builtin-copy -exclude .DS_Store -exclude CVS -exclude .svn -exclude .git -exclude .hg -resolve-src-symlinks -rename /Users/admin/builder/spi-builder-workspace/.derivedData/Build/Intermediates.noindex/swift-argument-parser.build/Debug-xros/ArgumentParserToolInfo.build/Objects-normal/arm64/ArgumentParserToolInfo.abi.json /Users/admin/builder/spi-builder-workspace/.derivedData/Build/Products/Debug-xros/ArgumentParserToolInfo.swiftmodule/arm64-apple-xros.abi.json
Copy /Users/admin/builder/spi-builder-workspace/.derivedData/Build/Products/Debug-xros/ArgumentParserToolInfo.swiftmodule/Project/arm64-apple-xros.swiftsourceinfo /Users/admin/builder/spi-builder-workspace/.derivedData/Build/Intermediates.noindex/swift-argument-parser.build/Debug-xros/ArgumentParserToolInfo.build/Objects-normal/arm64/ArgumentParserToolInfo.swiftsourceinfo (in target 'ArgumentParserToolInfo' from project 'swift-argument-parser')
cd /Users/admin/builder/spi-builder-workspace/.dependencies/checkouts/swift-argument-parser
builtin-copy -exclude .DS_Store -exclude CVS -exclude .svn -exclude .git -exclude .hg -resolve-src-symlinks -rename /Users/admin/builder/spi-builder-workspace/.derivedData/Build/Intermediates.noindex/swift-argument-parser.build/Debug-xros/ArgumentParserToolInfo.build/Objects-normal/arm64/ArgumentParserToolInfo.swiftsourceinfo /Users/admin/builder/spi-builder-workspace/.derivedData/Build/Products/Debug-xros/ArgumentParserToolInfo.swiftmodule/Project/arm64-apple-xros.swiftsourceinfo
SwiftDriver ArgumentParser normal arm64 com.apple.xcode.tools.swift.compiler (in target 'ArgumentParser' from project 'swift-argument-parser')
cd /Users/admin/builder/spi-builder-workspace/.swiftpm/xcode
builtin-SwiftDriver -- /Applications/Xcode-26.3.0.app/Contents/Developer/Toolchains/XcodeDefault.xctoolchain/usr/bin/swiftc -module-name ArgumentParser -Onone -enforce-exclusivity\=checked @/Users/admin/builder/spi-builder-workspace/.derivedData/Build/Intermediates.noindex/swift-argument-parser.build/Debug-xros/ArgumentParser.build/Objects-normal/arm64/ArgumentParser.SwiftFileList -DSWIFT_PACKAGE -DDEBUG -DSWIFT_MODULE_RESOURCE_BUNDLE_UNAVAILABLE -DXcode -plugin-path /Applications/Xcode-26.3.0.app/Contents/Developer/Toolchains/XcodeDefault.xctoolchain/usr/lib/swift/host/plugins/testing -enable-experimental-feature DebugDescriptionMacro -sdk /Applications/Xcode-26.3.0.app/Contents/Developer/Platforms/XROS.platform/Developer/SDKs/XROS26.2.sdk -target arm64-apple-xros1.0 -g -module-cache-path /Users/admin/builder/spi-builder-workspace/.derivedData/ModuleCache.noindex -Xfrontend -serialize-debugging-options -profile-coverage-mapping -profile-generate -enable-testing -suppress-warnings -index-store-path /Users/admin/builder/spi-builder-workspace/.derivedData/Index.noindex/DataStore -Xcc -D_LIBCPP_HARDENING_MODE\=_LIBCPP_HARDENING_MODE_DEBUG -swift-version 6 -I /Users/admin/builder/spi-builder-workspace/.derivedData/Build/Products/Debug-xros -Isystem /Applications/Xcode-26.3.0.app/Contents/Developer/Platforms/XROS.platform/Developer/usr/lib -F /Users/admin/builder/spi-builder-workspace/.derivedData/Build/Products/Debug-xros/PackageFrameworks -F /Users/admin/builder/spi-builder-workspace/.derivedData/Build/Products/Debug-xros -F /Applications/Xcode-26.3.0.app/Contents/Developer/Platforms/XROS.platform/Developer/Library/Frameworks -F /Applications/Xcode-26.3.0.app/Contents/Developer/Platforms/XROS.platform/Developer/SDKs/XROS26.2.sdk/Developer/Library/Frameworks -c -j10 -enable-batch-mode -incremental -Xcc -ivfsstatcache -Xcc /Users/admin/builder/spi-builder-workspace/.derivedData/SDKStatCaches.noindex/xros26.2-23N301-dc75598d0054f22ec865fa860f139d72f5e64962d3ee001da1d77d1957dffdab.sdkstatcache -output-file-map /Users/admin/builder/spi-builder-workspace/.derivedData/Build/Intermediates.noindex/swift-argument-parser.build/Debug-xros/ArgumentParser.build/Objects-normal/arm64/ArgumentParser-OutputFileMap.json -use-frontend-parseable-output -save-temps -no-color-diagnostics -explicit-module-build -module-cache-path /Users/admin/builder/spi-builder-workspace/.derivedData/Build/Intermediates.noindex/SwiftExplicitPrecompiledModules -clang-scanner-module-cache-path /Users/admin/builder/spi-builder-workspace/.derivedData/ModuleCache.noindex -sdk-module-cache-path /Users/admin/builder/spi-builder-workspace/.derivedData/ModuleCache.noindex -serialize-diagnostics -emit-dependencies -emit-module -emit-module-path /Users/admin/builder/spi-builder-workspace/.derivedData/Build/Intermediates.noindex/swift-argument-parser.build/Debug-xros/ArgumentParser.build/Objects-normal/arm64/ArgumentParser.swiftmodule -user-module-version 1.8.2 -validate-clang-modules-once -clang-build-session-file /Users/admin/builder/spi-builder-workspace/.derivedData/ModuleCache.noindex/Session.modulevalidation -package-name swift_argument_parser -Xcc -I/Users/admin/builder/spi-builder-workspace/.derivedData/Build/Intermediates.noindex/swift-argument-parser.build/Debug-xros/ArgumentParser.build/swift-overrides.hmap -emit-const-values -Xfrontend -const-gather-protocols-file -Xfrontend /Users/admin/builder/spi-builder-workspace/.derivedData/Build/Intermediates.noindex/swift-argument-parser.build/Debug-xros/ArgumentParser.build/Objects-normal/arm64/ArgumentParser_const_extract_protocols.json -Xcc -I/Users/admin/builder/spi-builder-workspace/.derivedData/Build/Products/Debug-xros/include -Xcc -I/Users/admin/builder/spi-builder-workspace/.derivedData/Build/Intermediates.noindex/swift-argument-parser.build/Debug-xros/ArgumentParser.build/DerivedSources-normal/arm64 -Xcc -I/Users/admin/builder/spi-builder-workspace/.derivedData/Build/Intermediates.noindex/swift-argument-parser.build/Debug-xros/ArgumentParser.build/DerivedSources/arm64 -Xcc -I/Users/admin/builder/spi-builder-workspace/.derivedData/Build/Intermediates.noindex/swift-argument-parser.build/Debug-xros/ArgumentParser.build/DerivedSources -Xcc -DSWIFT_PACKAGE -Xcc -DDEBUG\=1 -emit-objc-header -emit-objc-header-path /Users/admin/builder/spi-builder-workspace/.derivedData/Build/Intermediates.noindex/swift-argument-parser.build/Debug-xros/ArgumentParser.build/Objects-normal/arm64/ArgumentParser-Swift.h -working-directory /Users/admin/builder/spi-builder-workspace/.swiftpm/xcode -experimental-emit-module-separately -disable-cmo
SwiftExplicitDependencyGeneratePcm arm64 /Users/admin/builder/spi-builder-workspace/.derivedData/ModuleCache.noindex/ptrauth-3TTU7HUF64BF17ZTGSWIA3DTI.pcm
SwiftExplicitDependencyGeneratePcm arm64 /Users/admin/builder/spi-builder-workspace/.derivedData/ModuleCache.noindex/_AvailabilityInternal-28A06X2457FJY76L7LJ0GUOF3.pcm
SwiftExplicitDependencyGeneratePcm arm64 /Users/admin/builder/spi-builder-workspace/.derivedData/ModuleCache.noindex/_Builtin_float-E8HVELBQ1F2YEDH9EB7H2VSO3.pcm
SwiftExplicitDependencyGeneratePcm arm64 /Users/admin/builder/spi-builder-workspace/.derivedData/ModuleCache.noindex/_Builtin_stddef-CML2CQCR6COUL0ZMAAD43JO7N.pcm
SwiftExplicitDependencyGeneratePcm arm64 /Users/admin/builder/spi-builder-workspace/.derivedData/ModuleCache.noindex/_Builtin_stdbool-1DUYIFNOQHY2TCZ3B6ZWCCMGE.pcm
SwiftExplicitDependencyGeneratePcm arm64 /Users/admin/builder/spi-builder-workspace/.derivedData/ModuleCache.noindex/_Builtin_stdarg-54KSRAZN8VL1MEKQYJX368KXB.pcm
SwiftExplicitDependencyGeneratePcm arm64 /Users/admin/builder/spi-builder-workspace/.derivedData/ModuleCache.noindex/ptrcheck-7TT5269Z7SKDD720U53254HQU.pcm
SwiftExplicitDependencyGeneratePcm arm64 /Users/admin/builder/spi-builder-workspace/.derivedData/ModuleCache.noindex/_DarwinFoundation1-8CMST8TSXAWII98OW8ZKLD2QK.pcm
SwiftExplicitDependencyGeneratePcm arm64 /Users/admin/builder/spi-builder-workspace/.derivedData/ModuleCache.noindex/_DarwinFoundation2-U8H8N4PTFWEP7MPMZP50F4ZS.pcm
SwiftExplicitDependencyGeneratePcm arm64 /Users/admin/builder/spi-builder-workspace/.derivedData/ModuleCache.noindex/_Builtin_limits-1V08TI46EW9129RN2DMF19Z65.pcm
SwiftExplicitDependencyGeneratePcm arm64 /Users/admin/builder/spi-builder-workspace/.derivedData/ModuleCache.noindex/sys_types-3DZGYYR6T3ISZK13F80O99RCO.pcm
SwiftExplicitDependencyGeneratePcm arm64 /Users/admin/builder/spi-builder-workspace/.derivedData/ModuleCache.noindex/_Builtin_stdint-BW762HS982R0M3LTGQ2BVDN40.pcm
SwiftExplicitDependencyGeneratePcm arm64 /Users/admin/builder/spi-builder-workspace/.derivedData/ModuleCache.noindex/_Builtin_stdatomic-BRYJSJP2G4KKPDMZ2X6D3YFH3.pcm
SwiftExplicitDependencyGeneratePcm arm64 /Users/admin/builder/spi-builder-workspace/.derivedData/ModuleCache.noindex/_DarwinFoundation3-3WWSXMSA802VIMEI85MV22BX3.pcm
SwiftExplicitDependencyGeneratePcm arm64 /Users/admin/builder/spi-builder-workspace/.derivedData/ModuleCache.noindex/_Builtin_inttypes-BB38SBW88KOYSZLAV5PVDM2KD.pcm
SwiftExplicitDependencyGeneratePcm arm64 /Users/admin/builder/spi-builder-workspace/.derivedData/ModuleCache.noindex/Darwin-1NOAWXS5ESSBKPL3YVPNRCHH8.pcm
SwiftDriverJobDiscovery normal arm64 Compiling ToolInfo.swift (in target 'ArgumentParserToolInfo' from project 'swift-argument-parser')
SwiftDriver\ Compilation ArgumentParserToolInfo normal arm64 com.apple.xcode.tools.swift.compiler (in target 'ArgumentParserToolInfo' from project 'swift-argument-parser')
cd /Users/admin/builder/spi-builder-workspace/.swiftpm/xcode
builtin-Swift-Compilation -- /Applications/Xcode-26.3.0.app/Contents/Developer/Toolchains/XcodeDefault.xctoolchain/usr/bin/swiftc -module-name ArgumentParserToolInfo -Onone -enforce-exclusivity\=checked @/Users/admin/builder/spi-builder-workspace/.derivedData/Build/Intermediates.noindex/swift-argument-parser.build/Debug-xros/ArgumentParserToolInfo.build/Objects-normal/arm64/ArgumentParserToolInfo.SwiftFileList -DSWIFT_PACKAGE -DDEBUG -DSWIFT_MODULE_RESOURCE_BUNDLE_UNAVAILABLE -DXcode -plugin-path /Applications/Xcode-26.3.0.app/Contents/Developer/Toolchains/XcodeDefault.xctoolchain/usr/lib/swift/host/plugins/testing -enable-experimental-feature DebugDescriptionMacro -sdk /Applications/Xcode-26.3.0.app/Contents/Developer/Platforms/XROS.platform/Developer/SDKs/XROS26.2.sdk -target arm64-apple-xros1.0 -g -module-cache-path /Users/admin/builder/spi-builder-workspace/.derivedData/ModuleCache.noindex -Xfrontend -serialize-debugging-options -profile-coverage-mapping -profile-generate -enable-testing -suppress-warnings -index-store-path /Users/admin/builder/spi-builder-workspace/.derivedData/Index.noindex/DataStore -Xcc -D_LIBCPP_HARDENING_MODE\=_LIBCPP_HARDENING_MODE_DEBUG -swift-version 6 -I /Users/admin/builder/spi-builder-workspace/.derivedData/Build/Products/Debug-xros -Isystem /Applications/Xcode-26.3.0.app/Contents/Developer/Platforms/XROS.platform/Developer/usr/lib -F /Users/admin/builder/spi-builder-workspace/.derivedData/Build/Products/Debug-xros -F /Applications/Xcode-26.3.0.app/Contents/Developer/Platforms/XROS.platform/Developer/Library/Frameworks -F /Applications/Xcode-26.3.0.app/Contents/Developer/Platforms/XROS.platform/Developer/SDKs/XROS26.2.sdk/Developer/Library/Frameworks -parse-as-library -c -j10 -enable-batch-mode -incremental -Xcc -ivfsstatcache -Xcc /Users/admin/builder/spi-builder-workspace/.derivedData/SDKStatCaches.noindex/xros26.2-23N301-dc75598d0054f22ec865fa860f139d72f5e64962d3ee001da1d77d1957dffdab.sdkstatcache -output-file-map /Users/admin/builder/spi-builder-workspace/.derivedData/Build/Intermediates.noindex/swift-argument-parser.build/Debug-xros/ArgumentParserToolInfo.build/Objects-normal/arm64/ArgumentParserToolInfo-OutputFileMap.json -use-frontend-parseable-output -save-temps -no-color-diagnostics -explicit-module-build -module-cache-path /Users/admin/builder/spi-builder-workspace/.derivedData/Build/Intermediates.noindex/SwiftExplicitPrecompiledModules -clang-scanner-module-cache-path /Users/admin/builder/spi-builder-workspace/.derivedData/ModuleCache.noindex -sdk-module-cache-path /Users/admin/builder/spi-builder-workspace/.derivedData/ModuleCache.noindex -serialize-diagnostics -emit-dependencies -emit-module -emit-module-path /Users/admin/builder/spi-builder-workspace/.derivedData/Build/Intermediates.noindex/swift-argument-parser.build/Debug-xros/ArgumentParserToolInfo.build/Objects-normal/arm64/ArgumentParserToolInfo.swiftmodule -user-module-version 1.8.2 -validate-clang-modules-once -clang-build-session-file /Users/admin/builder/spi-builder-workspace/.derivedData/ModuleCache.noindex/Session.modulevalidation -package-name swift_argument_parser -Xcc -I/Users/admin/builder/spi-builder-workspace/.derivedData/Build/Intermediates.noindex/swift-argument-parser.build/Debug-xros/ArgumentParserToolInfo.build/swift-overrides.hmap -emit-const-values -Xfrontend -const-gather-protocols-file -Xfrontend /Users/admin/builder/spi-builder-workspace/.derivedData/Build/Intermediates.noindex/swift-argument-parser.build/Debug-xros/ArgumentParserToolInfo.build/Objects-normal/arm64/ArgumentParserToolInfo_const_extract_protocols.json -Xcc -I/Users/admin/builder/spi-builder-workspace/.derivedData/Build/Products/Debug-xros/include -Xcc -I/Users/admin/builder/spi-builder-workspace/.derivedData/Build/Intermediates.noindex/swift-argument-parser.build/Debug-xros/ArgumentParserToolInfo.build/DerivedSources-normal/arm64 -Xcc -I/Users/admin/builder/spi-builder-workspace/.derivedData/Build/Intermediates.noindex/swift-argument-parser.build/Debug-xros/ArgumentParserToolInfo.build/DerivedSources/arm64 -Xcc -I/Users/admin/builder/spi-builder-workspace/.derivedData/Build/Intermediates.noindex/swift-argument-parser.build/Debug-xros/ArgumentParserToolInfo.build/DerivedSources -Xcc -DSWIFT_PACKAGE -Xcc -DDEBUG\=1 -emit-objc-header -emit-objc-header-path /Users/admin/builder/spi-builder-workspace/.derivedData/Build/Intermediates.noindex/swift-argument-parser.build/Debug-xros/ArgumentParserToolInfo.build/Objects-normal/arm64/ArgumentParserToolInfo-Swift.h -working-directory /Users/admin/builder/spi-builder-workspace/.swiftpm/xcode -experimental-emit-module-separately -disable-cmo
Ld /Users/admin/builder/spi-builder-workspace/.derivedData/Build/Products/Debug-xros/ArgumentParserToolInfo.o normal (in target 'ArgumentParserToolInfo' from project 'swift-argument-parser')
cd /Users/admin/builder/spi-builder-workspace/.dependencies/checkouts/swift-argument-parser
/Applications/Xcode-26.3.0.app/Contents/Developer/Toolchains/XcodeDefault.xctoolchain/usr/bin/clang -Xlinker -reproducible -target arm64-apple-xros1.0 -r -isysroot /Applications/Xcode-26.3.0.app/Contents/Developer/Platforms/XROS.platform/Developer/SDKs/XROS26.2.sdk -O0 -w -L/Users/admin/builder/spi-builder-workspace/.derivedData/Build/Intermediates.noindex/EagerLinkingTBDs/Debug-xros -L/Users/admin/builder/spi-builder-workspace/.derivedData/Build/Products/Debug-xros -L/Applications/Xcode-26.3.0.app/Contents/Developer/Platforms/XROS.platform/Developer/usr/lib -F/Users/admin/builder/spi-builder-workspace/.derivedData/Build/Intermediates.noindex/EagerLinkingTBDs/Debug-xros -F/Users/admin/builder/spi-builder-workspace/.derivedData/Build/Products/Debug-xros -iframework /Applications/Xcode-26.3.0.app/Contents/Developer/Platforms/XROS.platform/Developer/Library/Frameworks -iframework /Applications/Xcode-26.3.0.app/Contents/Developer/Platforms/XROS.platform/Developer/SDKs/XROS26.2.sdk/Developer/Library/Frameworks -filelist /Users/admin/builder/spi-builder-workspace/.derivedData/Build/Intermediates.noindex/swift-argument-parser.build/Debug-xros/ArgumentParserToolInfo.build/Objects-normal/arm64/ArgumentParserToolInfo.LinkFileList -nostdlib -Xlinker -object_path_lto -Xlinker /Users/admin/builder/spi-builder-workspace/.derivedData/Build/Intermediates.noindex/swift-argument-parser.build/Debug-xros/ArgumentParserToolInfo.build/Objects-normal/arm64/ArgumentParserToolInfo_lto.o -rdynamic -Xlinker -no_deduplicate -Xlinker -debug_variant -Xlinker -dependency_info -Xlinker /Users/admin/builder/spi-builder-workspace/.derivedData/Build/Intermediates.noindex/swift-argument-parser.build/Debug-xros/ArgumentParserToolInfo.build/Objects-normal/arm64/ArgumentParserToolInfo_dependency_info.dat -fobjc-link-runtime -L/Applications/Xcode-26.3.0.app/Contents/Developer/Toolchains/XcodeDefault.xctoolchain/usr/lib/swift/xros -L/usr/lib/swift -Xlinker -add_ast_path -Xlinker /Users/admin/builder/spi-builder-workspace/.derivedData/Build/Intermediates.noindex/swift-argument-parser.build/Debug-xros/ArgumentParserToolInfo.build/Objects-normal/arm64/ArgumentParserToolInfo.swiftmodule @/Users/admin/builder/spi-builder-workspace/.derivedData/Build/Intermediates.noindex/swift-argument-parser.build/Debug-xros/ArgumentParserToolInfo.build/Objects-normal/arm64/ArgumentParserToolInfo-linker-args.resp -o /Users/admin/builder/spi-builder-workspace/.derivedData/Build/Products/Debug-xros/ArgumentParserToolInfo.o
SwiftExplicitDependencyGeneratePcm arm64 /Users/admin/builder/spi-builder-workspace/.derivedData/ModuleCache.noindex/ObjectiveC-8XUBWJA3HNUU0FROV26LQKLVS.pcm
SwiftExplicitDependencyGeneratePcm arm64 /Users/admin/builder/spi-builder-workspace/.derivedData/ModuleCache.noindex/MachO-1TX61SM69J9TS3GB6HAIQGHOF.pcm
SwiftExplicitDependencyGeneratePcm arm64 /Users/admin/builder/spi-builder-workspace/.derivedData/ModuleCache.noindex/Compression-4DXCI3RDKO8NSUYXWT63W9SX9.pcm
SwiftExplicitDependencyGeneratePcm arm64 /Users/admin/builder/spi-builder-workspace/.derivedData/ModuleCache.noindex/os_object-5XC7NY3EX1QS46A0ZG0D43C0E.pcm
ExtractAppIntentsMetadata (in target 'ArgumentParserToolInfo' from project 'swift-argument-parser')
cd /Users/admin/builder/spi-builder-workspace/.dependencies/checkouts/swift-argument-parser
/Applications/Xcode-26.3.0.app/Contents/Developer/Toolchains/XcodeDefault.xctoolchain/usr/bin/appintentsmetadataprocessor --toolchain-dir /var/run/com.apple.security.cryptexd/mnt/com.apple.MobileAsset.MetalToolchain-v17.3.7003.10.bCKN7z/Metal.xctoolchain --module-name ArgumentParserToolInfo --sdk-root /Applications/Xcode-26.3.0.app/Contents/Developer/Platforms/XROS.platform/Developer/SDKs/XROS26.2.sdk --xcode-version 17C529 --platform-family xrOS --deployment-target 1.0 --bundle-identifier swift-argument-parser.ArgumentParserToolInfo --output /Users/admin/builder/spi-builder-workspace/.derivedData/Build/Products/Debug-xros/ArgumentParserToolInfo.appintents --target-triple arm64-apple-xros1.0 --binary-file /Users/admin/builder/spi-builder-workspace/.derivedData/Build/Products/Debug-xros/ArgumentParserToolInfo.o --dependency-file /Users/admin/builder/spi-builder-workspace/.derivedData/Build/Intermediates.noindex/swift-argument-parser.build/Debug-xros/ArgumentParserToolInfo.build/Objects-normal/arm64/ArgumentParserToolInfo_dependency_info.dat --stringsdata-file /Users/admin/builder/spi-builder-workspace/.derivedData/Build/Intermediates.noindex/swift-argument-parser.build/Debug-xros/ArgumentParserToolInfo.build/Objects-normal/arm64/ExtractedAppShortcutsMetadata.stringsdata --source-file-list /Users/admin/builder/spi-builder-workspace/.derivedData/Build/Intermediates.noindex/swift-argument-parser.build/Debug-xros/ArgumentParserToolInfo.build/Objects-normal/arm64/ArgumentParserToolInfo.SwiftFileList --metadata-file-list /Users/admin/builder/spi-builder-workspace/.derivedData/Build/Intermediates.noindex/swift-argument-parser.build/Debug-xros/ArgumentParserToolInfo.build/ArgumentParserToolInfo.DependencyMetadataFileList --static-metadata-file-list /Users/admin/builder/spi-builder-workspace/.derivedData/Build/Intermediates.noindex/swift-argument-parser.build/Debug-xros/ArgumentParserToolInfo.build/ArgumentParserToolInfo.DependencyStaticMetadataFileList --swift-const-vals-list /Users/admin/builder/spi-builder-workspace/.derivedData/Build/Intermediates.noindex/swift-argument-parser.build/Debug-xros/ArgumentParserToolInfo.build/Objects-normal/arm64/ArgumentParserToolInfo.SwiftConstValuesFileList --force --compile-time-extraction --deployment-aware-processing --validate-assistant-intents --no-app-shortcuts-localization
SwiftExplicitDependencyGeneratePcm arm64 /Users/admin/builder/spi-builder-workspace/.derivedData/ModuleCache.noindex/os_workgroup-ANL0EO1GN9FFWM716WJGJDES.pcm
SwiftExplicitDependencyGeneratePcm arm64 /Users/admin/builder/spi-builder-workspace/.derivedData/ModuleCache.noindex/os-A4T54WNHV666DAIGOPVM5IVX8.pcm
SwiftExplicitDependencyGeneratePcm arm64 /Users/admin/builder/spi-builder-workspace/.derivedData/ModuleCache.noindex/Dispatch-8TM292VHU2ESDPWJ3W72F9KSG.pcm
SwiftExplicitDependencyGeneratePcm arm64 /Users/admin/builder/spi-builder-workspace/.derivedData/ModuleCache.noindex/CoreFoundation-F4BCGGN0DN0NJZOMYEOL1PKUL.pcm
SwiftExplicitDependencyGeneratePcm arm64 /Users/admin/builder/spi-builder-workspace/.derivedData/ModuleCache.noindex/dnssd-2TBSNBB4MZT5Z2VIEUAVP94HU.pcm
SwiftExplicitDependencyGeneratePcm arm64 /Users/admin/builder/spi-builder-workspace/.derivedData/ModuleCache.noindex/Security-ANXHZNG3KKHKFCMLX9CBJWBDR.pcm
SwiftExplicitDependencyGeneratePcm arm64 /Users/admin/builder/spi-builder-workspace/.derivedData/ModuleCache.noindex/CFNetwork-577PQ3L3HRMK4GC9NXDJ185AW.pcm
SwiftExplicitDependencyGeneratePcm arm64 /Users/admin/builder/spi-builder-workspace/.derivedData/ModuleCache.noindex/Foundation-4I6RF6R5X2RZIDSMBXC80QZ2O.pcm
SwiftEmitModule normal arm64 Emitting\ module\ for\ ArgumentParser (in target 'ArgumentParser' from project 'swift-argument-parser')
EmitSwiftModule normal arm64 (in target 'ArgumentParser' from project 'swift-argument-parser')
cd /Users/admin/builder/spi-builder-workspace/.swiftpm/xcode
SwiftCompile normal arm64 Compiling\ UsageGenerator.swift,\ CollectionExtensions.swift,\ Foundation.swift,\ Mutex.swift,\ Platform.swift /Users/admin/builder/spi-builder-workspace/.dependencies/checkouts/swift-argument-parser/Sources/ArgumentParser/Usage/UsageGenerator.swift /Users/admin/builder/spi-builder-workspace/.dependencies/checkouts/swift-argument-parser/Sources/ArgumentParser/Utilities/CollectionExtensions.swift /Users/admin/builder/spi-builder-workspace/.dependencies/checkouts/swift-argument-parser/Sources/ArgumentParser/Utilities/Foundation.swift /Users/admin/builder/spi-builder-workspace/.dependencies/checkouts/swift-argument-parser/Sources/ArgumentParser/Utilities/Mutex.swift /Users/admin/builder/spi-builder-workspace/.dependencies/checkouts/swift-argument-parser/Sources/ArgumentParser/Utilities/Platform.swift (in target 'ArgumentParser' from project 'swift-argument-parser')
SwiftCompile normal arm64 /Users/admin/builder/spi-builder-workspace/.dependencies/checkouts/swift-argument-parser/Sources/ArgumentParser/Usage/UsageGenerator.swift (in target 'ArgumentParser' from project 'swift-argument-parser')
cd /Users/admin/builder/spi-builder-workspace/.swiftpm/xcode
SwiftCompile normal arm64 /Users/admin/builder/spi-builder-workspace/.dependencies/checkouts/swift-argument-parser/Sources/ArgumentParser/Utilities/CollectionExtensions.swift (in target 'ArgumentParser' from project 'swift-argument-parser')
cd /Users/admin/builder/spi-builder-workspace/.swiftpm/xcode
SwiftCompile normal arm64 /Users/admin/builder/spi-builder-workspace/.dependencies/checkouts/swift-argument-parser/Sources/ArgumentParser/Utilities/Foundation.swift (in target 'ArgumentParser' from project 'swift-argument-parser')
cd /Users/admin/builder/spi-builder-workspace/.swiftpm/xcode
SwiftCompile normal arm64 /Users/admin/builder/spi-builder-workspace/.dependencies/checkouts/swift-argument-parser/Sources/ArgumentParser/Utilities/Mutex.swift (in target 'ArgumentParser' from project 'swift-argument-parser')
cd /Users/admin/builder/spi-builder-workspace/.swiftpm/xcode
SwiftCompile normal arm64 /Users/admin/builder/spi-builder-workspace/.dependencies/checkouts/swift-argument-parser/Sources/ArgumentParser/Utilities/Platform.swift (in target 'ArgumentParser' from project 'swift-argument-parser')
cd /Users/admin/builder/spi-builder-workspace/.swiftpm/xcode
SwiftCompile normal arm64 Compiling\ CommandGroup.swift,\ EnumerableFlag.swift,\ ExpressibleByArgument.swift,\ ParsableArguments.swift,\ ParsableCommand.swift /Users/admin/builder/spi-builder-workspace/.dependencies/checkouts/swift-argument-parser/Sources/ArgumentParser/Parsable\ Types/CommandGroup.swift /Users/admin/builder/spi-builder-workspace/.dependencies/checkouts/swift-argument-parser/Sources/ArgumentParser/Parsable\ Types/EnumerableFlag.swift /Users/admin/builder/spi-builder-workspace/.dependencies/checkouts/swift-argument-parser/Sources/ArgumentParser/Parsable\ Types/ExpressibleByArgument.swift /Users/admin/builder/spi-builder-workspace/.dependencies/checkouts/swift-argument-parser/Sources/ArgumentParser/Parsable\ Types/ParsableArguments.swift /Users/admin/builder/spi-builder-workspace/.dependencies/checkouts/swift-argument-parser/Sources/ArgumentParser/Parsable\ Types/ParsableCommand.swift (in target 'ArgumentParser' from project 'swift-argument-parser')
SwiftCompile normal arm64 /Users/admin/builder/spi-builder-workspace/.dependencies/checkouts/swift-argument-parser/Sources/ArgumentParser/Parsable\ Types/CommandGroup.swift (in target 'ArgumentParser' from project 'swift-argument-parser')
cd /Users/admin/builder/spi-builder-workspace/.swiftpm/xcode
SwiftCompile normal arm64 /Users/admin/builder/spi-builder-workspace/.dependencies/checkouts/swift-argument-parser/Sources/ArgumentParser/Parsable\ Types/EnumerableFlag.swift (in target 'ArgumentParser' from project 'swift-argument-parser')
cd /Users/admin/builder/spi-builder-workspace/.swiftpm/xcode
SwiftCompile normal arm64 /Users/admin/builder/spi-builder-workspace/.dependencies/checkouts/swift-argument-parser/Sources/ArgumentParser/Parsable\ Types/ExpressibleByArgument.swift (in target 'ArgumentParser' from project 'swift-argument-parser')
cd /Users/admin/builder/spi-builder-workspace/.swiftpm/xcode
SwiftCompile normal arm64 /Users/admin/builder/spi-builder-workspace/.dependencies/checkouts/swift-argument-parser/Sources/ArgumentParser/Parsable\ Types/ParsableArguments.swift (in target 'ArgumentParser' from project 'swift-argument-parser')
cd /Users/admin/builder/spi-builder-workspace/.swiftpm/xcode
SwiftCompile normal arm64 /Users/admin/builder/spi-builder-workspace/.dependencies/checkouts/swift-argument-parser/Sources/ArgumentParser/Parsable\ Types/ParsableCommand.swift (in target 'ArgumentParser' from project 'swift-argument-parser')
cd /Users/admin/builder/spi-builder-workspace/.swiftpm/xcode
SwiftExplicitDependencyGeneratePcm arm64 /Users/admin/builder/spi-builder-workspace/.derivedData/ModuleCache.noindex/LocalAuthentication-6IRQCXBO2C195383U4AKUGQJH.pcm
SwiftCompile normal arm64 Compiling\ CodingKeyValidator.swift,\ NonsenseFlagsValidator.swift,\ ParsableArgumentsValidation.swift,\ PositionalArgumentsValidator.swift,\ UniqueNamesValidator.swift /Users/admin/builder/spi-builder-workspace/.dependencies/checkouts/swift-argument-parser/Sources/ArgumentParser/Validators/CodingKeyValidator.swift /Users/admin/builder/spi-builder-workspace/.dependencies/checkouts/swift-argument-parser/Sources/ArgumentParser/Validators/NonsenseFlagsValidator.swift /Users/admin/builder/spi-builder-workspace/.dependencies/checkouts/swift-argument-parser/Sources/ArgumentParser/Validators/ParsableArgumentsValidation.swift /Users/admin/builder/spi-builder-workspace/.dependencies/checkouts/swift-argument-parser/Sources/ArgumentParser/Validators/PositionalArgumentsValidator.swift /Users/admin/builder/spi-builder-workspace/.dependencies/checkouts/swift-argument-parser/Sources/ArgumentParser/Validators/UniqueNamesValidator.swift (in target 'ArgumentParser' from project 'swift-argument-parser')
SwiftCompile normal arm64 /Users/admin/builder/spi-builder-workspace/.dependencies/checkouts/swift-argument-parser/Sources/ArgumentParser/Validators/CodingKeyValidator.swift (in target 'ArgumentParser' from project 'swift-argument-parser')
cd /Users/admin/builder/spi-builder-workspace/.swiftpm/xcode
SwiftCompile normal arm64 /Users/admin/builder/spi-builder-workspace/.dependencies/checkouts/swift-argument-parser/Sources/ArgumentParser/Validators/NonsenseFlagsValidator.swift (in target 'ArgumentParser' from project 'swift-argument-parser')
cd /Users/admin/builder/spi-builder-workspace/.swiftpm/xcode
SwiftCompile normal arm64 /Users/admin/builder/spi-builder-workspace/.dependencies/checkouts/swift-argument-parser/Sources/ArgumentParser/Validators/ParsableArgumentsValidation.swift (in target 'ArgumentParser' from project 'swift-argument-parser')
cd /Users/admin/builder/spi-builder-workspace/.swiftpm/xcode
SwiftCompile normal arm64 /Users/admin/builder/spi-builder-workspace/.dependencies/checkouts/swift-argument-parser/Sources/ArgumentParser/Validators/PositionalArgumentsValidator.swift (in target 'ArgumentParser' from project 'swift-argument-parser')
cd /Users/admin/builder/spi-builder-workspace/.swiftpm/xcode
SwiftCompile normal arm64 /Users/admin/builder/spi-builder-workspace/.dependencies/checkouts/swift-argument-parser/Sources/ArgumentParser/Validators/UniqueNamesValidator.swift (in target 'ArgumentParser' from project 'swift-argument-parser')
cd /Users/admin/builder/spi-builder-workspace/.swiftpm/xcode
SwiftExplicitDependencyGeneratePcm arm64 /Users/admin/builder/spi-builder-workspace/.derivedData/ModuleCache.noindex/Network-TVDNZHLNYAB8NLUDT63VN45N.pcm
SwiftCompile normal arm64 Compiling\ SplitArguments.swift,\ DumpHelpGenerator.swift,\ HelpCommand.swift,\ HelpGenerator.swift,\ MessageInfo.swift /Users/admin/builder/spi-builder-workspace/.dependencies/checkouts/swift-argument-parser/Sources/ArgumentParser/Parsing/SplitArguments.swift /Users/admin/builder/spi-builder-workspace/.dependencies/checkouts/swift-argument-parser/Sources/ArgumentParser/Usage/DumpHelpGenerator.swift /Users/admin/builder/spi-builder-workspace/.dependencies/checkouts/swift-argument-parser/Sources/ArgumentParser/Usage/HelpCommand.swift /Users/admin/builder/spi-builder-workspace/.dependencies/checkouts/swift-argument-parser/Sources/ArgumentParser/Usage/HelpGenerator.swift /Users/admin/builder/spi-builder-workspace/.dependencies/checkouts/swift-argument-parser/Sources/ArgumentParser/Usage/MessageInfo.swift (in target 'ArgumentParser' from project 'swift-argument-parser')
SwiftCompile normal arm64 /Users/admin/builder/spi-builder-workspace/.dependencies/checkouts/swift-argument-parser/Sources/ArgumentParser/Parsing/SplitArguments.swift (in target 'ArgumentParser' from project 'swift-argument-parser')
cd /Users/admin/builder/spi-builder-workspace/.swiftpm/xcode
SwiftCompile normal arm64 /Users/admin/builder/spi-builder-workspace/.dependencies/checkouts/swift-argument-parser/Sources/ArgumentParser/Usage/DumpHelpGenerator.swift (in target 'ArgumentParser' from project 'swift-argument-parser')
cd /Users/admin/builder/spi-builder-workspace/.swiftpm/xcode
SwiftCompile normal arm64 /Users/admin/builder/spi-builder-workspace/.dependencies/checkouts/swift-argument-parser/Sources/ArgumentParser/Usage/HelpCommand.swift (in target 'ArgumentParser' from project 'swift-argument-parser')
cd /Users/admin/builder/spi-builder-workspace/.swiftpm/xcode
SwiftCompile normal arm64 /Users/admin/builder/spi-builder-workspace/.dependencies/checkouts/swift-argument-parser/Sources/ArgumentParser/Usage/HelpGenerator.swift (in target 'ArgumentParser' from project 'swift-argument-parser')
cd /Users/admin/builder/spi-builder-workspace/.swiftpm/xcode
SwiftCompile normal arm64 /Users/admin/builder/spi-builder-workspace/.dependencies/checkouts/swift-argument-parser/Sources/ArgumentParser/Usage/MessageInfo.swift (in target 'ArgumentParser' from project 'swift-argument-parser')
cd /Users/admin/builder/spi-builder-workspace/.swiftpm/xcode
SwiftEmitModule normal arm64 Emitting\ module\ for\ genseeds (in target 'genseeds' from project 'SwiftFTR')
Failed frontend command:
/Applications/Xcode-26.3.0.app/Contents/Developer/Toolchains/XcodeDefault.xctoolchain/usr/bin/swift-frontend -frontend -emit-module -experimental-skip-non-inlinable-function-bodies-without-types /Users/admin/builder/spi-builder-workspace/Sources/genseeds/main.swift -target arm64-apple-xros1.0 -load-resolved-plugin /Applications/Xcode-26.3.0.app/Contents/Developer/Platforms/XROS.platform/Developer/usr/lib/swift/host/plugins/libFoundationMacros.dylib\#/Applications/Xcode-26.3.0.app/Contents/Developer/Platforms/XROS.platform/Developer/usr/bin/swift-plugin-server\#FoundationMacros -load-resolved-plugin /Applications/Xcode-26.3.0.app/Contents/Developer/Platforms/XROS.platform/Developer/usr/lib/swift/host/plugins/libObservationMacros.dylib\#/Applications/Xcode-26.3.0.app/Contents/Developer/Platforms/XROS.platform/Developer/usr/bin/swift-plugin-server\#ObservationMacros -load-resolved-plugin /Applications/Xcode-26.3.0.app/Contents/Developer/Platforms/XROS.platform/Developer/usr/lib/swift/host/plugins/libSwiftMacros.dylib\#/Applications/Xcode-26.3.0.app/Contents/Developer/Platforms/XROS.platform/Developer/usr/bin/swift-plugin-server\#SwiftMacros -disable-implicit-swift-modules -Xcc -fno-implicit-modules -Xcc -fno-implicit-module-maps -explicit-swift-module-map-file /Users/admin/builder/spi-builder-workspace/.derivedData/Build/Intermediates.noindex/SwiftFTR.build/Debug-xros/genseeds.build/Objects-normal/arm64/genseeds-dependencies-1.json -Xllvm -aarch64-use-tbi -enable-objc-interop -stack-check -sdk /Applications/Xcode-26.3.0.app/Contents/Developer/Platforms/XROS.platform/Developer/SDKs/XROS26.2.sdk -I /Users/admin/builder/spi-builder-workspace/.derivedData/Build/Products/Debug-xros -Isystem /Applications/Xcode-26.3.0.app/Contents/Developer/Platforms/XROS.platform/Developer/usr/lib -F /Users/admin/builder/spi-builder-workspace/.derivedData/Build/Products/Debug-xros -F /Applications/Xcode-26.3.0.app/Contents/Developer/Platforms/XROS.platform/Developer/Library/Frameworks -F /Applications/Xcode-26.3.0.app/Contents/Developer/Platforms/XROS.platform/Developer/SDKs/XROS26.2.sdk/Developer/Library/Frameworks -no-color-diagnostics -Xcc -fno-color-diagnostics -enable-testing -g -debug-info-format\=dwarf -dwarf-version\=4 -module-cache-path /Users/admin/builder/spi-builder-workspace/.derivedData/Build/Intermediates.noindex/SwiftExplicitPrecompiledModules -profile-generate -profile-coverage-mapping -swift-version 6 -enforce-exclusivity\=checked -Onone -D SWIFT_PACKAGE -D DEBUG -D Xcode -serialize-debugging-options -const-gather-protocols-file /Users/admin/builder/spi-builder-workspace/.derivedData/Build/Intermediates.noindex/SwiftFTR.build/Debug-xros/genseeds.build/Objects-normal/arm64/genseeds_const_extract_protocols.json -enable-experimental-feature DebugDescriptionMacro -empty-abi-descriptor -validate-clang-modules-once -clang-build-session-file /Users/admin/builder/spi-builder-workspace/.derivedData/ModuleCache.noindex/Session.modulevalidation -Xcc -working-directory -Xcc /Users/admin/builder/spi-builder-workspace/.swiftpm/xcode -enable-anonymous-context-mangled-names -file-compilation-dir /Users/admin/builder/spi-builder-workspace/.swiftpm/xcode -Xcc -D_LIBCPP_HARDENING_MODE\=_LIBCPP_HARDENING_MODE_DEBUG -Xcc -ivfsstatcache -Xcc /Users/admin/builder/spi-builder-workspace/.derivedData/SDKStatCaches.noindex/xros26.2-23N301-dc75598d0054f22ec865fa860f139d72f5e64962d3ee001da1d77d1957dffdab.sdkstatcache -Xcc -I/Users/admin/builder/spi-builder-workspace/.derivedData/Build/Products/Debug-xros/include -Xcc -I/Users/admin/builder/spi-builder-workspace/.derivedData/Build/Intermediates.noindex/SwiftFTR.build/Debug-xros/genseeds.build/DerivedSources-normal/arm64 -Xcc -I/Users/admin/builder/spi-builder-workspace/.derivedData/Build/Intermediates.noindex/SwiftFTR.build/Debug-xros/genseeds.build/DerivedSources/arm64 -Xcc -I/Users/admin/builder/spi-builder-workspace/.derivedData/Build/Intermediates.noindex/SwiftFTR.build/Debug-xros/genseeds.build/DerivedSources -Xcc -DSWIFT_PACKAGE -Xcc -DDEBUG\=1 -no-auto-bridging-header-chaining -module-name genseeds -package-name spi_builder_workspace -frontend-parseable-output -disable-clang-spi -target-sdk-version 26.2 -target-sdk-name xros26.2 -clang-target arm64-apple-xros26.2 -in-process-plugin-server-path /Applications/Xcode-26.3.0.app/Contents/Developer/Toolchains/XcodeDefault.xctoolchain/usr/lib/swift/host/libSwiftInProcPluginServer.dylib -emit-module-doc-path /Users/admin/builder/spi-builder-workspace/.derivedData/Build/Intermediates.noindex/SwiftFTR.build/Debug-xros/genseeds.build/Objects-normal/arm64/genseeds.swiftdoc -emit-module-source-info-path /Users/admin/builder/spi-builder-workspace/.derivedData/Build/Intermediates.noindex/SwiftFTR.build/Debug-xros/genseeds.build/Objects-normal/arm64/genseeds.swiftsourceinfo -serialize-diagnostics-path /Users/admin/builder/spi-builder-workspace/.derivedData/Build/Intermediates.noindex/SwiftFTR.build/Debug-xros/genseeds.build/Objects-normal/arm64/genseeds-primary-emit-module.dia -emit-dependencies-path /Users/admin/builder/spi-builder-workspace/.derivedData/Build/Intermediates.noindex/SwiftFTR.build/Debug-xros/genseeds.build/Objects-normal/arm64/genseeds-primary-emit-module.d -o /Users/admin/builder/spi-builder-workspace/.derivedData/Build/Intermediates.noindex/SwiftFTR.build/Debug-xros/genseeds.build/Objects-normal/arm64/genseeds.swiftmodule -emit-abi-descriptor-path /Users/admin/builder/spi-builder-workspace/.derivedData/Build/Intermediates.noindex/SwiftFTR.build/Debug-xros/genseeds.build/Objects-normal/arm64/genseeds.abi.json
SwiftCompile normal arm64 /Users/admin/builder/spi-builder-workspace/Sources/genseeds/main.swift (in target 'genseeds' from project 'SwiftFTR')
cd /Users/admin/builder/spi-builder-workspace/.swiftpm/xcode
/Users/admin/builder/spi-builder-workspace/Sources/genseeds/main.swift:122:1: error: 'main' attribute cannot be used in a module that contains top-level code
@main
^
/Users/admin/builder/spi-builder-workspace/Sources/genseeds/main.swift:1:1: note: top-level code defined in this source file
import Foundation
^
/Users/admin/builder/spi-builder-workspace/Sources/genseeds/main.swift:1:1: note: pass '-parse-as-library' to compiler invocation if this is intentional
import Foundation
^
SwiftCompile normal arm64 Compiling\ main.swift /Users/admin/builder/spi-builder-workspace/Sources/genseeds/main.swift (in target 'genseeds' from project 'SwiftFTR')
SwiftCompile normal arm64 /Users/admin/builder/spi-builder-workspace/Sources/genseeds/main.swift (in target 'genseeds' from project 'SwiftFTR')
cd /Users/admin/builder/spi-builder-workspace/.swiftpm/xcode
SwiftCompile normal arm64 Compiling\ SequenceExtensions.swift,\ StringExtensions.swift,\ SwiftExtensions.swift,\ Tree.swift,\ AsyncCompletionsValidator.swift /Users/admin/builder/spi-builder-workspace/.dependencies/checkouts/swift-argument-parser/Sources/ArgumentParser/Utilities/SequenceExtensions.swift /Users/admin/builder/spi-builder-workspace/.dependencies/checkouts/swift-argument-parser/Sources/ArgumentParser/Utilities/StringExtensions.swift /Users/admin/builder/spi-builder-workspace/.dependencies/checkouts/swift-argument-parser/Sources/ArgumentParser/Utilities/SwiftExtensions.swift /Users/admin/builder/spi-builder-workspace/.dependencies/checkouts/swift-argument-parser/Sources/ArgumentParser/Utilities/Tree.swift /Users/admin/builder/spi-builder-workspace/.dependencies/checkouts/swift-argument-parser/Sources/ArgumentParser/Validators/AsyncCompletionsValidator.swift (in target 'ArgumentParser' from project 'swift-argument-parser')
SwiftCompile normal arm64 Compiling\ ArgumentDecoder.swift,\ ArgumentDefinition.swift,\ ArgumentSet.swift,\ CommandParser.swift,\ InputKey.swift /Users/admin/builder/spi-builder-workspace/.dependencies/checkouts/swift-argument-parser/Sources/ArgumentParser/Parsing/ArgumentDecoder.swift /Users/admin/builder/spi-builder-workspace/.dependencies/checkouts/swift-argument-parser/Sources/ArgumentParser/Parsing/ArgumentDefinition.swift /Users/admin/builder/spi-builder-workspace/.dependencies/checkouts/swift-argument-parser/Sources/ArgumentParser/Parsing/ArgumentSet.swift /Users/admin/builder/spi-builder-workspace/.dependencies/checkouts/swift-argument-parser/Sources/ArgumentParser/Parsing/CommandParser.swift /Users/admin/builder/spi-builder-workspace/.dependencies/checkouts/swift-argument-parser/Sources/ArgumentParser/Parsing/InputKey.swift (in target 'ArgumentParser' from project 'swift-argument-parser')
2026-09-04 11:05:31.373 xcodebuild[1085:6509] [MT] IDERunDestination: Supported platforms for the buildables in the current scheme is empty.
** BUILD FAILED **
The following build commands failed:
SwiftEmitModule normal arm64 Emitting\ module\ for\ genseeds (in target 'genseeds' from project 'SwiftFTR')
SwiftCompile normal arm64 /Users/admin/builder/spi-builder-workspace/Sources/genseeds/main.swift (in target 'genseeds' from project 'SwiftFTR')
Building workspace spi-builder-workspace with scheme SwiftFTR-Package
(3 failures)
Command line invocation:
/Applications/Xcode-26.3.0.app/Contents/Developer/usr/bin/xcodebuild -IDEClonedSourcePackagesDirPathOverride=/Users/admin/builder/spi-builder-workspace/.dependencies -resolvePackageDependencies
Resolve Package Graph
Resolved source packages:
SwiftIP2ASN: https://github.com/network-weather/swift-ip2asn @ 0.5.1
SymbolKit: https://github.com/swiftlang/swift-docc-symbolkit @ 1.0.0
SwiftFTR: /Users/admin/builder/spi-builder-workspace
SwiftDocCPlugin: https://github.com/apple/swift-docc-plugin @ 1.5.0
swift-argument-parser: https://github.com/apple/swift-argument-parser @ 1.8.2
resolved source packages: SwiftIP2ASN, SymbolKit, SwiftFTR, SwiftDocCPlugin, swift-argument-parser
2026-09-04 11:05:51.496 xcodebuild[1352:7963] [MT] IDERunDestination: Supported platforms for the buildables in the current scheme is empty.
{
"dependencies" : [
{
"identity" : "swift-argument-parser",
"requirement" : {
"range" : [
{
"lower_bound" : "1.6.1",
"upper_bound" : "2.0.0"
}
]
},
"type" : "sourceControl",
"url" : "https://github.com/apple/swift-argument-parser"
},
{
"identity" : "swift-docc-plugin",
"requirement" : {
"range" : [
{
"lower_bound" : "1.4.0",
"upper_bound" : "2.0.0"
}
]
},
"type" : "sourceControl",
"url" : "https://github.com/apple/swift-docc-plugin"
},
{
"identity" : "swift-ip2asn",
"requirement" : {
"range" : [
{
"lower_bound" : "0.4.1",
"upper_bound" : "1.0.0"
}
]
},
"type" : "sourceControl",
"url" : "https://github.com/network-weather/swift-ip2asn"
}
],
"manifest_display_name" : "SwiftFTR",
"name" : "SwiftFTR",
"path" : "/Users/admin/builder/spi-builder-workspace",
"platforms" : [
{
"name" : "macos",
"version" : "13.0"
}
],
"products" : [
{
"name" : "SwiftFTR",
"targets" : [
"SwiftFTR"
],
"type" : {
"library" : [
"automatic"
]
}
},
{
"name" : "swift-ftr",
"targets" : [
"swift-ftr"
],
"type" : {
"executable" : null
}
},
{
"name" : "hop-monitor",
"targets" : [
"hop-monitor"
],
"type" : {
"executable" : null
}
},
{
"name" : "traceroute6probe",
"targets" : [
"traceroute6probe"
],
"type" : {
"executable" : null
}
},
{
"name" : "ptrtests",
"targets" : [
"ptrtests"
],
"type" : {
"executable" : null
}
},
{
"name" : "ip2asnv6probe",
"targets" : [
"ip2asnv6probe"
],
"type" : {
"executable" : null
}
},
{
"name" : "integrationtest",
"targets" : [
"integrationtest"
],
"type" : {
"executable" : null
}
},
{
"name" : "icmpv6probe",
"targets" : [
"icmpv6probe"
],
"type" : {
"executable" : null
}
},
{
"name" : "icmpv6fuzz",
"targets" : [
"icmpv6fuzz"
],
"type" : {
"executable" : null
}
},
{
"name" : "icmpfuzzer",
"targets" : [
"icmpfuzzer"
],
"type" : {
"executable" : null
}
},
{
"name" : "icmpfuzz",
"targets" : [
"icmpfuzz"
],
"type" : {
"executable" : null
}
},
{
"name" : "genseeds",
"targets" : [
"genseeds"
],
"type" : {
"executable" : null
}
},
{
"name" : "asnloadprobe",
"targets" : [
"asnloadprobe"
],
"type" : {
"executable" : null
}
},
{
"name" : "ResourceBenchmark",
"targets" : [
"ResourceBenchmark"
],
"type" : {
"executable" : null
}
}
],
"swift_languages_versions" : [
"6"
],
"targets" : [
{
"c99name" : "traceroute6probe",
"module_type" : "SwiftTarget",
"name" : "traceroute6probe",
"path" : "Tests/TestSupport/traceroute6probe",
"product_memberships" : [
"traceroute6probe"
],
"sources" : [
"traceroute6probe.swift"
],
"target_dependencies" : [
"SwiftFTR"
],
"type" : "executable"
},
{
"c99name" : "swift_ftr",
"module_type" : "SwiftTarget",
"name" : "swift-ftr",
"path" : "Sources/swift-ftr",
"product_dependencies" : [
"ArgumentParser"
],
"product_memberships" : [
"swift-ftr"
],
"sources" : [
"main.swift"
],
"target_dependencies" : [
"SwiftFTR"
],
"type" : "executable"
},
{
"c99name" : "ptrtests",
"module_type" : "SwiftTarget",
"name" : "ptrtests",
"path" : "Sources/ptrtests",
"product_memberships" : [
"ptrtests"
],
"sources" : [
"main.swift"
],
"target_dependencies" : [
"SwiftFTR"
],
"type" : "executable"
},
{
"c99name" : "ip2asnv6probe",
"module_type" : "SwiftTarget",
"name" : "ip2asnv6probe",
"path" : "Tests/TestSupport/ip2asnv6probe",
"product_dependencies" : [
"SwiftIP2ASN"
],
"product_memberships" : [
"ip2asnv6probe"
],
"sources" : [
"ip2asnv6probe.swift"
],
"type" : "executable"
},
{
"c99name" : "integrationtest",
"module_type" : "SwiftTarget",
"name" : "integrationtest",
"path" : "Sources/integrationtest",
"product_memberships" : [
"integrationtest"
],
"sources" : [
"main.swift"
],
"target_dependencies" : [
"SwiftFTR"
],
"type" : "executable"
},
{
"c99name" : "icmpv6probe",
"module_type" : "SwiftTarget",
"name" : "icmpv6probe",
"path" : "Tests/TestSupport/icmpv6probe",
"product_memberships" : [
"icmpv6probe"
],
"sources" : [
"icmpv6probe.swift"
],
"target_dependencies" : [
"SwiftFTR"
],
"type" : "executable"
},
{
"c99name" : "icmpv6fuzz",
"module_type" : "SwiftTarget",
"name" : "icmpv6fuzz",
"path" : "Sources/icmpv6fuzz",
"product_memberships" : [
"icmpv6fuzz"
],
"sources" : [
"main.swift"
],
"target_dependencies" : [
"SwiftFTR"
],
"type" : "executable"
},
{
"c99name" : "icmpfuzzer",
"module_type" : "SwiftTarget",
"name" : "icmpfuzzer",
"path" : "Sources/icmpfuzzer",
"product_memberships" : [
"icmpfuzzer"
],
"sources" : [
"ICMPFuzzer.swift"
],
"target_dependencies" : [
"SwiftFTR"
],
"type" : "executable"
},
{
"c99name" : "icmpfuzz",
"module_type" : "SwiftTarget",
"name" : "icmpfuzz",
"path" : "Sources/icmpfuzz",
"product_memberships" : [
"icmpfuzz"
],
"sources" : [
"main.swift"
],
"target_dependencies" : [
"SwiftFTR"
],
"type" : "executable"
},
{
"c99name" : "hop_monitor",
"module_type" : "SwiftTarget",
"name" : "hop-monitor",
"path" : "Sources/hop-monitor",
"product_dependencies" : [
"ArgumentParser"
],
"product_memberships" : [
"hop-monitor"
],
"sources" : [
"main.swift"
],
"target_dependencies" : [
"SwiftFTR"
],
"type" : "executable"
},
{
"c99name" : "genseeds",
"module_type" : "SwiftTarget",
"name" : "genseeds",
"path" : "Sources/genseeds",
"product_memberships" : [
"genseeds"
],
"sources" : [
"main.swift"
],
"type" : "executable"
},
{
"c99name" : "asnloadprobe",
"module_type" : "SwiftTarget",
"name" : "asnloadprobe",
"path" : "Tests/TestSupport/asnloadprobe",
"product_memberships" : [
"asnloadprobe"
],
"sources" : [
"asnloadprobe.swift"
],
"target_dependencies" : [
"SwiftFTR"
],
"type" : "executable"
},
{
"c99name" : "SwiftFTRTests",
"module_type" : "SwiftTarget",
"name" : "SwiftFTRTests",
"path" : "Tests/SwiftFTRTests",
"sources" : [
"APICompatibilityTests.swift",
"ActorSchedulingTests.swift",
"AsnStrategyBench.swift",
"BlockingIOBridgeTests.swift",
"BlockingIOCancellationTests.swift",
"BufferbloatComparisonTests.swift",
"BufferbloatLifecycleTests.swift",
"BufferbloatTests.swift",
"CLIReverseDNSTests.swift",
"CacheGenerationTests.swift",
"ClassifiedTraceBoundsTests.swift",
"ComprehensiveTests.swift",
"ConcurrencyBottleneckTests.swift",
"ConfigurationTests.swift",
"ConfigurationValidationTests.swift",
"DNSInputValidationTests.swift",
"DNSRDataBoundaryTests.swift",
"DNSWireHardeningTests.swift",
"DualStackRoutingTests.swift",
"HTTPHeaderProbeTests.swift",
"HopOutcomeTests.swift",
"IPScopeClassificationTests.swift",
"IPv6Reachability.swift",
"InterfaceBindingTests.swift",
"InterfaceBoundHTTPSProbeSpikeTests.swift",
"LocalASNResolverTests.swift",
"MultipathCancellationTests.swift",
"MultipathTests.swift",
"NetworkInterfaceTests.swift",
"NetworkTestGate.swift",
"PingConfigurationValidationTests.swift",
"PingLifecycleTests.swift",
"PingParallelismTests.swift",
"PingTests.swift",
"ProbeTests.swift",
"RDNSSuppressionTests.swift",
"ReverseDNSSemanticsTests.swift",
"STUNTests.swift",
"StreamingLifecycleTests.swift",
"StreamingTraceTests.swift",
"StressTests.swift",
"SwiftFTRCacheTests.swift",
"SwiftFTRClassificationTests.swift",
"SwiftFTRCommandTests.swift",
"SwiftFTRDNSTests.swift",
"SwiftFTRICMPTests.swift",
"SwiftFTRInterfacesCommandTests.swift",
"SwiftFTRPingParserTests.swift",
"SwiftFTRUtilsTests.swift",
"TCPProbeCancellationTests.swift",
"TraceLifecycleTests.swift",
"TransientSendRetryTests.swift",
"UDPProbeBindingTests.swift",
"VPNClassificationTests.swift"
],
"target_dependencies" : [
"SwiftFTR",
"swift-ftr"
],
"type" : "test"
},
{
"c99name" : "SwiftFTR",
"module_type" : "SwiftTarget",
"name" : "SwiftFTR",
"path" : "Sources/SwiftFTR",
"product_dependencies" : [
"SwiftIP2ASN"
],
"product_memberships" : [
"SwiftFTR",
"swift-ftr",
"hop-monitor",
"traceroute6probe",
"ptrtests",
"integrationtest",
"icmpv6probe",
"icmpv6fuzz",
"icmpfuzzer",
"icmpfuzz",
"asnloadprobe",
"ResourceBenchmark"
],
"sources" : [
"ASN.swift",
"Bufferbloat.swift",
"ConfigurationValidation.swift",
"DNS.swift",
"HTTPProbe.swift",
"HopOutcome.swift",
"Hostname.swift",
"HybridASNResolver.swift",
"ICMP.swift",
"InterfaceBoundHTTPSProbeSpike.swift",
"LocalASNResolver.swift",
"Multipath.swift",
"NetworkInterfaces.swift",
"Ping.swift",
"RDNSCache.swift",
"STUN.swift",
"Segmentation.swift",
"SendRetry.swift",
"StreamingTrace.swift",
"TCPProbe.swift",
"TraceHandle.swift",
"Traceroute.swift",
"UDPProbe.swift",
"Utils.swift",
"Version.swift"
],
"type" : "library"
},
{
"c99name" : "ResourceBenchmark",
"module_type" : "SwiftTarget",
"name" : "ResourceBenchmark",
"path" : "Tests/TestSupport",
"product_memberships" : [
"ResourceBenchmark"
],
"sources" : [
"ResourceBenchmark.swift"
],
"target_dependencies" : [
"SwiftFTR"
],
"type" : "executable"
}
],
"tools_version" : "6.0"
}
{
"workspace" : {
"name" : "spi-builder-workspace",
"schemes" : [
"asnloadprobe",
"genseeds",
"hop-monitor",
"icmpfuzz",
"icmpfuzzer",
"icmpv6fuzz",
"icmpv6probe",
"integrationtest",
"ip2asnv6probe",
"ptrtests",
"ResourceBenchmark",
"swift-ftr",
"SwiftFTR",
"SwiftFTR-Package",
"traceroute6probe"
]
}
}
2026-09-04 11:05:59.047 xcodebuild[1430:8433] [MT] IDERunDestination: Supported platforms for the buildables in the current scheme is empty.
{
"workspace" : {
"name" : "spi-builder-workspace",
"schemes" : [
"asnloadprobe",
"genseeds",
"hop-monitor",
"icmpfuzz",
"icmpfuzzer",
"icmpv6fuzz",
"icmpv6probe",
"integrationtest",
"ip2asnv6probe",
"ptrtests",
"ResourceBenchmark",
"swift-ftr",
"SwiftFTR",
"SwiftFTR-Package",
"traceroute6probe"
]
}
}
2026-09-04 11:06:06.485 xcodebuild[1503:8881] [MT] IDERunDestination: Supported platforms for the buildables in the current scheme is empty.
Running build ...
env DEVELOPER_DIR=/Applications/Xcode-26.3.0.app xcrun xcodebuild -IDEClonedSourcePackagesDirPathOverride=$PWD/.dependencies -skipMacroValidation -skipPackagePluginValidation -derivedDataPath $PWD/.derivedData build -scheme SwiftFTR-Package -destination generic/platform=xrOS
Command line invocation:
/Applications/Xcode-26.3.0.app/Contents/Developer/usr/bin/xcodebuild -IDEClonedSourcePackagesDirPathOverride=/Users/admin/builder/spi-builder-workspace/.dependencies -skipMacroValidation -skipPackagePluginValidation -derivedDataPath /Users/admin/builder/spi-builder-workspace/.derivedData build -scheme SwiftFTR-Package -destination generic/platform=xrOS
Resolve Package Graph
Resolved source packages:
SymbolKit: https://github.com/swiftlang/swift-docc-symbolkit @ 1.0.0
SwiftIP2ASN: https://github.com/network-weather/swift-ip2asn @ 0.5.1
SwiftDocCPlugin: https://github.com/apple/swift-docc-plugin @ 1.5.0
swift-argument-parser: https://github.com/apple/swift-argument-parser @ 1.8.2
SwiftFTR: /Users/admin/builder/spi-builder-workspace
ComputePackagePrebuildTargetDependencyGraph
Prepare packages
CreateBuildRequest
SendProjectDescription
CreateBuildOperation
ComputeTargetDependencyGraph
note: Building targets in dependency order
note: Target dependency graph (21 targets)
Target 'traceroute6probe' in project 'SwiftFTR'
➜ Explicit dependency on target 'SwiftFTR' in project 'SwiftFTR'
➜ Explicit dependency on target 'SwiftIP2ASN' in project 'SwiftIP2ASN'
Target 'swift-ftr' in project 'SwiftFTR'
➜ Explicit dependency on target 'SwiftFTR' in project 'SwiftFTR'
➜ Explicit dependency on target 'SwiftIP2ASN' in project 'SwiftIP2ASN'
➜ Explicit dependency on target 'ArgumentParser' in project 'swift-argument-parser'
Target 'ptrtests' in project 'SwiftFTR'
➜ Explicit dependency on target 'SwiftFTR' in project 'SwiftFTR'
➜ Explicit dependency on target 'SwiftIP2ASN' in project 'SwiftIP2ASN'
Target 'ip2asnv6probe' in project 'SwiftFTR'
➜ Explicit dependency on target 'SwiftIP2ASN' in project 'SwiftIP2ASN'
Target 'integrationtest' in project 'SwiftFTR'
➜ Explicit dependency on target 'SwiftFTR' in project 'SwiftFTR'
➜ Explicit dependency on target 'SwiftIP2ASN' in project 'SwiftIP2ASN'
Target 'icmpv6probe' in project 'SwiftFTR'
➜ Explicit dependency on target 'SwiftFTR' in project 'SwiftFTR'
➜ Explicit dependency on target 'SwiftIP2ASN' in project 'SwiftIP2ASN'
Target 'icmpv6fuzz' in project 'SwiftFTR'
➜ Explicit dependency on target 'SwiftFTR' in project 'SwiftFTR'
➜ Explicit dependency on target 'SwiftIP2ASN' in project 'SwiftIP2ASN'
Target 'icmpfuzzer' in project 'SwiftFTR'
➜ Explicit dependency on target 'SwiftFTR' in project 'SwiftFTR'
➜ Explicit dependency on target 'SwiftIP2ASN' in project 'SwiftIP2ASN'
Target 'icmpfuzz' in project 'SwiftFTR'
➜ Explicit dependency on target 'SwiftFTR' in project 'SwiftFTR'
➜ Explicit dependency on target 'SwiftIP2ASN' in project 'SwiftIP2ASN'
Target 'hop-monitor' in project 'SwiftFTR'
➜ Explicit dependency on target 'SwiftFTR' in project 'SwiftFTR'
➜ Explicit dependency on target 'SwiftIP2ASN' in project 'SwiftIP2ASN'
➜ Explicit dependency on target 'ArgumentParser' in project 'swift-argument-parser'
Target 'ArgumentParser' in project 'swift-argument-parser'
➜ Explicit dependency on target 'ArgumentParser' in project 'swift-argument-parser'
➜ Explicit dependency on target 'ArgumentParserToolInfo' in project 'swift-argument-parser'
Target 'ArgumentParser' in project 'swift-argument-parser'
➜ Explicit dependency on target 'ArgumentParserToolInfo' in project 'swift-argument-parser'
Target 'ArgumentParserToolInfo' in project 'swift-argument-parser' (no dependencies)
Target 'genseeds' in project 'SwiftFTR' (no dependencies)
Target 'asnloadprobe' in project 'SwiftFTR'
➜ Explicit dependency on target 'SwiftFTR' in project 'SwiftFTR'
➜ Explicit dependency on target 'SwiftIP2ASN' in project 'SwiftIP2ASN'
Target 'ResourceBenchmark' in project 'SwiftFTR'
➜ Explicit dependency on target 'SwiftFTR' in project 'SwiftFTR'
➜ Explicit dependency on target 'SwiftIP2ASN' in project 'SwiftIP2ASN'
Target 'SwiftFTR' in project 'SwiftFTR'
➜ Explicit dependency on target 'SwiftFTR' in project 'SwiftFTR'
➜ Explicit dependency on target 'SwiftIP2ASN' in project 'SwiftIP2ASN'
Target 'SwiftFTR' in project 'SwiftFTR'
➜ Explicit dependency on target 'SwiftIP2ASN' in project 'SwiftIP2ASN'
Target 'SwiftIP2ASN' in project 'SwiftIP2ASN'
➜ Explicit dependency on target 'SwiftIP2ASN' in project 'SwiftIP2ASN'
➜ Explicit dependency on target 'SwiftIP2ASN_SwiftIP2ASN' in project 'SwiftIP2ASN'
Target 'SwiftIP2ASN' in project 'SwiftIP2ASN'
➜ Explicit dependency on target 'SwiftIP2ASN_SwiftIP2ASN' in project 'SwiftIP2ASN'
Target 'SwiftIP2ASN_SwiftIP2ASN' in project 'SwiftIP2ASN' (no dependencies)
GatherProvisioningInputs
CreateBuildDescription
ClangStatCache /Applications/Xcode-26.3.0.app/Contents/Developer/Toolchains/XcodeDefault.xctoolchain/usr/bin/clang-stat-cache /Applications/Xcode-26.3.0.app/Contents/Developer/Platforms/XROS.platform/Developer/SDKs/XROS26.2.sdk /Users/admin/builder/spi-builder-workspace/.derivedData/SDKStatCaches.noindex/xros26.2-23N301-dc75598d0054f22ec865fa860f139d72f5e64962d3ee001da1d77d1957dffdab.sdkstatcache
cd /Users/admin/builder/spi-builder-workspace/.swiftpm/xcode
/Applications/Xcode-26.3.0.app/Contents/Developer/Toolchains/XcodeDefault.xctoolchain/usr/bin/clang-stat-cache /Applications/Xcode-26.3.0.app/Contents/Developer/Platforms/XROS.platform/Developer/SDKs/XROS26.2.sdk -o /Users/admin/builder/spi-builder-workspace/.derivedData/SDKStatCaches.noindex/xros26.2-23N301-dc75598d0054f22ec865fa860f139d72f5e64962d3ee001da1d77d1957dffdab.sdkstatcache
ExtractAppIntentsMetadata (in target 'ArgumentParserToolInfo' from project 'swift-argument-parser')
cd /Users/admin/builder/spi-builder-workspace/.dependencies/checkouts/swift-argument-parser
/Applications/Xcode-26.3.0.app/Contents/Developer/Toolchains/XcodeDefault.xctoolchain/usr/bin/appintentsmetadataprocessor --toolchain-dir /var/run/com.apple.security.cryptexd/mnt/com.apple.MobileAsset.MetalToolchain-v17.3.7003.10.bCKN7z/Metal.xctoolchain --module-name ArgumentParserToolInfo --sdk-root /Applications/Xcode-26.3.0.app/Contents/Developer/Platforms/XROS.platform/Developer/SDKs/XROS26.2.sdk --xcode-version 17C529 --platform-family xrOS --deployment-target 1.0 --bundle-identifier swift-argument-parser.ArgumentParserToolInfo --output /Users/admin/builder/spi-builder-workspace/.derivedData/Build/Products/Debug-xros/ArgumentParserToolInfo.appintents --target-triple arm64-apple-xros1.0 --binary-file /Users/admin/builder/spi-builder-workspace/.derivedData/Build/Products/Debug-xros/ArgumentParserToolInfo.o --dependency-file /Users/admin/builder/spi-builder-workspace/.derivedData/Build/Intermediates.noindex/swift-argument-parser.build/Debug-xros/ArgumentParserToolInfo.build/Objects-normal/arm64/ArgumentParserToolInfo_dependency_info.dat --stringsdata-file /Users/admin/builder/spi-builder-workspace/.derivedData/Build/Intermediates.noindex/swift-argument-parser.build/Debug-xros/ArgumentParserToolInfo.build/Objects-normal/arm64/ExtractedAppShortcutsMetadata.stringsdata --source-file-list /Users/admin/builder/spi-builder-workspace/.derivedData/Build/Intermediates.noindex/swift-argument-parser.build/Debug-xros/ArgumentParserToolInfo.build/Objects-normal/arm64/ArgumentParserToolInfo.SwiftFileList --metadata-file-list /Users/admin/builder/spi-builder-workspace/.derivedData/Build/Intermediates.noindex/swift-argument-parser.build/Debug-xros/ArgumentParserToolInfo.build/ArgumentParserToolInfo.DependencyMetadataFileList --static-metadata-file-list /Users/admin/builder/spi-builder-workspace/.derivedData/Build/Intermediates.noindex/swift-argument-parser.build/Debug-xros/ArgumentParserToolInfo.build/ArgumentParserToolInfo.DependencyStaticMetadataFileList --swift-const-vals-list /Users/admin/builder/spi-builder-workspace/.derivedData/Build/Intermediates.noindex/swift-argument-parser.build/Debug-xros/ArgumentParserToolInfo.build/Objects-normal/arm64/ArgumentParserToolInfo.SwiftConstValuesFileList --force --compile-time-extraction --deployment-aware-processing --validate-assistant-intents --no-app-shortcuts-localization
2026-09-04 11:06:15.438 appintentsmetadataprocessor[1649:9805] Starting appintentsmetadataprocessor export
2026-09-04 11:06:15.642 appintentsmetadataprocessor[1649:9805] Extracted no relevant App Intents symbols, skipping writing output
SwiftDriver genseeds normal arm64 com.apple.xcode.tools.swift.compiler (in target 'genseeds' from project 'SwiftFTR')
cd /Users/admin/builder/spi-builder-workspace/.swiftpm/xcode
builtin-SwiftDriver -- /Applications/Xcode-26.3.0.app/Contents/Developer/Toolchains/XcodeDefault.xctoolchain/usr/bin/swiftc -module-name genseeds -Onone -enforce-exclusivity\=checked @/Users/admin/builder/spi-builder-workspace/.derivedData/Build/Intermediates.noindex/SwiftFTR.build/Debug-xros/genseeds.build/Objects-normal/arm64/genseeds.SwiftFileList -DSWIFT_PACKAGE -DDEBUG -DXcode -plugin-path /Applications/Xcode-26.3.0.app/Contents/Developer/Toolchains/XcodeDefault.xctoolchain/usr/lib/swift/host/plugins/testing -enable-experimental-feature DebugDescriptionMacro -sdk /Applications/Xcode-26.3.0.app/Contents/Developer/Platforms/XROS.platform/Developer/SDKs/XROS26.2.sdk -target arm64-apple-xros1.0 -g -module-cache-path /Users/admin/builder/spi-builder-workspace/.derivedData/ModuleCache.noindex -Xfrontend -serialize-debugging-options -profile-coverage-mapping -profile-generate -enable-testing -index-store-path /Users/admin/builder/spi-builder-workspace/.derivedData/Index.noindex/DataStore -Xcc -D_LIBCPP_HARDENING_MODE\=_LIBCPP_HARDENING_MODE_DEBUG -swift-version 6 -I /Users/admin/builder/spi-builder-workspace/.derivedData/Build/Products/Debug-xros -Isystem /Applications/Xcode-26.3.0.app/Contents/Developer/Platforms/XROS.platform/Developer/usr/lib -F /Users/admin/builder/spi-builder-workspace/.derivedData/Build/Products/Debug-xros -F /Applications/Xcode-26.3.0.app/Contents/Developer/Platforms/XROS.platform/Developer/Library/Frameworks -F /Applications/Xcode-26.3.0.app/Contents/Developer/Platforms/XROS.platform/Developer/SDKs/XROS26.2.sdk/Developer/Library/Frameworks -c -j10 -enable-batch-mode -incremental -Xcc -ivfsstatcache -Xcc /Users/admin/builder/spi-builder-workspace/.derivedData/SDKStatCaches.noindex/xros26.2-23N301-dc75598d0054f22ec865fa860f139d72f5e64962d3ee001da1d77d1957dffdab.sdkstatcache -output-file-map /Users/admin/builder/spi-builder-workspace/.derivedData/Build/Intermediates.noindex/SwiftFTR.build/Debug-xros/genseeds.build/Objects-normal/arm64/genseeds-OutputFileMap.json -use-frontend-parseable-output -save-temps -no-color-diagnostics -explicit-module-build -module-cache-path /Users/admin/builder/spi-builder-workspace/.derivedData/Build/Intermediates.noindex/SwiftExplicitPrecompiledModules -clang-scanner-module-cache-path /Users/admin/builder/spi-builder-workspace/.derivedData/ModuleCache.noindex -sdk-module-cache-path /Users/admin/builder/spi-builder-workspace/.derivedData/ModuleCache.noindex -serialize-diagnostics -emit-dependencies -emit-module -emit-module-path /Users/admin/builder/spi-builder-workspace/.derivedData/Build/Intermediates.noindex/SwiftFTR.build/Debug-xros/genseeds.build/Objects-normal/arm64/genseeds.swiftmodule -validate-clang-modules-once -clang-build-session-file /Users/admin/builder/spi-builder-workspace/.derivedData/ModuleCache.noindex/Session.modulevalidation -package-name spi_builder_workspace -emit-const-values -Xfrontend -const-gather-protocols-file -Xfrontend /Users/admin/builder/spi-builder-workspace/.derivedData/Build/Intermediates.noindex/SwiftFTR.build/Debug-xros/genseeds.build/Objects-normal/arm64/genseeds_const_extract_protocols.json -Xcc -I/Users/admin/builder/spi-builder-workspace/.derivedData/Build/Products/Debug-xros/include -Xcc -I/Users/admin/builder/spi-builder-workspace/.derivedData/Build/Intermediates.noindex/SwiftFTR.build/Debug-xros/genseeds.build/DerivedSources-normal/arm64 -Xcc -I/Users/admin/builder/spi-builder-workspace/.derivedData/Build/Intermediates.noindex/SwiftFTR.build/Debug-xros/genseeds.build/DerivedSources/arm64 -Xcc -I/Users/admin/builder/spi-builder-workspace/.derivedData/Build/Intermediates.noindex/SwiftFTR.build/Debug-xros/genseeds.build/DerivedSources -Xcc -DSWIFT_PACKAGE -Xcc -DDEBUG\=1 -working-directory /Users/admin/builder/spi-builder-workspace/.swiftpm/xcode -experimental-emit-module-separately -disable-cmo
SwiftDriver SwiftIP2ASN normal arm64 com.apple.xcode.tools.swift.compiler (in target 'SwiftIP2ASN' from project 'SwiftIP2ASN')
cd /Users/admin/builder/spi-builder-workspace/.swiftpm/xcode
builtin-SwiftDriver -- /Applications/Xcode-26.3.0.app/Contents/Developer/Toolchains/XcodeDefault.xctoolchain/usr/bin/swiftc -module-name SwiftIP2ASN -Onone -enforce-exclusivity\=checked @/Users/admin/builder/spi-builder-workspace/.derivedData/Build/Intermediates.noindex/SwiftIP2ASN.build/Debug-xros/SwiftIP2ASN.build/Objects-normal/arm64/SwiftIP2ASN.SwiftFileList -DSWIFT_PACKAGE -DDEBUG -DSWIFT_MODULE_RESOURCE_BUNDLE_AVAILABLE -DXcode -plugin-path /Applications/Xcode-26.3.0.app/Contents/Developer/Toolchains/XcodeDefault.xctoolchain/usr/lib/swift/host/plugins/testing -enable-experimental-feature DebugDescriptionMacro -sdk /Applications/Xcode-26.3.0.app/Contents/Developer/Platforms/XROS.platform/Developer/SDKs/XROS26.2.sdk -target arm64-apple-xros1.0 -g -module-cache-path /Users/admin/builder/spi-builder-workspace/.derivedData/ModuleCache.noindex -Xfrontend -serialize-debugging-options -profile-coverage-mapping -profile-generate -enable-testing -suppress-warnings -index-store-path /Users/admin/builder/spi-builder-workspace/.derivedData/Index.noindex/DataStore -Xcc -D_LIBCPP_HARDENING_MODE\=_LIBCPP_HARDENING_MODE_DEBUG -swift-version 6 -I /Users/admin/builder/spi-builder-workspace/.derivedData/Build/Products/Debug-xros -Isystem /Applications/Xcode-26.3.0.app/Contents/Developer/Platforms/XROS.platform/Developer/usr/lib -F /Users/admin/builder/spi-builder-workspace/.derivedData/Build/Products/Debug-xros -F /Applications/Xcode-26.3.0.app/Contents/Developer/Platforms/XROS.platform/Developer/Library/Frameworks -F /Applications/Xcode-26.3.0.app/Contents/Developer/Platforms/XROS.platform/Developer/SDKs/XROS26.2.sdk/Developer/Library/Frameworks -c -j10 -enable-batch-mode -incremental -Xcc -ivfsstatcache -Xcc /Users/admin/builder/spi-builder-workspace/.derivedData/SDKStatCaches.noindex/xros26.2-23N301-dc75598d0054f22ec865fa860f139d72f5e64962d3ee001da1d77d1957dffdab.sdkstatcache -output-file-map /Users/admin/builder/spi-builder-workspace/.derivedData/Build/Intermediates.noindex/SwiftIP2ASN.build/Debug-xros/SwiftIP2ASN.build/Objects-normal/arm64/SwiftIP2ASN-OutputFileMap.json -use-frontend-parseable-output -save-temps -no-color-diagnostics -explicit-module-build -module-cache-path /Users/admin/builder/spi-builder-workspace/.derivedData/Build/Intermediates.noindex/SwiftExplicitPrecompiledModules -clang-scanner-module-cache-path /Users/admin/builder/spi-builder-workspace/.derivedData/ModuleCache.noindex -sdk-module-cache-path /Users/admin/builder/spi-builder-workspace/.derivedData/ModuleCache.noindex -serialize-diagnostics -emit-dependencies -emit-module -emit-module-path /Users/admin/builder/spi-builder-workspace/.derivedData/Build/Intermediates.noindex/SwiftIP2ASN.build/Debug-xros/SwiftIP2ASN.build/Objects-normal/arm64/SwiftIP2ASN.swiftmodule -user-module-version 0.5.1 -validate-clang-modules-once -clang-build-session-file /Users/admin/builder/spi-builder-workspace/.derivedData/ModuleCache.noindex/Session.modulevalidation -package-name swift_ip2asn -Xcc -I/Users/admin/builder/spi-builder-workspace/.derivedData/Build/Intermediates.noindex/SwiftIP2ASN.build/Debug-xros/SwiftIP2ASN.build/swift-overrides.hmap -emit-const-values -Xfrontend -const-gather-protocols-file -Xfrontend /Users/admin/builder/spi-builder-workspace/.derivedData/Build/Intermediates.noindex/SwiftIP2ASN.build/Debug-xros/SwiftIP2ASN.build/Objects-normal/arm64/SwiftIP2ASN_const_extract_protocols.json -Xcc -I/Users/admin/builder/spi-builder-workspace/.derivedData/Build/Products/Debug-xros/include -Xcc -I/Users/admin/builder/spi-builder-workspace/.derivedData/Build/Intermediates.noindex/SwiftIP2ASN.build/Debug-xros/SwiftIP2ASN.build/DerivedSources-normal/arm64 -Xcc -I/Users/admin/builder/spi-builder-workspace/.derivedData/Build/Intermediates.noindex/SwiftIP2ASN.build/Debug-xros/SwiftIP2ASN.build/DerivedSources/arm64 -Xcc -I/Users/admin/builder/spi-builder-workspace/.derivedData/Build/Intermediates.noindex/SwiftIP2ASN.build/Debug-xros/SwiftIP2ASN.build/DerivedSources -Xcc -DSWIFT_PACKAGE -Xcc -DDEBUG\=1 -emit-objc-header -emit-objc-header-path /Users/admin/builder/spi-builder-workspace/.derivedData/Build/Intermediates.noindex/SwiftIP2ASN.build/Debug-xros/SwiftIP2ASN.build/Objects-normal/arm64/SwiftIP2ASN-Swift.h -working-directory /Users/admin/builder/spi-builder-workspace/.swiftpm/xcode -experimental-emit-module-separately -disable-cmo
SwiftDriver ArgumentParser normal arm64 com.apple.xcode.tools.swift.compiler (in target 'ArgumentParser' from project 'swift-argument-parser')
cd /Users/admin/builder/spi-builder-workspace/.swiftpm/xcode
builtin-SwiftDriver -- /Applications/Xcode-26.3.0.app/Contents/Developer/Toolchains/XcodeDefault.xctoolchain/usr/bin/swiftc -module-name ArgumentParser -Onone -enforce-exclusivity\=checked @/Users/admin/builder/spi-builder-workspace/.derivedData/Build/Intermediates.noindex/swift-argument-parser.build/Debug-xros/ArgumentParser.build/Objects-normal/arm64/ArgumentParser.SwiftFileList -DSWIFT_PACKAGE -DDEBUG -DSWIFT_MODULE_RESOURCE_BUNDLE_UNAVAILABLE -DXcode -plugin-path /Applications/Xcode-26.3.0.app/Contents/Developer/Toolchains/XcodeDefault.xctoolchain/usr/lib/swift/host/plugins/testing -enable-experimental-feature DebugDescriptionMacro -sdk /Applications/Xcode-26.3.0.app/Contents/Developer/Platforms/XROS.platform/Developer/SDKs/XROS26.2.sdk -target arm64-apple-xros1.0 -g -module-cache-path /Users/admin/builder/spi-builder-workspace/.derivedData/ModuleCache.noindex -Xfrontend -serialize-debugging-options -profile-coverage-mapping -profile-generate -enable-testing -suppress-warnings -index-store-path /Users/admin/builder/spi-builder-workspace/.derivedData/Index.noindex/DataStore -Xcc -D_LIBCPP_HARDENING_MODE\=_LIBCPP_HARDENING_MODE_DEBUG -swift-version 6 -I /Users/admin/builder/spi-builder-workspace/.derivedData/Build/Products/Debug-xros -Isystem /Applications/Xcode-26.3.0.app/Contents/Developer/Platforms/XROS.platform/Developer/usr/lib -F /Users/admin/builder/spi-builder-workspace/.derivedData/Build/Products/Debug-xros/PackageFrameworks -F /Users/admin/builder/spi-builder-workspace/.derivedData/Build/Products/Debug-xros -F /Applications/Xcode-26.3.0.app/Contents/Developer/Platforms/XROS.platform/Developer/Library/Frameworks -F /Applications/Xcode-26.3.0.app/Contents/Developer/Platforms/XROS.platform/Developer/SDKs/XROS26.2.sdk/Developer/Library/Frameworks -c -j10 -enable-batch-mode -incremental -Xcc -ivfsstatcache -Xcc /Users/admin/builder/spi-builder-workspace/.derivedData/SDKStatCaches.noindex/xros26.2-23N301-dc75598d0054f22ec865fa860f139d72f5e64962d3ee001da1d77d1957dffdab.sdkstatcache -output-file-map /Users/admin/builder/spi-builder-workspace/.derivedData/Build/Intermediates.noindex/swift-argument-parser.build/Debug-xros/ArgumentParser.build/Objects-normal/arm64/ArgumentParser-OutputFileMap.json -use-frontend-parseable-output -save-temps -no-color-diagnostics -explicit-module-build -module-cache-path /Users/admin/builder/spi-builder-workspace/.derivedData/Build/Intermediates.noindex/SwiftExplicitPrecompiledModules -clang-scanner-module-cache-path /Users/admin/builder/spi-builder-workspace/.derivedData/ModuleCache.noindex -sdk-module-cache-path /Users/admin/builder/spi-builder-workspace/.derivedData/ModuleCache.noindex -serialize-diagnostics -emit-dependencies -emit-module -emit-module-path /Users/admin/builder/spi-builder-workspace/.derivedData/Build/Intermediates.noindex/swift-argument-parser.build/Debug-xros/ArgumentParser.build/Objects-normal/arm64/ArgumentParser.swiftmodule -user-module-version 1.8.2 -validate-clang-modules-once -clang-build-session-file /Users/admin/builder/spi-builder-workspace/.derivedData/ModuleCache.noindex/Session.modulevalidation -package-name swift_argument_parser -Xcc -I/Users/admin/builder/spi-builder-workspace/.derivedData/Build/Intermediates.noindex/swift-argument-parser.build/Debug-xros/ArgumentParser.build/swift-overrides.hmap -emit-const-values -Xfrontend -const-gather-protocols-file -Xfrontend /Users/admin/builder/spi-builder-workspace/.derivedData/Build/Intermediates.noindex/swift-argument-parser.build/Debug-xros/ArgumentParser.build/Objects-normal/arm64/ArgumentParser_const_extract_protocols.json -Xcc -I/Users/admin/builder/spi-builder-workspace/.derivedData/Build/Products/Debug-xros/include -Xcc -I/Users/admin/builder/spi-builder-workspace/.derivedData/Build/Intermediates.noindex/swift-argument-parser.build/Debug-xros/ArgumentParser.build/DerivedSources-normal/arm64 -Xcc -I/Users/admin/builder/spi-builder-workspace/.derivedData/Build/Intermediates.noindex/swift-argument-parser.build/Debug-xros/ArgumentParser.build/DerivedSources/arm64 -Xcc -I/Users/admin/builder/spi-builder-workspace/.derivedData/Build/Intermediates.noindex/swift-argument-parser.build/Debug-xros/ArgumentParser.build/DerivedSources -Xcc -DSWIFT_PACKAGE -Xcc -DDEBUG\=1 -emit-objc-header -emit-objc-header-path /Users/admin/builder/spi-builder-workspace/.derivedData/Build/Intermediates.noindex/swift-argument-parser.build/Debug-xros/ArgumentParser.build/Objects-normal/arm64/ArgumentParser-Swift.h -working-directory /Users/admin/builder/spi-builder-workspace/.swiftpm/xcode -experimental-emit-module-separately -disable-cmo
SwiftEmitModule normal arm64 Emitting\ module\ for\ genseeds (in target 'genseeds' from project 'SwiftFTR')
SwiftCompile normal arm64 /Users/admin/builder/spi-builder-workspace/Sources/genseeds/main.swift (in target 'genseeds' from project 'SwiftFTR')
cd /Users/admin/builder/spi-builder-workspace/.swiftpm/xcode
/Users/admin/builder/spi-builder-workspace/Sources/genseeds/main.swift:122:1: error: 'main' attribute cannot be used in a module that contains top-level code
@main
^
/Users/admin/builder/spi-builder-workspace/Sources/genseeds/main.swift:1:1: note: top-level code defined in this source file
import Foundation
^
/Users/admin/builder/spi-builder-workspace/Sources/genseeds/main.swift:1:1: note: pass '-parse-as-library' to compiler invocation if this is intentional
import Foundation
^
Failed frontend command:
/Applications/Xcode-26.3.0.app/Contents/Developer/Toolchains/XcodeDefault.xctoolchain/usr/bin/swift-frontend -frontend -emit-module -experimental-skip-non-inlinable-function-bodies-without-types /Users/admin/builder/spi-builder-workspace/Sources/genseeds/main.swift -target arm64-apple-xros1.0 -load-resolved-plugin /Applications/Xcode-26.3.0.app/Contents/Developer/Platforms/XROS.platform/Developer/usr/lib/swift/host/plugins/libFoundationMacros.dylib\#/Applications/Xcode-26.3.0.app/Contents/Developer/Platforms/XROS.platform/Developer/usr/bin/swift-plugin-server\#FoundationMacros -load-resolved-plugin /Applications/Xcode-26.3.0.app/Contents/Developer/Platforms/XROS.platform/Developer/usr/lib/swift/host/plugins/libObservationMacros.dylib\#/Applications/Xcode-26.3.0.app/Contents/Developer/Platforms/XROS.platform/Developer/usr/bin/swift-plugin-server\#ObservationMacros -load-resolved-plugin /Applications/Xcode-26.3.0.app/Contents/Developer/Platforms/XROS.platform/Developer/usr/lib/swift/host/plugins/libSwiftMacros.dylib\#/Applications/Xcode-26.3.0.app/Contents/Developer/Platforms/XROS.platform/Developer/usr/bin/swift-plugin-server\#SwiftMacros -disable-implicit-swift-modules -Xcc -fno-implicit-modules -Xcc -fno-implicit-module-maps -explicit-swift-module-map-file /Users/admin/builder/spi-builder-workspace/.derivedData/Build/Intermediates.noindex/SwiftFTR.build/Debug-xros/genseeds.build/Objects-normal/arm64/genseeds-dependencies-1.json -Xllvm -aarch64-use-tbi -enable-objc-interop -stack-check -sdk /Applications/Xcode-26.3.0.app/Contents/Developer/Platforms/XROS.platform/Developer/SDKs/XROS26.2.sdk -I /Users/admin/builder/spi-builder-workspace/.derivedData/Build/Products/Debug-xros -Isystem /Applications/Xcode-26.3.0.app/Contents/Developer/Platforms/XROS.platform/Developer/usr/lib -F /Users/admin/builder/spi-builder-workspace/.derivedData/Build/Products/Debug-xros -F /Applications/Xcode-26.3.0.app/Contents/Developer/Platforms/XROS.platform/Developer/Library/Frameworks -F /Applications/Xcode-26.3.0.app/Contents/Developer/Platforms/XROS.platform/Developer/SDKs/XROS26.2.sdk/Developer/Library/Frameworks -no-color-diagnostics -Xcc -fno-color-diagnostics -enable-testing -g -debug-info-format\=dwarf -dwarf-version\=4 -module-cache-path /Users/admin/builder/spi-builder-workspace/.derivedData/Build/Intermediates.noindex/SwiftExplicitPrecompiledModules -profile-generate -profile-coverage-mapping -swift-version 6 -enforce-exclusivity\=checked -Onone -D SWIFT_PACKAGE -D DEBUG -D Xcode -serialize-debugging-options -const-gather-protocols-file /Users/admin/builder/spi-builder-workspace/.derivedData/Build/Intermediates.noindex/SwiftFTR.build/Debug-xros/genseeds.build/Objects-normal/arm64/genseeds_const_extract_protocols.json -enable-experimental-feature DebugDescriptionMacro -empty-abi-descriptor -validate-clang-modules-once -clang-build-session-file /Users/admin/builder/spi-builder-workspace/.derivedData/ModuleCache.noindex/Session.modulevalidation -Xcc -working-directory -Xcc /Users/admin/builder/spi-builder-workspace/.swiftpm/xcode -enable-anonymous-context-mangled-names -file-compilation-dir /Users/admin/builder/spi-builder-workspace/.swiftpm/xcode -Xcc -D_LIBCPP_HARDENING_MODE\=_LIBCPP_HARDENING_MODE_DEBUG -Xcc -ivfsstatcache -Xcc /Users/admin/builder/spi-builder-workspace/.derivedData/SDKStatCaches.noindex/xros26.2-23N301-dc75598d0054f22ec865fa860f139d72f5e64962d3ee001da1d77d1957dffdab.sdkstatcache -Xcc -I/Users/admin/builder/spi-builder-workspace/.derivedData/Build/Products/Debug-xros/include -Xcc -I/Users/admin/builder/spi-builder-workspace/.derivedData/Build/Intermediates.noindex/SwiftFTR.build/Debug-xros/genseeds.build/DerivedSources-normal/arm64 -Xcc -I/Users/admin/builder/spi-builder-workspace/.derivedData/Build/Intermediates.noindex/SwiftFTR.build/Debug-xros/genseeds.build/DerivedSources/arm64 -Xcc -I/Users/admin/builder/spi-builder-workspace/.derivedData/Build/Intermediates.noindex/SwiftFTR.build/Debug-xros/genseeds.build/DerivedSources -Xcc -DSWIFT_PACKAGE -Xcc -DDEBUG\=1 -no-auto-bridging-header-chaining -module-name genseeds -package-name spi_builder_workspace -frontend-parseable-output -disable-clang-spi -target-sdk-version 26.2 -target-sdk-name xros26.2 -clang-target arm64-apple-xros26.2 -in-process-plugin-server-path /Applications/Xcode-26.3.0.app/Contents/Developer/Toolchains/XcodeDefault.xctoolchain/usr/lib/swift/host/libSwiftInProcPluginServer.dylib -emit-module-doc-path /Users/admin/builder/spi-builder-workspace/.derivedData/Build/Intermediates.noindex/SwiftFTR.build/Debug-xros/genseeds.build/Objects-normal/arm64/genseeds.swiftdoc -emit-module-source-info-path /Users/admin/builder/spi-builder-workspace/.derivedData/Build/Intermediates.noindex/SwiftFTR.build/Debug-xros/genseeds.build/Objects-normal/arm64/genseeds.swiftsourceinfo -serialize-diagnostics-path /Users/admin/builder/spi-builder-workspace/.derivedData/Build/Intermediates.noindex/SwiftFTR.build/Debug-xros/genseeds.build/Objects-normal/arm64/genseeds-primary-emit-module.dia -emit-dependencies-path /Users/admin/builder/spi-builder-workspace/.derivedData/Build/Intermediates.noindex/SwiftFTR.build/Debug-xros/genseeds.build/Objects-normal/arm64/genseeds-primary-emit-module.d -o /Users/admin/builder/spi-builder-workspace/.derivedData/Build/Intermediates.noindex/SwiftFTR.build/Debug-xros/genseeds.build/Objects-normal/arm64/genseeds.swiftmodule -emit-abi-descriptor-path /Users/admin/builder/spi-builder-workspace/.derivedData/Build/Intermediates.noindex/SwiftFTR.build/Debug-xros/genseeds.build/Objects-normal/arm64/genseeds.abi.json
SwiftCompile normal arm64 Compiling\ main.swift /Users/admin/builder/spi-builder-workspace/Sources/genseeds/main.swift (in target 'genseeds' from project 'SwiftFTR')
SwiftCompile normal arm64 /Users/admin/builder/spi-builder-workspace/Sources/genseeds/main.swift (in target 'genseeds' from project 'SwiftFTR')
cd /Users/admin/builder/spi-builder-workspace/.swiftpm/xcode
SwiftExplicitDependencyGeneratePcm arm64 /Users/admin/builder/spi-builder-workspace/.derivedData/ModuleCache.noindex/Network-TVDNZHLNYAB8NLUDT63VN45N.pcm
RegisterExecutionPolicyException /Users/admin/builder/spi-builder-workspace/.derivedData/Build/Products/Debug-xros/ArgumentParserToolInfo.o (in target 'ArgumentParserToolInfo' from project 'swift-argument-parser')
cd /Users/admin/builder/spi-builder-workspace/.dependencies/checkouts/swift-argument-parser
builtin-RegisterExecutionPolicyException /Users/admin/builder/spi-builder-workspace/.derivedData/Build/Products/Debug-xros/ArgumentParserToolInfo.o
SwiftCompile normal arm64 Compiling\ ArgumentDecoder.swift,\ ArgumentDefinition.swift,\ ArgumentSet.swift,\ CommandParser.swift,\ InputKey.swift /Users/admin/builder/spi-builder-workspace/.dependencies/checkouts/swift-argument-parser/Sources/ArgumentParser/Parsing/ArgumentDecoder.swift /Users/admin/builder/spi-builder-workspace/.dependencies/checkouts/swift-argument-parser/Sources/ArgumentParser/Parsing/ArgumentDefinition.swift /Users/admin/builder/spi-builder-workspace/.dependencies/checkouts/swift-argument-parser/Sources/ArgumentParser/Parsing/ArgumentSet.swift /Users/admin/builder/spi-builder-workspace/.dependencies/checkouts/swift-argument-parser/Sources/ArgumentParser/Parsing/CommandParser.swift /Users/admin/builder/spi-builder-workspace/.dependencies/checkouts/swift-argument-parser/Sources/ArgumentParser/Parsing/InputKey.swift (in target 'ArgumentParser' from project 'swift-argument-parser')
SwiftCompile normal arm64 Compiling\ Option.swift,\ OptionGroup.swift,\ ParentCommand.swift,\ AsyncParsableCommand.swift,\ CommandConfiguration.swift /Users/admin/builder/spi-builder-workspace/.dependencies/checkouts/swift-argument-parser/Sources/ArgumentParser/Parsable\ Properties/Option.swift /Users/admin/builder/spi-builder-workspace/.dependencies/checkouts/swift-argument-parser/Sources/ArgumentParser/Parsable\ Properties/OptionGroup.swift /Users/admin/builder/spi-builder-workspace/.dependencies/checkouts/swift-argument-parser/Sources/ArgumentParser/Parsable\ Properties/ParentCommand.swift /Users/admin/builder/spi-builder-workspace/.dependencies/checkouts/swift-argument-parser/Sources/ArgumentParser/Parsable\ Types/AsyncParsableCommand.swift /Users/admin/builder/spi-builder-workspace/.dependencies/checkouts/swift-argument-parser/Sources/ArgumentParser/Parsable\ Types/CommandConfiguration.swift (in target 'ArgumentParser' from project 'swift-argument-parser')
SwiftCompile normal arm64 Compiling\ ArgumentHelp.swift,\ ArgumentVisibility.swift,\ CompletionKind.swift,\ Errors.swift,\ Flag.swift,\ NameSpecification.swift /Users/admin/builder/spi-builder-workspace/.dependencies/checkouts/swift-argument-parser/Sources/ArgumentParser/Parsable\ Properties/ArgumentHelp.swift /Users/admin/builder/spi-builder-workspace/.dependencies/checkouts/swift-argument-parser/Sources/ArgumentParser/Parsable\ Properties/ArgumentVisibility.swift /Users/admin/builder/spi-builder-workspace/.dependencies/checkouts/swift-argument-parser/Sources/ArgumentParser/Parsable\ Properties/CompletionKind.swift /Users/admin/builder/spi-builder-workspace/.dependencies/checkouts/swift-argument-parser/Sources/ArgumentParser/Parsable\ Properties/Errors.swift /Users/admin/builder/spi-builder-workspace/.dependencies/checkouts/swift-argument-parser/Sources/ArgumentParser/Parsable\ Properties/Flag.swift /Users/admin/builder/spi-builder-workspace/.dependencies/checkouts/swift-argument-parser/Sources/ArgumentParser/Parsable\ Properties/NameSpecification.swift (in target 'ArgumentParser' from project 'swift-argument-parser')
SwiftCompile normal arm64 Compiling\ CommandGroup.swift,\ EnumerableFlag.swift,\ ExpressibleByArgument.swift,\ ParsableArguments.swift,\ ParsableCommand.swift /Users/admin/builder/spi-builder-workspace/.dependencies/checkouts/swift-argument-parser/Sources/ArgumentParser/Parsable\ Types/CommandGroup.swift /Users/admin/builder/spi-builder-workspace/.dependencies/checkouts/swift-argument-parser/Sources/ArgumentParser/Parsable\ Types/EnumerableFlag.swift /Users/admin/builder/spi-builder-workspace/.dependencies/checkouts/swift-argument-parser/Sources/ArgumentParser/Parsable\ Types/ExpressibleByArgument.swift /Users/admin/builder/spi-builder-workspace/.dependencies/checkouts/swift-argument-parser/Sources/ArgumentParser/Parsable\ Types/ParsableArguments.swift /Users/admin/builder/spi-builder-workspace/.dependencies/checkouts/swift-argument-parser/Sources/ArgumentParser/Parsable\ Types/ParsableCommand.swift (in target 'ArgumentParser' from project 'swift-argument-parser')
SwiftCompile normal arm64 Compiling\ BashCompletionsGenerator.swift,\ CompletionsGenerator.swift,\ FishCompletionsGenerator.swift,\ ZshCompletionsGenerator.swift,\ Argument.swift,\ ArgumentDiscussion.swift /Users/admin/builder/spi-builder-workspace/.dependencies/checkouts/swift-argument-parser/Sources/ArgumentParser/Completions/BashCompletionsGenerator.swift /Users/admin/builder/spi-builder-workspace/.dependencies/checkouts/swift-argument-parser/Sources/ArgumentParser/Completions/CompletionsGenerator.swift /Users/admin/builder/spi-builder-workspace/.dependencies/checkouts/swift-argument-parser/Sources/ArgumentParser/Completions/FishCompletionsGenerator.swift /Users/admin/builder/spi-builder-workspace/.dependencies/checkouts/swift-argument-parser/Sources/ArgumentParser/Completions/ZshCompletionsGenerator.swift /Users/admin/builder/spi-builder-workspace/.dependencies/checkouts/swift-argument-parser/Sources/ArgumentParser/Parsable\ Properties/Argument.swift /Users/admin/builder/spi-builder-workspace/.dependencies/checkouts/swift-argument-parser/Sources/ArgumentParser/Parsable\ Properties/ArgumentDiscussion.swift (in target 'ArgumentParser' from project 'swift-argument-parser')
SwiftCompile normal arm64 Compiling\ InputOrigin.swift,\ Name.swift,\ Parsed.swift,\ ParsedValues.swift,\ ParserError.swift /Users/admin/builder/spi-builder-workspace/.dependencies/checkouts/swift-argument-parser/Sources/ArgumentParser/Parsing/InputOrigin.swift /Users/admin/builder/spi-builder-workspace/.dependencies/checkouts/swift-argument-parser/Sources/ArgumentParser/Parsing/Name.swift /Users/admin/builder/spi-builder-workspace/.dependencies/checkouts/swift-argument-parser/Sources/ArgumentParser/Parsing/Parsed.swift /Users/admin/builder/spi-builder-workspace/.dependencies/checkouts/swift-argument-parser/Sources/ArgumentParser/Parsing/ParsedValues.swift /Users/admin/builder/spi-builder-workspace/.dependencies/checkouts/swift-argument-parser/Sources/ArgumentParser/Parsing/ParserError.swift (in target 'ArgumentParser' from project 'swift-argument-parser')
SwiftEmitModule normal arm64 Emitting\ module\ for\ ArgumentParser (in target 'ArgumentParser' from project 'swift-argument-parser')
SwiftCompile normal arm64 Compiling\ CodingKeyValidator.swift,\ NonsenseFlagsValidator.swift,\ ParsableArgumentsValidation.swift,\ PositionalArgumentsValidator.swift,\ UniqueNamesValidator.swift /Users/admin/builder/spi-builder-workspace/.dependencies/checkouts/swift-argument-parser/Sources/ArgumentParser/Validators/CodingKeyValidator.swift /Users/admin/builder/spi-builder-workspace/.dependencies/checkouts/swift-argument-parser/Sources/ArgumentParser/Validators/NonsenseFlagsValidator.swift /Users/admin/builder/spi-builder-workspace/.dependencies/checkouts/swift-argument-parser/Sources/ArgumentParser/Validators/ParsableArgumentsValidation.swift /Users/admin/builder/spi-builder-workspace/.dependencies/checkouts/swift-argument-parser/Sources/ArgumentParser/Validators/PositionalArgumentsValidator.swift /Users/admin/builder/spi-builder-workspace/.dependencies/checkouts/swift-argument-parser/Sources/ArgumentParser/Validators/UniqueNamesValidator.swift (in target 'ArgumentParser' from project 'swift-argument-parser')
2026-09-04 11:06:14.216 xcodebuild[1575:9339] [MT] IDERunDestination: Supported platforms for the buildables in the current scheme is empty.
** BUILD FAILED **
The following build commands failed:
SwiftCompile normal arm64 /Users/admin/builder/spi-builder-workspace/Sources/genseeds/main.swift (in target 'genseeds' from project 'SwiftFTR')
SwiftEmitModule normal arm64 Emitting\ module\ for\ genseeds (in target 'genseeds' from project 'SwiftFTR')
Building workspace spi-builder-workspace with scheme SwiftFTR-Package
(3 failures)
BUILD FAILURE 6.2 visionOS