Build Information
Failed to build swift-jobs-valkey, reference 1.1.0 (6cfb13), with Swift 6.1 for Wasm on 17 Aug 2026 09:17:34 UTC.
Build Command
bash -c docker run --pull=always --rm -v "checkouts-53886770-1":/host -w "$PWD" -e JAVA_HOME="/root/.sdkman/candidates/java/current" -e SPI_BUILD="1" -e SPI_PROCESSING="1" registry.gitlab.com/saguaro1/spi-images:wasm-6.1-latest swift build --swift-sdk wasm32-unknown-wasi 2>&1Build Log
========================================
RunAll
========================================
Builder version: 5.0.1
Interrupt handler set up.
========================================
Checkout
========================================
Clone URL: https://github.com/hummingbird-project/swift-jobs-valkey.git
Reference: 1.1.0
Initialized empty Git repository in /host/spi-builder-workspace/.git/
hint: Using 'master' as the name for the initial branch. This default branch name
hint: is subject to change. To configure the initial branch name to use in all
hint: of your new repositories, which will suppress this warning, call:
hint:
hint: git config --global init.defaultBranch <name>
hint:
hint: Names commonly chosen instead of 'master' are 'main', 'trunk' and
hint: 'development'. The just-created branch can be renamed via this command:
hint:
hint: git branch -m <name>
From https://github.com/hummingbird-project/swift-jobs-valkey
* tag 1.1.0 -> FETCH_HEAD
HEAD is now at 6cfb131 Add support for per job retention options (#83)
Cloned https://github.com/hummingbird-project/swift-jobs-valkey.git
Revision (git rev-parse @):
6cfb13119077db949bf2ca4d800578ac46157adf
SPI manifest file found: $PWD/.spi.yml
SUCCESS checkout https://github.com/hummingbird-project/swift-jobs-valkey.git at 1.1.0
========================================
Build
========================================
Selected platform: wasm
Swift version: 6.1
Building package at path: $PWD
https://github.com/hummingbird-project/swift-jobs-valkey.git
https://github.com/hummingbird-project/swift-jobs-valkey.git
WARNING: environment variable SUPPRESS_SWIFT_6_FLAGS is not set
Running build ...
bash -c docker run --pull=always --rm -v "checkouts-53886770-1":/host -w "$PWD" -e JAVA_HOME="/root/.sdkman/candidates/java/current" -e SPI_BUILD="1" -e SPI_PROCESSING="1" registry.gitlab.com/saguaro1/spi-images:wasm-6.1-latest swift build --swift-sdk wasm32-unknown-wasi -Xswiftc -Xfrontend -Xswiftc -stats-output-dir -Xswiftc -Xfrontend -Xswiftc .stats -Xswiftc -strict-concurrency=complete -Xswiftc -enable-upcoming-feature -Xswiftc StrictConcurrency -Xswiftc -enable-upcoming-feature -Xswiftc DisableOutwardActorInference -Xswiftc -enable-upcoming-feature -Xswiftc GlobalActorIsolatedTypesUsability -Xswiftc -enable-upcoming-feature -Xswiftc InferSendableFromCaptures 2>&1
wasm-6.1-latest: Pulling from saguaro1/spi-images
Digest: sha256:290f441d1f5b7bf0dbbe61e8b7514208804cdcb507d57b3c762463ad036298f7
Status: Image is up to date for registry.gitlab.com/saguaro1/spi-images:wasm-6.1-latest
Fetching https://github.com/hummingbird-project/swift-jobs.git
Fetching https://github.com/valkey-io/valkey-swift
[1/3760] Fetching swift-jobs
[3761/20729] Fetching swift-jobs, valkey-swift
Fetched https://github.com/hummingbird-project/swift-jobs.git from cache (0.88s)
Fetched https://github.com/valkey-io/valkey-swift from cache (0.88s)
Computing version for https://github.com/hummingbird-project/swift-jobs.git
Computed https://github.com/hummingbird-project/swift-jobs.git at 1.4.0 (1.11s)
Fetching https://github.com/apple/swift-nio.git
Fetching https://github.com/apple/swift-log.git
Fetching https://github.com/apple/swift-distributed-tracing.git
Fetching https://github.com/swift-extras/swift-extras-base64.git
Fetching https://github.com/apple/swift-metrics.git
Fetching https://github.com/swift-server/swift-service-lifecycle.git
[1/7954] Fetching swift-log
[240/13941] Fetching swift-log, swift-distributed-tracing
[2689/17392] Fetching swift-log, swift-distributed-tracing, swift-metrics
[4044/18225] Fetching swift-log, swift-distributed-tracing, swift-metrics, swift-extras-base64
[15188/21036] Fetching swift-log, swift-distributed-tracing, swift-metrics, swift-extras-base64, swift-service-lifecycle
Fetched https://github.com/swift-extras/swift-extras-base64.git from cache (0.59s)
Fetched https://github.com/apple/swift-metrics.git from cache (0.59s)
Fetched https://github.com/swift-server/swift-service-lifecycle.git from cache (0.59s)
Fetching https://github.com/apple/swift-collections.git
Fetched https://github.com/apple/swift-distributed-tracing.git from cache (0.60s)
Fetched https://github.com/apple/swift-log.git from cache (0.60s)
[1/85393] Fetching swift-nio
[20496/112130] Fetching swift-nio, swift-collections
Fetched https://github.com/apple/swift-collections.git from cache (1.23s)
[57214/85393] Fetching swift-nio
Fetched https://github.com/apple/swift-nio.git from cache (3.50s)
Computing version for https://github.com/swift-extras/swift-extras-base64.git
Computed https://github.com/swift-extras/swift-extras-base64.git at 1.0.0 (4.42s)
Computing version for https://github.com/valkey-io/valkey-swift
Computed https://github.com/valkey-io/valkey-swift at 1.4.0 (0.25s)
Fetching https://github.com/apple/swift-nio-transport-services.git
Fetching https://github.com/apple/swift-atomics.git
Fetching https://github.com/apple/swift-nio-ssl.git
[1/2860] Fetching swift-nio-transport-services
[1145/4735] Fetching swift-nio-transport-services, swift-atomics
[4736/20661] Fetching swift-nio-transport-services, swift-atomics, swift-nio-ssl
Fetched https://github.com/apple/swift-nio-transport-services.git from cache (1.29s)
Fetched https://github.com/apple/swift-atomics.git from cache (1.29s)
Fetched https://github.com/apple/swift-nio-ssl.git from cache (1.30s)
Computing version for https://github.com/apple/swift-distributed-tracing.git
Computed https://github.com/apple/swift-distributed-tracing.git at 1.4.1 (1.52s)
Fetching https://github.com/apple/swift-service-context.git
[1/1311] Fetching swift-service-context
Fetched https://github.com/apple/swift-service-context.git from cache (1.42s)
Computing version for https://github.com/apple/swift-nio-transport-services.git
Computed https://github.com/apple/swift-nio-transport-services.git at 1.28.0 (1.65s)
Computing version for https://github.com/apple/swift-service-context.git
Computed https://github.com/apple/swift-service-context.git at 1.3.0 (0.23s)
Computing version for https://github.com/swift-server/swift-service-lifecycle.git
Computed https://github.com/swift-server/swift-service-lifecycle.git at 2.11.0 (0.22s)
Fetching https://github.com/apple/swift-async-algorithms.git
[1/6657] Fetching swift-async-algorithms
Fetched https://github.com/apple/swift-async-algorithms.git from cache (1.17s)
Computing version for https://github.com/apple/swift-async-algorithms.git
Computed https://github.com/apple/swift-async-algorithms.git at 1.1.5 (1.43s)
Computing version for https://github.com/apple/swift-atomics.git
Computed https://github.com/apple/swift-atomics.git at 1.3.1 (0.22s)
Computing version for https://github.com/apple/swift-collections.git
Computed https://github.com/apple/swift-collections.git at 1.6.0 (0.32s)
Computing version for https://github.com/apple/swift-nio.git
Computed https://github.com/apple/swift-nio.git at 2.101.3 (0.42s)
Fetching https://github.com/apple/swift-system.git
[1/6842] Fetching swift-system
Fetched https://github.com/apple/swift-system.git from cache (0.67s)
Computing version for https://github.com/apple/swift-nio-ssl.git
Computed https://github.com/apple/swift-nio-ssl.git at 2.37.2 (0.92s)
Computing version for https://github.com/apple/swift-log.git
Computed https://github.com/apple/swift-log.git at 1.15.0 (0.28s)
Computing version for https://github.com/apple/swift-system.git
Computed https://github.com/apple/swift-system.git at 1.8.1 (0.29s)
Computing version for https://github.com/apple/swift-metrics.git
Computed https://github.com/apple/swift-metrics.git at 2.11.0 (0.21s)
Creating working copy for https://github.com/apple/swift-nio.git
Working copy of https://github.com/apple/swift-nio.git resolved at 2.101.3
Creating working copy for https://github.com/apple/swift-distributed-tracing.git
Working copy of https://github.com/apple/swift-distributed-tracing.git resolved at 1.4.1
Creating working copy for https://github.com/apple/swift-metrics.git
Working copy of https://github.com/apple/swift-metrics.git resolved at 2.11.0
Creating working copy for https://github.com/hummingbird-project/swift-jobs.git
Working copy of https://github.com/hummingbird-project/swift-jobs.git resolved at 1.4.0
Creating working copy for https://github.com/swift-extras/swift-extras-base64.git
Working copy of https://github.com/swift-extras/swift-extras-base64.git resolved at 1.0.0
Creating working copy for https://github.com/apple/swift-service-context.git
Working copy of https://github.com/apple/swift-service-context.git resolved at 1.3.0
Creating working copy for https://github.com/apple/swift-nio-transport-services.git
Working copy of https://github.com/apple/swift-nio-transport-services.git resolved at 1.28.0
Creating working copy for https://github.com/apple/swift-atomics.git
Working copy of https://github.com/apple/swift-atomics.git resolved at 1.3.1
Creating working copy for https://github.com/apple/swift-log.git
Working copy of https://github.com/apple/swift-log.git resolved at 1.15.0
Creating working copy for https://github.com/apple/swift-async-algorithms.git
Working copy of https://github.com/apple/swift-async-algorithms.git resolved at 1.1.5
Creating working copy for https://github.com/apple/swift-system.git
Working copy of https://github.com/apple/swift-system.git resolved at 1.8.1
Creating working copy for https://github.com/apple/swift-nio-ssl.git
Working copy of https://github.com/apple/swift-nio-ssl.git resolved at 2.37.2
Creating working copy for https://github.com/valkey-io/valkey-swift
Working copy of https://github.com/valkey-io/valkey-swift resolved at 1.4.0
Creating working copy for https://github.com/swift-server/swift-service-lifecycle.git
Working copy of https://github.com/swift-server/swift-service-lifecycle.git resolved at 2.11.0
Creating working copy for https://github.com/apple/swift-collections.git
Working copy of https://github.com/apple/swift-collections.git resolved at 1.6.0
Building for debugging...
[0/446] Write sources
[26/446] Compiling CNIOWindows shim.c
[26/446] Write sources
[26/446] Compiling CNIOWindows WSAStartup.c
[32/446] Compiling CNIOWASI CNIOWASI.c
[32/446] Compiling _CWASI _CWASI.c
[32/446] Compiling CNIOPosix event_loop_id.c
[32/446] Compiling _AtomicsShims.c
[36/446] Compiling CNIOOpenBSD shim.c
[37/446] Compiling CNIOLinux liburing_shims.c
[38/446] Compiling CNIODarwin shim.c
[39/446] Compiling CNIOLinux shim.c
[40/446] Compiling CNIOFreeBSD shim.c
[41/446] Compiling fiat_p256_adx_mul.S
[42/446] Compiling fiat_p256_adx_sqr.S
[43/446] Compiling fiat_curve25519_adx_square.S
[44/446] Compiling fiat_curve25519_adx_mul.S
[45/446] Write swift-version-24593BA9C3E375BF.txt
[46/446] Compiling CNIOBoringSSLShims shims.c
In file included from /host/spi-builder-workspace/.build/checkouts/swift-nio-ssl/Sources/CNIOBoringSSL/ssl/tls13_both.cc:29:
/host/spi-builder-workspace/.build/checkouts/swift-nio-ssl/Sources/CNIOBoringSSL/ssl/../crypto/internal.h:32:10: fatal error: 'pthread.h' file not found
32 | #include <pthread.h>
| ^~~~~~~~~~~
1 error generated.
In file included from /host/spi-builder-workspace/.build/checkouts/swift-nio-ssl/Sources/CNIOBoringSSL/ssl/tls_record.cc:19:
/host/spi-builder-workspace/.build/checkouts/swift-nio-ssl/Sources/CNIOBoringSSL/ssl/../crypto/internal.h:32:10: fatal error: 'pthread.h' file not found
32 | #include <pthread.h>
| ^~~~~~~~~~~
1 error generated.
[47/450] Compiling tls_record.cc
[47/450] Compiling tls13_both.cc
In file included from /host/spi-builder-workspace/.build/checkouts/swift-nio-ssl/Sources/CNIOBoringSSL/ssl/tls13_server.cc:32:
/host/spi-builder-workspace/.build/checkouts/swift-nio-ssl/Sources/CNIOBoringSSL/ssl/../crypto/internal.h:32:10: fatal error: 'pthread.h' file not found
32 | #include <pthread.h>
| ^~~~~~~~~~~
1 error generated.
[47/450] Compiling tls13_server.cc
In file included from /host/spi-builder-workspace/.build/checkouts/swift-nio-ssl/Sources/CNIOBoringSSL/ssl/tls_method.cc:17:
/host/spi-builder-workspace/.build/checkouts/swift-nio-ssl/Sources/CNIOBoringSSL/ssl/../crypto/internal.h:32:10: fatal error: 'pthread.h' file not found
32 | #include <pthread.h>
| ^~~~~~~~~~~
1 error generated.
[47/450] Compiling tls_method.cc
<unknown>:0: warning: upcoming feature 'InferSendableFromCaptures' is already enabled as of Swift version 6
<unknown>:0: warning: upcoming feature 'GlobalActorIsolatedTypesUsability' is already enabled as of Swift version 6
<unknown>:0: warning: upcoming feature 'DisableOutwardActorInference' is already enabled as of Swift version 6
In file included from /host/spi-builder-workspace/.build/checkouts/swift-nio-ssl/Sources/CNIOBoringSSL/ssl/t1_enc.cc:28:
/host/spi-builder-workspace/.build/checkouts/swift-nio-ssl/Sources/CNIOBoringSSL/ssl/../crypto/internal.h:32:10: fatal error: 'pthread.h' file not found
32 | #include <pthread.h>
| ^~~~~~~~~~~
[47/450] Compiling t1_enc.cc
In file included from /host/spi-builder-workspace/.build/checkouts/swift-nio-ssl/Sources/CNIOBoringSSL/ssl/tls13_enc.cc:34:
/host/spi-builder-workspace/.build/checkouts/swift-nio-ssl/Sources/CNIOBoringSSL/ssl/../crypto/internal.h:32:10: fatal error: 'pthread.h' file not found
32 | #include <pthread.h>
| ^~~~~~~~~~~
1 error generated.
[47/450] Compiling tls13_enc.cc
In file included from /host/spi-builder-workspace/.build/checkouts/swift-nio-ssl/Sources/CNIOBoringSSL/ssl/tls13_client.cc:30:
/host/spi-builder-workspace/.build/checkouts/swift-nio-ssl/Sources/CNIOBoringSSL/ssl/../crypto/internal.h:32:10: fatal error: 'pthread.h' file not found
32 | #include <pthread.h>
| ^~~~~~~~~~~
[47/450] Compiling tls13_client.cc
Running build ...
bash -c docker run --pull=always --rm -v "checkouts-53886770-1":/host -w "$PWD" -e JAVA_HOME="/root/.sdkman/candidates/java/current" -e SPI_BUILD="1" -e SPI_PROCESSING="1" registry.gitlab.com/saguaro1/spi-images:wasm-6.1-latest swift build --swift-sdk wasm32-unknown-wasi 2>&1
wasm-6.1-latest: Pulling from saguaro1/spi-images
Digest: sha256:290f441d1f5b7bf0dbbe61e8b7514208804cdcb507d57b3c762463ad036298f7
Status: Image is up to date for registry.gitlab.com/saguaro1/spi-images:wasm-6.1-latest
[0/1] Planning build
Building for debugging...
In file included from /host/spi-builder-workspace/.build/checkouts/swift-nio-ssl/Sources/CNIOBoringSSL/ssl/tls13_enc.cc:34:
/host/spi-builder-workspace/.build/checkouts/swift-nio-ssl/Sources/CNIOBoringSSL/ssl/../crypto/internal.h:32:10: fatal error: 'pthread.h' file not found
32 | #include <pthread.h>
| ^~~~~~~~~~~
1 error generated.
[0/400] Compiling tls13_enc.cc
In file included from /host/spi-builder-workspace/.build/checkouts/swift-nio-ssl/Sources/CNIOBoringSSL/ssl/tls_method.cc:17:
/host/spi-builder-workspace/.build/checkouts/swift-nio-ssl/Sources/CNIOBoringSSL/ssl/../crypto/internal.h:32:10: fatal error: 'pthread.h' file not found
32 | #include <pthread.h>
| ^~~~~~~~~~~
1 error generated.
[0/400] Compiling tls_method.cc
In file included from /host/spi-builder-workspace/.build/checkouts/swift-nio-ssl/Sources/CNIOBoringSSL/ssl/tls_record.cc:19:
/host/spi-builder-workspace/.build/checkouts/swift-nio-ssl/Sources/CNIOBoringSSL/ssl/../crypto/internal.h:32:10: fatal error: 'pthread.h' file not found
32 | #include <pthread.h>
| ^~~~~~~~~~~
[0/400] Compiling tls_record.cc
In file included from /host/spi-builder-workspace/.build/checkouts/swift-nio-ssl/Sources/CNIOBoringSSL/ssl/tls13_server.cc:32:
/host/spi-builder-workspace/.build/checkouts/swift-nio-ssl/Sources/CNIOBoringSSL/ssl/../crypto/internal.h:32:10: fatal error: 'pthread.h' file not found
32 | #include <pthread.h>
| ^~~~~~~~~~~
[0/400] Compiling tls13_server.cc
In file included from /host/spi-builder-workspace/.build/checkouts/swift-nio-ssl/Sources/CNIOBoringSSL/ssl/t1_enc.cc:28:
/host/spi-builder-workspace/.build/checkouts/swift-nio-ssl/Sources/CNIOBoringSSL/ssl/../crypto/internal.h:32:10: fatal error: 'pthread.h' file not found
32 | #include <pthread.h>
| ^~~~~~~~~~~
[0/400] Compiling t1_enc.cc
[0/400] Compiling c-nioatomics.c
In file included from /host/spi-builder-workspace/.build/checkouts/swift-nio-ssl/Sources/CNIOBoringSSL/ssl/tls13_both.cc:29:
/host/spi-builder-workspace/.build/checkouts/swift-nio-ssl/Sources/CNIOBoringSSL/ssl/../crypto/internal.h:32:10: fatal error: 'pthread.h' file not found
32 | #include <pthread.h>
| ^~~~~~~~~~~
[0/400] Compiling tls13_both.cc
In file included from /host/spi-builder-workspace/.build/checkouts/swift-nio-ssl/Sources/CNIOBoringSSL/ssl/tls13_client.cc:30:
/host/spi-builder-workspace/.build/checkouts/swift-nio-ssl/Sources/CNIOBoringSSL/ssl/../crypto/internal.h:32:10: fatal error: 'pthread.h' file not found
32 | #include <pthread.h>
| ^~~~~~~~~~~
[0/400] Compiling tls13_client.cc
BUILD FAILURE 6.1 wasm