Build Information
Failed to build SwiftTypeAdoptionReporter, reference v5.9.1 (d123e1), with Swift 6.4 for Wasm on 19 Sep 2026 22:52:02 UTC.
Build Command
bash -c docker run --pull=always --rm -v "checkouts-54344843-0":/host -w "$PWD" -e JAVA_HOME="/root/.sdkman/candidates/java/current" -e SPI_BUILD="1" -e SPI_PROCESSING="1" registry.gitlab.com/saguaro1/spi-images:wasm-6.4-latest swift build --swift-sdk swift-6.4.x-DEVELOPMENT-SNAPSHOT-2026-09-04-a_wasm 2>&1Build Log
========================================
RunAll
========================================
Builder version: 5.1.0
Interrupt handler set up.
========================================
Checkout
========================================
Clone URL: https://github.com/kevinmbeaulieu/star.git
Reference: v5.9.1
Initialized empty Git repository in /host/spi-builder-workspace/.git/
hint: Using 'master' as the name for the initial branch. This default branch name
hint: is subject to change. To configure the initial branch name to use in all
hint: of your new repositories, which will suppress this warning, call:
hint:
hint: git config --global init.defaultBranch <name>
hint:
hint: Names commonly chosen instead of 'master' are 'main', 'trunk' and
hint: 'development'. The just-created branch can be renamed via this command:
hint:
hint: git branch -m <name>
From https://github.com/kevinmbeaulieu/star
* tag v5.9.1 -> FETCH_HEAD
HEAD is now at d123e1c Fix lint error (#7)
Cloned https://github.com/kevinmbeaulieu/star.git
Revision (git rev-parse @):
d123e1cede5c14fba8f50901fe839ce9bdf61af8
SUCCESS checkout https://github.com/kevinmbeaulieu/star.git at v5.9.1
========================================
Build
========================================
Selected platform: wasm
Swift version: 6.4
Building package at path: $PWD
https://github.com/kevinmbeaulieu/star.git
Running build ...
bash -c docker run --pull=always --rm -v "checkouts-54344843-0":/host -w "$PWD" -e JAVA_HOME="/root/.sdkman/candidates/java/current" -e SPI_BUILD="1" -e SPI_PROCESSING="1" registry.gitlab.com/saguaro1/spi-images:wasm-6.4-latest swift build --swift-sdk swift-6.4.x-DEVELOPMENT-SNAPSHOT-2026-09-04-a_wasm 2>&1
wasm-6.4-latest: Pulling from saguaro1/spi-images
Digest: sha256:4328fdb43c680d205c1d6761b1e3267aa38277eefdda9ddfb17b6a0f1a77857a
Status: Image is up to date for registry.gitlab.com/saguaro1/spi-images:wasm-6.4-latest
Fetching https://github.com/apple/swift-argument-parser.git
Fetching https://github.com/apple/swift-syntax.git
[1/18918] Fetching swift-argument-parser
[18919/98902] Fetching swift-argument-parser, swift-syntax
Fetched https://github.com/apple/swift-argument-parser.git (2.83s)
Fetched https://github.com/apple/swift-syntax.git (2.85s)
Computing version for https://github.com/apple/swift-argument-parser.git
Computed https://github.com/apple/swift-argument-parser.git at 0.5.0 (3.05s)
Computing version for https://github.com/apple/swift-syntax.git
Computed https://github.com/apple/swift-syntax.git at 509.1.1 (0.28s)
Creating working copy for https://github.com/apple/swift-syntax.git
Working copy of https://github.com/apple/swift-syntax.git resolved at 509.1.1
Creating working copy for https://github.com/apple/swift-argument-parser.git
Working copy of https://github.com/apple/swift-argument-parser.git resolved at 0.5.0
Building for debugging...
[Computing dependencies]
[Pre-planning 1 / 243]
[Starting]
[52 / 98] SwiftSyntax509
[64 / 108] SwiftSyntax509
[67 / 109] ArgumentParserToolInfo
[75 / 109] SwiftSyntax509
[78 / 119] ArgumentParser
error: SwiftCompile normal wasm32 /host/spi-builder-workspace/.build/checkouts/swift-argument-parser/Sources/ArgumentParser/Parsable\ Properties/Errors.swift failed with a nonzero exit code. Command line: cd /host
builtin-SwiftPerFileCompile Errors.swift
/host/spi-builder-workspace/.build/checkouts/swift-argument-parser/Sources/ArgumentParser/Parsable Properties/Errors.swift:61:40: [1;31merror: [1;39mcannot find 'EXIT_SUCCESS' in scope[0;0m
[0;36m59 |[0;0m
[0;36m60 |[0;0m /// An exit code that indicates successful completion of a command.
[0;36m61 |[0;0m public static let success = ExitCode([4;39mEXIT_SUCCESS[0;0m)
[0;36m|[0;0m `- [1;31merror: [1;39mcannot find 'EXIT_SUCCESS' in scope[0;0m
[0;36m62 |[0;0m
[0;36m63 |[0;0m /// An exit code that indicates that the command failed.
/host/spi-builder-workspace/.build/checkouts/swift-argument-parser/Sources/ArgumentParser/Parsable Properties/Errors.swift:64:40: [1;31merror: [1;39mcannot find 'EXIT_FAILURE' in scope[0;0m
[0;36m62 |[0;0m
[0;36m63 |[0;0m /// An exit code that indicates that the command failed.
[0;36m64 |[0;0m public static let failure = ExitCode([4;39mEXIT_FAILURE[0;0m)
[0;36m|[0;0m `- [1;31merror: [1;39mcannot find 'EXIT_FAILURE' in scope[0;0m
[0;36m65 |[0;0m
[0;36m66 |[0;0m /// An exit code that indicates that the user provided invalid input.
/host/spi-builder-workspace/.build/checkouts/swift-argument-parser/Sources/ArgumentParser/Parsable Properties/Errors.swift:70:50: [1;31merror: [1;39mcannot find 'EX_USAGE' in scope[0;0m
[0;36m68 |[0;0m public static let validationFailure = ExitCode(ERROR_BAD_ARGUMENTS)
[0;36m69 |[0;0m #else
[0;36m70 |[0;0m public static let validationFailure = ExitCode([4;39mEX_USAGE[0;0m)
[0;36m|[0;0m `- [1;31merror: [1;39mcannot find 'EX_USAGE' in scope[0;0m
[0;36m71 |[0;0m #endif
[0;36m72 |[0;0m
Failed frontend command:
/usr/bin/swift-frontend -frontend -c /host/spi-builder-workspace/.build/checkouts/swift-argument-parser/Sources/ArgumentParser/Completions/BashCompletionsGenerator.swift /host/spi-builder-workspace/.build/checkouts/swift-argument-parser/Sources/ArgumentParser/Completions/CompletionsGenerator.swift /host/spi-builder-workspace/.build/checkouts/swift-argument-parser/Sources/ArgumentParser/Completions/FishCompletionsGenerator.swift /host/spi-builder-workspace/.build/checkouts/swift-argument-parser/Sources/ArgumentParser/Completions/ZshCompletionsGenerator.swift /host/spi-builder-workspace/.build/checkouts/swift-argument-parser/Sources/ArgumentParser/Parsable\ Properties/Argument.swift -primary-file /host/spi-builder-workspace/.build/checkouts/swift-argument-parser/Sources/ArgumentParser/Parsable\ Properties/ArgumentHelp.swift -primary-file /host/spi-builder-workspace/.build/checkouts/swift-argument-parser/Sources/ArgumentParser/Parsable\ Properties/CompletionKind.swift -primary-file /host/spi-builder-workspace/.build/checkouts/swift-argument-parser/Sources/ArgumentParser/Parsable\ Properties/Errors.swift -primary-file /host/spi-builder-workspace/.build/checkouts/swift-argument-parser/Sources/ArgumentParser/Parsable\ Properties/Flag.swift -primary-file /host/spi-builder-workspace/.build/checkouts/swift-argument-parser/Sources/ArgumentParser/Parsable\ Properties/NameSpecification.swift /host/spi-builder-workspace/.build/checkouts/swift-argument-parser/Sources/ArgumentParser/Parsable\ Properties/Option.swift /host/spi-builder-workspace/.build/checkouts/swift-argument-parser/Sources/ArgumentParser/Parsable\ Properties/OptionGroup.swift /host/spi-builder-workspace/.build/checkouts/swift-argument-parser/Sources/ArgumentParser/Parsable\ Types/CommandConfiguration.swift /host/spi-builder-workspace/.build/checkouts/swift-argument-parser/Sources/ArgumentParser/Parsable\ Types/EnumerableFlag.swift /host/spi-builder-workspace/.build/checkouts/swift-argument-parser/Sources/ArgumentParser/Parsable\ Types/ExpressibleByArgument.swift /host/spi-builder-workspace/.build/checkouts/swift-argument-parser/Sources/ArgumentParser/Parsable\ Types/ParsableArguments.swift /host/spi-builder-workspace/.build/checkouts/swift-argument-parser/Sources/ArgumentParser/Parsable\ Types/ParsableArgumentsValidation.swift /host/spi-builder-workspace/.build/checkouts/swift-argument-parser/Sources/ArgumentParser/Parsable\ Types/ParsableCommand.swift /host/spi-builder-workspace/.build/checkouts/swift-argument-parser/Sources/ArgumentParser/Parsing/ArgumentDecoder.swift /host/spi-builder-workspace/.build/checkouts/swift-argument-parser/Sources/ArgumentParser/Parsing/ArgumentDefinition.swift /host/spi-builder-workspace/.build/checkouts/swift-argument-parser/Sources/ArgumentParser/Parsing/ArgumentSet.swift /host/spi-builder-workspace/.build/checkouts/swift-argument-parser/Sources/ArgumentParser/Parsing/CommandParser.swift /host/spi-builder-workspace/.build/checkouts/swift-argument-parser/Sources/ArgumentParser/Parsing/InputOrigin.swift /host/spi-builder-workspace/.build/checkouts/swift-argument-parser/Sources/ArgumentParser/Parsing/Name.swift /host/spi-builder-workspace/.build/checkouts/swift-argument-parser/Sources/ArgumentParser/Parsing/Parsed.swift /host/spi-builder-workspace/.build/checkouts/swift-argument-parser/Sources/ArgumentParser/Parsing/ParsedValues.swift /host/spi-builder-workspace/.build/checkouts/swift-argument-parser/Sources/ArgumentParser/Parsing/ParserError.swift /host/spi-builder-workspace/.build/checkouts/swift-argument-parser/Sources/ArgumentParser/Parsing/SplitArguments.swift /host/spi-builder-workspace/.build/checkouts/swift-argument-parser/Sources/ArgumentParser/Usage/DumpHelpGenerator.swift /host/spi-builder-workspace/.build/checkouts/swift-argument-parser/Sources/ArgumentParser/Usage/HelpCommand.swift /host/spi-builder-workspace/.build/checkouts/swift-argument-parser/Sources/ArgumentParser/Usage/HelpGenerator.swift /host/spi-builder-workspace/.build/checkouts/swift-argument-parser/Sources/ArgumentParser/Usage/MessageInfo.swift /host/spi-builder-workspace/.build/checkouts/swift-argument-parser/Sources/ArgumentParser/Usage/UsageGenerator.swift /host/spi-builder-workspace/.build/checkouts/swift-argument-parser/Sources/ArgumentParser/Utilities/CollectionExtensions.swift /host/spi-builder-workspace/.build/checkouts/swift-argument-parser/Sources/ArgumentParser/Utilities/SequenceExtensions.swift /host/spi-builder-workspace/.build/checkouts/swift-argument-parser/Sources/ArgumentParser/Utilities/StringExtensions.swift /host/spi-builder-workspace/.build/checkouts/swift-argument-parser/Sources/ArgumentParser/Utilities/Tree.swift -supplementary-output-file-map /host/spi-builder-workspace/.build/out/Intermediates.noindex/swift-argument-parser.build/Debug-webassembly-wasm32/ArgumentParser-t.build/Objects-normal/wasm32/supplementaryOutputs-10 -target wasm32-unknown-wasip1 -disable-objc-interop -sdk /root/.swiftpm/swift-sdks/swift-6.4.x-DEVELOPMENT-SNAPSHOT-2026-09-04-a_wasm.artifactbundle/swift-6.4.x-DEVELOPMENT-SNAPSHOT-2026-09-04-a_wasm/wasm32-unknown-wasip1/WASI.sdk -sysroot /root/.swiftpm/swift-sdks/swift-6.4.x-DEVELOPMENT-SNAPSHOT-2026-09-04-a_wasm.artifactbundle/swift-6.4.x-DEVELOPMENT-SNAPSHOT-2026-09-04-a_wasm/wasm32-unknown-wasip1/WASI.sdk -I /host/spi-builder-workspace/.build/out/Products/Debug-webassembly-wasm32 -module-cache-path /host/spi-builder-workspace/.build/out/ModuleCache.noindex -color-diagnostics -Xcc -fcolor-diagnostics -enable-testing -g -debug-info-format\=dwarf -dwarf-version\=4 -suppress-warnings -swift-version 5 -Onone -D SWIFT_PACKAGE -D DEBUG -D SWIFT_MODULE_RESOURCE_BUNDLE_UNAVAILABLE -D Xcode -serialize-debugging-options -enable-experimental-feature DebugDescriptionMacro -empty-abi-descriptor -external-plugin-path /usr/lib/swift/host/plugins/testing\#/usr/bin/swift-plugin-server -validate-clang-modules-once -clang-build-session-file /host/spi-builder-workspace/.build/out/ModuleCache.noindex/Session.modulevalidation -Xcc -working-directory -Xcc /host -resource-dir /root/.swiftpm/swift-sdks/swift-6.4.x-DEVELOPMENT-SNAPSHOT-2026-09-04-a_wasm.artifactbundle/swift-6.4.x-DEVELOPMENT-SNAPSHOT-2026-09-04-a_wasm/wasm32-unknown-wasip1/swift.xctoolchain/usr/lib/swift_static -use-static-resource-dir -enable-anonymous-context-mangled-names -file-compilation-dir /host -Xcc -resource-dir -Xcc /root/.swiftpm/swift-sdks/swift-6.4.x-DEVELOPMENT-SNAPSHOT-2026-09-04-a_wasm.artifactbundle/swift-6.4.x-DEVELOPMENT-SNAPSHOT-2026-09-04-a_wasm/wasm32-unknown-wasip1/swift.xctoolchain/usr/lib/swift_static/clang -Xcc -D_LIBCPP_HARDENING_MODE\=_LIBCPP_HARDENING_MODE_DEBUG -Xcc -fmodules-prune-interval\=86400 -Xcc -fmodules-prune-after\=345600 -Xcc -I/host/spi-builder-workspace/.build/out/Products/Debug-webassembly-wasm32/include -Xcc -I/host/spi-builder-workspace/.build/out/Intermediates.noindex/swift-argument-parser.build/Debug-webassembly-wasm32/ArgumentParser-t.build/DerivedSources-normal/wasm32 -Xcc -I/host/spi-builder-workspace/.build/out/Intermediates.noindex/swift-argument-parser.build/Debug-webassembly-wasm32/ArgumentParser-t.build/DerivedSources/wasm32 -Xcc -I/host/spi-builder-workspace/.build/out/Intermediates.noindex/swift-argument-parser.build/Debug-webassembly-wasm32/ArgumentParser-t.build/DerivedSources -Xcc -DSWIFT_PACKAGE -Xcc -DDEBUG\=1 -no-auto-bridging-header-chaining -module-name ArgumentParser -const-gather-protocols-file /host/spi-builder-workspace/.build/out/Intermediates.noindex/swift-argument-parser.build/Debug-webassembly-wasm32/ArgumentParser-t.build/Objects-normal/wasm32/ArgumentParser_const_extract_protocols.json -in-process-plugin-server-path /usr/lib/swift/host/libSwiftInProcPluginServer.so -plugin-path /usr/lib/swift/host/plugins -plugin-path /usr/local/lib/swift/host/plugins -parse-as-library -o /host/spi-builder-workspace/.build/out/Intermediates.noindex/swift-argument-parser.build/Debug-webassembly-wasm32/ArgumentParser-t.build/Objects-normal/wasm32/ArgumentHelp.o -o /host/spi-builder-workspace/.build/out/Intermediates.noindex/swift-argument-parser.build/Debug-webassembly-wasm32/ArgumentParser-t.build/Objects-normal/wasm32/CompletionKind.o -o /host/spi-builder-workspace/.build/out/Intermediates.noindex/swift-argument-parser.build/Debug-webassembly-wasm32/ArgumentParser-t.build/Objects-normal/wasm32/Errors.o -o /host/spi-builder-workspace/.build/out/Intermediates.noindex/swift-argument-parser.build/Debug-webassembly-wasm32/ArgumentParser-t.build/Objects-normal/wasm32/Flag.o -o /host/spi-builder-workspace/.build/out/Intermediates.noindex/swift-argument-parser.build/Debug-webassembly-wasm32/ArgumentParser-t.build/Objects-normal/wasm32/NameSpecification.o -index-unit-output-path /swift-argument-parser.build/Debug-webassembly-wasm32/ArgumentParser-t.build/Objects-normal/wasm32/ArgumentHelp.o -index-unit-output-path /swift-argument-parser.build/Debug-webassembly-wasm32/ArgumentParser-t.build/Objects-normal/wasm32/CompletionKind.o -index-unit-output-path /swift-argument-parser.build/Debug-webassembly-wasm32/ArgumentParser-t.build/Objects-normal/wasm32/Errors.o -index-unit-output-path /swift-argument-parser.build/Debug-webassembly-wasm32/ArgumentParser-t.build/Objects-normal/wasm32/Flag.o -index-unit-output-path /swift-argument-parser.build/Debug-webassembly-wasm32/ArgumentParser-t.build/Objects-normal/wasm32/NameSpecification.o -index-store-path /host/spi-builder-workspace/.build/out -index-system-modules
[79 / 120] ArgumentParserToolInfo
error: Build failed
BUILD FAILURE 6.4 wasm