The Swift Package Index logo.Swift Package Index

Build Information

Failed to build TartuWeatherProvider, reference 0.5.2 (315c3e), with Swift 6.4 for Linux on 16 Sep 2026 21:56:23 UTC.

Build Command

bash -c docker run --pull=always --rm -v "checkouts-54344847-0":/host -w "$PWD" -e JAVA_HOME="/root/.sdkman/candidates/java/current" -e SPI_BUILD="1" -e SPI_PROCESSING="1" registry.gitlab.com/saguaro1/spi-images:basic-6.4-latest swift build --triple x86_64-unknown-linux-gnu 2>&1

Build Log

========================================
RunAll
========================================
Builder version: 5.1.0
Interrupt handler set up.
========================================
Checkout
========================================
Clone URL: https://github.com/fassko/TartuWeatherProvider.git
Reference: 0.5.2
Initialized empty Git repository in /host/spi-builder-workspace/.git/
hint: Using 'master' as the name for the initial branch. This default branch name
hint: is subject to change. To configure the initial branch name to use in all
hint: of your new repositories, which will suppress this warning, call:
hint:
hint: 	git config --global init.defaultBranch <name>
hint:
hint: Names commonly chosen instead of 'master' are 'main', 'trunk' and
hint: 'development'. The just-created branch can be renamed via this command:
hint:
hint: 	git branch -m <name>
From https://github.com/fassko/TartuWeatherProvider
 * tag               0.5.2      -> FETCH_HEAD
HEAD is now at 315c3e0 Update (#45)
Cloned https://github.com/fassko/TartuWeatherProvider.git
Revision (git rev-parse @):
315c3e0654adb8fff8e20f771311aa1ace74b4df
SUCCESS checkout https://github.com/fassko/TartuWeatherProvider.git at 0.5.2
========================================
Build
========================================
Selected platform:         linux
Swift version:             6.4
Building package at path:  $PWD
https://github.com/fassko/TartuWeatherProvider.git
Running build ...
bash -c docker run --pull=always --rm -v "checkouts-54344847-0":/host -w "$PWD" -e JAVA_HOME="/root/.sdkman/candidates/java/current" -e SPI_BUILD="1" -e SPI_PROCESSING="1" registry.gitlab.com/saguaro1/spi-images:basic-6.4-latest swift build --triple x86_64-unknown-linux-gnu 2>&1
basic-6.4-latest: Pulling from saguaro1/spi-images
Digest: sha256:c77fcce225e223ac0fafed844619173fc6de8d62dd560eeb28db3182af6a282b
Status: Image is up to date for registry.gitlab.com/saguaro1/spi-images:basic-6.4-latest
Fetching https://github.com/scinfu/SwiftSoup.git
[1/6362] Fetching swiftsoup
Fetched https://github.com/scinfu/SwiftSoup.git (0.80s)
Computing version for https://github.com/scinfu/SwiftSoup.git
Computed https://github.com/scinfu/SwiftSoup.git at 1.7.5 (1.84s)
Creating working copy for https://github.com/scinfu/SwiftSoup.git
Working copy of https://github.com/scinfu/SwiftSoup.git resolved at 1.7.5
Building for debugging...
[Pre-planning 1 / 96]
[34 / 49] SwiftSoup
[35 / 49] SwiftSoup
[42 / 59] SwiftSoup
[45 / 59] TartuWeatherProvider
[48 / 60] SwiftSoup
[49 / 60] TartuWeatherProvider
[52 / 60] TartuWeatherProvider
error: SwiftCompile normal x86_64 /host/spi-builder-workspace/Sources/TartuWeatherProvider.swift failed with a nonzero exit code. Command line:     cd /host
    builtin-SwiftPerFileCompile TartuWeatherProvider.swift
/host/spi-builder-workspace/Sources/TartuWeatherProvider.swift:36:19: error: cannot find 'URLRequest' in scope
 34 |
 35 |     let url = URL(string: "http://meteo.physic.ut.ee/en/frontmain.php?m=2")!
 36 |     let request = URLRequest(url: url, cachePolicy: .reloadIgnoringLocalCacheData, timeoutInterval: 60)
    |                   `- error: cannot find 'URLRequest' in scope
 37 |
 38 |     URLSession.shared.dataTask(with: request) { data, _, error in
/host/spi-builder-workspace/Sources/TartuWeatherProvider.swift:38:16: error: type 'URLSession' (aka 'AnyObject') has no member 'shared'
 36 |     let request = URLRequest(url: url, cachePolicy: .reloadIgnoringLocalCacheData, timeoutInterval: 60)
 37 |
 38 |     URLSession.shared.dataTask(with: request) { data, _, error in
    |                `- error: type 'URLSession' (aka 'AnyObject') has no member 'shared'
 39 |       DispatchQueue.main.async {
 40 |         if let error = error {
/host/spi-builder-workspace/Sources/TartuWeatherProvider.swift:74:19: error: cannot find 'URLRequest' in scope
 72 |
 73 |     let urlComponents = generateURLComponents(dataType: dataType)
 74 |     let request = URLRequest(url: urlComponents.url!, cachePolicy: .reloadIgnoringLocalCacheData, timeoutInterval: 60)
    |                   `- error: cannot find 'URLRequest' in scope
 75 |
 76 |     URLSession.shared.dataTask(with: request) { data, _, error in
/host/spi-builder-workspace/Sources/TartuWeatherProvider.swift:74:19: error: failed to produce diagnostic for expression; please submit a bug report (https://swift.org/contributing/#reporting-bugs)
 72 |
 73 |     let urlComponents = generateURLComponents(dataType: dataType)
 74 |     let request = URLRequest(url: urlComponents.url!, cachePolicy: .reloadIgnoringLocalCacheData, timeoutInterval: 60)
    |                   `- error: failed to produce diagnostic for expression; please submit a bug report (https://swift.org/contributing/#reporting-bugs)
 75 |
 76 |     URLSession.shared.dataTask(with: request) { data, _, error in
/host/spi-builder-workspace/Sources/TartuWeatherProvider.swift:76:16: error: type 'URLSession' (aka 'AnyObject') has no member 'shared'
 74 |     let request = URLRequest(url: urlComponents.url!, cachePolicy: .reloadIgnoringLocalCacheData, timeoutInterval: 60)
 75 |
 76 |     URLSession.shared.dataTask(with: request) { data, _, error in
    |                `- error: type 'URLSession' (aka 'AnyObject') has no member 'shared'
 77 |       DispatchQueue.main.async {
 78 |         if let error = error {
Failed frontend command:
/usr/bin/swift-frontend -frontend -c /host/spi-builder-workspace/Sources/LiveImage.swift /host/spi-builder-workspace/Sources/LiveImageProtocol.swift /host/spi-builder-workspace/Sources/MeasureDateable.swift /host/spi-builder-workspace/Sources/QueryData.swift /host/spi-builder-workspace/Sources/QueryDataProtocol.swift /host/spi-builder-workspace/Sources/QueryDataType.swift /host/spi-builder-workspace/Sources/TartuWeatherError.swift -primary-file /host/spi-builder-workspace/Sources/TartuWeatherProvider.swift /host/spi-builder-workspace/Sources/TartuWeatherResult.swift /host/spi-builder-workspace/Sources/WeatherData.swift /host/spi-builder-workspace/Sources/WeatherDataProtocol.swift -emit-dependencies-path /host/spi-builder-workspace/.build/out/Intermediates.noindex/TartuWeatherProvider.build/Debug-linux-x86_64/TartuWeatherProvider-t.build/Objects-normal/x86_64/TartuWeatherProvider.d -emit-const-values-path /host/spi-builder-workspace/.build/out/Intermediates.noindex/TartuWeatherProvider.build/Debug-linux-x86_64/TartuWeatherProvider-t.build/Objects-normal/x86_64/TartuWeatherProvider.swiftconstvalues -emit-reference-dependencies-path /host/spi-builder-workspace/.build/out/Intermediates.noindex/TartuWeatherProvider.build/Debug-linux-x86_64/TartuWeatherProvider-t.build/Objects-normal/x86_64/TartuWeatherProvider.swiftdeps -serialize-diagnostics-path /host/spi-builder-workspace/.build/out/Intermediates.noindex/TartuWeatherProvider.build/Debug-linux-x86_64/TartuWeatherProvider-t.build/Objects-normal/x86_64/TartuWeatherProvider.dia -target x86_64-unknown-linux-gnu -disable-objc-interop -I /host/spi-builder-workspace/.build/out/Products/Debug-linux-x86_64 -module-cache-path /host/spi-builder-workspace/.build/out/ModuleCache.noindex -color-diagnostics -Xcc -fcolor-diagnostics -enable-testing -g -debug-info-format\=dwarf -dwarf-version\=4 -swift-version 4.2 -Onone -D SWIFT_PACKAGE -D DEBUG -D SWIFT_MODULE_RESOURCE_BUNDLE_UNAVAILABLE -D Xcode -serialize-debugging-options -enable-experimental-feature DebugDescriptionMacro -empty-abi-descriptor -external-plugin-path /usr/lib/swift/host/plugins/testing\#/usr/bin/swift-plugin-server -validate-clang-modules-once -clang-build-session-file /host/spi-builder-workspace/.build/out/ModuleCache.noindex/Session.modulevalidation -Xcc -working-directory -Xcc /host -enable-anonymous-context-mangled-names -file-compilation-dir /host -Xcc -fno-omit-frame-pointer -Xcc -D_LIBCPP_HARDENING_MODE\=_LIBCPP_HARDENING_MODE_DEBUG -Xcc -fmodules-prune-interval\=86400 -Xcc -fmodules-prune-after\=345600 -Xcc -I/host/spi-builder-workspace/.build/out/Products/Debug-linux-x86_64/include -Xcc -I/host/spi-builder-workspace/.build/out/Intermediates.noindex/TartuWeatherProvider.build/Debug-linux-x86_64/TartuWeatherProvider-t.build/DerivedSources-normal/x86_64 -Xcc -I/host/spi-builder-workspace/.build/out/Intermediates.noindex/TartuWeatherProvider.build/Debug-linux-x86_64/TartuWeatherProvider-t.build/DerivedSources/x86_64 -Xcc -I/host/spi-builder-workspace/.build/out/Intermediates.noindex/TartuWeatherProvider.build/Debug-linux-x86_64/TartuWeatherProvider-t.build/DerivedSources -Xcc -DSWIFT_PACKAGE -Xcc -DDEBUG\=1 -no-auto-bridging-header-chaining -module-name TartuWeatherProvider -const-gather-protocols-file /host/spi-builder-workspace/.build/out/Intermediates.noindex/TartuWeatherProvider.build/Debug-linux-x86_64/TartuWeatherProvider-t.build/Objects-normal/x86_64/TartuWeatherProvider_const_extract_protocols.json -in-process-plugin-server-path /usr/lib/swift/host/libSwiftInProcPluginServer.so -plugin-path /usr/lib/swift/host/plugins -plugin-path /usr/local/lib/swift/host/plugins -parse-as-library -o /host/spi-builder-workspace/.build/out/Intermediates.noindex/TartuWeatherProvider.build/Debug-linux-x86_64/TartuWeatherProvider-t.build/Objects-normal/x86_64/TartuWeatherProvider.o -index-unit-output-path /TartuWeatherProvider.build/Debug-linux-x86_64/TartuWeatherProvider-t.build/Objects-normal/x86_64/TartuWeatherProvider.o -index-store-path /host/spi-builder-workspace/.build/out -index-system-modules
error: Build failed
BUILD FAILURE 6.4 linux