The Swift Package Index logo.Swift Package Index

Build Information

Failed to build BuyMeACoffee, reference master (20c574), with Swift 6.4 for tvOS using Xcode 27.0 on 20 Sep 2026 13:53:40 UTC.

Build Command

env DEVELOPER_DIR=/Applications/Xcode-27.0.0-Release.Candidate.app xcrun xcodebuild -IDEClonedSourcePackagesDirPathOverride=$PWD/.dependencies -skipMacroValidation -skipPackagePluginValidation -derivedDataPath $PWD/.derivedData build -scheme BuyMeACoffee-Package -destination generic/platform=tvOS

Build Log

========================================
RunAll
========================================
Builder version: 5.1.0
Interrupt handler set up.
========================================
Checkout
========================================
Clone URL: https://github.com/appcraftconsulting/buymeacoffee.git
Reference: master
Initialized empty Git repository in /Users/admin/builder/spi-builder-workspace/.git/
From https://github.com/appcraftconsulting/buymeacoffee
 * branch            master     -> FETCH_HEAD
 * [new branch]      master     -> origin/master
HEAD is now at 20c574a Merge branch 'master' of github.com:appcraftstudio/buymeacoffee
Cloned https://github.com/appcraftconsulting/buymeacoffee.git
Revision (git rev-parse @):
20c574ac7dc0112fa66fdcd31e696543ccbb9047
SUCCESS checkout https://github.com/appcraftconsulting/buymeacoffee.git at master
========================================
Build
========================================
Selected platform:         tvOS
Swift version:             6.4
Building package at path:  $PWD
https://github.com/appcraftconsulting/buymeacoffee.git
Command line invocation:
    /Applications/Xcode-27.0.0-Release.Candidate.app/Contents/Developer/usr/bin/xcodebuild -IDEClonedSourcePackagesDirPathOverride=/Users/admin/builder/spi-builder-workspace/.dependencies -resolvePackageDependencies
Resolve Package Graph
Resolve Package Graph
Resolved source packages:
  BuyMeACoffee: /Users/admin/builder/spi-builder-workspace
resolved source packages: BuyMeACoffee
2026-09-20 09:52:48.417 xcodebuild[563:3058] [MT] IDERunDestination: Supported platforms for the buildables in the current scheme is empty.
2026-09-20 09:52:48.580 xcodebuild[563:3058] [MT] IDERunDestination: Supported platforms for the buildables in the current scheme is empty.
2026-09-20 09:52:50.186 xcodebuild[563:3058] [MT] IDERunDestination: Supported platforms for the buildables in the current scheme is empty.
{
  "dependencies" : [
  ],
  "manifest_display_name" : "BuyMeACoffee",
  "name" : "BuyMeACoffee",
  "path" : "/Users/admin/builder/spi-builder-workspace",
  "platforms" : [
    {
      "name" : "ios",
      "version" : "11.0"
    }
  ],
  "products" : [
    {
      "name" : "BuyMeACoffee",
      "targets" : [
        "BuyMeACoffee"
      ],
      "type" : {
        "library" : [
          "automatic"
        ]
      }
    },
    {
      "name" : "BuyMeACoffeeDynamic",
      "targets" : [
        "BuyMeACoffee"
      ],
      "type" : {
        "library" : [
          "dynamic"
        ]
      }
    }
  ],
  "targets" : [
    {
      "c99name" : "BuyMeACoffeeTests",
      "module_type" : "SwiftTarget",
      "name" : "BuyMeACoffeeTests",
      "path" : "Tests/BuyMeACoffeeTests",
      "sources" : [
        "BuyMeACoffeeTests.swift",
        "XCTestManifests.swift"
      ],
      "target_dependencies" : [
        "BuyMeACoffee"
      ],
      "type" : "test"
    },
    {
      "c99name" : "BuyMeACoffee",
      "module_type" : "SwiftTarget",
      "name" : "BuyMeACoffee",
      "path" : "Sources/BuyMeACoffee",
      "product_memberships" : [
        "BuyMeACoffee",
        "BuyMeACoffeeDynamic"
      ],
      "resources" : [
        {
          "path" : "/Users/admin/builder/spi-builder-workspace/Sources/BuyMeACoffee/Resources/Assets.xcassets",
          "rule" : {
            "process" : {
            }
          }
        },
        {
          "path" : "/Users/admin/builder/spi-builder-workspace/Sources/BuyMeACoffee/Resources/Cookie-Regular.ttf",
          "rule" : {
            "process" : {
            }
          }
        },
        {
          "path" : "/Users/admin/builder/spi-builder-workspace/Sources/BuyMeACoffee/Resources/Lato-Regular.ttf",
          "rule" : {
            "process" : {
            }
          }
        }
      ],
      "sources" : [
        "BMCButton.swift",
        "BMCColor.swift",
        "BMCFont.swift",
        "BMCManager.swift"
      ],
      "type" : "library"
    }
  ],
  "tools_version" : "5.3"
}
{
  "workspace" : {
    "name" : "BuyMeACoffee",
    "schemes" : [
      "BuyMeACoffee",
      "BuyMeACoffee-Package",
      "BuyMeACoffeeDynamic"
    ]
  }
}
2026-09-20 09:53:29.870 xcodebuild[660:3970] [MT] IDERunDestination: Supported platforms for the buildables in the current scheme is empty.
2026-09-20 09:53:30.012 xcodebuild[660:3970] [MT] IDERunDestination: Supported platforms for the buildables in the current scheme is empty.
Running build ...
env DEVELOPER_DIR=/Applications/Xcode-27.0.0-Release.Candidate.app xcrun xcodebuild -IDEClonedSourcePackagesDirPathOverride=$PWD/.dependencies -skipMacroValidation -skipPackagePluginValidation -derivedDataPath $PWD/.derivedData build -scheme BuyMeACoffee-Package -destination generic/platform=tvOS
Command line invocation:
    /Applications/Xcode-27.0.0-Release.Candidate.app/Contents/Developer/usr/bin/xcodebuild -IDEClonedSourcePackagesDirPathOverride=/Users/admin/builder/spi-builder-workspace/.dependencies -skipMacroValidation -skipPackagePluginValidation -derivedDataPath /Users/admin/builder/spi-builder-workspace/.derivedData build -scheme BuyMeACoffee-Package -destination generic/platform=tvOS
Resolve Package Graph
Resolved source packages:
  BuyMeACoffee: /Users/admin/builder/spi-builder-workspace
ComputePackagePrebuildTargetDependencyGraph
Prepare packages
CreateBuildRequest
SendProjectDescription
CreateBuildOperation
ComputeTargetDependencyGraph
note: Building targets in dependency order
note: Target dependency graph (4 targets)
    Target 'BuyMeACoffeeDynamic-product' in project 'BuyMeACoffee'
        ➜ Explicit dependency on target 'BuyMeACoffee' in project 'BuyMeACoffee'
        ➜ Explicit dependency on target 'BuyMeACoffee_BuyMeACoffee' in project 'BuyMeACoffee'
    Target 'BuyMeACoffee-product' in project 'BuyMeACoffee'
        ➜ Explicit dependency on target 'BuyMeACoffee' in project 'BuyMeACoffee'
        ➜ Explicit dependency on target 'BuyMeACoffee_BuyMeACoffee' in project 'BuyMeACoffee'
    Target 'BuyMeACoffee' in project 'BuyMeACoffee'
        ➜ Explicit dependency on target 'BuyMeACoffee_BuyMeACoffee' in project 'BuyMeACoffee'
    Target 'BuyMeACoffee_BuyMeACoffee' in project 'BuyMeACoffee' (no dependencies)
GatherProvisioningInputs
CreateBuildDescription
ExecuteExternalTool /Applications/Xcode-27.0.0-Release.Candidate.app/Contents/Developer/Toolchains/XcodeDefault.xctoolchain/usr/bin/swiftc --version
ExecuteExternalTool /Applications/Xcode-27.0.0-Release.Candidate.app/Contents/Developer/Toolchains/XcodeDefault.xctoolchain/usr/bin/clang -v -E -dM -isysroot /Applications/Xcode-27.0.0-Release.Candidate.app/Contents/Developer/Platforms/AppleTVOS.platform/Developer/SDKs/AppleTVOS27.0.sdk -x c -c /dev/null
ExecuteExternalTool /Applications/Xcode-27.0.0-Release.Candidate.app/Contents/Developer/usr/bin/actool --version --output-format xml1
ExecuteExternalTool /Applications/Xcode-27.0.0-Release.Candidate.app/Contents/Developer/Toolchains/XcodeDefault.xctoolchain/usr/bin/ld -version_details
Build description signature: 0461b15fdbf5161a8b306655ea1fc3d9
Build description path: /Users/admin/builder/spi-builder-workspace/.derivedData/Build/Intermediates.noindex/XCBuildData/0461b15fdbf5161a8b306655ea1fc3d9.xcbuilddata
CreateBuildDirectory /Users/admin/builder/spi-builder-workspace/.derivedData/SDKExplicitPrecompiledModules
    cd /Users/admin/builder/spi-builder-workspace/.swiftpm/xcode
    builtin-create-build-directory /Users/admin/builder/spi-builder-workspace/.derivedData/SDKExplicitPrecompiledModules
CreateBuildDirectory /Users/admin/builder/spi-builder-workspace/.derivedData/CompilationCache.noindex
    cd /Users/admin/builder/spi-builder-workspace/.swiftpm/xcode
    builtin-create-build-directory /Users/admin/builder/spi-builder-workspace/.derivedData/CompilationCache.noindex
CreateBuildDirectory /Users/admin/builder/spi-builder-workspace/.derivedData/ModuleCache.noindex
    cd /Users/admin/builder/spi-builder-workspace/.swiftpm/xcode
    builtin-create-build-directory /Users/admin/builder/spi-builder-workspace/.derivedData/ModuleCache.noindex
CreateBuildDirectory /Users/admin/builder/spi-builder-workspace/.derivedData/Build/Products
    cd /Users/admin/builder/spi-builder-workspace/.swiftpm/xcode
    builtin-create-build-directory /Users/admin/builder/spi-builder-workspace/.derivedData/Build/Products
ClangStatCache /Applications/Xcode-27.0.0-Release.Candidate.app/Contents/Developer/Toolchains/XcodeDefault.xctoolchain/usr/bin/clang-stat-cache /Applications/Xcode-27.0.0-Release.Candidate.app/Contents/Developer/Platforms/AppleTVOS.platform/Developer/SDKs/AppleTVOS27.0.sdk /Users/admin/builder/spi-builder-workspace/.derivedData/SDKStatCaches.noindex/appletvos27.0-24J360-e829b21a6f8c9b70876ba0858053c044b32bfd8d43560033f8d89884cdb90028.sdkstatcache
    cd /Users/admin/builder/spi-builder-workspace/.swiftpm/xcode
    /Applications/Xcode-27.0.0-Release.Candidate.app/Contents/Developer/Toolchains/XcodeDefault.xctoolchain/usr/bin/clang-stat-cache /Applications/Xcode-27.0.0-Release.Candidate.app/Contents/Developer/Platforms/AppleTVOS.platform/Developer/SDKs/AppleTVOS27.0.sdk -o /Users/admin/builder/spi-builder-workspace/.derivedData/SDKStatCaches.noindex/appletvos27.0-24J360-e829b21a6f8c9b70876ba0858053c044b32bfd8d43560033f8d89884cdb90028.sdkstatcache
CreateBuildDirectory /Users/admin/builder/spi-builder-workspace/.derivedData/Build/Intermediates.noindex
    cd /Users/admin/builder/spi-builder-workspace/.swiftpm/xcode
    builtin-create-build-directory /Users/admin/builder/spi-builder-workspace/.derivedData/Build/Intermediates.noindex
CreateBuildDirectory /Users/admin/builder/spi-builder-workspace/.derivedData/Build/Intermediates.noindex/SwiftExplicitPrecompiledModules
    cd /Users/admin/builder/spi-builder-workspace/.swiftpm/xcode
    builtin-create-build-directory /Users/admin/builder/spi-builder-workspace/.derivedData/Build/Intermediates.noindex/SwiftExplicitPrecompiledModules
CreateBuildDirectory /Users/admin/builder/spi-builder-workspace/.derivedData/Build/Products/Debug-appletvos
    cd /Users/admin/builder/spi-builder-workspace/.swiftpm/xcode
    builtin-create-build-directory /Users/admin/builder/spi-builder-workspace/.derivedData/Build/Products/Debug-appletvos
CreateBuildDirectory /Users/admin/builder/spi-builder-workspace/.derivedData/Build/Intermediates.noindex/PrecompiledHeaders
    cd /Users/admin/builder/spi-builder-workspace/.swiftpm/xcode
    builtin-create-build-directory /Users/admin/builder/spi-builder-workspace/.derivedData/Build/Intermediates.noindex/PrecompiledHeaders
CreateBuildDirectory /Users/admin/builder/spi-builder-workspace/.derivedData/Build/Intermediates.noindex/ExplicitPrecompiledModules
    cd /Users/admin/builder/spi-builder-workspace/.swiftpm/xcode
    builtin-create-build-directory /Users/admin/builder/spi-builder-workspace/.derivedData/Build/Intermediates.noindex/ExplicitPrecompiledModules
CreateBuildDirectory /Users/admin/builder/spi-builder-workspace/.derivedData/Build/Intermediates.noindex/EagerLinkingTBDs/Debug-appletvos
    cd /Users/admin/builder/spi-builder-workspace/.swiftpm/xcode
    builtin-create-build-directory /Users/admin/builder/spi-builder-workspace/.derivedData/Build/Intermediates.noindex/EagerLinkingTBDs/Debug-appletvos
CreateBuildDirectory /Users/admin/builder/spi-builder-workspace/.derivedData/Build/Products/Debug-appletvos/PackageFrameworks
    cd /Users/admin/builder/spi-builder-workspace/.swiftpm/xcode
    builtin-create-build-directory /Users/admin/builder/spi-builder-workspace/.derivedData/Build/Products/Debug-appletvos/PackageFrameworks
MkDir /Users/admin/builder/spi-builder-workspace/.derivedData/Build/Products/Debug-appletvos/BuyMeACoffee_BuyMeACoffee.bundle (in target 'BuyMeACoffee_BuyMeACoffee' from project 'BuyMeACoffee')
    cd /Users/admin/builder/spi-builder-workspace
    /bin/mkdir -p /Users/admin/builder/spi-builder-workspace/.derivedData/Build/Products/Debug-appletvos/BuyMeACoffee_BuyMeACoffee.bundle
WriteAuxiliaryFile /Users/admin/builder/spi-builder-workspace/.derivedData/Build/Intermediates.noindex/BuyMeACoffee.build/Debug-appletvos/BuyMeACoffee_BuyMeACoffee-b.build/BuyMeACoffee_BuyMeACoffee.DependencyMetadataFileList (in target 'BuyMeACoffee_BuyMeACoffee' from project 'BuyMeACoffee')
    cd /Users/admin/builder/spi-builder-workspace
    write-file /Users/admin/builder/spi-builder-workspace/.derivedData/Build/Intermediates.noindex/BuyMeACoffee.build/Debug-appletvos/BuyMeACoffee_BuyMeACoffee-b.build/BuyMeACoffee_BuyMeACoffee.DependencyMetadataFileList
WriteAuxiliaryFile /Users/admin/builder/spi-builder-workspace/.derivedData/Build/Intermediates.noindex/BuyMeACoffee.build/Debug-appletvos/BuyMeACoffee_BuyMeACoffee-b.build/BuyMeACoffee_BuyMeACoffee.DependencyStaticMetadataFileList (in target 'BuyMeACoffee_BuyMeACoffee' from project 'BuyMeACoffee')
    cd /Users/admin/builder/spi-builder-workspace
    write-file /Users/admin/builder/spi-builder-workspace/.derivedData/Build/Intermediates.noindex/BuyMeACoffee.build/Debug-appletvos/BuyMeACoffee_BuyMeACoffee-b.build/BuyMeACoffee_BuyMeACoffee.DependencyStaticMetadataFileList
WriteAuxiliaryFile /Users/admin/builder/spi-builder-workspace/.derivedData/Build/Intermediates.noindex/BuyMeACoffee.build/Debug-appletvos/BuyMeACoffee_BuyMeACoffee-b.build/empty-BuyMeACoffee_BuyMeACoffee.plist (in target 'BuyMeACoffee_BuyMeACoffee' from project 'BuyMeACoffee')
    cd /Users/admin/builder/spi-builder-workspace
    write-file /Users/admin/builder/spi-builder-workspace/.derivedData/Build/Intermediates.noindex/BuyMeACoffee.build/Debug-appletvos/BuyMeACoffee_BuyMeACoffee-b.build/empty-BuyMeACoffee_BuyMeACoffee.plist
WriteAuxiliaryFile /Users/admin/builder/spi-builder-workspace/.derivedData/Build/Intermediates.noindex/BuyMeACoffee.build/Debug-appletvos/BuyMeACoffeeDynamic-product-t.build/empty-BuyMeACoffeeDynamic.plist (in target 'BuyMeACoffeeDynamic-product' from project 'BuyMeACoffee')
    cd /Users/admin/builder/spi-builder-workspace
    write-file /Users/admin/builder/spi-builder-workspace/.derivedData/Build/Intermediates.noindex/BuyMeACoffee.build/Debug-appletvos/BuyMeACoffeeDynamic-product-t.build/empty-BuyMeACoffeeDynamic.plist
WriteAuxiliaryFile /Users/admin/builder/spi-builder-workspace/.derivedData/Build/Intermediates.noindex/BuyMeACoffee.build/Debug-appletvos/BuyMeACoffeeDynamic-product-t.build/BuyMeACoffeeDynamic.DependencyStaticMetadataFileList (in target 'BuyMeACoffeeDynamic-product' from project 'BuyMeACoffee')
    cd /Users/admin/builder/spi-builder-workspace
    write-file /Users/admin/builder/spi-builder-workspace/.derivedData/Build/Intermediates.noindex/BuyMeACoffee.build/Debug-appletvos/BuyMeACoffeeDynamic-product-t.build/BuyMeACoffeeDynamic.DependencyStaticMetadataFileList
WriteAuxiliaryFile /Users/admin/builder/spi-builder-workspace/.derivedData/Build/Intermediates.noindex/BuyMeACoffee.build/Debug-appletvos/BuyMeACoffeeDynamic-product-t.build/BuyMeACoffeeDynamic.DependencyMetadataFileList (in target 'BuyMeACoffeeDynamic-product' from project 'BuyMeACoffee')
    cd /Users/admin/builder/spi-builder-workspace
    write-file /Users/admin/builder/spi-builder-workspace/.derivedData/Build/Intermediates.noindex/BuyMeACoffee.build/Debug-appletvos/BuyMeACoffeeDynamic-product-t.build/BuyMeACoffeeDynamic.DependencyMetadataFileList
WriteAuxiliaryFile /Users/admin/builder/spi-builder-workspace/.derivedData/Build/Intermediates.noindex/BuyMeACoffee.build/Debug-appletvos/BuyMeACoffeeDynamic-product-t.build/Objects-normal/arm64/BuyMeACoffeeDynamic.LinkFileList (in target 'BuyMeACoffeeDynamic-product' from project 'BuyMeACoffee')
    cd /Users/admin/builder/spi-builder-workspace
    write-file /Users/admin/builder/spi-builder-workspace/.derivedData/Build/Intermediates.noindex/BuyMeACoffee.build/Debug-appletvos/BuyMeACoffeeDynamic-product-t.build/Objects-normal/arm64/BuyMeACoffeeDynamic.LinkFileList
WriteAuxiliaryFile /Users/admin/builder/spi-builder-workspace/.derivedData/Build/Intermediates.noindex/BuyMeACoffee.build/Debug-appletvos/BuyMeACoffee-t.build/Objects-normal/arm64/BuyMeACoffee.SwiftFileList (in target 'BuyMeACoffee' from project 'BuyMeACoffee')
    cd /Users/admin/builder/spi-builder-workspace
    write-file /Users/admin/builder/spi-builder-workspace/.derivedData/Build/Intermediates.noindex/BuyMeACoffee.build/Debug-appletvos/BuyMeACoffee-t.build/Objects-normal/arm64/BuyMeACoffee.SwiftFileList
WriteAuxiliaryFile /Users/admin/builder/spi-builder-workspace/.derivedData/Build/Intermediates.noindex/BuyMeACoffee.build/Debug-appletvos/BuyMeACoffee-t.build/Objects-normal/arm64/BuyMeACoffee_const_extract_protocols.json (in target 'BuyMeACoffee' from project 'BuyMeACoffee')
    cd /Users/admin/builder/spi-builder-workspace
    write-file /Users/admin/builder/spi-builder-workspace/.derivedData/Build/Intermediates.noindex/BuyMeACoffee.build/Debug-appletvos/BuyMeACoffee-t.build/Objects-normal/arm64/BuyMeACoffee_const_extract_protocols.json
WriteAuxiliaryFile /Users/admin/builder/spi-builder-workspace/.derivedData/Build/Intermediates.noindex/BuyMeACoffee.build/Debug-appletvos/BuyMeACoffee-t.build/Objects-normal/arm64/BuyMeACoffee.SwiftConstValuesFileList (in target 'BuyMeACoffee' from project 'BuyMeACoffee')
    cd /Users/admin/builder/spi-builder-workspace
    write-file /Users/admin/builder/spi-builder-workspace/.derivedData/Build/Intermediates.noindex/BuyMeACoffee.build/Debug-appletvos/BuyMeACoffee-t.build/Objects-normal/arm64/BuyMeACoffee.SwiftConstValuesFileList
WriteAuxiliaryFile /Users/admin/builder/spi-builder-workspace/.derivedData/Build/Intermediates.noindex/BuyMeACoffee.build/Debug-appletvos/BuyMeACoffee-t.build/Objects-normal/arm64/BuyMeACoffee-OutputFileMap.json (in target 'BuyMeACoffee' from project 'BuyMeACoffee')
    cd /Users/admin/builder/spi-builder-workspace
    write-file /Users/admin/builder/spi-builder-workspace/.derivedData/Build/Intermediates.noindex/BuyMeACoffee.build/Debug-appletvos/BuyMeACoffee-t.build/Objects-normal/arm64/BuyMeACoffee-OutputFileMap.json
WriteAuxiliaryFile /Users/admin/builder/spi-builder-workspace/.derivedData/Build/Intermediates.noindex/BuyMeACoffee.build/Debug-appletvos/BuyMeACoffee-t.build/Objects-normal/arm64/BuyMeACoffee.LinkFileList (in target 'BuyMeACoffee' from project 'BuyMeACoffee')
    cd /Users/admin/builder/spi-builder-workspace
    write-file /Users/admin/builder/spi-builder-workspace/.derivedData/Build/Intermediates.noindex/BuyMeACoffee.build/Debug-appletvos/BuyMeACoffee-t.build/Objects-normal/arm64/BuyMeACoffee.LinkFileList
WriteAuxiliaryFile /Users/admin/builder/spi-builder-workspace/.derivedData/Build/Intermediates.noindex/BuyMeACoffee.build/Debug-appletvos/BuyMeACoffee-t.build/BuyMeACoffee.modulemap (in target 'BuyMeACoffee' from project 'BuyMeACoffee')
    cd /Users/admin/builder/spi-builder-workspace
    write-file /Users/admin/builder/spi-builder-workspace/.derivedData/Build/Intermediates.noindex/BuyMeACoffee.build/Debug-appletvos/BuyMeACoffee-t.build/BuyMeACoffee.modulemap
WriteAuxiliaryFile /Users/admin/builder/spi-builder-workspace/.derivedData/Build/Intermediates.noindex/BuyMeACoffee.build/Debug-appletvos/BuyMeACoffee-t.build/DerivedSources/resource_bundle_accessor.swift (in target 'BuyMeACoffee' from project 'BuyMeACoffee')
    cd /Users/admin/builder/spi-builder-workspace
    write-file /Users/admin/builder/spi-builder-workspace/.derivedData/Build/Intermediates.noindex/BuyMeACoffee.build/Debug-appletvos/BuyMeACoffee-t.build/DerivedSources/resource_bundle_accessor.swift
WriteAuxiliaryFile /Users/admin/builder/spi-builder-workspace/.derivedData/Build/Intermediates.noindex/BuyMeACoffee.build/Debug-appletvos/BuyMeACoffee-t.build/BuyMeACoffee.DependencyStaticMetadataFileList (in target 'BuyMeACoffee' from project 'BuyMeACoffee')
    cd /Users/admin/builder/spi-builder-workspace
    write-file /Users/admin/builder/spi-builder-workspace/.derivedData/Build/Intermediates.noindex/BuyMeACoffee.build/Debug-appletvos/BuyMeACoffee-t.build/BuyMeACoffee.DependencyStaticMetadataFileList
WriteAuxiliaryFile /Users/admin/builder/spi-builder-workspace/.derivedData/Build/Intermediates.noindex/BuyMeACoffee.build/Debug-appletvos/BuyMeACoffee-t.build/BuyMeACoffee.DependencyMetadataFileList (in target 'BuyMeACoffee' from project 'BuyMeACoffee')
    cd /Users/admin/builder/spi-builder-workspace
    write-file /Users/admin/builder/spi-builder-workspace/.derivedData/Build/Intermediates.noindex/BuyMeACoffee.build/Debug-appletvos/BuyMeACoffee-t.build/BuyMeACoffee.DependencyMetadataFileList
MkDir /Users/admin/builder/spi-builder-workspace/.derivedData/Build/Products/Debug-appletvos/PackageFrameworks/BuyMeACoffeeDynamic.framework (in target 'BuyMeACoffeeDynamic-product' from project 'BuyMeACoffee')
    cd /Users/admin/builder/spi-builder-workspace
    /bin/mkdir -p /Users/admin/builder/spi-builder-workspace/.derivedData/Build/Products/Debug-appletvos/PackageFrameworks/BuyMeACoffeeDynamic.framework
Copy /Users/admin/builder/spi-builder-workspace/.derivedData/Build/Intermediates.noindex/GeneratedModuleMaps-appletvos/BuyMeACoffee.modulemap /Users/admin/builder/spi-builder-workspace/.derivedData/Build/Intermediates.noindex/BuyMeACoffee.build/Debug-appletvos/BuyMeACoffee-t.build/BuyMeACoffee.modulemap (in target 'BuyMeACoffee' from project 'BuyMeACoffee')
    cd /Users/admin/builder/spi-builder-workspace
    builtin-copy -exclude .DS_Store -exclude CVS -exclude .svn -exclude .git -exclude .hg -resolve-src-symlinks /Users/admin/builder/spi-builder-workspace/.derivedData/Build/Intermediates.noindex/BuyMeACoffee.build/Debug-appletvos/BuyMeACoffee-t.build/BuyMeACoffee.modulemap /Users/admin/builder/spi-builder-workspace/.derivedData/Build/Intermediates.noindex/GeneratedModuleMaps-appletvos
MkDir /Users/admin/builder/spi-builder-workspace/.derivedData/Build/Intermediates.noindex/BuyMeACoffee.build/Debug-appletvos/BuyMeACoffee_BuyMeACoffee-b.build/assetcatalog_output/thinned (in target 'BuyMeACoffee_BuyMeACoffee' from project 'BuyMeACoffee')
    cd /Users/admin/builder/spi-builder-workspace
    /bin/mkdir -p /Users/admin/builder/spi-builder-workspace/.derivedData/Build/Intermediates.noindex/BuyMeACoffee.build/Debug-appletvos/BuyMeACoffee_BuyMeACoffee-b.build/assetcatalog_output/thinned
MkDir /Users/admin/builder/spi-builder-workspace/.derivedData/Build/Intermediates.noindex/BuyMeACoffee.build/Debug-appletvos/BuyMeACoffee_BuyMeACoffee-b.build/assetcatalog_output/unthinned (in target 'BuyMeACoffee_BuyMeACoffee' from project 'BuyMeACoffee')
    cd /Users/admin/builder/spi-builder-workspace
    /bin/mkdir -p /Users/admin/builder/spi-builder-workspace/.derivedData/Build/Intermediates.noindex/BuyMeACoffee.build/Debug-appletvos/BuyMeACoffee_BuyMeACoffee-b.build/assetcatalog_output/unthinned
CpResource /Users/admin/builder/spi-builder-workspace/.derivedData/Build/Products/Debug-appletvos/BuyMeACoffee_BuyMeACoffee.bundle/Lato-Regular.ttf /Users/admin/builder/spi-builder-workspace/Sources/BuyMeACoffee/Resources/Lato-Regular.ttf (in target 'BuyMeACoffee_BuyMeACoffee' from project 'BuyMeACoffee')
    cd /Users/admin/builder/spi-builder-workspace
    builtin-copy -exclude .DS_Store -exclude CVS -exclude .svn -exclude .git -exclude .hg -resolve-src-symlinks /Users/admin/builder/spi-builder-workspace/Sources/BuyMeACoffee/Resources/Lato-Regular.ttf /Users/admin/builder/spi-builder-workspace/.derivedData/Build/Products/Debug-appletvos/BuyMeACoffee_BuyMeACoffee.bundle
CpResource /Users/admin/builder/spi-builder-workspace/.derivedData/Build/Products/Debug-appletvos/BuyMeACoffee_BuyMeACoffee.bundle/Cookie-Regular.ttf /Users/admin/builder/spi-builder-workspace/Sources/BuyMeACoffee/Resources/Cookie-Regular.ttf (in target 'BuyMeACoffee_BuyMeACoffee' from project 'BuyMeACoffee')
    cd /Users/admin/builder/spi-builder-workspace
    builtin-copy -exclude .DS_Store -exclude CVS -exclude .svn -exclude .git -exclude .hg -resolve-src-symlinks /Users/admin/builder/spi-builder-workspace/Sources/BuyMeACoffee/Resources/Cookie-Regular.ttf /Users/admin/builder/spi-builder-workspace/.derivedData/Build/Products/Debug-appletvos/BuyMeACoffee_BuyMeACoffee.bundle
GenerateAssetSymbols /Users/admin/builder/spi-builder-workspace/Sources/BuyMeACoffee/Resources/Assets.xcassets (in target 'BuyMeACoffee' from project 'BuyMeACoffee')
    cd /Users/admin/builder/spi-builder-workspace
    /Applications/Xcode-27.0.0-Release.Candidate.app/Contents/Developer/usr/bin/actool /Users/admin/builder/spi-builder-workspace/Sources/BuyMeACoffee/Resources/Assets.xcassets --compile /Users/admin/builder/spi-builder-workspace/.derivedData/Build/Products/Debug-appletvos --output-format human-readable-text --notices --warnings --export-dependency-info /Users/admin/builder/spi-builder-workspace/.derivedData/Build/Intermediates.noindex/BuyMeACoffee.build/Debug-appletvos/BuyMeACoffee-t.build/assetcatalog_dependencies --output-partial-info-plist /Users/admin/builder/spi-builder-workspace/.derivedData/Build/Intermediates.noindex/BuyMeACoffee.build/Debug-appletvos/BuyMeACoffee-t.build/assetcatalog_generated_info.plist --compress-pngs --enable-on-demand-resources NO --development-region en --leaderboard-identifier-prefix BuyMeACoffee.game-center.leaderboard. --leaderboard-set-identifier-prefix BuyMeACoffee.game-center.leaderboard-set. --target-device tv --minimum-deployment-target 15.0 --platform appletvos --bundle-identifier spi-builder-workspace.BuyMeACoffee --generate-swift-asset-symbol-extensions NO --generate-swift-asset-symbols /Users/admin/builder/spi-builder-workspace/.derivedData/Build/Intermediates.noindex/BuyMeACoffee.build/Debug-appletvos/BuyMeACoffee-t.build/DerivedSources/GeneratedAssetSymbols.swift --generate-objc-asset-symbols /Users/admin/builder/spi-builder-workspace/.derivedData/Build/Intermediates.noindex/BuyMeACoffee.build/Debug-appletvos/BuyMeACoffee-t.build/DerivedSources/GeneratedAssetSymbols.h --generate-asset-symbol-index /Users/admin/builder/spi-builder-workspace/.derivedData/Build/Intermediates.noindex/BuyMeACoffee.build/Debug-appletvos/BuyMeACoffee-t.build/DerivedSources/GeneratedAssetSymbols-Index.plist
/* com.apple.actool.compilation-results */
/Users/admin/builder/spi-builder-workspace/.derivedData/Build/Intermediates.noindex/BuyMeACoffee.build/Debug-appletvos/BuyMeACoffee-t.build/DerivedSources/GeneratedAssetSymbols-Index.plist
/Users/admin/builder/spi-builder-workspace/.derivedData/Build/Intermediates.noindex/BuyMeACoffee.build/Debug-appletvos/BuyMeACoffee-t.build/DerivedSources/GeneratedAssetSymbols.h
/Users/admin/builder/spi-builder-workspace/.derivedData/Build/Intermediates.noindex/BuyMeACoffee.build/Debug-appletvos/BuyMeACoffee-t.build/DerivedSources/GeneratedAssetSymbols.swift
CompileAssetCatalogVariant thinned /Users/admin/builder/spi-builder-workspace/.derivedData/Build/Products/Debug-appletvos/BuyMeACoffee_BuyMeACoffee.bundle /Users/admin/builder/spi-builder-workspace/Sources/BuyMeACoffee/Resources/Assets.xcassets (in target 'BuyMeACoffee_BuyMeACoffee' from project 'BuyMeACoffee')
    cd /Users/admin/builder/spi-builder-workspace
    /Applications/Xcode-27.0.0-Release.Candidate.app/Contents/Developer/usr/bin/actool /Users/admin/builder/spi-builder-workspace/Sources/BuyMeACoffee/Resources/Assets.xcassets --compile /Users/admin/builder/spi-builder-workspace/.derivedData/Build/Intermediates.noindex/BuyMeACoffee.build/Debug-appletvos/BuyMeACoffee_BuyMeACoffee-b.build/assetcatalog_output/thinned --output-format human-readable-text --notices --warnings --export-dependency-info /Users/admin/builder/spi-builder-workspace/.derivedData/Build/Intermediates.noindex/BuyMeACoffee.build/Debug-appletvos/BuyMeACoffee_BuyMeACoffee-b.build/assetcatalog_dependencies_thinned --output-partial-info-plist /Users/admin/builder/spi-builder-workspace/.derivedData/Build/Intermediates.noindex/BuyMeACoffee.build/Debug-appletvos/BuyMeACoffee_BuyMeACoffee-b.build/assetcatalog_generated_info.plist_thinned --compress-pngs --enable-on-demand-resources NO --development-region en --leaderboard-identifier-prefix BuyMeACoffee_BuyMeACoffee.game-center.leaderboard. --leaderboard-set-identifier-prefix BuyMeACoffee_BuyMeACoffee.game-center.leaderboard-set. --target-device tv --minimum-deployment-target 15.0 --platform appletvos
/* com.apple.actool.compilation-results */
/Users/admin/builder/spi-builder-workspace/.derivedData/Build/Intermediates.noindex/BuyMeACoffee.build/Debug-appletvos/BuyMeACoffee_BuyMeACoffee-b.build/assetcatalog_generated_info.plist_thinned
/Users/admin/builder/spi-builder-workspace/.derivedData/Build/Intermediates.noindex/BuyMeACoffee.build/Debug-appletvos/BuyMeACoffee_BuyMeACoffee-b.build/assetcatalog_output/thinned/Assets.car
SwiftDriver BuyMeACoffee normal arm64 com.apple.xcode.tools.swift.compiler (in target 'BuyMeACoffee' from project 'BuyMeACoffee')
    cd /Users/admin/builder/spi-builder-workspace/.swiftpm/xcode
    builtin-SwiftDriver -- /Applications/Xcode-27.0.0-Release.Candidate.app/Contents/Developer/Toolchains/XcodeDefault.xctoolchain/usr/bin/swiftc -parse-as-library -module-name BuyMeACoffee -Onone @/Users/admin/builder/spi-builder-workspace/.derivedData/Build/Intermediates.noindex/BuyMeACoffee.build/Debug-appletvos/BuyMeACoffee-t.build/Objects-normal/arm64/BuyMeACoffee.SwiftFileList -DSWIFT_PACKAGE -DDEBUG -DSWIFT_MODULE_RESOURCE_BUNDLE_AVAILABLE -DXcode -plugin-path /Applications/Xcode-27.0.0-Release.Candidate.app/Contents/Developer/Toolchains/XcodeDefault.xctoolchain/usr/lib/swift/host/plugins/testing -enable-experimental-feature DebugDescriptionMacro -sdk /Applications/Xcode-27.0.0-Release.Candidate.app/Contents/Developer/Platforms/AppleTVOS.platform/Developer/SDKs/AppleTVOS27.0.sdk -target arm64-apple-tvos15.0 -g -module-cache-path /Users/admin/builder/spi-builder-workspace/.derivedData/ModuleCache.noindex -Xfrontend -serialize-debugging-options -profile-coverage-mapping -profile-generate -enable-testing -index-store-path /Users/admin/builder/spi-builder-workspace/.derivedData/Index.noindex/DataStore -Xcc -D_LIBCPP_HARDENING_MODE\=_LIBCPP_HARDENING_MODE_DEBUG -swift-version 5 -I /Users/admin/builder/spi-builder-workspace/.derivedData/Build/Products/Debug-appletvos -Isystem /Applications/Xcode-27.0.0-Release.Candidate.app/Contents/Developer/Platforms/AppleTVOS.platform/Developer/usr/lib -F /Users/admin/builder/spi-builder-workspace/.derivedData/Build/Products/Debug-appletvos -F /Applications/Xcode-27.0.0-Release.Candidate.app/Contents/Developer/Platforms/AppleTVOS.platform/Developer/Library/Frameworks -F /Applications/Xcode-27.0.0-Release.Candidate.app/Contents/Developer/Platforms/AppleTVOS.platform/Developer/SDKs/AppleTVOS27.0.sdk/Developer/Library/Frameworks -c -j10 -enable-batch-mode -incremental -Xcc -ivfsstatcache -Xcc /Users/admin/builder/spi-builder-workspace/.derivedData/SDKStatCaches.noindex/appletvos27.0-24J360-e829b21a6f8c9b70876ba0858053c044b32bfd8d43560033f8d89884cdb90028.sdkstatcache -output-file-map /Users/admin/builder/spi-builder-workspace/.derivedData/Build/Intermediates.noindex/BuyMeACoffee.build/Debug-appletvos/BuyMeACoffee-t.build/Objects-normal/arm64/BuyMeACoffee-OutputFileMap.json -save-temps -no-color-diagnostics -explicit-module-build -module-cache-path /Users/admin/builder/spi-builder-workspace/.derivedData/Build/Intermediates.noindex/SwiftExplicitPrecompiledModules -clang-scanner-module-cache-path /Users/admin/builder/spi-builder-workspace/.derivedData/ModuleCache.noindex -sdk-module-cache-path /Users/admin/builder/spi-builder-workspace/.derivedData/SDKExplicitPrecompiledModules -emit-dependencies -emit-module -emit-module-path /Users/admin/builder/spi-builder-workspace/.derivedData/Build/Intermediates.noindex/BuyMeACoffee.build/Debug-appletvos/BuyMeACoffee-t.build/Objects-normal/arm64/BuyMeACoffee.swiftmodule -serialize-diagnostics -dependency-scan-serialize-diagnostics-path /Users/admin/builder/spi-builder-workspace/.derivedData/Build/Intermediates.noindex/BuyMeACoffee.build/Debug-appletvos/BuyMeACoffee-t.build/Objects-normal/arm64/BuyMeACoffee-dependency-scan.dia -validate-clang-modules-once -clang-build-session-file /Users/admin/builder/spi-builder-workspace/.derivedData/ModuleCache.noindex/Session.modulevalidation -Xcc -fmodules-prune-interval\=86400 -Xcc -fmodules-prune-after\=345600 -emit-const-values -const-gather-protocols-list /Users/admin/builder/spi-builder-workspace/.derivedData/Build/Intermediates.noindex/BuyMeACoffee.build/Debug-appletvos/BuyMeACoffee-t.build/Objects-normal/arm64/BuyMeACoffee_const_extract_protocols.json -Xcc -I/Users/admin/builder/spi-builder-workspace/.derivedData/Build/Products/Debug-appletvos/include -Xcc -I/Users/admin/builder/spi-builder-workspace/.derivedData/Build/Intermediates.noindex/BuyMeACoffee.build/Debug-appletvos/BuyMeACoffee-t.build/DerivedSources-normal/arm64 -Xcc -I/Users/admin/builder/spi-builder-workspace/.derivedData/Build/Intermediates.noindex/BuyMeACoffee.build/Debug-appletvos/BuyMeACoffee-t.build/DerivedSources/arm64 -Xcc -I/Users/admin/builder/spi-builder-workspace/.derivedData/Build/Intermediates.noindex/BuyMeACoffee.build/Debug-appletvos/BuyMeACoffee-t.build/DerivedSources -Xcc -DSWIFT_PACKAGE -Xcc -DDEBUG\=1 -emit-objc-header -emit-objc-header-path /Users/admin/builder/spi-builder-workspace/.derivedData/Build/Intermediates.noindex/BuyMeACoffee.build/Debug-appletvos/BuyMeACoffee-t.build/Objects-normal/arm64/BuyMeACoffee-Swift.h -working-directory /Users/admin/builder/spi-builder-workspace/.swiftpm/xcode -experimental-emit-module-separately -disable-cmo
/Users/admin/builder/spi-builder-workspace/Sources/BuyMeACoffee/BMCManager.swift:10:8: error: Unable to resolve module dependency: 'SafariServices' (in target 'BuyMeACoffee' from project 'BuyMeACoffee')
    note: A dependency of main module 'BuyMeACoffee'
/Users/admin/builder/spi-builder-workspace/Sources/BuyMeACoffee/BMCManager.swift:10:8: note: A dependency of main module 'BuyMeACoffee'
import SafariServices
       ^ (in target 'BuyMeACoffee' from project 'BuyMeACoffee')
LinkAssetCatalog /Users/admin/builder/spi-builder-workspace/Sources/BuyMeACoffee/Resources/Assets.xcassets (in target 'BuyMeACoffee_BuyMeACoffee' from project 'BuyMeACoffee')
    cd /Users/admin/builder/spi-builder-workspace
    builtin-linkAssetCatalog --thinned /Users/admin/builder/spi-builder-workspace/.derivedData/Build/Intermediates.noindex/BuyMeACoffee.build/Debug-appletvos/BuyMeACoffee_BuyMeACoffee-b.build/assetcatalog_output/thinned --thinned-dependencies /Users/admin/builder/spi-builder-workspace/.derivedData/Build/Intermediates.noindex/BuyMeACoffee.build/Debug-appletvos/BuyMeACoffee_BuyMeACoffee-b.build/assetcatalog_dependencies_thinned --thinned-info-plist-content /Users/admin/builder/spi-builder-workspace/.derivedData/Build/Intermediates.noindex/BuyMeACoffee.build/Debug-appletvos/BuyMeACoffee_BuyMeACoffee-b.build/assetcatalog_generated_info.plist_thinned --unthinned /Users/admin/builder/spi-builder-workspace/.derivedData/Build/Intermediates.noindex/BuyMeACoffee.build/Debug-appletvos/BuyMeACoffee_BuyMeACoffee-b.build/assetcatalog_output/unthinned --unthinned-dependencies /Users/admin/builder/spi-builder-workspace/.derivedData/Build/Intermediates.noindex/BuyMeACoffee.build/Debug-appletvos/BuyMeACoffee_BuyMeACoffee-b.build/assetcatalog_dependencies_unthinned --unthinned-info-plist-content /Users/admin/builder/spi-builder-workspace/.derivedData/Build/Intermediates.noindex/BuyMeACoffee.build/Debug-appletvos/BuyMeACoffee_BuyMeACoffee-b.build/assetcatalog_generated_info.plist_unthinned --output /Users/admin/builder/spi-builder-workspace/.derivedData/Build/Products/Debug-appletvos/BuyMeACoffee_BuyMeACoffee.bundle --plist-output /Users/admin/builder/spi-builder-workspace/.derivedData/Build/Intermediates.noindex/BuyMeACoffee.build/Debug-appletvos/BuyMeACoffee_BuyMeACoffee-b.build/assetcatalog_generated_info.plist
note: Emplaced /Users/admin/builder/spi-builder-workspace/.derivedData/Build/Products/Debug-appletvos/BuyMeACoffee_BuyMeACoffee.bundle/Assets.car (in target 'BuyMeACoffee_BuyMeACoffee' from project 'BuyMeACoffee')
ProcessInfoPlistFile /Users/admin/builder/spi-builder-workspace/.derivedData/Build/Products/Debug-appletvos/BuyMeACoffee_BuyMeACoffee.bundle/Info.plist /Users/admin/builder/spi-builder-workspace/.derivedData/Build/Intermediates.noindex/BuyMeACoffee.build/Debug-appletvos/BuyMeACoffee_BuyMeACoffee-b.build/empty-BuyMeACoffee_BuyMeACoffee.plist (in target 'BuyMeACoffee_BuyMeACoffee' from project 'BuyMeACoffee')
    cd /Users/admin/builder/spi-builder-workspace
    builtin-infoPlistUtility /Users/admin/builder/spi-builder-workspace/.derivedData/Build/Intermediates.noindex/BuyMeACoffee.build/Debug-appletvos/BuyMeACoffee_BuyMeACoffee-b.build/empty-BuyMeACoffee_BuyMeACoffee.plist -producttype com.apple.product-type.bundle -expandbuildsettings -format binary -platform appletvos -additionalcontentfile /Users/admin/builder/spi-builder-workspace/.derivedData/Build/Intermediates.noindex/BuyMeACoffee.build/Debug-appletvos/BuyMeACoffee_BuyMeACoffee-b.build/assetcatalog_generated_info.plist -o /Users/admin/builder/spi-builder-workspace/.derivedData/Build/Products/Debug-appletvos/BuyMeACoffee_BuyMeACoffee.bundle/Info.plist
RegisterExecutionPolicyException /Users/admin/builder/spi-builder-workspace/.derivedData/Build/Products/Debug-appletvos/BuyMeACoffee_BuyMeACoffee.bundle (in target 'BuyMeACoffee_BuyMeACoffee' from project 'BuyMeACoffee')
    cd /Users/admin/builder/spi-builder-workspace
    builtin-RegisterExecutionPolicyException /Users/admin/builder/spi-builder-workspace/.derivedData/Build/Products/Debug-appletvos/BuyMeACoffee_BuyMeACoffee.bundle
Touch /Users/admin/builder/spi-builder-workspace/.derivedData/Build/Products/Debug-appletvos/BuyMeACoffee_BuyMeACoffee.bundle (in target 'BuyMeACoffee_BuyMeACoffee' from project 'BuyMeACoffee')
    cd /Users/admin/builder/spi-builder-workspace
    /usr/bin/touch -c /Users/admin/builder/spi-builder-workspace/.derivedData/Build/Products/Debug-appletvos/BuyMeACoffee_BuyMeACoffee.bundle
PruneExplicitPrecompiledModules /Users/admin/builder/spi-builder-workspace/.derivedData/Build/Intermediates.noindex/ExplicitPrecompiledModules
PruneExplicitPrecompiledModules /Users/admin/builder/spi-builder-workspace/.derivedData/Build/Intermediates.noindex/SwiftExplicitPrecompiledModules
PruneExplicitPrecompiledModules /Users/admin/builder/spi-builder-workspace/.derivedData/SDKExplicitPrecompiledModules
2026-09-20 09:53:30.932 xcodebuild[661:4021] [MT] IDERunDestination: Supported platforms for the buildables in the current scheme is empty.
2026-09-20 09:53:31.080 xcodebuild[661:4021] [MT] IDERunDestination: Supported platforms for the buildables in the current scheme is empty.
** BUILD FAILED **
The following build commands failed:
	SwiftDriver BuyMeACoffee normal arm64 com.apple.xcode.tools.swift.compiler (in target 'BuyMeACoffee' from project 'BuyMeACoffee')
	Building workspace BuyMeACoffee with scheme BuyMeACoffee-Package
(2 failures)
Command line invocation:
    /Applications/Xcode-27.0.0-Release.Candidate.app/Contents/Developer/usr/bin/xcodebuild -IDEClonedSourcePackagesDirPathOverride=/Users/admin/builder/spi-builder-workspace/.dependencies -resolvePackageDependencies
Resolve Package Graph
Resolved source packages:
  BuyMeACoffee: /Users/admin/builder/spi-builder-workspace
resolved source packages: BuyMeACoffee
2026-09-20 09:53:37.105 xcodebuild[724:4559] [MT] IDERunDestination: Supported platforms for the buildables in the current scheme is empty.
2026-09-20 09:53:37.251 xcodebuild[724:4559] [MT] IDERunDestination: Supported platforms for the buildables in the current scheme is empty.
{
  "dependencies" : [
  ],
  "manifest_display_name" : "BuyMeACoffee",
  "name" : "BuyMeACoffee",
  "path" : "/Users/admin/builder/spi-builder-workspace",
  "platforms" : [
    {
      "name" : "ios",
      "version" : "11.0"
    }
  ],
  "products" : [
    {
      "name" : "BuyMeACoffee",
      "targets" : [
        "BuyMeACoffee"
      ],
      "type" : {
        "library" : [
          "automatic"
        ]
      }
    },
    {
      "name" : "BuyMeACoffeeDynamic",
      "targets" : [
        "BuyMeACoffee"
      ],
      "type" : {
        "library" : [
          "dynamic"
        ]
      }
    }
  ],
  "targets" : [
    {
      "c99name" : "BuyMeACoffeeTests",
      "module_type" : "SwiftTarget",
      "name" : "BuyMeACoffeeTests",
      "path" : "Tests/BuyMeACoffeeTests",
      "sources" : [
        "BuyMeACoffeeTests.swift",
        "XCTestManifests.swift"
      ],
      "target_dependencies" : [
        "BuyMeACoffee"
      ],
      "type" : "test"
    },
    {
      "c99name" : "BuyMeACoffee",
      "module_type" : "SwiftTarget",
      "name" : "BuyMeACoffee",
      "path" : "Sources/BuyMeACoffee",
      "product_memberships" : [
        "BuyMeACoffee",
        "BuyMeACoffeeDynamic"
      ],
      "resources" : [
        {
          "path" : "/Users/admin/builder/spi-builder-workspace/Sources/BuyMeACoffee/Resources/Assets.xcassets",
          "rule" : {
            "process" : {
            }
          }
        },
        {
          "path" : "/Users/admin/builder/spi-builder-workspace/Sources/BuyMeACoffee/Resources/Cookie-Regular.ttf",
          "rule" : {
            "process" : {
            }
          }
        },
        {
          "path" : "/Users/admin/builder/spi-builder-workspace/Sources/BuyMeACoffee/Resources/Lato-Regular.ttf",
          "rule" : {
            "process" : {
            }
          }
        }
      ],
      "sources" : [
        "BMCButton.swift",
        "BMCColor.swift",
        "BMCFont.swift",
        "BMCManager.swift"
      ],
      "type" : "library"
    }
  ],
  "tools_version" : "5.3"
}
{
  "workspace" : {
    "name" : "BuyMeACoffee",
    "schemes" : [
      "BuyMeACoffee",
      "BuyMeACoffee-Package",
      "BuyMeACoffeeDynamic"
    ]
  }
}
2026-09-20 09:53:38.432 xcodebuild[732:4621] [MT] IDERunDestination: Supported platforms for the buildables in the current scheme is empty.
2026-09-20 09:53:38.579 xcodebuild[732:4621] [MT] IDERunDestination: Supported platforms for the buildables in the current scheme is empty.
Running build ...
env DEVELOPER_DIR=/Applications/Xcode-27.0.0-Release.Candidate.app xcrun xcodebuild -IDEClonedSourcePackagesDirPathOverride=$PWD/.dependencies -skipMacroValidation -skipPackagePluginValidation -derivedDataPath $PWD/.derivedData build -scheme BuyMeACoffee-Package -destination generic/platform=tvOS
Command line invocation:
    /Applications/Xcode-27.0.0-Release.Candidate.app/Contents/Developer/usr/bin/xcodebuild -IDEClonedSourcePackagesDirPathOverride=/Users/admin/builder/spi-builder-workspace/.dependencies -skipMacroValidation -skipPackagePluginValidation -derivedDataPath /Users/admin/builder/spi-builder-workspace/.derivedData build -scheme BuyMeACoffee-Package -destination generic/platform=tvOS
Resolve Package Graph
Resolved source packages:
  BuyMeACoffee: /Users/admin/builder/spi-builder-workspace
ComputePackagePrebuildTargetDependencyGraph
Prepare packages
CreateBuildRequest
SendProjectDescription
CreateBuildOperation
ComputeTargetDependencyGraph
note: Building targets in dependency order
note: Target dependency graph (4 targets)
    Target 'BuyMeACoffeeDynamic-product' in project 'BuyMeACoffee'
        ➜ Explicit dependency on target 'BuyMeACoffee' in project 'BuyMeACoffee'
        ➜ Explicit dependency on target 'BuyMeACoffee_BuyMeACoffee' in project 'BuyMeACoffee'
    Target 'BuyMeACoffee-product' in project 'BuyMeACoffee'
        ➜ Explicit dependency on target 'BuyMeACoffee' in project 'BuyMeACoffee'
        ➜ Explicit dependency on target 'BuyMeACoffee_BuyMeACoffee' in project 'BuyMeACoffee'
    Target 'BuyMeACoffee' in project 'BuyMeACoffee'
        ➜ Explicit dependency on target 'BuyMeACoffee_BuyMeACoffee' in project 'BuyMeACoffee'
    Target 'BuyMeACoffee_BuyMeACoffee' in project 'BuyMeACoffee' (no dependencies)
GatherProvisioningInputs
CreateBuildDescription
ClangStatCache /Applications/Xcode-27.0.0-Release.Candidate.app/Contents/Developer/Toolchains/XcodeDefault.xctoolchain/usr/bin/clang-stat-cache /Applications/Xcode-27.0.0-Release.Candidate.app/Contents/Developer/Platforms/AppleTVOS.platform/Developer/SDKs/AppleTVOS27.0.sdk /Users/admin/builder/spi-builder-workspace/.derivedData/SDKStatCaches.noindex/appletvos27.0-24J360-e829b21a6f8c9b70876ba0858053c044b32bfd8d43560033f8d89884cdb90028.sdkstatcache
    cd /Users/admin/builder/spi-builder-workspace/.swiftpm/xcode
    /Applications/Xcode-27.0.0-Release.Candidate.app/Contents/Developer/Toolchains/XcodeDefault.xctoolchain/usr/bin/clang-stat-cache /Applications/Xcode-27.0.0-Release.Candidate.app/Contents/Developer/Platforms/AppleTVOS.platform/Developer/SDKs/AppleTVOS27.0.sdk -o /Users/admin/builder/spi-builder-workspace/.derivedData/SDKStatCaches.noindex/appletvos27.0-24J360-e829b21a6f8c9b70876ba0858053c044b32bfd8d43560033f8d89884cdb90028.sdkstatcache
SwiftDriver BuyMeACoffee normal arm64 com.apple.xcode.tools.swift.compiler (in target 'BuyMeACoffee' from project 'BuyMeACoffee')
    cd /Users/admin/builder/spi-builder-workspace/.swiftpm/xcode
    builtin-SwiftDriver -- /Applications/Xcode-27.0.0-Release.Candidate.app/Contents/Developer/Toolchains/XcodeDefault.xctoolchain/usr/bin/swiftc -parse-as-library -module-name BuyMeACoffee -Onone @/Users/admin/builder/spi-builder-workspace/.derivedData/Build/Intermediates.noindex/BuyMeACoffee.build/Debug-appletvos/BuyMeACoffee-t.build/Objects-normal/arm64/BuyMeACoffee.SwiftFileList -DSWIFT_PACKAGE -DDEBUG -DSWIFT_MODULE_RESOURCE_BUNDLE_AVAILABLE -DXcode -plugin-path /Applications/Xcode-27.0.0-Release.Candidate.app/Contents/Developer/Toolchains/XcodeDefault.xctoolchain/usr/lib/swift/host/plugins/testing -enable-experimental-feature DebugDescriptionMacro -sdk /Applications/Xcode-27.0.0-Release.Candidate.app/Contents/Developer/Platforms/AppleTVOS.platform/Developer/SDKs/AppleTVOS27.0.sdk -target arm64-apple-tvos15.0 -g -module-cache-path /Users/admin/builder/spi-builder-workspace/.derivedData/ModuleCache.noindex -Xfrontend -serialize-debugging-options -profile-coverage-mapping -profile-generate -enable-testing -index-store-path /Users/admin/builder/spi-builder-workspace/.derivedData/Index.noindex/DataStore -Xcc -D_LIBCPP_HARDENING_MODE\=_LIBCPP_HARDENING_MODE_DEBUG -swift-version 5 -I /Users/admin/builder/spi-builder-workspace/.derivedData/Build/Products/Debug-appletvos -Isystem /Applications/Xcode-27.0.0-Release.Candidate.app/Contents/Developer/Platforms/AppleTVOS.platform/Developer/usr/lib -F /Users/admin/builder/spi-builder-workspace/.derivedData/Build/Products/Debug-appletvos -F /Applications/Xcode-27.0.0-Release.Candidate.app/Contents/Developer/Platforms/AppleTVOS.platform/Developer/Library/Frameworks -F /Applications/Xcode-27.0.0-Release.Candidate.app/Contents/Developer/Platforms/AppleTVOS.platform/Developer/SDKs/AppleTVOS27.0.sdk/Developer/Library/Frameworks -c -j10 -enable-batch-mode -incremental -Xcc -ivfsstatcache -Xcc /Users/admin/builder/spi-builder-workspace/.derivedData/SDKStatCaches.noindex/appletvos27.0-24J360-e829b21a6f8c9b70876ba0858053c044b32bfd8d43560033f8d89884cdb90028.sdkstatcache -output-file-map /Users/admin/builder/spi-builder-workspace/.derivedData/Build/Intermediates.noindex/BuyMeACoffee.build/Debug-appletvos/BuyMeACoffee-t.build/Objects-normal/arm64/BuyMeACoffee-OutputFileMap.json -save-temps -no-color-diagnostics -explicit-module-build -module-cache-path /Users/admin/builder/spi-builder-workspace/.derivedData/Build/Intermediates.noindex/SwiftExplicitPrecompiledModules -clang-scanner-module-cache-path /Users/admin/builder/spi-builder-workspace/.derivedData/ModuleCache.noindex -sdk-module-cache-path /Users/admin/builder/spi-builder-workspace/.derivedData/SDKExplicitPrecompiledModules -emit-dependencies -emit-module -emit-module-path /Users/admin/builder/spi-builder-workspace/.derivedData/Build/Intermediates.noindex/BuyMeACoffee.build/Debug-appletvos/BuyMeACoffee-t.build/Objects-normal/arm64/BuyMeACoffee.swiftmodule -serialize-diagnostics -dependency-scan-serialize-diagnostics-path /Users/admin/builder/spi-builder-workspace/.derivedData/Build/Intermediates.noindex/BuyMeACoffee.build/Debug-appletvos/BuyMeACoffee-t.build/Objects-normal/arm64/BuyMeACoffee-dependency-scan.dia -validate-clang-modules-once -clang-build-session-file /Users/admin/builder/spi-builder-workspace/.derivedData/ModuleCache.noindex/Session.modulevalidation -Xcc -fmodules-prune-interval\=86400 -Xcc -fmodules-prune-after\=345600 -emit-const-values -const-gather-protocols-list /Users/admin/builder/spi-builder-workspace/.derivedData/Build/Intermediates.noindex/BuyMeACoffee.build/Debug-appletvos/BuyMeACoffee-t.build/Objects-normal/arm64/BuyMeACoffee_const_extract_protocols.json -Xcc -I/Users/admin/builder/spi-builder-workspace/.derivedData/Build/Products/Debug-appletvos/include -Xcc -I/Users/admin/builder/spi-builder-workspace/.derivedData/Build/Intermediates.noindex/BuyMeACoffee.build/Debug-appletvos/BuyMeACoffee-t.build/DerivedSources-normal/arm64 -Xcc -I/Users/admin/builder/spi-builder-workspace/.derivedData/Build/Intermediates.noindex/BuyMeACoffee.build/Debug-appletvos/BuyMeACoffee-t.build/DerivedSources/arm64 -Xcc -I/Users/admin/builder/spi-builder-workspace/.derivedData/Build/Intermediates.noindex/BuyMeACoffee.build/Debug-appletvos/BuyMeACoffee-t.build/DerivedSources -Xcc -DSWIFT_PACKAGE -Xcc -DDEBUG\=1 -emit-objc-header -emit-objc-header-path /Users/admin/builder/spi-builder-workspace/.derivedData/Build/Intermediates.noindex/BuyMeACoffee.build/Debug-appletvos/BuyMeACoffee-t.build/Objects-normal/arm64/BuyMeACoffee-Swift.h -working-directory /Users/admin/builder/spi-builder-workspace/.swiftpm/xcode -experimental-emit-module-separately -disable-cmo
/Users/admin/builder/spi-builder-workspace/Sources/BuyMeACoffee/BMCManager.swift:10:8: error: Unable to resolve module dependency: 'SafariServices' (in target 'BuyMeACoffee' from project 'BuyMeACoffee')
    note: A dependency of main module 'BuyMeACoffee'
/Users/admin/builder/spi-builder-workspace/Sources/BuyMeACoffee/BMCManager.swift:10:8: note: A dependency of main module 'BuyMeACoffee'
import SafariServices
       ^ (in target 'BuyMeACoffee' from project 'BuyMeACoffee')
PruneExplicitPrecompiledModules /Users/admin/builder/spi-builder-workspace/.derivedData/SDKExplicitPrecompiledModules
PruneExplicitPrecompiledModules /Users/admin/builder/spi-builder-workspace/.derivedData/Build/Intermediates.noindex/ExplicitPrecompiledModules
PruneExplicitPrecompiledModules /Users/admin/builder/spi-builder-workspace/.derivedData/Build/Intermediates.noindex/SwiftExplicitPrecompiledModules
2026-09-20 09:53:39.479 xcodebuild[733:4648] [MT] IDERunDestination: Supported platforms for the buildables in the current scheme is empty.
2026-09-20 09:53:39.624 xcodebuild[733:4648] [MT] IDERunDestination: Supported platforms for the buildables in the current scheme is empty.
** BUILD FAILED **
The following build commands failed:
	SwiftDriver BuyMeACoffee normal arm64 com.apple.xcode.tools.swift.compiler (in target 'BuyMeACoffee' from project 'BuyMeACoffee')
	Building workspace BuyMeACoffee with scheme BuyMeACoffee-Package
(2 failures)
BUILD FAILURE 6.4 tvOS