Build Information
Failed to build XcodeProj, reference 9.6.0 (a0cbb0), with Swift 6.1 for Wasm on 3 Sep 2026 19:47:35 UTC.
Build Command
bash -c docker run --pull=always --rm -v "checkouts-54344847-1":/host -w "$PWD" -e JAVA_HOME="/root/.sdkman/candidates/java/current" -e SPI_BUILD="1" -e SPI_PROCESSING="1" registry.gitlab.com/saguaro1/spi-images:wasm-6.1-latest swift build --swift-sdk wasm32-unknown-wasi 2>&1Build Log
========================================
RunAll
========================================
Builder version: 5.0.2
Interrupt handler set up.
========================================
Checkout
========================================
Clone URL: https://github.com/wojciech-kulik/XcodeProj.git
Reference: 9.6.0
Initialized empty Git repository in /host/spi-builder-workspace/.git/
hint: Using 'master' as the name for the initial branch. This default branch name
hint: is subject to change. To configure the initial branch name to use in all
hint: of your new repositories, which will suppress this warning, call:
hint:
hint: git config --global init.defaultBranch <name>
hint:
hint: Names commonly chosen instead of 'master' are 'main', 'trunk' and
hint: 'development'. The just-created branch can be renamed via this command:
hint:
hint: git branch -m <name>
From https://github.com/wojciech-kulik/XcodeProj
* tag 9.6.0 -> FETCH_HEAD
HEAD is now at a0cbb01 [Release] XcodeProj 9.6.0
Cloned https://github.com/wojciech-kulik/XcodeProj.git
Revision (git rev-parse @):
a0cbb0174e71dba41c1bb572e8cd1fb6138daa03
SPI manifest file found: $PWD/.spi.yml
SUCCESS checkout https://github.com/wojciech-kulik/XcodeProj.git at 9.6.0
========================================
Build
========================================
Selected platform: wasm
Swift version: 6.1
Building package at path: $PWD
https://github.com/wojciech-kulik/XcodeProj.git
https://github.com/wojciech-kulik/XcodeProj.git
WARNING: environment variable SUPPRESS_SWIFT_6_FLAGS is not set
Running build ...
bash -c docker run --pull=always --rm -v "checkouts-54344847-1":/host -w "$PWD" -e JAVA_HOME="/root/.sdkman/candidates/java/current" -e SPI_BUILD="1" -e SPI_PROCESSING="1" registry.gitlab.com/saguaro1/spi-images:wasm-6.1-latest swift build --swift-sdk wasm32-unknown-wasi -Xswiftc -Xfrontend -Xswiftc -stats-output-dir -Xswiftc -Xfrontend -Xswiftc .stats -Xswiftc -strict-concurrency=complete -Xswiftc -enable-upcoming-feature -Xswiftc StrictConcurrency -Xswiftc -enable-upcoming-feature -Xswiftc DisableOutwardActorInference -Xswiftc -enable-upcoming-feature -Xswiftc GlobalActorIsolatedTypesUsability -Xswiftc -enable-upcoming-feature -Xswiftc InferSendableFromCaptures 2>&1
wasm-6.1-latest: Pulling from saguaro1/spi-images
Digest: sha256:290f441d1f5b7bf0dbbe61e8b7514208804cdcb507d57b3c762463ad036298f7
Status: Image is up to date for registry.gitlab.com/saguaro1/spi-images:wasm-6.1-latest
Fetching https://github.com/tadija/AEXML.git
Fetching https://github.com/kylef/PathKit.git
[1/2159] Fetching aexml
[2160/3619] Fetching aexml, pathkit
Fetched https://github.com/tadija/AEXML.git from cache (0.54s)
Fetched https://github.com/kylef/PathKit.git from cache (0.54s)
Computing version for https://github.com/kylef/PathKit.git
Computed https://github.com/kylef/PathKit.git at 1.0.1 (1.49s)
Fetching https://github.com/kylef/Spectre.git
[1/1021] Fetching spectre
Fetched https://github.com/kylef/Spectre.git from cache (0.99s)
Computing version for https://github.com/tadija/AEXML.git
Computed https://github.com/tadija/AEXML.git at 4.7.0 (1.31s)
Computing version for https://github.com/kylef/Spectre.git
Computed https://github.com/kylef/Spectre.git at 0.10.1 (1.02s)
Creating working copy for https://github.com/tadija/AEXML.git
Working copy of https://github.com/tadija/AEXML.git resolved at 4.7.0
Creating working copy for https://github.com/kylef/PathKit.git
Working copy of https://github.com/kylef/PathKit.git resolved at 1.0.1
Creating working copy for https://github.com/kylef/Spectre.git
Working copy of https://github.com/kylef/Spectre.git resolved at 0.10.1
Building for debugging...
[0/4] Write sources
[3/4] Write swift-version-24593BA9C3E375BF.txt
[5/13] Emitting module AEXML
[6/13] Compiling AEXML Element.swift
[7/13] Compiling AEXML Parser.swift
[8/13] Compiling AEXML Error.swift
[9/13] Compiling AEXML Options.swift
error: emit-module command failed with exit code 1 (use -v to see invocation)
[10/13] Emitting module PathKit
/host/spi-builder-workspace/.build/checkouts/PathKit/Sources/PathKit.swift:8:8: error: no such module 'Darwin'
6 | let system_glob = Glibc.glob
7 | #else
8 | import Darwin
| `- error: no such module 'Darwin'
9 |
10 | let system_glob = Darwin.glob
[11/13] Compiling PathKit PathKit.swift
/host/spi-builder-workspace/.build/checkouts/PathKit/Sources/PathKit.swift:8:8: error: no such module 'Darwin'
6 | let system_glob = Glibc.glob
7 | #else
8 | import Darwin
| `- error: no such module 'Darwin'
9 |
10 | let system_glob = Darwin.glob
Running build ...
bash -c docker run --pull=always --rm -v "checkouts-54344847-1":/host -w "$PWD" -e JAVA_HOME="/root/.sdkman/candidates/java/current" -e SPI_BUILD="1" -e SPI_PROCESSING="1" registry.gitlab.com/saguaro1/spi-images:wasm-6.1-latest swift build --swift-sdk wasm32-unknown-wasi 2>&1
wasm-6.1-latest: Pulling from saguaro1/spi-images
Digest: sha256:290f441d1f5b7bf0dbbe61e8b7514208804cdcb507d57b3c762463ad036298f7
Status: Image is up to date for registry.gitlab.com/saguaro1/spi-images:wasm-6.1-latest
[0/1] Planning build
Building for debugging...
[0/1] Write swift-version-24593BA9C3E375BF.txt
[2/10] Compiling AEXML Error.swift
[3/10] Compiling AEXML Parser.swift
[4/10] Compiling AEXML Options.swift
error: emit-module command failed with exit code 1 (use -v to see invocation)
[5/10] Emitting module PathKit
/host/spi-builder-workspace/.build/checkouts/PathKit/Sources/PathKit.swift:8:8: error: no such module 'Darwin'
6 | let system_glob = Glibc.glob
7 | #else
8 | import Darwin
| `- error: no such module 'Darwin'
9 |
10 | let system_glob = Darwin.glob
[6/10] Compiling PathKit PathKit.swift
/host/spi-builder-workspace/.build/checkouts/PathKit/Sources/PathKit.swift:8:8: error: no such module 'Darwin'
6 | let system_glob = Glibc.glob
7 | #else
8 | import Darwin
| `- error: no such module 'Darwin'
9 |
10 | let system_glob = Darwin.glob
[7/10] Compiling AEXML Builders.swift
[8/10] Compiling AEXML Document.swift
[9/10] Emitting module AEXML
BUILD FAILURE 6.1 wasm