Build Information
Failed to build LucideIcons, reference 1.61.0 (01c5ba), with Swift 6.1 for watchOS using Xcode 16.3 on 22 Oct 2026 13:46:47 UTC.
Build Command
env DEVELOPER_DIR=/Applications/Xcode-16.3.0.app xcrun xcodebuild -IDEClonedSourcePackagesDirPathOverride=$PWD/.dependencies -skipMacroValidation -skipPackagePluginValidation -derivedDataPath $PWD/.derivedData build -scheme LucideIcons -destination generic/platform=watchOSBuild Log
^ ~~~~~~~~~~~~~~
with
/Users/admin/builder/spi-builder-workspace/Sources/LucideIcons/Lucide+iOS.swift:1633:53: error: incorrect argument label in call (have 'named:in:compatibleWith:', expected 'named:in:with:')
public static let `stepForward`: UIImage = UIImage(named: "step-forward", in: Bundle.module, compatibleWith: nil)!
^ ~~~~~~~~~~~~~~
with
/Users/admin/builder/spi-builder-workspace/Sources/LucideIcons/Lucide+iOS.swift:1634:53: error: incorrect argument label in call (have 'named:in:compatibleWith:', expected 'named:in:with:')
public static let `stethoscope`: UIImage = UIImage(named: "stethoscope", in: Bundle.module, compatibleWith: nil)!
^ ~~~~~~~~~~~~~~
with
/Users/admin/builder/spi-builder-workspace/Sources/LucideIcons/Lucide+iOS.swift:1635:49: error: incorrect argument label in call (have 'named:in:compatibleWith:', expected 'named:in:with:')
public static let `sticker`: UIImage = UIImage(named: "sticker", in: Bundle.module, compatibleWith: nil)!
^ ~~~~~~~~~~~~~~
with
/Users/admin/builder/spi-builder-workspace/Sources/LucideIcons/Lucide+iOS.swift:1636:57: error: incorrect argument label in call (have 'named:in:compatibleWith:', expected 'named:in:with:')
public static let `stickyNoteCheck`: UIImage = UIImage(named: "sticky-note-check", in: Bundle.module, compatibleWith: nil)!
^ ~~~~~~~~~~~~~~
with
/Users/admin/builder/spi-builder-workspace/Sources/LucideIcons/Lucide+iOS.swift:1637:57: error: incorrect argument label in call (have 'named:in:compatibleWith:', expected 'named:in:with:')
public static let `stickyNoteMinus`: UIImage = UIImage(named: "sticky-note-minus", in: Bundle.module, compatibleWith: nil)!
^ ~~~~~~~~~~~~~~
with
/Users/admin/builder/spi-builder-workspace/Sources/LucideIcons/Lucide+iOS.swift:1638:55: error: incorrect argument label in call (have 'named:in:compatibleWith:', expected 'named:in:with:')
public static let `stickyNoteOff`: UIImage = UIImage(named: "sticky-note-off", in: Bundle.module, compatibleWith: nil)!
^ ~~~~~~~~~~~~~~
with
/Users/admin/builder/spi-builder-workspace/Sources/LucideIcons/Lucide+iOS.swift:1639:56: error: incorrect argument label in call (have 'named:in:compatibleWith:', expected 'named:in:with:')
public static let `stickyNotePlus`: UIImage = UIImage(named: "sticky-note-plus", in: Bundle.module, compatibleWith: nil)!
^ ~~~~~~~~~~~~~~
with
/Users/admin/builder/spi-builder-workspace/Sources/LucideIcons/Lucide+iOS.swift:1640:53: error: incorrect argument label in call (have 'named:in:compatibleWith:', expected 'named:in:with:')
public static let `stickyNoteX`: UIImage = UIImage(named: "sticky-note-x", in: Bundle.module, compatibleWith: nil)!
^ ~~~~~~~~~~~~~~
with
/Users/admin/builder/spi-builder-workspace/Sources/LucideIcons/Lucide+iOS.swift:1641:52: error: incorrect argument label in call (have 'named:in:compatibleWith:', expected 'named:in:with:')
public static let `stickyNote`: UIImage = UIImage(named: "sticky-note", in: Bundle.module, compatibleWith: nil)!
^ ~~~~~~~~~~~~~~
with
/Users/admin/builder/spi-builder-workspace/Sources/LucideIcons/Lucide+iOS.swift:1642:53: error: incorrect argument label in call (have 'named:in:compatibleWith:', expected 'named:in:with:')
public static let `stickyNotes`: UIImage = UIImage(named: "sticky-notes", in: Bundle.module, compatibleWith: nil)!
^ ~~~~~~~~~~~~~~
with
/Users/admin/builder/spi-builder-workspace/Sources/LucideIcons/Lucide+iOS.swift:1643:47: error: incorrect argument label in call (have 'named:in:compatibleWith:', expected 'named:in:with:')
public static let `stone`: UIImage = UIImage(named: "stone", in: Bundle.module, compatibleWith: nil)!
^ ~~~~~~~~~~~~~~
with
/Users/admin/builder/spi-builder-workspace/Sources/LucideIcons/Lucide+iOS.swift:1644:47: error: incorrect argument label in call (have 'named:in:compatibleWith:', expected 'named:in:with:')
public static let `store`: UIImage = UIImage(named: "store", in: Bundle.module, compatibleWith: nil)!
^ ~~~~~~~~~~~~~~
with
/Users/admin/builder/spi-builder-workspace/Sources/LucideIcons/Lucide+iOS.swift:1645:59: error: incorrect argument label in call (have 'named:in:compatibleWith:', expected 'named:in:with:')
public static let `stretchHorizontal`: UIImage = UIImage(named: "stretch-horizontal", in: Bundle.module, compatibleWith: nil)!
^ ~~~~~~~~~~~~~~
with
/Users/admin/builder/spi-builder-workspace/Sources/LucideIcons/Lucide+iOS.swift:1646:57: error: incorrect argument label in call (have 'named:in:compatibleWith:', expected 'named:in:with:')
public static let `stretchVertical`: UIImage = UIImage(named: "stretch-vertical", in: Bundle.module, compatibleWith: nil)!
^ ~~~~~~~~~~~~~~
with
/Users/admin/builder/spi-builder-workspace/Sources/LucideIcons/Lucide+iOS.swift:1647:55: error: incorrect argument label in call (have 'named:in:compatibleWith:', expected 'named:in:with:')
public static let `strikethrough`: UIImage = UIImage(named: "strikethrough", in: Bundle.module, compatibleWith: nil)!
^ ~~~~~~~~~~~~~~
with
/Users/admin/builder/spi-builder-workspace/Sources/LucideIcons/Lucide+iOS.swift:1648:51: error: incorrect argument label in call (have 'named:in:compatibleWith:', expected 'named:in:with:')
public static let `subscript`: UIImage = UIImage(named: "subscript", in: Bundle.module, compatibleWith: nil)!
^ ~~~~~~~~~~~~~~
with
/Users/admin/builder/spi-builder-workspace/Sources/LucideIcons/Lucide+iOS.swift:1649:49: error: incorrect argument label in call (have 'named:in:compatibleWith:', expected 'named:in:with:')
public static let `summary`: UIImage = UIImage(named: "summary", in: Bundle.module, compatibleWith: nil)!
^ ~~~~~~~~~~~~~~
with
/Users/admin/builder/spi-builder-workspace/Sources/LucideIcons/Lucide+iOS.swift:1650:48: error: incorrect argument label in call (have 'named:in:compatibleWith:', expected 'named:in:with:')
public static let `sunDim`: UIImage = UIImage(named: "sun-dim", in: Bundle.module, compatibleWith: nil)!
^ ~~~~~~~~~~~~~~
with
/Users/admin/builder/spi-builder-workspace/Sources/LucideIcons/Lucide+iOS.swift:1651:51: error: incorrect argument label in call (have 'named:in:compatibleWith:', expected 'named:in:with:')
public static let `sunMedium`: UIImage = UIImage(named: "sun-medium", in: Bundle.module, compatibleWith: nil)!
^ ~~~~~~~~~~~~~~
with
/Users/admin/builder/spi-builder-workspace/Sources/LucideIcons/Lucide+iOS.swift:1652:49: error: incorrect argument label in call (have 'named:in:compatibleWith:', expected 'named:in:with:')
public static let `sunMoon`: UIImage = UIImage(named: "sun-moon", in: Bundle.module, compatibleWith: nil)!
^ ~~~~~~~~~~~~~~
with
/Users/admin/builder/spi-builder-workspace/Sources/LucideIcons/Lucide+iOS.swift:1653:49: error: incorrect argument label in call (have 'named:in:compatibleWith:', expected 'named:in:with:')
public static let `sunSnow`: UIImage = UIImage(named: "sun-snow", in: Bundle.module, compatibleWith: nil)!
^ ~~~~~~~~~~~~~~
with
/Users/admin/builder/spi-builder-workspace/Sources/LucideIcons/Lucide+iOS.swift:1654:45: error: incorrect argument label in call (have 'named:in:compatibleWith:', expected 'named:in:with:')
public static let `sun`: UIImage = UIImage(named: "sun", in: Bundle.module, compatibleWith: nil)!
^ ~~~~~~~~~~~~~~
with
/Users/admin/builder/spi-builder-workspace/Sources/LucideIcons/Lucide+iOS.swift:1655:49: error: incorrect argument label in call (have 'named:in:compatibleWith:', expected 'named:in:with:')
public static let `sunrise`: UIImage = UIImage(named: "sunrise", in: Bundle.module, compatibleWith: nil)!
^ ~~~~~~~~~~~~~~
with
/Users/admin/builder/spi-builder-workspace/Sources/LucideIcons/Lucide+iOS.swift:1656:48: error: incorrect argument label in call (have 'named:in:compatibleWith:', expected 'named:in:with:')
public static let `sunset`: UIImage = UIImage(named: "sunset", in: Bundle.module, compatibleWith: nil)!
^ ~~~~~~~~~~~~~~
with
/Users/admin/builder/spi-builder-workspace/Sources/LucideIcons/Lucide+iOS.swift:1657:53: error: incorrect argument label in call (have 'named:in:compatibleWith:', expected 'named:in:with:')
public static let `superscript`: UIImage = UIImage(named: "superscript", in: Bundle.module, compatibleWith: nil)!
^ ~~~~~~~~~~~~~~
with
/Users/admin/builder/spi-builder-workspace/Sources/LucideIcons/Lucide+iOS.swift:1658:52: error: incorrect argument label in call (have 'named:in:compatibleWith:', expected 'named:in:with:')
public static let `swatchBook`: UIImage = UIImage(named: "swatch-book", in: Bundle.module, compatibleWith: nil)!
^ ~~~~~~~~~~~~~~
with
/Users/admin/builder/spi-builder-workspace/Sources/LucideIcons/Lucide+iOS.swift:1659:52: error: incorrect argument label in call (have 'named:in:compatibleWith:', expected 'named:in:with:')
public static let `swissFranc`: UIImage = UIImage(named: "swiss-franc", in: Bundle.module, compatibleWith: nil)!
^ ~~~~~~~~~~~~~~
with
/Users/admin/builder/spi-builder-workspace/Sources/LucideIcons/Lucide+iOS.swift:1660:54: error: incorrect argument label in call (have 'named:in:compatibleWith:', expected 'named:in:with:')
public static let `switchCamera`: UIImage = UIImage(named: "switch-camera", in: Bundle.module, compatibleWith: nil)!
^ ~~~~~~~~~~~~~~
with
/Users/admin/builder/spi-builder-workspace/Sources/LucideIcons/Lucide+iOS.swift:1661:47: error: incorrect argument label in call (have 'named:in:compatibleWith:', expected 'named:in:with:')
public static let `sword`: UIImage = UIImage(named: "sword", in: Bundle.module, compatibleWith: nil)!
^ ~~~~~~~~~~~~~~
with
/Users/admin/builder/spi-builder-workspace/Sources/LucideIcons/Lucide+iOS.swift:1662:48: error: incorrect argument label in call (have 'named:in:compatibleWith:', expected 'named:in:with:')
public static let `swords`: UIImage = UIImage(named: "swords", in: Bundle.module, compatibleWith: nil)!
^ ~~~~~~~~~~~~~~
with
/Users/admin/builder/spi-builder-workspace/Sources/LucideIcons/Lucide+iOS.swift:1663:49: error: incorrect argument label in call (have 'named:in:compatibleWith:', expected 'named:in:with:')
public static let `syringe`: UIImage = UIImage(named: "syringe", in: Bundle.module, compatibleWith: nil)!
^ ~~~~~~~~~~~~~~
with
/Users/admin/builder/spi-builder-workspace/Sources/LucideIcons/Lucide+iOS.swift:1664:48: error: incorrect argument label in call (have 'named:in:compatibleWith:', expected 'named:in:with:')
public static let `table2`: UIImage = UIImage(named: "table-2", in: Bundle.module, compatibleWith: nil)!
^ ~~~~~~~~~~~~~~
with
/Users/admin/builder/spi-builder-workspace/Sources/LucideIcons/Lucide+iOS.swift:1665:57: error: incorrect argument label in call (have 'named:in:compatibleWith:', expected 'named:in:with:')
public static let `tableCellsMerge`: UIImage = UIImage(named: "table-cells-merge", in: Bundle.module, compatibleWith: nil)!
^ ~~~~~~~~~~~~~~
with
/Users/admin/builder/spi-builder-workspace/Sources/LucideIcons/Lucide+iOS.swift:1666:57: error: incorrect argument label in call (have 'named:in:compatibleWith:', expected 'named:in:with:')
public static let `tableCellsSplit`: UIImage = UIImage(named: "table-cells-split", in: Bundle.module, compatibleWith: nil)!
^ ~~~~~~~~~~~~~~
with
/Users/admin/builder/spi-builder-workspace/Sources/LucideIcons/Lucide+iOS.swift:1667:59: error: incorrect argument label in call (have 'named:in:compatibleWith:', expected 'named:in:with:')
public static let `tableColumnsSplit`: UIImage = UIImage(named: "table-columns-split", in: Bundle.module, compatibleWith: nil)!
^ ~~~~~~~~~~~~~~
with
/Users/admin/builder/spi-builder-workspace/Sources/LucideIcons/Lucide+iOS.swift:1668:57: error: incorrect argument label in call (have 'named:in:compatibleWith:', expected 'named:in:with:')
public static let `tableOfContents`: UIImage = UIImage(named: "table-of-contents", in: Bundle.module, compatibleWith: nil)!
^ ~~~~~~~~~~~~~~
with
/Users/admin/builder/spi-builder-workspace/Sources/LucideIcons/Lucide+iOS.swift:1669:57: error: incorrect argument label in call (have 'named:in:compatibleWith:', expected 'named:in:with:')
public static let `tableProperties`: UIImage = UIImage(named: "table-properties", in: Bundle.module, compatibleWith: nil)!
^ ~~~~~~~~~~~~~~
with
/Users/admin/builder/spi-builder-workspace/Sources/LucideIcons/Lucide+iOS.swift:1670:56: error: incorrect argument label in call (have 'named:in:compatibleWith:', expected 'named:in:with:')
public static let `tableRowsSplit`: UIImage = UIImage(named: "table-rows-split", in: Bundle.module, compatibleWith: nil)!
^ ~~~~~~~~~~~~~~
with
/Users/admin/builder/spi-builder-workspace/Sources/LucideIcons/Lucide+iOS.swift:1671:47: error: incorrect argument label in call (have 'named:in:compatibleWith:', expected 'named:in:with:')
public static let `table`: UIImage = UIImage(named: "table", in: Bundle.module, compatibleWith: nil)!
^ ~~~~~~~~~~~~~~
with
/Users/admin/builder/spi-builder-workspace/Sources/LucideIcons/Lucide+iOS.swift:1672:58: error: incorrect argument label in call (have 'named:in:compatibleWith:', expected 'named:in:with:')
public static let `tabletSmartphone`: UIImage = UIImage(named: "tablet-smartphone", in: Bundle.module, compatibleWith: nil)!
^ ~~~~~~~~~~~~~~
with
/Users/admin/builder/spi-builder-workspace/Sources/LucideIcons/Lucide+iOS.swift:1673:48: error: incorrect argument label in call (have 'named:in:compatibleWith:', expected 'named:in:with:')
public static let `tablet`: UIImage = UIImage(named: "tablet", in: Bundle.module, compatibleWith: nil)!
^ ~~~~~~~~~~~~~~
with
/Users/admin/builder/spi-builder-workspace/Sources/LucideIcons/Lucide+iOS.swift:1674:49: error: incorrect argument label in call (have 'named:in:compatibleWith:', expected 'named:in:with:')
public static let `tablets`: UIImage = UIImage(named: "tablets", in: Bundle.module, compatibleWith: nil)!
^ ~~~~~~~~~~~~~~
with
/Users/admin/builder/spi-builder-workspace/Sources/LucideIcons/Lucide+iOS.swift:1675:49: error: incorrect argument label in call (have 'named:in:compatibleWith:', expected 'named:in:with:')
public static let `tagPlus`: UIImage = UIImage(named: "tag-plus", in: Bundle.module, compatibleWith: nil)!
^ ~~~~~~~~~~~~~~
with
/Users/admin/builder/spi-builder-workspace/Sources/LucideIcons/Lucide+iOS.swift:1676:46: error: incorrect argument label in call (have 'named:in:compatibleWith:', expected 'named:in:with:')
public static let `tagX`: UIImage = UIImage(named: "tag-x", in: Bundle.module, compatibleWith: nil)!
^ ~~~~~~~~~~~~~~
with
/Users/admin/builder/spi-builder-workspace/Sources/LucideIcons/Lucide+iOS.swift:1677:45: error: incorrect argument label in call (have 'named:in:compatibleWith:', expected 'named:in:with:')
public static let `tag`: UIImage = UIImage(named: "tag", in: Bundle.module, compatibleWith: nil)!
^ ~~~~~~~~~~~~~~
with
/Users/admin/builder/spi-builder-workspace/Sources/LucideIcons/Lucide+iOS.swift:1678:46: error: incorrect argument label in call (have 'named:in:compatibleWith:', expected 'named:in:with:')
public static let `tags`: UIImage = UIImage(named: "tags", in: Bundle.module, compatibleWith: nil)!
^ ~~~~~~~~~~~~~~
with
/Users/admin/builder/spi-builder-workspace/Sources/LucideIcons/Lucide+iOS.swift:1679:48: error: incorrect argument label in call (have 'named:in:compatibleWith:', expected 'named:in:with:')
public static let `tally1`: UIImage = UIImage(named: "tally-1", in: Bundle.module, compatibleWith: nil)!
^ ~~~~~~~~~~~~~~
with
/Users/admin/builder/spi-builder-workspace/Sources/LucideIcons/Lucide+iOS.swift:1680:48: error: incorrect argument label in call (have 'named:in:compatibleWith:', expected 'named:in:with:')
public static let `tally2`: UIImage = UIImage(named: "tally-2", in: Bundle.module, compatibleWith: nil)!
^ ~~~~~~~~~~~~~~
with
/Users/admin/builder/spi-builder-workspace/Sources/LucideIcons/Lucide+iOS.swift:1681:48: error: incorrect argument label in call (have 'named:in:compatibleWith:', expected 'named:in:with:')
public static let `tally3`: UIImage = UIImage(named: "tally-3", in: Bundle.module, compatibleWith: nil)!
^ ~~~~~~~~~~~~~~
with
/Users/admin/builder/spi-builder-workspace/Sources/LucideIcons/Lucide+iOS.swift:1682:48: error: incorrect argument label in call (have 'named:in:compatibleWith:', expected 'named:in:with:')
public static let `tally4`: UIImage = UIImage(named: "tally-4", in: Bundle.module, compatibleWith: nil)!
^ ~~~~~~~~~~~~~~
with
/Users/admin/builder/spi-builder-workspace/Sources/LucideIcons/Lucide+iOS.swift:1683:48: error: incorrect argument label in call (have 'named:in:compatibleWith:', expected 'named:in:with:')
public static let `tally5`: UIImage = UIImage(named: "tally-5", in: Bundle.module, compatibleWith: nil)!
^ ~~~~~~~~~~~~~~
with
/Users/admin/builder/spi-builder-workspace/Sources/LucideIcons/Lucide+iOS.swift:1684:49: error: incorrect argument label in call (have 'named:in:compatibleWith:', expected 'named:in:with:')
public static let `tangent`: UIImage = UIImage(named: "tangent", in: Bundle.module, compatibleWith: nil)!
^ ~~~~~~~~~~~~~~
with
/Users/admin/builder/spi-builder-workspace/Sources/LucideIcons/Lucide+iOS.swift:1685:48: error: incorrect argument label in call (have 'named:in:compatibleWith:', expected 'named:in:with:')
public static let `target`: UIImage = UIImage(named: "target", in: Bundle.module, compatibleWith: nil)!
^ ~~~~~~~~~~~~~~
with
/Users/admin/builder/spi-builder-workspace/Sources/LucideIcons/Lucide+iOS.swift:1686:51: error: incorrect argument label in call (have 'named:in:compatibleWith:', expected 'named:in:with:')
public static let `telescope`: UIImage = UIImage(named: "telescope", in: Bundle.module, compatibleWith: nil)!
^ ~~~~~~~~~~~~~~
with
/Users/admin/builder/spi-builder-workspace/Sources/LucideIcons/Lucide+iOS.swift:1687:50: error: incorrect argument label in call (have 'named:in:compatibleWith:', expected 'named:in:with:')
public static let `tentTree`: UIImage = UIImage(named: "tent-tree", in: Bundle.module, compatibleWith: nil)!
^ ~~~~~~~~~~~~~~
with
/Users/admin/builder/spi-builder-workspace/Sources/LucideIcons/Lucide+iOS.swift:1688:46: error: incorrect argument label in call (have 'named:in:compatibleWith:', expected 'named:in:with:')
public static let `tent`: UIImage = UIImage(named: "tent", in: Bundle.module, compatibleWith: nil)!
^ ~~~~~~~~~~~~~~
with
/Users/admin/builder/spi-builder-workspace/Sources/LucideIcons/Lucide+iOS.swift:1689:50: error: incorrect argument label in call (have 'named:in:compatibleWith:', expected 'named:in:with:')
public static let `terminal`: UIImage = UIImage(named: "terminal", in: Bundle.module, compatibleWith: nil)!
^ ~~~~~~~~~~~~~~
with
/Users/admin/builder/spi-builder-workspace/Sources/LucideIcons/Lucide+iOS.swift:1690:58: error: incorrect argument label in call (have 'named:in:compatibleWith:', expected 'named:in:with:')
public static let `testTubeDiagonal`: UIImage = UIImage(named: "test-tube-diagonal", in: Bundle.module, compatibleWith: nil)!
^ ~~~~~~~~~~~~~~
with
/Users/admin/builder/spi-builder-workspace/Sources/LucideIcons/Lucide+iOS.swift:1691:50: error: incorrect argument label in call (have 'named:in:compatibleWith:', expected 'named:in:with:')
public static let `testTube`: UIImage = UIImage(named: "test-tube", in: Bundle.module, compatibleWith: nil)!
^ ~~~~~~~~~~~~~~
with
/Users/admin/builder/spi-builder-workspace/Sources/LucideIcons/Lucide+iOS.swift:1692:51: error: incorrect argument label in call (have 'named:in:compatibleWith:', expected 'named:in:with:')
public static let `testTubes`: UIImage = UIImage(named: "test-tubes", in: Bundle.module, compatibleWith: nil)!
^ ~~~~~~~~~~~~~~
with
/Users/admin/builder/spi-builder-workspace/Sources/LucideIcons/Lucide+iOS.swift:1693:57: error: incorrect argument label in call (have 'named:in:compatibleWith:', expected 'named:in:with:')
public static let `textAlignCenter`: UIImage = UIImage(named: "text-align-center", in: Bundle.module, compatibleWith: nil)!
^ ~~~~~~~~~~~~~~
with
/Users/admin/builder/spi-builder-workspace/Sources/LucideIcons/Lucide+iOS.swift:1694:54: error: incorrect argument label in call (have 'named:in:compatibleWith:', expected 'named:in:with:')
public static let `textAlignEnd`: UIImage = UIImage(named: "text-align-end", in: Bundle.module, compatibleWith: nil)!
^ ~~~~~~~~~~~~~~
with
/Users/admin/builder/spi-builder-workspace/Sources/LucideIcons/Lucide+iOS.swift:1695:64: error: incorrect argument label in call (have 'named:in:compatibleWith:', expected 'named:in:with:')
public static let `textAlignJustifyCenter`: UIImage = UIImage(named: "text-align-justify-center", in: Bundle.module, compatibleWith: nil)!
^ ~~~~~~~~~~~~~~
with
/Users/admin/builder/spi-builder-workspace/Sources/LucideIcons/Lucide+iOS.swift:1696:61: error: incorrect argument label in call (have 'named:in:compatibleWith:', expected 'named:in:with:')
public static let `textAlignJustifyEnd`: UIImage = UIImage(named: "text-align-justify-end", in: Bundle.module, compatibleWith: nil)!
^ ~~~~~~~~~~~~~~
with
/Users/admin/builder/spi-builder-workspace/Sources/LucideIcons/Lucide+iOS.swift:1697:63: error: incorrect argument label in call (have 'named:in:compatibleWith:', expected 'named:in:with:')
public static let `textAlignJustifyStart`: UIImage = UIImage(named: "text-align-justify-start", in: Bundle.module, compatibleWith: nil)!
^ ~~~~~~~~~~~~~~
with
/Users/admin/builder/spi-builder-workspace/Sources/LucideIcons/Lucide+iOS.swift:1698:58: error: incorrect argument label in call (have 'named:in:compatibleWith:', expected 'named:in:with:')
public static let `textAlignJustify`: UIImage = UIImage(named: "text-align-justify", in: Bundle.module, compatibleWith: nil)!
^ ~~~~~~~~~~~~~~
with
/Users/admin/builder/spi-builder-workspace/Sources/LucideIcons/Lucide+iOS.swift:1699:56: error: incorrect argument label in call (have 'named:in:compatibleWith:', expected 'named:in:with:')
public static let `textAlignStart`: UIImage = UIImage(named: "text-align-start", in: Bundle.module, compatibleWith: nil)!
^ ~~~~~~~~~~~~~~
with
/Users/admin/builder/spi-builder-workspace/Sources/LucideIcons/Lucide+iOS.swift:1700:57: error: incorrect argument label in call (have 'named:in:compatibleWith:', expected 'named:in:with:')
public static let `textCursorInput`: UIImage = UIImage(named: "text-cursor-input", in: Bundle.module, compatibleWith: nil)!
^ ~~~~~~~~~~~~~~
with
/Users/admin/builder/spi-builder-workspace/Sources/LucideIcons/Lucide+iOS.swift:1701:52: error: incorrect argument label in call (have 'named:in:compatibleWith:', expected 'named:in:with:')
public static let `textCursor`: UIImage = UIImage(named: "text-cursor", in: Bundle.module, compatibleWith: nil)!
^ ~~~~~~~~~~~~~~
with
/Users/admin/builder/spi-builder-workspace/Sources/LucideIcons/Lucide+iOS.swift:1702:53: error: incorrect argument label in call (have 'named:in:compatibleWith:', expected 'named:in:with:')
public static let `textInitial`: UIImage = UIImage(named: "text-initial", in: Bundle.module, compatibleWith: nil)!
^ ~~~~~~~~~~~~~~
with
/Users/admin/builder/spi-builder-workspace/Sources/LucideIcons/Lucide+iOS.swift:1703:51: error: incorrect argument label in call (have 'named:in:compatibleWith:', expected 'named:in:with:')
public static let `textQuote`: UIImage = UIImage(named: "text-quote", in: Bundle.module, compatibleWith: nil)!
^ ~~~~~~~~~~~~~~
with
/Users/admin/builder/spi-builder-workspace/Sources/LucideIcons/Lucide+iOS.swift:1704:52: error: incorrect argument label in call (have 'named:in:compatibleWith:', expected 'named:in:with:')
public static let `textSearch`: UIImage = UIImage(named: "text-search", in: Bundle.module, compatibleWith: nil)!
^ ~~~~~~~~~~~~~~
with
/Users/admin/builder/spi-builder-workspace/Sources/LucideIcons/Lucide+iOS.swift:1705:50: error: incorrect argument label in call (have 'named:in:compatibleWith:', expected 'named:in:with:')
public static let `textWrap`: UIImage = UIImage(named: "text-wrap", in: Bundle.module, compatibleWith: nil)!
^ ~~~~~~~~~~~~~~
with
/Users/admin/builder/spi-builder-workspace/Sources/LucideIcons/Lucide+iOS.swift:1706:49: error: incorrect argument label in call (have 'named:in:compatibleWith:', expected 'named:in:with:')
public static let `theater`: UIImage = UIImage(named: "theater", in: Bundle.module, compatibleWith: nil)!
^ ~~~~~~~~~~~~~~
with
/Users/admin/builder/spi-builder-workspace/Sources/LucideIcons/Lucide+iOS.swift:1707:62: error: incorrect argument label in call (have 'named:in:compatibleWith:', expected 'named:in:with:')
public static let `thermometerSnowflake`: UIImage = UIImage(named: "thermometer-snowflake", in: Bundle.module, compatibleWith: nil)!
^ ~~~~~~~~~~~~~~
with
/Users/admin/builder/spi-builder-workspace/Sources/LucideIcons/Lucide+iOS.swift:1708:56: error: incorrect argument label in call (have 'named:in:compatibleWith:', expected 'named:in:with:')
public static let `thermometerSun`: UIImage = UIImage(named: "thermometer-sun", in: Bundle.module, compatibleWith: nil)!
^ ~~~~~~~~~~~~~~
with
/Users/admin/builder/spi-builder-workspace/Sources/LucideIcons/Lucide+iOS.swift:1709:53: error: incorrect argument label in call (have 'named:in:compatibleWith:', expected 'named:in:with:')
public static let `thermometer`: UIImage = UIImage(named: "thermometer", in: Bundle.module, compatibleWith: nil)!
^ ~~~~~~~~~~~~~~
with
/Users/admin/builder/spi-builder-workspace/Sources/LucideIcons/Lucide+iOS.swift:1710:52: error: incorrect argument label in call (have 'named:in:compatibleWith:', expected 'named:in:with:')
public static let `thumbsDown`: UIImage = UIImage(named: "thumbs-down", in: Bundle.module, compatibleWith: nil)!
^ ~~~~~~~~~~~~~~
with
/Users/admin/builder/spi-builder-workspace/Sources/LucideIcons/Lucide+iOS.swift:1711:50: error: incorrect argument label in call (have 'named:in:compatibleWith:', expected 'named:in:with:')
public static let `thumbsUp`: UIImage = UIImage(named: "thumbs-up", in: Bundle.module, compatibleWith: nil)!
^ ~~~~~~~~~~~~~~
with
/Users/admin/builder/spi-builder-workspace/Sources/LucideIcons/Lucide+iOS.swift:1712:51: error: incorrect argument label in call (have 'named:in:compatibleWith:', expected 'named:in:with:')
public static let `ticTacToe`: UIImage = UIImage(named: "tic-tac-toe", in: Bundle.module, compatibleWith: nil)!
^ ~~~~~~~~~~~~~~
with
/Users/admin/builder/spi-builder-workspace/Sources/LucideIcons/Lucide+iOS.swift:1713:53: error: incorrect argument label in call (have 'named:in:compatibleWith:', expected 'named:in:with:')
public static let `ticketCheck`: UIImage = UIImage(named: "ticket-check", in: Bundle.module, compatibleWith: nil)!
^ ~~~~~~~~~~~~~~
with
/Users/admin/builder/spi-builder-workspace/Sources/LucideIcons/Lucide+iOS.swift:1714:53: error: incorrect argument label in call (have 'named:in:compatibleWith:', expected 'named:in:with:')
public static let `ticketMinus`: UIImage = UIImage(named: "ticket-minus", in: Bundle.module, compatibleWith: nil)!
^ ~~~~~~~~~~~~~~
with
/Users/admin/builder/spi-builder-workspace/Sources/LucideIcons/Lucide+iOS.swift:1715:55: error: incorrect argument label in call (have 'named:in:compatibleWith:', expected 'named:in:with:')
public static let `ticketPercent`: UIImage = UIImage(named: "ticket-percent", in: Bundle.module, compatibleWith: nil)!
^ ~~~~~~~~~~~~~~
with
/Users/admin/builder/spi-builder-workspace/Sources/LucideIcons/Lucide+iOS.swift:1716:52: error: incorrect argument label in call (have 'named:in:compatibleWith:', expected 'named:in:with:')
public static let `ticketPlus`: UIImage = UIImage(named: "ticket-plus", in: Bundle.module, compatibleWith: nil)!
^ ~~~~~~~~~~~~~~
with
/Users/admin/builder/spi-builder-workspace/Sources/LucideIcons/Lucide+iOS.swift:1717:53: error: incorrect argument label in call (have 'named:in:compatibleWith:', expected 'named:in:with:')
public static let `ticketSlash`: UIImage = UIImage(named: "ticket-slash", in: Bundle.module, compatibleWith: nil)!
^ ~~~~~~~~~~~~~~
with
/Users/admin/builder/spi-builder-workspace/Sources/LucideIcons/Lucide+iOS.swift:1718:49: error: incorrect argument label in call (have 'named:in:compatibleWith:', expected 'named:in:with:')
public static let `ticketX`: UIImage = UIImage(named: "ticket-x", in: Bundle.module, compatibleWith: nil)!
^ ~~~~~~~~~~~~~~
with
/Users/admin/builder/spi-builder-workspace/Sources/LucideIcons/Lucide+iOS.swift:1719:48: error: incorrect argument label in call (have 'named:in:compatibleWith:', expected 'named:in:with:')
public static let `ticket`: UIImage = UIImage(named: "ticket", in: Bundle.module, compatibleWith: nil)!
^ ~~~~~~~~~~~~~~
with
/Users/admin/builder/spi-builder-workspace/Sources/LucideIcons/Lucide+iOS.swift:1720:54: error: incorrect argument label in call (have 'named:in:compatibleWith:', expected 'named:in:with:')
public static let `ticketsPlane`: UIImage = UIImage(named: "tickets-plane", in: Bundle.module, compatibleWith: nil)!
^ ~~~~~~~~~~~~~~
with
/Users/admin/builder/spi-builder-workspace/Sources/LucideIcons/Lucide+iOS.swift:1721:49: error: incorrect argument label in call (have 'named:in:compatibleWith:', expected 'named:in:with:')
public static let `tickets`: UIImage = UIImage(named: "tickets", in: Bundle.module, compatibleWith: nil)!
^ ~~~~~~~~~~~~~~
with
/Users/admin/builder/spi-builder-workspace/Sources/LucideIcons/Lucide+iOS.swift:1722:50: error: incorrect argument label in call (have 'named:in:compatibleWith:', expected 'named:in:with:')
public static let `timeline`: UIImage = UIImage(named: "timeline", in: Bundle.module, compatibleWith: nil)!
^ ~~~~~~~~~~~~~~
with
/Users/admin/builder/spi-builder-workspace/Sources/LucideIcons/Lucide+iOS.swift:1723:50: error: incorrect argument label in call (have 'named:in:compatibleWith:', expected 'named:in:with:')
public static let `timerOff`: UIImage = UIImage(named: "timer-off", in: Bundle.module, compatibleWith: nil)!
^ ~~~~~~~~~~~~~~
with
/Users/admin/builder/spi-builder-workspace/Sources/LucideIcons/Lucide+iOS.swift:1724:52: error: incorrect argument label in call (have 'named:in:compatibleWith:', expected 'named:in:with:')
public static let `timerReset`: UIImage = UIImage(named: "timer-reset", in: Bundle.module, compatibleWith: nil)!
^ ~~~~~~~~~~~~~~
with
/Users/admin/builder/spi-builder-workspace/Sources/LucideIcons/Lucide+iOS.swift:1725:47: error: incorrect argument label in call (have 'named:in:compatibleWith:', expected 'named:in:with:')
public static let `timer`: UIImage = UIImage(named: "timer", in: Bundle.module, compatibleWith: nil)!
^ ~~~~~~~~~~~~~~
with
/Users/admin/builder/spi-builder-workspace/Sources/LucideIcons/Lucide+iOS.swift:1726:52: error: incorrect argument label in call (have 'named:in:compatibleWith:', expected 'named:in:with:')
public static let `toggleLeft`: UIImage = UIImage(named: "toggle-left", in: Bundle.module, compatibleWith: nil)!
^ ~~~~~~~~~~~~~~
with
/Users/admin/builder/spi-builder-workspace/Sources/LucideIcons/Lucide+iOS.swift:1727:53: error: incorrect argument label in call (have 'named:in:compatibleWith:', expected 'named:in:with:')
public static let `toggleRight`: UIImage = UIImage(named: "toggle-right", in: Bundle.module, compatibleWith: nil)!
^ ~~~~~~~~~~~~~~
with
/Users/admin/builder/spi-builder-workspace/Sources/LucideIcons/Lucide+iOS.swift:1728:48: error: incorrect argument label in call (have 'named:in:compatibleWith:', expected 'named:in:with:')
public static let `toilet`: UIImage = UIImage(named: "toilet", in: Bundle.module, compatibleWith: nil)!
^ ~~~~~~~~~~~~~~
with
/Users/admin/builder/spi-builder-workspace/Sources/LucideIcons/Lucide+iOS.swift:1729:51: error: incorrect argument label in call (have 'named:in:compatibleWith:', expected 'named:in:with:')
public static let `tombstone`: UIImage = UIImage(named: "tombstone", in: Bundle.module, compatibleWith: nil)!
^ ~~~~~~~~~~~~~~
with
/Users/admin/builder/spi-builder-workspace/Sources/LucideIcons/Lucide+iOS.swift:1730:50: error: incorrect argument label in call (have 'named:in:compatibleWith:', expected 'named:in:with:')
public static let `toolCase`: UIImage = UIImage(named: "tool-case", in: Bundle.module, compatibleWith: nil)!
^ ~~~~~~~~~~~~~~
with
/Users/admin/builder/spi-builder-workspace/Sources/LucideIcons/Lucide+iOS.swift:1731:49: error: incorrect argument label in call (have 'named:in:compatibleWith:', expected 'named:in:with:')
public static let `toolbox`: UIImage = UIImage(named: "toolbox", in: Bundle.module, compatibleWith: nil)!
^ ~~~~~~~~~~~~~~
with
/Users/admin/builder/spi-builder-workspace/Sources/LucideIcons/Lucide+iOS.swift:1732:60: error: incorrect argument label in call (have 'named:in:compatibleWith:', expected 'named:in:with:')
public static let `toothbrushSparkles`: UIImage = UIImage(named: "toothbrush-sparkles", in: Bundle.module, compatibleWith: nil)!
^ ~~~~~~~~~~~~~~
with
/Users/admin/builder/spi-builder-workspace/Sources/LucideIcons/Lucide+iOS.swift:1733:52: error: incorrect argument label in call (have 'named:in:compatibleWith:', expected 'named:in:with:')
public static let `toothbrush`: UIImage = UIImage(named: "toothbrush", in: Bundle.module, compatibleWith: nil)!
^ ~~~~~~~~~~~~~~
with
/Users/admin/builder/spi-builder-workspace/Sources/LucideIcons/Lucide+iOS.swift:1734:49: error: incorrect argument label in call (have 'named:in:compatibleWith:', expected 'named:in:with:')
public static let `tornado`: UIImage = UIImage(named: "tornado", in: Bundle.module, compatibleWith: nil)!
^ ~~~~~~~~~~~~~~
with
/Users/admin/builder/spi-builder-workspace/Sources/LucideIcons/Lucide+iOS.swift:1735:47: error: incorrect argument label in call (have 'named:in:compatibleWith:', expected 'named:in:with:')
public static let `torus`: UIImage = UIImage(named: "torus", in: Bundle.module, compatibleWith: nil)!
^ ~~~~~~~~~~~~~~
with
/Users/admin/builder/spi-builder-workspace/Sources/LucideIcons/Lucide+iOS.swift:1736:53: error: incorrect argument label in call (have 'named:in:compatibleWith:', expected 'named:in:with:')
public static let `touchpadOff`: UIImage = UIImage(named: "touchpad-off", in: Bundle.module, compatibleWith: nil)!
^ ~~~~~~~~~~~~~~
with
/Users/admin/builder/spi-builder-workspace/Sources/LucideIcons/Lucide+iOS.swift:1737:50: error: incorrect argument label in call (have 'named:in:compatibleWith:', expected 'named:in:with:')
public static let `touchpad`: UIImage = UIImage(named: "touchpad", in: Bundle.module, compatibleWith: nil)!
^ ~~~~~~~~~~~~~~
with
/Users/admin/builder/spi-builder-workspace/Sources/LucideIcons/Lucide+iOS.swift:1738:51: error: incorrect argument label in call (have 'named:in:compatibleWith:', expected 'named:in:with:')
public static let `towelRack`: UIImage = UIImage(named: "towel-rack", in: Bundle.module, compatibleWith: nil)!
^ ~~~~~~~~~~~~~~
with
/Users/admin/builder/spi-builder-workspace/Sources/LucideIcons/Lucide+iOS.swift:1739:54: error: incorrect argument label in call (have 'named:in:compatibleWith:', expected 'named:in:with:')
public static let `towerControl`: UIImage = UIImage(named: "tower-control", in: Bundle.module, compatibleWith: nil)!
^ ~~~~~~~~~~~~~~
with
/Users/admin/builder/spi-builder-workspace/Sources/LucideIcons/Lucide+iOS.swift:1740:50: error: incorrect argument label in call (have 'named:in:compatibleWith:', expected 'named:in:with:')
public static let `toyBrick`: UIImage = UIImage(named: "toy-brick", in: Bundle.module, compatibleWith: nil)!
^ ~~~~~~~~~~~~~~
with
/Users/admin/builder/spi-builder-workspace/Sources/LucideIcons/Lucide+iOS.swift:1741:49: error: incorrect argument label in call (have 'named:in:compatibleWith:', expected 'named:in:with:')
public static let `tractor`: UIImage = UIImage(named: "tractor", in: Bundle.module, compatibleWith: nil)!
^ ~~~~~~~~~~~~~~
with
/Users/admin/builder/spi-builder-workspace/Sources/LucideIcons/Lucide+iOS.swift:1742:53: error: incorrect argument label in call (have 'named:in:compatibleWith:', expected 'named:in:with:')
public static let `trafficCone`: UIImage = UIImage(named: "traffic-cone", in: Bundle.module, compatibleWith: nil)!
^ ~~~~~~~~~~~~~~
with
/Users/admin/builder/spi-builder-workspace/Sources/LucideIcons/Lucide+iOS.swift:1743:49: error: incorrect argument label in call (have 'named:in:compatibleWith:', expected 'named:in:with:')
public static let `trailer`: UIImage = UIImage(named: "trailer", in: Bundle.module, compatibleWith: nil)!
^ ~~~~~~~~~~~~~~
with
/Users/admin/builder/spi-builder-workspace/Sources/LucideIcons/Lucide+iOS.swift:1744:58: error: incorrect argument label in call (have 'named:in:compatibleWith:', expected 'named:in:with:')
public static let `trainFrontTunnel`: UIImage = UIImage(named: "train-front-tunnel", in: Bundle.module, compatibleWith: nil)!
^ ~~~~~~~~~~~~~~
with
/Users/admin/builder/spi-builder-workspace/Sources/LucideIcons/Lucide+iOS.swift:1745:52: error: incorrect argument label in call (have 'named:in:compatibleWith:', expected 'named:in:with:')
public static let `trainFront`: UIImage = UIImage(named: "train-front", in: Bundle.module, compatibleWith: nil)!
^ ~~~~~~~~~~~~~~
with
/Users/admin/builder/spi-builder-workspace/Sources/LucideIcons/Lucide+iOS.swift:1746:52: error: incorrect argument label in call (have 'named:in:compatibleWith:', expected 'named:in:with:')
public static let `trainTrack`: UIImage = UIImage(named: "train-track", in: Bundle.module, compatibleWith: nil)!
^ ~~~~~~~~~~~~~~
with
/Users/admin/builder/spi-builder-workspace/Sources/LucideIcons/Lucide+iOS.swift:1747:51: error: incorrect argument label in call (have 'named:in:compatibleWith:', expected 'named:in:with:')
public static let `tramFront`: UIImage = UIImage(named: "tram-front", in: Bundle.module, compatibleWith: nil)!
^ ~~~~~~~~~~~~~~
with
/Users/admin/builder/spi-builder-workspace/Sources/LucideIcons/Lucide+iOS.swift:1748:53: error: incorrect argument label in call (have 'named:in:compatibleWith:', expected 'named:in:with:')
public static let `transgender`: UIImage = UIImage(named: "transgender", in: Bundle.module, compatibleWith: nil)!
^ ~~~~~~~~~~~~~~
with
/Users/admin/builder/spi-builder-workspace/Sources/LucideIcons/Lucide+iOS.swift:1749:50: error: incorrect argument label in call (have 'named:in:compatibleWith:', expected 'named:in:with:')
public static let `trashOff`: UIImage = UIImage(named: "trash-off", in: Bundle.module, compatibleWith: nil)!
^ ~~~~~~~~~~~~~~
with
/Users/admin/builder/spi-builder-workspace/Sources/LucideIcons/Lucide+iOS.swift:1750:47: error: incorrect argument label in call (have 'named:in:compatibleWith:', expected 'named:in:with:')
public static let `trash`: UIImage = UIImage(named: "trash", in: Bundle.module, compatibleWith: nil)!
^ ~~~~~~~~~~~~~~
with
/Users/admin/builder/spi-builder-workspace/Sources/LucideIcons/Lucide+iOS.swift:1751:55: error: incorrect argument label in call (have 'named:in:compatibleWith:', expected 'named:in:with:')
public static let `treeDeciduous`: UIImage = UIImage(named: "tree-deciduous", in: Bundle.module, compatibleWith: nil)!
^ ~~~~~~~~~~~~~~
with
/Users/admin/builder/spi-builder-workspace/Sources/LucideIcons/Lucide+iOS.swift:1752:50: error: incorrect argument label in call (have 'named:in:compatibleWith:', expected 'named:in:with:')
public static let `treePalm`: UIImage = UIImage(named: "tree-palm", in: Bundle.module, compatibleWith: nil)!
^ ~~~~~~~~~~~~~~
with
/Users/admin/builder/spi-builder-workspace/Sources/LucideIcons/Lucide+iOS.swift:1753:50: error: incorrect argument label in call (have 'named:in:compatibleWith:', expected 'named:in:with:')
public static let `treePine`: UIImage = UIImage(named: "tree-pine", in: Bundle.module, compatibleWith: nil)!
^ ~~~~~~~~~~~~~~
with
/Users/admin/builder/spi-builder-workspace/Sources/LucideIcons/Lucide+iOS.swift:1754:47: error: incorrect argument label in call (have 'named:in:compatibleWith:', expected 'named:in:with:')
public static let `trees`: UIImage = UIImage(named: "trees", in: Bundle.module, compatibleWith: nil)!
^ ~~~~~~~~~~~~~~
with
/Users/admin/builder/spi-builder-workspace/Sources/LucideIcons/Lucide+iOS.swift:1755:54: error: incorrect argument label in call (have 'named:in:compatibleWith:', expected 'named:in:with:')
public static let `trendingDown`: UIImage = UIImage(named: "trending-down", in: Bundle.module, compatibleWith: nil)!
^ ~~~~~~~~~~~~~~
with
/Users/admin/builder/spi-builder-workspace/Sources/LucideIcons/Lucide+iOS.swift:1756:56: error: incorrect argument label in call (have 'named:in:compatibleWith:', expected 'named:in:with:')
public static let `trendingUpDown`: UIImage = UIImage(named: "trending-up-down", in: Bundle.module, compatibleWith: nil)!
^ ~~~~~~~~~~~~~~
with
/Users/admin/builder/spi-builder-workspace/Sources/LucideIcons/Lucide+iOS.swift:1757:52: error: incorrect argument label in call (have 'named:in:compatibleWith:', expected 'named:in:with:')
public static let `trendingUp`: UIImage = UIImage(named: "trending-up", in: Bundle.module, compatibleWith: nil)!
^ ~~~~~~~~~~~~~~
with
/Users/admin/builder/spi-builder-workspace/Sources/LucideIcons/Lucide+iOS.swift:1758:55: error: incorrect argument label in call (have 'named:in:compatibleWith:', expected 'named:in:with:')
public static let `triangleAlert`: UIImage = UIImage(named: "triangle-alert", in: Bundle.module, compatibleWith: nil)!
^ ~~~~~~~~~~~~~~
with
/Users/admin/builder/spi-builder-workspace/Sources/LucideIcons/Lucide+iOS.swift:1759:56: error: incorrect argument label in call (have 'named:in:compatibleWith:', expected 'named:in:with:')
public static let `triangleDashed`: UIImage = UIImage(named: "triangle-dashed", in: Bundle.module, compatibleWith: nil)!
^ ~~~~~~~~~~~~~~
with
/Users/admin/builder/spi-builder-workspace/Sources/LucideIcons/Lucide+iOS.swift:1760:55: error: incorrect argument label in call (have 'named:in:compatibleWith:', expected 'named:in:with:')
public static let `triangleRight`: UIImage = UIImage(named: "triangle-right", in: Bundle.module, compatibleWith: nil)!
^ ~~~~~~~~~~~~~~
with
/Users/admin/builder/spi-builder-workspace/Sources/LucideIcons/Lucide+iOS.swift:1761:50: error: incorrect argument label in call (have 'named:in:compatibleWith:', expected 'named:in:with:')
public static let `triangle`: UIImage = UIImage(named: "triangle", in: Bundle.module, compatibleWith: nil)!
^ ~~~~~~~~~~~~~~
with
/Users/admin/builder/spi-builder-workspace/Sources/LucideIcons/Lucide+iOS.swift:1762:77: error: incorrect argument label in call (have 'named:in:compatibleWith:', expected 'named:in:with:')
public static let `trianglesCenterlineDashedHorizontal`: UIImage = UIImage(named: "triangles-centerline-dashed-horizontal", in: Bundle.module, compatibleWith: nil)!
^ ~~~~~~~~~~~~~~
with
/Users/admin/builder/spi-builder-workspace/Sources/LucideIcons/Lucide+iOS.swift:1763:75: error: incorrect argument label in call (have 'named:in:compatibleWith:', expected 'named:in:with:')
public static let `trianglesCenterlineDashedVertical`: UIImage = UIImage(named: "triangles-centerline-dashed-vertical", in: Bundle.module, compatibleWith: nil)!
^ ~~~~~~~~~~~~~~
with
/Users/admin/builder/spi-builder-workspace/Sources/LucideIcons/Lucide+iOS.swift:1764:48: error: incorrect argument label in call (have 'named:in:compatibleWith:', expected 'named:in:with:')
public static let `trophy`: UIImage = UIImage(named: "trophy", in: Bundle.module, compatibleWith: nil)!
^ ~~~~~~~~~~~~~~
with
/Users/admin/builder/spi-builder-workspace/Sources/LucideIcons/Lucide+iOS.swift:1765:55: error: incorrect argument label in call (have 'named:in:compatibleWith:', expected 'named:in:with:')
public static let `truckElectric`: UIImage = UIImage(named: "truck-electric", in: Bundle.module, compatibleWith: nil)!
^ ~~~~~~~~~~~~~~
with
/Users/admin/builder/spi-builder-workspace/Sources/LucideIcons/Lucide+iOS.swift:1766:47: error: incorrect argument label in call (have 'named:in:compatibleWith:', expected 'named:in:with:')
public static let `truck`: UIImage = UIImage(named: "truck", in: Bundle.module, compatibleWith: nil)!
^ ~~~~~~~~~~~~~~
with
/Users/admin/builder/spi-builder-workspace/Sources/LucideIcons/Lucide+iOS.swift:1767:52: error: incorrect argument label in call (have 'named:in:compatibleWith:', expected 'named:in:with:')
public static let `tubeLotion`: UIImage = UIImage(named: "tube-lotion", in: Bundle.module, compatibleWith: nil)!
^ ~~~~~~~~~~~~~~
with
/Users/admin/builder/spi-builder-workspace/Sources/LucideIcons/Lucide+iOS.swift:1768:53: error: incorrect argument label in call (have 'named:in:compatibleWith:', expected 'named:in:with:')
public static let `turkishLira`: UIImage = UIImage(named: "turkish-lira", in: Bundle.module, compatibleWith: nil)!
^ ~~~~~~~~~~~~~~
with
/Users/admin/builder/spi-builder-workspace/Sources/LucideIcons/Lucide+iOS.swift:1769:51: error: incorrect argument label in call (have 'named:in:compatibleWith:', expected 'named:in:with:')
public static let `turntable`: UIImage = UIImage(named: "turntable", in: Bundle.module, compatibleWith: nil)!
^ ~~~~~~~~~~~~~~
with
/Users/admin/builder/spi-builder-workspace/Sources/LucideIcons/Lucide+iOS.swift:1770:48: error: incorrect argument label in call (have 'named:in:compatibleWith:', expected 'named:in:with:')
public static let `turtle`: UIImage = UIImage(named: "turtle", in: Bundle.module, compatibleWith: nil)!
^ ~~~~~~~~~~~~~~
with
/Users/admin/builder/spi-builder-workspace/Sources/LucideIcons/Lucide+iOS.swift:1771:55: error: incorrect argument label in call (have 'named:in:compatibleWith:', expected 'named:in:with:')
public static let `tvMinimalPlay`: UIImage = UIImage(named: "tv-minimal-play", in: Bundle.module, compatibleWith: nil)!
^ ~~~~~~~~~~~~~~
with
/Users/admin/builder/spi-builder-workspace/Sources/LucideIcons/Lucide+iOS.swift:1772:51: error: incorrect argument label in call (have 'named:in:compatibleWith:', expected 'named:in:with:')
public static let `tvMinimal`: UIImage = UIImage(named: "tv-minimal", in: Bundle.module, compatibleWith: nil)!
^ ~~~~~~~~~~~~~~
with
/Users/admin/builder/spi-builder-workspace/Sources/LucideIcons/Lucide+iOS.swift:1773:44: error: incorrect argument label in call (have 'named:in:compatibleWith:', expected 'named:in:with:')
public static let `tv`: UIImage = UIImage(named: "tv", in: Bundle.module, compatibleWith: nil)!
^ ~~~~~~~~~~~~~~
with
/Users/admin/builder/spi-builder-workspace/Sources/LucideIcons/Lucide+iOS.swift:1774:53: error: incorrect argument label in call (have 'named:in:compatibleWith:', expected 'named:in:with:')
public static let `typeOutline`: UIImage = UIImage(named: "type-outline", in: Bundle.module, compatibleWith: nil)!
^ ~~~~~~~~~~~~~~
with
/Users/admin/builder/spi-builder-workspace/Sources/LucideIcons/Lucide+iOS.swift:1775:46: error: incorrect argument label in call (have 'named:in:compatibleWith:', expected 'named:in:with:')
public static let `type`: UIImage = UIImage(named: "type", in: Bundle.module, compatibleWith: nil)!
^ ~~~~~~~~~~~~~~
with
/Users/admin/builder/spi-builder-workspace/Sources/LucideIcons/Lucide+iOS.swift:1776:53: error: incorrect argument label in call (have 'named:in:compatibleWith:', expected 'named:in:with:')
public static let `umbrellaOff`: UIImage = UIImage(named: "umbrella-off", in: Bundle.module, compatibleWith: nil)!
^ ~~~~~~~~~~~~~~
with
/Users/admin/builder/spi-builder-workspace/Sources/LucideIcons/Lucide+iOS.swift:1777:50: error: incorrect argument label in call (have 'named:in:compatibleWith:', expected 'named:in:with:')
public static let `umbrella`: UIImage = UIImage(named: "umbrella", in: Bundle.module, compatibleWith: nil)!
^ ~~~~~~~~~~~~~~
with
/Users/admin/builder/spi-builder-workspace/Sources/LucideIcons/Lucide+iOS.swift:1778:51: error: incorrect argument label in call (have 'named:in:compatibleWith:', expected 'named:in:with:')
public static let `underline`: UIImage = UIImage(named: "underline", in: Bundle.module, compatibleWith: nil)!
^ ~~~~~~~~~~~~~~
with
/Users/admin/builder/spi-builder-workspace/Sources/LucideIcons/Lucide+iOS.swift:1779:47: error: incorrect argument label in call (have 'named:in:compatibleWith:', expected 'named:in:with:')
public static let `undo2`: UIImage = UIImage(named: "undo-2", in: Bundle.module, compatibleWith: nil)!
^ ~~~~~~~~~~~~~~
with
/Users/admin/builder/spi-builder-workspace/Sources/LucideIcons/Lucide+iOS.swift:1780:49: error: incorrect argument label in call (have 'named:in:compatibleWith:', expected 'named:in:with:')
public static let `undoDot`: UIImage = UIImage(named: "undo-dot", in: Bundle.module, compatibleWith: nil)!
^ ~~~~~~~~~~~~~~
with
/Users/admin/builder/spi-builder-workspace/Sources/LucideIcons/Lucide+iOS.swift:1781:46: error: incorrect argument label in call (have 'named:in:compatibleWith:', expected 'named:in:with:')
public static let `undo`: UIImage = UIImage(named: "undo", in: Bundle.module, compatibleWith: nil)!
^ ~~~~~~~~~~~~~~
with
/Users/admin/builder/spi-builder-workspace/Sources/LucideIcons/Lucide+iOS.swift:1782:58: error: incorrect argument label in call (have 'named:in:compatibleWith:', expected 'named:in:with:')
public static let `unfoldHorizontal`: UIImage = UIImage(named: "unfold-horizontal", in: Bundle.module, compatibleWith: nil)!
^ ~~~~~~~~~~~~~~
with
/Users/admin/builder/spi-builder-workspace/Sources/LucideIcons/Lucide+iOS.swift:1783:56: error: incorrect argument label in call (have 'named:in:compatibleWith:', expected 'named:in:with:')
public static let `unfoldVertical`: UIImage = UIImage(named: "unfold-vertical", in: Bundle.module, compatibleWith: nil)!
^ ~~~~~~~~~~~~~~
with
/Users/admin/builder/spi-builder-workspace/Sources/LucideIcons/Lucide+iOS.swift:1784:49: error: incorrect argument label in call (have 'named:in:compatibleWith:', expected 'named:in:with:')
public static let `ungroup`: UIImage = UIImage(named: "ungroup", in: Bundle.module, compatibleWith: nil)!
^ ~~~~~~~~~~~~~~
with
/Users/admin/builder/spi-builder-workspace/Sources/LucideIcons/Lucide+iOS.swift:1785:52: error: incorrect argument label in call (have 'named:in:compatibleWith:', expected 'named:in:with:')
public static let `university`: UIImage = UIImage(named: "university", in: Bundle.module, compatibleWith: nil)!
^ ~~~~~~~~~~~~~~
with
/Users/admin/builder/spi-builder-workspace/Sources/LucideIcons/Lucide+iOS.swift:1786:49: error: incorrect argument label in call (have 'named:in:compatibleWith:', expected 'named:in:with:')
public static let `unlink2`: UIImage = UIImage(named: "unlink-2", in: Bundle.module, compatibleWith: nil)!
^ ~~~~~~~~~~~~~~
with
/Users/admin/builder/spi-builder-workspace/Sources/LucideIcons/Lucide+iOS.swift:1787:48: error: incorrect argument label in call (have 'named:in:compatibleWith:', expected 'named:in:with:')
public static let `unlink`: UIImage = UIImage(named: "unlink", in: Bundle.module, compatibleWith: nil)!
^ ~~~~~~~~~~~~~~
with
/Users/admin/builder/spi-builder-workspace/Sources/LucideIcons/Lucide+iOS.swift:1788:48: error: incorrect argument label in call (have 'named:in:compatibleWith:', expected 'named:in:with:')
public static let `unplug`: UIImage = UIImage(named: "unplug", in: Bundle.module, compatibleWith: nil)!
^ ~~~~~~~~~~~~~~
with
/Users/admin/builder/spi-builder-workspace/Sources/LucideIcons/Lucide+iOS.swift:1789:48: error: incorrect argument label in call (have 'named:in:compatibleWith:', expected 'named:in:with:')
public static let `upload`: UIImage = UIImage(named: "upload", in: Bundle.module, compatibleWith: nil)!
^ ~~~~~~~~~~~~~~
with
/Users/admin/builder/spi-builder-workspace/Sources/LucideIcons/Lucide+iOS.swift:1790:50: error: incorrect argument label in call (have 'named:in:compatibleWith:', expected 'named:in:with:')
public static let `usbCPort`: UIImage = UIImage(named: "usb-c-port", in: Bundle.module, compatibleWith: nil)!
^ ~~~~~~~~~~~~~~
with
/Users/admin/builder/spi-builder-workspace/Sources/LucideIcons/Lucide+iOS.swift:1791:45: error: incorrect argument label in call (have 'named:in:compatibleWith:', expected 'named:in:with:')
public static let `usb`: UIImage = UIImage(named: "usb", in: Bundle.module, compatibleWith: nil)!
^ ~~~~~~~~~~~~~~
with
/Users/admin/builder/spi-builder-workspace/Sources/LucideIcons/Lucide+iOS.swift:1792:51: error: incorrect argument label in call (have 'named:in:compatibleWith:', expected 'named:in:with:')
public static let `userCheck`: UIImage = UIImage(named: "user-check", in: Bundle.module, compatibleWith: nil)!
^ ~~~~~~~~~~~~~~
with
/Users/admin/builder/spi-builder-workspace/Sources/LucideIcons/Lucide+iOS.swift:1793:49: error: incorrect argument label in call (have 'named:in:compatibleWith:', expected 'named:in:with:')
public static let `userCog`: UIImage = UIImage(named: "user-cog", in: Bundle.module, compatibleWith: nil)!
^ ~~~~~~~~~~~~~~
with
/Users/admin/builder/spi-builder-workspace/Sources/LucideIcons/Lucide+iOS.swift:1794:51: error: incorrect argument label in call (have 'named:in:compatibleWith:', expected 'named:in:with:')
public static let `userGroup`: UIImage = UIImage(named: "user-group", in: Bundle.module, compatibleWith: nil)!
^ ~~~~~~~~~~~~~~
with
/Users/admin/builder/spi-builder-workspace/Sources/LucideIcons/Lucide+iOS.swift:1795:49: error: incorrect argument label in call (have 'named:in:compatibleWith:', expected 'named:in:with:')
public static let `userKey`: UIImage = UIImage(named: "user-key", in: Bundle.module, compatibleWith: nil)!
^ ~~~~~~~~~~~~~~
with
/Users/admin/builder/spi-builder-workspace/Sources/LucideIcons/Lucide+iOS.swift:1796:50: error: incorrect argument label in call (have 'named:in:compatibleWith:', expected 'named:in:with:')
public static let `userLock`: UIImage = UIImage(named: "user-lock", in: Bundle.module, compatibleWith: nil)!
^ ~~~~~~~~~~~~~~
with
/Users/admin/builder/spi-builder-workspace/Sources/LucideIcons/Lucide+iOS.swift:1797:51: error: incorrect argument label in call (have 'named:in:compatibleWith:', expected 'named:in:with:')
public static let `userMinus`: UIImage = UIImage(named: "user-minus", in: Bundle.module, compatibleWith: nil)!
^ ~~~~~~~~~~~~~~
with
/Users/admin/builder/spi-builder-workspace/Sources/LucideIcons/Lucide+iOS.swift:1798:49: error: incorrect argument label in call (have 'named:in:compatibleWith:', expected 'named:in:with:')
public static let `userPen`: UIImage = UIImage(named: "user-pen", in: Bundle.module, compatibleWith: nil)!
^ ~~~~~~~~~~~~~~
with
/Users/admin/builder/spi-builder-workspace/Sources/LucideIcons/Lucide+iOS.swift:1799:50: error: incorrect argument label in call (have 'named:in:compatibleWith:', expected 'named:in:with:')
public static let `userPlus`: UIImage = UIImage(named: "user-plus", in: Bundle.module, compatibleWith: nil)!
^ ~~~~~~~~~~~~~~
with
/Users/admin/builder/spi-builder-workspace/Sources/LucideIcons/Lucide+iOS.swift:1800:60: error: incorrect argument label in call (have 'named:in:compatibleWith:', expected 'named:in:with:')
public static let `userRoundArrowLeft`: UIImage = UIImage(named: "user-round-arrow-left", in: Bundle.module, compatibleWith: nil)!
^ ~~~~~~~~~~~~~~
with
/Users/admin/builder/spi-builder-workspace/Sources/LucideIcons/Lucide+iOS.swift:1801:56: error: incorrect argument label in call (have 'named:in:compatibleWith:', expected 'named:in:with:')
public static let `userRoundCheck`: UIImage = UIImage(named: "user-round-check", in: Bundle.module, compatibleWith: nil)!
^ ~~~~~~~~~~~~~~
with
/Users/admin/builder/spi-builder-workspace/Sources/LucideIcons/Lucide+iOS.swift:1802:54: error: incorrect argument label in call (have 'named:in:compatibleWith:', expected 'named:in:with:')
public static let `userRoundCog`: UIImage = UIImage(named: "user-round-cog", in: Bundle.module, compatibleWith: nil)!
^ ~~~~~~~~~~~~~~
with
/Users/admin/builder/spi-builder-workspace/Sources/LucideIcons/Lucide+iOS.swift:1803:56: error: incorrect argument label in call (have 'named:in:compatibleWith:', expected 'named:in:with:')
public static let `userRoundGroup`: UIImage = UIImage(named: "user-round-group", in: Bundle.module, compatibleWith: nil)!
^ ~~~~~~~~~~~~~~
with
/Users/admin/builder/spi-builder-workspace/Sources/LucideIcons/Lucide+iOS.swift:1804:54: error: incorrect argument label in call (have 'named:in:compatibleWith:', expected 'named:in:with:')
public static let `userRoundKey`: UIImage = UIImage(named: "user-round-key", in: Bundle.module, compatibleWith: nil)!
^ ~~~~~~~~~~~~~~
with
/Users/admin/builder/spi-builder-workspace/Sources/LucideIcons/Lucide+iOS.swift:1805:56: error: incorrect argument label in call (have 'named:in:compatibleWith:', expected 'named:in:with:')
public static let `userRoundMinus`: UIImage = UIImage(named: "user-round-minus", in: Bundle.module, compatibleWith: nil)!
^ ~~~~~~~~~~~~~~
with
/Users/admin/builder/spi-builder-workspace/Sources/LucideIcons/Lucide+iOS.swift:1806:54: error: incorrect argument label in call (have 'named:in:compatibleWith:', expected 'named:in:with:')
public static let `userRoundPen`: UIImage = UIImage(named: "user-round-pen", in: Bundle.module, compatibleWith: nil)!
^ ~~~~~~~~~~~~~~
with
/Users/admin/builder/spi-builder-workspace/Sources/LucideIcons/Lucide+iOS.swift:1807:55: error: incorrect argument label in call (have 'named:in:compatibleWith:', expected 'named:in:with:')
public static let `userRoundPlus`: UIImage = UIImage(named: "user-round-plus", in: Bundle.module, compatibleWith: nil)!
^ ~~~~~~~~~~~~~~
with
/Users/admin/builder/spi-builder-workspace/Sources/LucideIcons/Lucide+iOS.swift:1808:57: error: incorrect argument label in call (have 'named:in:compatibleWith:', expected 'named:in:with:')
public static let `userRoundSearch`: UIImage = UIImage(named: "user-round-search", in: Bundle.module, compatibleWith: nil)!
^ ~~~~~~~~~~~~~~
with
/Users/admin/builder/spi-builder-workspace/Sources/LucideIcons/Lucide+iOS.swift:1809:55: error: incorrect argument label in call (have 'named:in:compatibleWith:', expected 'named:in:with:')
public static let `userRoundStar`: UIImage = UIImage(named: "user-round-star", in: Bundle.module, compatibleWith: nil)!
^ ~~~~~~~~~~~~~~
with
/Users/admin/builder/spi-builder-workspace/Sources/LucideIcons/Lucide+iOS.swift:1810:52: error: incorrect argument label in call (have 'named:in:compatibleWith:', expected 'named:in:with:')
public static let `userRoundX`: UIImage = UIImage(named: "user-round-x", in: Bundle.module, compatibleWith: nil)!
^ ~~~~~~~~~~~~~~
with
/Users/admin/builder/spi-builder-workspace/Sources/LucideIcons/Lucide+iOS.swift:1811:51: error: incorrect argument label in call (have 'named:in:compatibleWith:', expected 'named:in:with:')
public static let `userRound`: UIImage = UIImage(named: "user-round", in: Bundle.module, compatibleWith: nil)!
^ ~~~~~~~~~~~~~~
with
/Users/admin/builder/spi-builder-workspace/Sources/LucideIcons/Lucide+iOS.swift:1812:52: error: incorrect argument label in call (have 'named:in:compatibleWith:', expected 'named:in:with:')
public static let `userSearch`: UIImage = UIImage(named: "user-search", in: Bundle.module, compatibleWith: nil)!
^ ~~~~~~~~~~~~~~
with
/Users/admin/builder/spi-builder-workspace/Sources/LucideIcons/Lucide+iOS.swift:1813:52: error: incorrect argument label in call (have 'named:in:compatibleWith:', expected 'named:in:with:')
public static let `userShield`: UIImage = UIImage(named: "user-shield", in: Bundle.module, compatibleWith: nil)!
^ ~~~~~~~~~~~~~~
with
/Users/admin/builder/spi-builder-workspace/Sources/LucideIcons/Lucide+iOS.swift:1814:50: error: incorrect argument label in call (have 'named:in:compatibleWith:', expected 'named:in:with:')
public static let `userStar`: UIImage = UIImage(named: "user-star", in: Bundle.module, compatibleWith: nil)!
^ ~~~~~~~~~~~~~~
with
/Users/admin/builder/spi-builder-workspace/Sources/LucideIcons/Lucide+iOS.swift:1815:47: error: incorrect argument label in call (have 'named:in:compatibleWith:', expected 'named:in:with:')
public static let `userX`: UIImage = UIImage(named: "user-x", in: Bundle.module, compatibleWith: nil)!
^ ~~~~~~~~~~~~~~
with
/Users/admin/builder/spi-builder-workspace/Sources/LucideIcons/Lucide+iOS.swift:1816:46: error: incorrect argument label in call (have 'named:in:compatibleWith:', expected 'named:in:with:')
public static let `user`: UIImage = UIImage(named: "user", in: Bundle.module, compatibleWith: nil)!
^ ~~~~~~~~~~~~~~
with
/Users/admin/builder/spi-builder-workspace/Sources/LucideIcons/Lucide+iOS.swift:1817:60: error: incorrect argument label in call (have 'named:in:compatibleWith:', expected 'named:in:with:')
public static let `usersCollaboration`: UIImage = UIImage(named: "users-collaboration", in: Bundle.module, compatibleWith: nil)!
^ ~~~~~~~~~~~~~~
with
/Users/admin/builder/spi-builder-workspace/Sources/LucideIcons/Lucide+iOS.swift:1818:65: error: incorrect argument label in call (have 'named:in:compatibleWith:', expected 'named:in:with:')
public static let `usersRoundCollaboration`: UIImage = UIImage(named: "users-round-collaboration", in: Bundle.module, compatibleWith: nil)!
^ ~~~~~~~~~~~~~~
with
/Users/admin/builder/spi-builder-workspace/Sources/LucideIcons/Lucide+iOS.swift:1819:52: error: incorrect argument label in call (have 'named:in:compatibleWith:', expected 'named:in:with:')
public static let `usersRound`: UIImage = UIImage(named: "users-round", in: Bundle.module, compatibleWith: nil)!
^ ~~~~~~~~~~~~~~
with
/Users/admin/builder/spi-builder-workspace/Sources/LucideIcons/Lucide+iOS.swift:1820:47: error: incorrect argument label in call (have 'named:in:compatibleWith:', expected 'named:in:with:')
public static let `users`: UIImage = UIImage(named: "users", in: Bundle.module, compatibleWith: nil)!
^ ~~~~~~~~~~~~~~
with
/Users/admin/builder/spi-builder-workspace/Sources/LucideIcons/Lucide+iOS.swift:1821:57: error: incorrect argument label in call (have 'named:in:compatibleWith:', expected 'named:in:with:')
public static let `utensilsCrossed`: UIImage = UIImage(named: "utensils-crossed", in: Bundle.module, compatibleWith: nil)!
^ ~~~~~~~~~~~~~~
with
/Users/admin/builder/spi-builder-workspace/Sources/LucideIcons/Lucide+iOS.swift:1822:50: error: incorrect argument label in call (have 'named:in:compatibleWith:', expected 'named:in:with:')
public static let `utensils`: UIImage = UIImage(named: "utensils", in: Bundle.module, compatibleWith: nil)!
^ ~~~~~~~~~~~~~~
with
/Users/admin/builder/spi-builder-workspace/Sources/LucideIcons/Lucide+iOS.swift:1823:53: error: incorrect argument label in call (have 'named:in:compatibleWith:', expected 'named:in:with:')
public static let `utilityPole`: UIImage = UIImage(named: "utility-pole", in: Bundle.module, compatibleWith: nil)!
^ ~~~~~~~~~~~~~~
with
/Users/admin/builder/spi-builder-workspace/Sources/LucideIcons/Lucide+iOS.swift:1824:45: error: incorrect argument label in call (have 'named:in:compatibleWith:', expected 'named:in:with:')
public static let `van`: UIImage = UIImage(named: "van", in: Bundle.module, compatibleWith: nil)!
^ ~~~~~~~~~~~~~~
with
/Users/admin/builder/spi-builder-workspace/Sources/LucideIcons/Lucide+iOS.swift:1825:50: error: incorrect argument label in call (have 'named:in:compatibleWith:', expected 'named:in:with:')
public static let `variable`: UIImage = UIImage(named: "variable", in: Bundle.module, compatibleWith: nil)!
^ ~~~~~~~~~~~~~~
with
/Users/admin/builder/spi-builder-workspace/Sources/LucideIcons/Lucide+iOS.swift:1826:47: error: incorrect argument label in call (have 'named:in:compatibleWith:', expected 'named:in:with:')
public static let `vault`: UIImage = UIImage(named: "vault", in: Bundle.module, compatibleWith: nil)!
^ ~~~~~~~~~~~~~~
with
/Users/admin/builder/spi-builder-workspace/Sources/LucideIcons/Lucide+iOS.swift:1827:55: error: incorrect argument label in call (have 'named:in:compatibleWith:', expected 'named:in:with:')
public static let `vectorPolygon`: UIImage = UIImage(named: "vector-polygon", in: Bundle.module, compatibleWith: nil)!
^ ~~~~~~~~~~~~~~
with
/Users/admin/builder/spi-builder-workspace/Sources/LucideIcons/Lucide+iOS.swift:1828:54: error: incorrect argument label in call (have 'named:in:compatibleWith:', expected 'named:in:with:')
public static let `vectorSquare`: UIImage = UIImage(named: "vector-square", in: Bundle.module, compatibleWith: nil)!
^ ~~~~~~~~~~~~~~
with
/Users/admin/builder/spi-builder-workspace/Sources/LucideIcons/Lucide+iOS.swift:1829:47: error: incorrect argument label in call (have 'named:in:compatibleWith:', expected 'named:in:with:')
public static let `vegan`: UIImage = UIImage(named: "vegan", in: Bundle.module, compatibleWith: nil)!
^ ~~~~~~~~~~~~~~
with
/Users/admin/builder/spi-builder-workspace/Sources/LucideIcons/Lucide+iOS.swift:1830:54: error: incorrect argument label in call (have 'named:in:compatibleWith:', expected 'named:in:with:')
public static let `venetianMask`: UIImage = UIImage(named: "venetian-mask", in: Bundle.module, compatibleWith: nil)!
^ ~~~~~~~~~~~~~~
with
/Users/admin/builder/spi-builder-workspace/Sources/LucideIcons/Lucide+iOS.swift:1831:54: error: incorrect argument label in call (have 'named:in:compatibleWith:', expected 'named:in:with:')
public static let `venusAndMars`: UIImage = UIImage(named: "venus-and-mars", in: Bundle.module, compatibleWith: nil)!
^ ~~~~~~~~~~~~~~
with
/Users/admin/builder/spi-builder-workspace/Sources/LucideIcons/Lucide+iOS.swift:1832:47: error: incorrect argument label in call (have 'named:in:compatibleWith:', expected 'named:in:with:')
public static let `venus`: UIImage = UIImage(named: "venus", in: Bundle.module, compatibleWith: nil)!
^ ~~~~~~~~~~~~~~
with
/Users/admin/builder/spi-builder-workspace/Sources/LucideIcons/Lucide+iOS.swift:1833:52: error: incorrect argument label in call (have 'named:in:compatibleWith:', expected 'named:in:with:')
public static let `vibrateOff`: UIImage = UIImage(named: "vibrate-off", in: Bundle.module, compatibleWith: nil)!
^ ~~~~~~~~~~~~~~
with
/Users/admin/builder/spi-builder-workspace/Sources/LucideIcons/Lucide+iOS.swift:1834:49: error: incorrect argument label in call (have 'named:in:compatibleWith:', expected 'named:in:with:')
public static let `vibrate`: UIImage = UIImage(named: "vibrate", in: Bundle.module, compatibleWith: nil)!
^ ~~~~~~~~~~~~~~
with
/Users/admin/builder/spi-builder-workspace/Sources/LucideIcons/Lucide+iOS.swift:1835:50: error: incorrect argument label in call (have 'named:in:compatibleWith:', expected 'named:in:with:')
public static let `videoOff`: UIImage = UIImage(named: "video-off", in: Bundle.module, compatibleWith: nil)!
^ ~~~~~~~~~~~~~~
with
/Users/admin/builder/spi-builder-workspace/Sources/LucideIcons/Lucide+iOS.swift:1836:47: error: incorrect argument label in call (have 'named:in:compatibleWith:', expected 'named:in:with:')
public static let `video`: UIImage = UIImage(named: "video", in: Bundle.module, compatibleWith: nil)!
^ ~~~~~~~~~~~~~~
with
/Users/admin/builder/spi-builder-workspace/Sources/LucideIcons/Lucide+iOS.swift:1837:51: error: incorrect argument label in call (have 'named:in:compatibleWith:', expected 'named:in:with:')
public static let `videotape`: UIImage = UIImage(named: "videotape", in: Bundle.module, compatibleWith: nil)!
^ ~~~~~~~~~~~~~~
with
/Users/admin/builder/spi-builder-workspace/Sources/LucideIcons/Lucide+iOS.swift:1838:46: error: incorrect argument label in call (have 'named:in:compatibleWith:', expected 'named:in:with:')
public static let `view`: UIImage = UIImage(named: "view", in: Bundle.module, compatibleWith: nil)!
^ ~~~~~~~~~~~~~~
with
/Users/admin/builder/spi-builder-workspace/Sources/LucideIcons/Lucide+iOS.swift:1839:50: error: incorrect argument label in call (have 'named:in:compatibleWith:', expected 'named:in:with:')
public static let `virusOff`: UIImage = UIImage(named: "virus-off", in: Bundle.module, compatibleWith: nil)!
^ ~~~~~~~~~~~~~~
with
/Users/admin/builder/spi-builder-workspace/Sources/LucideIcons/Lucide+iOS.swift:1840:47: error: incorrect argument label in call (have 'named:in:compatibleWith:', expected 'named:in:with:')
public static let `virus`: UIImage = UIImage(named: "virus", in: Bundle.module, compatibleWith: nil)!
^ ~~~~~~~~~~~~~~
with
/Users/admin/builder/spi-builder-workspace/Sources/LucideIcons/Lucide+iOS.swift:1841:51: error: incorrect argument label in call (have 'named:in:compatibleWith:', expected 'named:in:with:')
public static let `voicemail`: UIImage = UIImage(named: "voicemail", in: Bundle.module, compatibleWith: nil)!
^ ~~~~~~~~~~~~~~
with
/Users/admin/builder/spi-builder-workspace/Sources/LucideIcons/Lucide+iOS.swift:1842:52: error: incorrect argument label in call (have 'named:in:compatibleWith:', expected 'named:in:with:')
public static let `volleyball`: UIImage = UIImage(named: "volleyball", in: Bundle.module, compatibleWith: nil)!
^ ~~~~~~~~~~~~~~
with
/Users/admin/builder/spi-builder-workspace/Sources/LucideIcons/Lucide+iOS.swift:1843:49: error: incorrect argument label in call (have 'named:in:compatibleWith:', expected 'named:in:with:')
public static let `volume1`: UIImage = UIImage(named: "volume-1", in: Bundle.module, compatibleWith: nil)!
^ ~~~~~~~~~~~~~~
with
/Users/admin/builder/spi-builder-workspace/Sources/LucideIcons/Lucide+iOS.swift:1844:49: error: incorrect argument label in call (have 'named:in:compatibleWith:', expected 'named:in:with:')
public static let `volume2`: UIImage = UIImage(named: "volume-2", in: Bundle.module, compatibleWith: nil)!
^ ~~~~~~~~~~~~~~
with
/Users/admin/builder/spi-builder-workspace/Sources/LucideIcons/Lucide+iOS.swift:1845:51: error: incorrect argument label in call (have 'named:in:compatibleWith:', expected 'named:in:with:')
public static let `volumeOff`: UIImage = UIImage(named: "volume-off", in: Bundle.module, compatibleWith: nil)!
^ ~~~~~~~~~~~~~~
with
/Users/admin/builder/spi-builder-workspace/Sources/LucideIcons/Lucide+iOS.swift:1846:49: error: incorrect argument label in call (have 'named:in:compatibleWith:', expected 'named:in:with:')
public static let `volumeX`: UIImage = UIImage(named: "volume-x", in: Bundle.module, compatibleWith: nil)!
^ ~~~~~~~~~~~~~~
with
/Users/admin/builder/spi-builder-workspace/Sources/LucideIcons/Lucide+iOS.swift:1847:48: error: incorrect argument label in call (have 'named:in:compatibleWith:', expected 'named:in:with:')
public static let `volume`: UIImage = UIImage(named: "volume", in: Bundle.module, compatibleWith: nil)!
^ ~~~~~~~~~~~~~~
with
/Users/admin/builder/spi-builder-workspace/Sources/LucideIcons/Lucide+iOS.swift:1848:46: error: incorrect argument label in call (have 'named:in:compatibleWith:', expected 'named:in:with:')
public static let `vote`: UIImage = UIImage(named: "vote", in: Bundle.module, compatibleWith: nil)!
^ ~~~~~~~~~~~~~~
with
/Users/admin/builder/spi-builder-workspace/Sources/LucideIcons/Lucide+iOS.swift:1849:53: error: incorrect argument label in call (have 'named:in:compatibleWith:', expected 'named:in:with:')
public static let `walletCards`: UIImage = UIImage(named: "wallet-cards", in: Bundle.module, compatibleWith: nil)!
^ ~~~~~~~~~~~~~~
with
/Users/admin/builder/spi-builder-workspace/Sources/LucideIcons/Lucide+iOS.swift:1850:55: error: incorrect argument label in call (have 'named:in:compatibleWith:', expected 'named:in:with:')
public static let `walletMinimal`: UIImage = UIImage(named: "wallet-minimal", in: Bundle.module, compatibleWith: nil)!
^ ~~~~~~~~~~~~~~
with
/Users/admin/builder/spi-builder-workspace/Sources/LucideIcons/Lucide+iOS.swift:1851:48: error: incorrect argument label in call (have 'named:in:compatibleWith:', expected 'named:in:with:')
public static let `wallet`: UIImage = UIImage(named: "wallet", in: Bundle.module, compatibleWith: nil)!
^ ~~~~~~~~~~~~~~
with
/Users/admin/builder/spi-builder-workspace/Sources/LucideIcons/Lucide+iOS.swift:1852:51: error: incorrect argument label in call (have 'named:in:compatibleWith:', expected 'named:in:with:')
public static let `wallpaper`: UIImage = UIImage(named: "wallpaper", in: Bundle.module, compatibleWith: nil)!
^ ~~~~~~~~~~~~~~
with
/Users/admin/builder/spi-builder-workspace/Sources/LucideIcons/Lucide+iOS.swift:1853:54: error: incorrect argument label in call (have 'named:in:compatibleWith:', expected 'named:in:with:')
public static let `wandSparkles`: UIImage = UIImage(named: "wand-sparkles", in: Bundle.module, compatibleWith: nil)!
^ ~~~~~~~~~~~~~~
with
/Users/admin/builder/spi-builder-workspace/Sources/LucideIcons/Lucide+iOS.swift:1854:46: error: incorrect argument label in call (have 'named:in:compatibleWith:', expected 'named:in:with:')
public static let `wand`: UIImage = UIImage(named: "wand", in: Bundle.module, compatibleWith: nil)!
^ ~~~~~~~~~~~~~~
with
/Users/admin/builder/spi-builder-workspace/Sources/LucideIcons/Lucide+iOS.swift:1855:51: error: incorrect argument label in call (have 'named:in:compatibleWith:', expected 'named:in:with:')
public static let `warehouse`: UIImage = UIImage(named: "warehouse", in: Bundle.module, compatibleWith: nil)!
^ ~~~~~~~~~~~~~~
with
/Users/admin/builder/spi-builder-workspace/Sources/LucideIcons/Lucide+iOS.swift:1856:56: error: incorrect argument label in call (have 'named:in:compatibleWith:', expected 'named:in:with:')
public static let `washingMachine`: UIImage = UIImage(named: "washing-machine", in: Bundle.module, compatibleWith: nil)!
^ ~~~~~~~~~~~~~~
with
/Users/admin/builder/spi-builder-workspace/Sources/LucideIcons/Lucide+iOS.swift:1857:47: error: incorrect argument label in call (have 'named:in:compatibleWith:', expected 'named:in:with:')
public static let `watch`: UIImage = UIImage(named: "watch", in: Bundle.module, compatibleWith: nil)!
^ ~~~~~~~~~~~~~~
with
/Users/admin/builder/spi-builder-workspace/Sources/LucideIcons/Lucide+iOS.swift:1858:56: error: incorrect argument label in call (have 'named:in:compatibleWith:', expected 'named:in:with:')
public static let `wavesArrowDown`: UIImage = UIImage(named: "waves-arrow-down", in: Bundle.module, compatibleWith: nil)!
^ ~~~~~~~~~~~~~~
with
/Users/admin/builder/spi-builder-workspace/Sources/LucideIcons/Lucide+iOS.swift:1859:54: error: incorrect argument label in call (have 'named:in:compatibleWith:', expected 'named:in:with:')
public static let `wavesArrowUp`: UIImage = UIImage(named: "waves-arrow-up", in: Bundle.module, compatibleWith: nil)!
^ ~~~~~~~~~~~~~~
with
/Users/admin/builder/spi-builder-workspace/Sources/LucideIcons/Lucide+iOS.swift:1860:57: error: incorrect argument label in call (have 'named:in:compatibleWith:', expected 'named:in:with:')
public static let `wavesHorizontal`: UIImage = UIImage(named: "waves-horizontal", in: Bundle.module, compatibleWith: nil)!
^ ~~~~~~~~~~~~~~
with
/Users/admin/builder/spi-builder-workspace/Sources/LucideIcons/Lucide+iOS.swift:1861:53: error: incorrect argument label in call (have 'named:in:compatibleWith:', expected 'named:in:with:')
public static let `wavesLadder`: UIImage = UIImage(named: "waves-ladder", in: Bundle.module, compatibleWith: nil)!
^ ~~~~~~~~~~~~~~
with
/Users/admin/builder/spi-builder-workspace/Sources/LucideIcons/Lucide+iOS.swift:1862:55: error: incorrect argument label in call (have 'named:in:compatibleWith:', expected 'named:in:with:')
public static let `wavesVertical`: UIImage = UIImage(named: "waves-vertical", in: Bundle.module, compatibleWith: nil)!
^ ~~~~~~~~~~~~~~
with
/Users/admin/builder/spi-builder-workspace/Sources/LucideIcons/Lucide+iOS.swift:1863:51: error: incorrect argument label in call (have 'named:in:compatibleWith:', expected 'named:in:with:')
public static let `waypoints`: UIImage = UIImage(named: "waypoints", in: Bundle.module, compatibleWith: nil)!
^ ~~~~~~~~~~~~~~
with
/Users/admin/builder/spi-builder-workspace/Sources/LucideIcons/Lucide+iOS.swift:1864:51: error: incorrect argument label in call (have 'named:in:compatibleWith:', expected 'named:in:with:')
public static let `webcamOff`: UIImage = UIImage(named: "webcam-off", in: Bundle.module, compatibleWith: nil)!
^ ~~~~~~~~~~~~~~
with
/Users/admin/builder/spi-builder-workspace/Sources/LucideIcons/Lucide+iOS.swift:1865:48: error: incorrect argument label in call (have 'named:in:compatibleWith:', expected 'named:in:with:')
public static let `webcam`: UIImage = UIImage(named: "webcam", in: Bundle.module, compatibleWith: nil)!
^ ~~~~~~~~~~~~~~
with
/Users/admin/builder/spi-builder-workspace/Sources/LucideIcons/Lucide+iOS.swift:1866:52: error: incorrect argument label in call (have 'named:in:compatibleWith:', expected 'named:in:with:')
public static let `webhookOff`: UIImage = UIImage(named: "webhook-off", in: Bundle.module, compatibleWith: nil)!
^ ~~~~~~~~~~~~~~
with
/Users/admin/builder/spi-builder-workspace/Sources/LucideIcons/Lucide+iOS.swift:1867:49: error: incorrect argument label in call (have 'named:in:compatibleWith:', expected 'named:in:with:')
public static let `webhook`: UIImage = UIImage(named: "webhook", in: Bundle.module, compatibleWith: nil)!
^ ~~~~~~~~~~~~~~
with
/Users/admin/builder/spi-builder-workspace/Sources/LucideIcons/Lucide+iOS.swift:1868:53: error: incorrect argument label in call (have 'named:in:compatibleWith:', expected 'named:in:with:')
public static let `weightTilde`: UIImage = UIImage(named: "weight-tilde", in: Bundle.module, compatibleWith: nil)!
^ ~~~~~~~~~~~~~~
with
/Users/admin/builder/spi-builder-workspace/Sources/LucideIcons/Lucide+iOS.swift:1869:48: error: incorrect argument label in call (have 'named:in:compatibleWith:', expected 'named:in:with:')
public static let `weight`: UIImage = UIImage(named: "weight", in: Bundle.module, compatibleWith: nil)!
^ ~~~~~~~~~~~~~~
with
/Users/admin/builder/spi-builder-workspace/Sources/LucideIcons/Lucide+iOS.swift:1870:50: error: incorrect argument label in call (have 'named:in:compatibleWith:', expected 'named:in:with:')
public static let `wheatOff`: UIImage = UIImage(named: "wheat-off", in: Bundle.module, compatibleWith: nil)!
^ ~~~~~~~~~~~~~~
with
/Users/admin/builder/spi-builder-workspace/Sources/LucideIcons/Lucide+iOS.swift:1871:47: error: incorrect argument label in call (have 'named:in:compatibleWith:', expected 'named:in:with:')
public static let `wheat`: UIImage = UIImage(named: "wheat", in: Bundle.module, compatibleWith: nil)!
^ ~~~~~~~~~~~~~~
with
/Users/admin/builder/spi-builder-workspace/Sources/LucideIcons/Lucide+iOS.swift:1872:49: error: incorrect argument label in call (have 'named:in:compatibleWith:', expected 'named:in:with:')
public static let `whistle`: UIImage = UIImage(named: "whistle", in: Bundle.module, compatibleWith: nil)!
^ ~~~~~~~~~~~~~~
with
/Users/admin/builder/spi-builder-workspace/Sources/LucideIcons/Lucide+iOS.swift:1873:51: error: incorrect argument label in call (have 'named:in:compatibleWith:', expected 'named:in:with:')
public static let `wholeWord`: UIImage = UIImage(named: "whole-word", in: Bundle.module, compatibleWith: nil)!
^ ~~~~~~~~~~~~~~
with
/Users/admin/builder/spi-builder-workspace/Sources/LucideIcons/Lucide+iOS.swift:1874:49: error: incorrect argument label in call (have 'named:in:compatibleWith:', expected 'named:in:with:')
public static let `wifiCog`: UIImage = UIImage(named: "wifi-cog", in: Bundle.module, compatibleWith: nil)!
^ ~~~~~~~~~~~~~~
with
/Users/admin/builder/spi-builder-workspace/Sources/LucideIcons/Lucide+iOS.swift:1875:50: error: incorrect argument label in call (have 'named:in:compatibleWith:', expected 'named:in:with:')
public static let `wifiHigh`: UIImage = UIImage(named: "wifi-high", in: Bundle.module, compatibleWith: nil)!
^ ~~~~~~~~~~~~~~
with
/Users/admin/builder/spi-builder-workspace/Sources/LucideIcons/Lucide+iOS.swift:1876:50: error: incorrect argument label in call (have 'named:in:compatibleWith:', expected 'named:in:with:')
public static let `wifiLock`: UIImage = UIImage(named: "wifi-lock", in: Bundle.module, compatibleWith: nil)!
^ ~~~~~~~~~~~~~~
with
/Users/admin/builder/spi-builder-workspace/Sources/LucideIcons/Lucide+iOS.swift:1877:49: error: incorrect argument label in call (have 'named:in:compatibleWith:', expected 'named:in:with:')
public static let `wifiLow`: UIImage = UIImage(named: "wifi-low", in: Bundle.module, compatibleWith: nil)!
^ ~~~~~~~~~~~~~~
with
/Users/admin/builder/spi-builder-workspace/Sources/LucideIcons/Lucide+iOS.swift:1878:49: error: incorrect argument label in call (have 'named:in:compatibleWith:', expected 'named:in:with:')
public static let `wifiOff`: UIImage = UIImage(named: "wifi-off", in: Bundle.module, compatibleWith: nil)!
^ ~~~~~~~~~~~~~~
with
/Users/admin/builder/spi-builder-workspace/Sources/LucideIcons/Lucide+iOS.swift:1879:49: error: incorrect argument label in call (have 'named:in:compatibleWith:', expected 'named:in:with:')
public static let `wifiPen`: UIImage = UIImage(named: "wifi-pen", in: Bundle.module, compatibleWith: nil)!
^ ~~~~~~~~~~~~~~
with
/Users/admin/builder/spi-builder-workspace/Sources/LucideIcons/Lucide+iOS.swift:1880:50: error: incorrect argument label in call (have 'named:in:compatibleWith:', expected 'named:in:with:')
public static let `wifiSync`: UIImage = UIImage(named: "wifi-sync", in: Bundle.module, compatibleWith: nil)!
^ ~~~~~~~~~~~~~~
with
/Users/admin/builder/spi-builder-workspace/Sources/LucideIcons/Lucide+iOS.swift:1881:50: error: incorrect argument label in call (have 'named:in:compatibleWith:', expected 'named:in:with:')
public static let `wifiZero`: UIImage = UIImage(named: "wifi-zero", in: Bundle.module, compatibleWith: nil)!
^ ~~~~~~~~~~~~~~
with
/Users/admin/builder/spi-builder-workspace/Sources/LucideIcons/Lucide+iOS.swift:1882:46: error: incorrect argument label in call (have 'named:in:compatibleWith:', expected 'named:in:with:')
public static let `wifi`: UIImage = UIImage(named: "wifi", in: Bundle.module, compatibleWith: nil)!
^ ~~~~~~~~~~~~~~
with
/Users/admin/builder/spi-builder-workspace/Sources/LucideIcons/Lucide+iOS.swift:1883:55: error: incorrect argument label in call (have 'named:in:compatibleWith:', expected 'named:in:with:')
public static let `windArrowDown`: UIImage = UIImage(named: "wind-arrow-down", in: Bundle.module, compatibleWith: nil)!
^ ~~~~~~~~~~~~~~
with
/Users/admin/builder/spi-builder-workspace/Sources/LucideIcons/Lucide+iOS.swift:1884:53: error: incorrect argument label in call (have 'named:in:compatibleWith:', expected 'named:in:with:')
public static let `windArrowUp`: UIImage = UIImage(named: "wind-arrow-up", in: Bundle.module, compatibleWith: nil)!
^ ~~~~~~~~~~~~~~
with
/Users/admin/builder/spi-builder-workspace/Sources/LucideIcons/Lucide+iOS.swift:1885:46: error: incorrect argument label in call (have 'named:in:compatibleWith:', expected 'named:in:with:')
public static let `wind`: UIImage = UIImage(named: "wind", in: Bundle.module, compatibleWith: nil)!
^ ~~~~~~~~~~~~~~
with
/Users/admin/builder/spi-builder-workspace/Sources/LucideIcons/Lucide+iOS.swift:1886:49: error: incorrect argument label in call (have 'named:in:compatibleWith:', expected 'named:in:with:')
public static let `wineOff`: UIImage = UIImage(named: "wine-off", in: Bundle.module, compatibleWith: nil)!
^ ~~~~~~~~~~~~~~
with
/Users/admin/builder/spi-builder-workspace/Sources/LucideIcons/Lucide+iOS.swift:1887:46: error: incorrect argument label in call (have 'named:in:compatibleWith:', expected 'named:in:with:')
public static let `wine`: UIImage = UIImage(named: "wine", in: Bundle.module, compatibleWith: nil)!
^ ~~~~~~~~~~~~~~
with
/Users/admin/builder/spi-builder-workspace/Sources/LucideIcons/Lucide+iOS.swift:1888:50: error: incorrect argument label in call (have 'named:in:compatibleWith:', expected 'named:in:with:')
public static let `workflow`: UIImage = UIImage(named: "workflow", in: Bundle.module, compatibleWith: nil)!
^ ~~~~~~~~~~~~~~
with
/Users/admin/builder/spi-builder-workspace/Sources/LucideIcons/Lucide+iOS.swift:1889:46: error: incorrect argument label in call (have 'named:in:compatibleWith:', expected 'named:in:with:')
public static let `worm`: UIImage = UIImage(named: "worm", in: Bundle.module, compatibleWith: nil)!
^ ~~~~~~~~~~~~~~
with
/Users/admin/builder/spi-builder-workspace/Sources/LucideIcons/Lucide+iOS.swift:1890:51: error: incorrect argument label in call (have 'named:in:compatibleWith:', expected 'named:in:with:')
public static let `wrenchOff`: UIImage = UIImage(named: "wrench-off", in: Bundle.module, compatibleWith: nil)!
^ ~~~~~~~~~~~~~~
with
/Users/admin/builder/spi-builder-workspace/Sources/LucideIcons/Lucide+iOS.swift:1891:48: error: incorrect argument label in call (have 'named:in:compatibleWith:', expected 'named:in:with:')
public static let `wrench`: UIImage = UIImage(named: "wrench", in: Bundle.module, compatibleWith: nil)!
^ ~~~~~~~~~~~~~~
with
/Users/admin/builder/spi-builder-workspace/Sources/LucideIcons/Lucide+iOS.swift:1892:50: error: incorrect argument label in call (have 'named:in:compatibleWith:', expected 'named:in:with:')
public static let `xLineTop`: UIImage = UIImage(named: "x-line-top", in: Bundle.module, compatibleWith: nil)!
^ ~~~~~~~~~~~~~~
with
/Users/admin/builder/spi-builder-workspace/Sources/LucideIcons/Lucide+iOS.swift:1893:43: error: incorrect argument label in call (have 'named:in:compatibleWith:', expected 'named:in:with:')
public static let `x`: UIImage = UIImage(named: "x", in: Bundle.module, compatibleWith: nil)!
^ ~~~~~~~~~~~~~~
with
/Users/admin/builder/spi-builder-workspace/Sources/LucideIcons/Lucide+iOS.swift:1894:48: error: incorrect argument label in call (have 'named:in:compatibleWith:', expected 'named:in:with:')
public static let `zapOff`: UIImage = UIImage(named: "zap-off", in: Bundle.module, compatibleWith: nil)!
^ ~~~~~~~~~~~~~~
with
/Users/admin/builder/spi-builder-workspace/Sources/LucideIcons/Lucide+iOS.swift:1895:45: error: incorrect argument label in call (have 'named:in:compatibleWith:', expected 'named:in:with:')
public static let `zap`: UIImage = UIImage(named: "zap", in: Bundle.module, compatibleWith: nil)!
^ ~~~~~~~~~~~~~~
with
/Users/admin/builder/spi-builder-workspace/Sources/LucideIcons/Lucide+iOS.swift:1896:56: error: incorrect argument label in call (have 'named:in:compatibleWith:', expected 'named:in:with:')
public static let `zodiacAquarius`: UIImage = UIImage(named: "zodiac-aquarius", in: Bundle.module, compatibleWith: nil)!
^ ~~~~~~~~~~~~~~
with
/Users/admin/builder/spi-builder-workspace/Sources/LucideIcons/Lucide+iOS.swift:1897:53: error: incorrect argument label in call (have 'named:in:compatibleWith:', expected 'named:in:with:')
public static let `zodiacAries`: UIImage = UIImage(named: "zodiac-aries", in: Bundle.module, compatibleWith: nil)!
^ ~~~~~~~~~~~~~~
with
/Users/admin/builder/spi-builder-workspace/Sources/LucideIcons/Lucide+iOS.swift:1898:54: error: incorrect argument label in call (have 'named:in:compatibleWith:', expected 'named:in:with:')
public static let `zodiacCancer`: UIImage = UIImage(named: "zodiac-cancer", in: Bundle.module, compatibleWith: nil)!
^ ~~~~~~~~~~~~~~
with
/Users/admin/builder/spi-builder-workspace/Sources/LucideIcons/Lucide+iOS.swift:1899:57: error: incorrect argument label in call (have 'named:in:compatibleWith:', expected 'named:in:with:')
public static let `zodiacCapricorn`: UIImage = UIImage(named: "zodiac-capricorn", in: Bundle.module, compatibleWith: nil)!
^ ~~~~~~~~~~~~~~
with
/Users/admin/builder/spi-builder-workspace/Sources/LucideIcons/Lucide+iOS.swift:1900:54: error: incorrect argument label in call (have 'named:in:compatibleWith:', expected 'named:in:with:')
public static let `zodiacGemini`: UIImage = UIImage(named: "zodiac-gemini", in: Bundle.module, compatibleWith: nil)!
^ ~~~~~~~~~~~~~~
with
/Users/admin/builder/spi-builder-workspace/Sources/LucideIcons/Lucide+iOS.swift:1901:51: error: incorrect argument label in call (have 'named:in:compatibleWith:', expected 'named:in:with:')
public static let `zodiacLeo`: UIImage = UIImage(named: "zodiac-leo", in: Bundle.module, compatibleWith: nil)!
^ ~~~~~~~~~~~~~~
with
/Users/admin/builder/spi-builder-workspace/Sources/LucideIcons/Lucide+iOS.swift:1902:53: error: incorrect argument label in call (have 'named:in:compatibleWith:', expected 'named:in:with:')
public static let `zodiacLibra`: UIImage = UIImage(named: "zodiac-libra", in: Bundle.module, compatibleWith: nil)!
^ ~~~~~~~~~~~~~~
with
/Users/admin/builder/spi-builder-workspace/Sources/LucideIcons/Lucide+iOS.swift:1903:57: error: incorrect argument label in call (have 'named:in:compatibleWith:', expected 'named:in:with:')
public static let `zodiacOphiuchus`: UIImage = UIImage(named: "zodiac-ophiuchus", in: Bundle.module, compatibleWith: nil)!
^ ~~~~~~~~~~~~~~
with
/Users/admin/builder/spi-builder-workspace/Sources/LucideIcons/Lucide+iOS.swift:1904:54: error: incorrect argument label in call (have 'named:in:compatibleWith:', expected 'named:in:with:')
public static let `zodiacPisces`: UIImage = UIImage(named: "zodiac-pisces", in: Bundle.module, compatibleWith: nil)!
^ ~~~~~~~~~~~~~~
with
/Users/admin/builder/spi-builder-workspace/Sources/LucideIcons/Lucide+iOS.swift:1905:59: error: incorrect argument label in call (have 'named:in:compatibleWith:', expected 'named:in:with:')
public static let `zodiacSagittarius`: UIImage = UIImage(named: "zodiac-sagittarius", in: Bundle.module, compatibleWith: nil)!
^ ~~~~~~~~~~~~~~
with
/Users/admin/builder/spi-builder-workspace/Sources/LucideIcons/Lucide+iOS.swift:1906:55: error: incorrect argument label in call (have 'named:in:compatibleWith:', expected 'named:in:with:')
public static let `zodiacScorpio`: UIImage = UIImage(named: "zodiac-scorpio", in: Bundle.module, compatibleWith: nil)!
^ ~~~~~~~~~~~~~~
with
/Users/admin/builder/spi-builder-workspace/Sources/LucideIcons/Lucide+iOS.swift:1907:54: error: incorrect argument label in call (have 'named:in:compatibleWith:', expected 'named:in:with:')
public static let `zodiacTaurus`: UIImage = UIImage(named: "zodiac-taurus", in: Bundle.module, compatibleWith: nil)!
^ ~~~~~~~~~~~~~~
with
/Users/admin/builder/spi-builder-workspace/Sources/LucideIcons/Lucide+iOS.swift:1908:53: error: incorrect argument label in call (have 'named:in:compatibleWith:', expected 'named:in:with:')
public static let `zodiacVirgo`: UIImage = UIImage(named: "zodiac-virgo", in: Bundle.module, compatibleWith: nil)!
^ ~~~~~~~~~~~~~~
with
/Users/admin/builder/spi-builder-workspace/Sources/LucideIcons/Lucide+iOS.swift:1909:48: error: incorrect argument label in call (have 'named:in:compatibleWith:', expected 'named:in:with:')
public static let `zoomIn`: UIImage = UIImage(named: "zoom-in", in: Bundle.module, compatibleWith: nil)!
^ ~~~~~~~~~~~~~~
with
/Users/admin/builder/spi-builder-workspace/Sources/LucideIcons/Lucide+iOS.swift:1910:49: error: incorrect argument label in call (have 'named:in:compatibleWith:', expected 'named:in:with:')
public static let `zoomOut`: UIImage = UIImage(named: "zoom-out", in: Bundle.module, compatibleWith: nil)!
^ ~~~~~~~~~~~~~~
with
/Users/admin/builder/spi-builder-workspace/.derivedData/Build/Intermediates.noindex/LucideIcons.build/Debug-watchos/LucideIcons.build/DerivedSources/GeneratedAssetSymbols.swift:652:14: warning: The "book-image" image asset name resolves to the symbol "book" which already exists. Try renaming the asset.
#warning("The \"book-image\" image asset name resolves to the symbol \"book\" which already exists. Try renaming the asset.")
^~~~~~~~~~~~~~~~~~~~~~~~~~~~~~~~~~~~~~~~~~~~~~~~~~~~~~~~~~~~~~~~~~~~~~~~~~~~~~~~~~~~~~~~~~~~~~~~~~~~~~~~~~~~~~~~~~~
/Users/admin/builder/spi-builder-workspace/.derivedData/Build/Intermediates.noindex/LucideIcons.build/Debug-watchos/LucideIcons.build/DerivedSources/GeneratedAssetSymbols.swift:2055:14: warning: The "file-image" image asset name resolves to the symbol "file" which already exists. Try renaming the asset.
#warning("The \"file-image\" image asset name resolves to the symbol \"file\" which already exists. Try renaming the asset.")
^~~~~~~~~~~~~~~~~~~~~~~~~~~~~~~~~~~~~~~~~~~~~~~~~~~~~~~~~~~~~~~~~~~~~~~~~~~~~~~~~~~~~~~~~~~~~~~~~~~~~~~~~~~~~~~~~~~
Failed frontend command:
/Applications/Xcode-16.3.0.app/Contents/Developer/Toolchains/XcodeDefault.xctoolchain/usr/bin/swift-frontend -frontend -emit-module -experimental-skip-non-inlinable-function-bodies-without-types /Users/admin/builder/spi-builder-workspace/.derivedData/Build/Intermediates.noindex/LucideIcons.build/Debug-watchos/LucideIcons.build/DerivedSources/resource_bundle_accessor.swift /Users/admin/builder/spi-builder-workspace/Sources/LucideIcons/Lucide+iOS.swift /Users/admin/builder/spi-builder-workspace/Sources/LucideIcons/Lucide+macOS.swift /Users/admin/builder/spi-builder-workspace/Sources/LucideIcons/Lucide.swift /Users/admin/builder/spi-builder-workspace/.derivedData/Build/Intermediates.noindex/LucideIcons.build/Debug-watchos/LucideIcons.build/DerivedSources/GeneratedAssetSymbols.swift -target arm64_32-apple-watchos6.0 -enable-objc-interop -sdk /Applications/Xcode-16.3.0.app/Contents/Developer/Platforms/WatchOS.platform/Developer/SDKs/WatchOS11.4.sdk -I /Users/admin/builder/spi-builder-workspace/.derivedData/Build/Products/Debug-watchos -I /Applications/Xcode-16.3.0.app/Contents/Developer/Platforms/WatchOS.platform/Developer/usr/lib -F /Users/admin/builder/spi-builder-workspace/.derivedData/Build/Products/Debug-watchos -F /Applications/Xcode-16.3.0.app/Contents/Developer/Platforms/WatchOS.platform/Developer/Library/Frameworks -F /Applications/Xcode-16.3.0.app/Contents/Developer/Platforms/WatchOS.platform/Developer/SDKs/WatchOS11.4.sdk/Developer/Library/Frameworks -no-color-diagnostics -enable-testing -g -debug-info-format\=dwarf -dwarf-version\=4 -module-cache-path /Users/admin/builder/spi-builder-workspace/.derivedData/ModuleCache.noindex -profile-generate -profile-coverage-mapping -swift-version 5 -enforce-exclusivity\=checked -stats-output-dir /Users/admin/builder/spi-builder-workspace/.swiftpm/xcode/.stats -Onone -D SWIFT_PACKAGE -D DEBUG -serialize-debugging-options -const-gather-protocols-file /Users/admin/builder/spi-builder-workspace/.derivedData/Build/Intermediates.noindex/LucideIcons.build/Debug-watchos/LucideIcons.build/Objects-normal/arm64_32/LucideIcons_const_extract_protocols.json -enable-upcoming-feature StrictConcurrency -enable-upcoming-feature DisableOutwardActorInference -enable-upcoming-feature GlobalActorIsolatedTypesUsability -enable-upcoming-feature InferSendableFromCaptures -enable-experimental-feature DebugDescriptionMacro -strict-concurrency\=complete -empty-abi-descriptor -plugin-path /Applications/Xcode-16.3.0.app/Contents/Developer/Toolchains/XcodeDefault.xctoolchain/usr/lib/swift/host/plugins/testing -validate-clang-modules-once -clang-build-session-file /Users/admin/builder/spi-builder-workspace/.derivedData/ModuleCache.noindex/Session.modulevalidation -Xcc -working-directory -Xcc /Users/admin/builder/spi-builder-workspace/.swiftpm/xcode -resource-dir /Applications/Xcode-16.3.0.app/Contents/Developer/Toolchains/XcodeDefault.xctoolchain/usr/lib/swift -enable-anonymous-context-mangled-names -file-compilation-dir /Users/admin/builder/spi-builder-workspace/.swiftpm/xcode -Xcc -ivfsstatcache -Xcc /Users/admin/builder/spi-builder-workspace/.derivedData/SDKStatCaches.noindex/watchos11.4-22T246-43efb940ff07ba2497b70ec94253f576.sdkstatcache -Xcc -I/Users/admin/builder/spi-builder-workspace/.derivedData/Build/Intermediates.noindex/LucideIcons.build/Debug-watchos/LucideIcons.build/swift-overrides.hmap -Xcc -I/Users/admin/builder/spi-builder-workspace/.derivedData/Build/Products/Debug-watchos/include -Xcc -I/Users/admin/builder/spi-builder-workspace/.derivedData/Build/Intermediates.noindex/LucideIcons.build/Debug-watchos/LucideIcons.build/DerivedSources-normal/arm64_32 -Xcc -I/Users/admin/builder/spi-builder-workspace/.derivedData/Build/Intermediates.noindex/LucideIcons.build/Debug-watchos/LucideIcons.build/DerivedSources/arm64_32 -Xcc -I/Users/admin/builder/spi-builder-workspace/.derivedData/Build/Intermediates.noindex/LucideIcons.build/Debug-watchos/LucideIcons.build/DerivedSources -Xcc -DSWIFT_PACKAGE -Xcc -DDEBUG\=1 -module-name LucideIcons -package-name spi_builder_workspace -frontend-parseable-output -disable-clang-spi -target-sdk-version 11.4 -target-sdk-name watchos11.4 -external-plugin-path /Applications/Xcode-16.3.0.app/Contents/Developer/Platforms/WatchOS.platform/Developer/usr/lib/swift/host/plugins\#/Applications/Xcode-16.3.0.app/Contents/Developer/Platforms/WatchOS.platform/Developer/usr/bin/swift-plugin-server -external-plugin-path /Applications/Xcode-16.3.0.app/Contents/Developer/Platforms/WatchOS.platform/Developer/usr/local/lib/swift/host/plugins\#/Applications/Xcode-16.3.0.app/Contents/Developer/Platforms/WatchOS.platform/Developer/usr/bin/swift-plugin-server -in-process-plugin-server-path /Applications/Xcode-16.3.0.app/Contents/Developer/Toolchains/XcodeDefault.xctoolchain/usr/lib/swift/host/libSwiftInProcPluginServer.dylib -plugin-path /Applications/Xcode-16.3.0.app/Contents/Developer/Toolchains/XcodeDefault.xctoolchain/usr/lib/swift/host/plugins -plugin-path /Applications/Xcode-16.3.0.app/Contents/Developer/Toolchains/XcodeDefault.xctoolchain/usr/local/lib/swift/host/plugins -emit-module-doc-path /Users/admin/builder/spi-builder-workspace/.derivedData/Build/Intermediates.noindex/LucideIcons.build/Debug-watchos/LucideIcons.build/Objects-normal/arm64_32/LucideIcons.swiftdoc -emit-module-source-info-path /Users/admin/builder/spi-builder-workspace/.derivedData/Build/Intermediates.noindex/LucideIcons.build/Debug-watchos/LucideIcons.build/Objects-normal/arm64_32/LucideIcons.swiftsourceinfo -emit-objc-header-path /Users/admin/builder/spi-builder-workspace/.derivedData/Build/Intermediates.noindex/LucideIcons.build/Debug-watchos/LucideIcons.build/Objects-normal/arm64_32/LucideIcons-Swift.h -serialize-diagnostics-path /Users/admin/builder/spi-builder-workspace/.derivedData/Build/Intermediates.noindex/LucideIcons.build/Debug-watchos/LucideIcons.build/Objects-normal/arm64_32/LucideIcons-master-emit-module.dia -emit-dependencies-path /Users/admin/builder/spi-builder-workspace/.derivedData/Build/Intermediates.noindex/LucideIcons.build/Debug-watchos/LucideIcons.build/Objects-normal/arm64_32/LucideIcons-master-emit-module.d -o /Users/admin/builder/spi-builder-workspace/.derivedData/Build/Intermediates.noindex/LucideIcons.build/Debug-watchos/LucideIcons.build/Objects-normal/arm64_32/LucideIcons.swiftmodule -emit-abi-descriptor-path /Users/admin/builder/spi-builder-workspace/.derivedData/Build/Intermediates.noindex/LucideIcons.build/Debug-watchos/LucideIcons.build/Objects-normal/arm64_32/LucideIcons.abi.json
SwiftCompile normal arm64_32 Compiling\ Lucide+iOS.swift /Users/admin/builder/spi-builder-workspace/Sources/LucideIcons/Lucide+iOS.swift (in target 'LucideIcons' from project 'LucideIcons')
SwiftCompile normal arm64_32 /Users/admin/builder/spi-builder-workspace/Sources/LucideIcons/Lucide+iOS.swift (in target 'LucideIcons' from project 'LucideIcons')
cd /Users/admin/builder/spi-builder-workspace/.swiftpm/xcode
SwiftCompile normal arm64 Compiling\ Lucide.swift /Users/admin/builder/spi-builder-workspace/Sources/LucideIcons/Lucide.swift (in target 'LucideIcons' from project 'LucideIcons')
Failed frontend command:
/Applications/Xcode-16.3.0.app/Contents/Developer/Toolchains/XcodeDefault.xctoolchain/usr/bin/swift-frontend -frontend -c /Users/admin/builder/spi-builder-workspace/.derivedData/Build/Intermediates.noindex/LucideIcons.build/Debug-watchos/LucideIcons.build/DerivedSources/resource_bundle_accessor.swift /Users/admin/builder/spi-builder-workspace/Sources/LucideIcons/Lucide+iOS.swift /Users/admin/builder/spi-builder-workspace/Sources/LucideIcons/Lucide+macOS.swift -primary-file /Users/admin/builder/spi-builder-workspace/Sources/LucideIcons/Lucide.swift /Users/admin/builder/spi-builder-workspace/.derivedData/Build/Intermediates.noindex/LucideIcons.build/Debug-watchos/LucideIcons.build/DerivedSources/GeneratedAssetSymbols.swift -emit-dependencies-path /Users/admin/builder/spi-builder-workspace/.derivedData/Build/Intermediates.noindex/LucideIcons.build/Debug-watchos/LucideIcons.build/Objects-normal/arm64/Lucide.d -emit-const-values-path /Users/admin/builder/spi-builder-workspace/.derivedData/Build/Intermediates.noindex/LucideIcons.build/Debug-watchos/LucideIcons.build/Objects-normal/arm64/Lucide.swiftconstvalues -emit-reference-dependencies-path /Users/admin/builder/spi-builder-workspace/.derivedData/Build/Intermediates.noindex/LucideIcons.build/Debug-watchos/LucideIcons.build/Objects-normal/arm64/Lucide.swiftdeps -serialize-diagnostics-path /Users/admin/builder/spi-builder-workspace/.derivedData/Build/Intermediates.noindex/LucideIcons.build/Debug-watchos/LucideIcons.build/Objects-normal/arm64/Lucide.dia -target arm64-apple-watchos6.0 -Xllvm -aarch64-use-tbi -enable-objc-interop -stack-check -sdk /Applications/Xcode-16.3.0.app/Contents/Developer/Platforms/WatchOS.platform/Developer/SDKs/WatchOS11.4.sdk -I /Users/admin/builder/spi-builder-workspace/.derivedData/Build/Products/Debug-watchos -I /Applications/Xcode-16.3.0.app/Contents/Developer/Platforms/WatchOS.platform/Developer/usr/lib -F /Users/admin/builder/spi-builder-workspace/.derivedData/Build/Products/Debug-watchos -F /Applications/Xcode-16.3.0.app/Contents/Developer/Platforms/WatchOS.platform/Developer/Library/Frameworks -F /Applications/Xcode-16.3.0.app/Contents/Developer/Platforms/WatchOS.platform/Developer/SDKs/WatchOS11.4.sdk/Developer/Library/Frameworks -no-color-diagnostics -enable-testing -g -debug-info-format\=dwarf -dwarf-version\=4 -module-cache-path /Users/admin/builder/spi-builder-workspace/.derivedData/ModuleCache.noindex -profile-generate -profile-coverage-mapping -swift-version 5 -enforce-exclusivity\=checked -stats-output-dir /Users/admin/builder/spi-builder-workspace/.swiftpm/xcode/.stats -Onone -D SWIFT_PACKAGE -D DEBUG -serialize-debugging-options -const-gather-protocols-file /Users/admin/builder/spi-builder-workspace/.derivedData/Build/Intermediates.noindex/LucideIcons.build/Debug-watchos/LucideIcons.build/Objects-normal/arm64/LucideIcons_const_extract_protocols.json -enable-upcoming-feature StrictConcurrency -enable-upcoming-feature DisableOutwardActorInference -enable-upcoming-feature GlobalActorIsolatedTypesUsability -enable-upcoming-feature InferSendableFromCaptures -enable-experimental-feature DebugDescriptionMacro -strict-concurrency\=complete -empty-abi-descriptor -plugin-path /Applications/Xcode-16.3.0.app/Contents/Developer/Toolchains/XcodeDefault.xctoolchain/usr/lib/swift/host/plugins/testing -validate-clang-modules-once -clang-build-session-file /Users/admin/builder/spi-builder-workspace/.derivedData/ModuleCache.noindex/Session.modulevalidation -Xcc -working-directory -Xcc /Users/admin/builder/spi-builder-workspace/.swiftpm/xcode -resource-dir /Applications/Xcode-16.3.0.app/Contents/Developer/Toolchains/XcodeDefault.xctoolchain/usr/lib/swift -enable-anonymous-context-mangled-names -file-compilation-dir /Users/admin/builder/spi-builder-workspace/.swiftpm/xcode -Xcc -ivfsstatcache -Xcc /Users/admin/builder/spi-builder-workspace/.derivedData/SDKStatCaches.noindex/watchos11.4-22T246-43efb940ff07ba2497b70ec94253f576.sdkstatcache -Xcc -I/Users/admin/builder/spi-builder-workspace/.derivedData/Build/Intermediates.noindex/LucideIcons.build/Debug-watchos/LucideIcons.build/swift-overrides.hmap -Xcc -I/Users/admin/builder/spi-builder-workspace/.derivedData/Build/Products/Debug-watchos/include -Xcc -I/Users/admin/builder/spi-builder-workspace/.derivedData/Build/Intermediates.noindex/LucideIcons.build/Debug-watchos/LucideIcons.build/DerivedSources-normal/arm64 -Xcc -I/Users/admin/builder/spi-builder-workspace/.derivedData/Build/Intermediates.noindex/LucideIcons.build/Debug-watchos/LucideIcons.build/DerivedSources/arm64 -Xcc -I/Users/admin/builder/spi-builder-workspace/.derivedData/Build/Intermediates.noindex/LucideIcons.build/Debug-watchos/LucideIcons.build/DerivedSources -Xcc -DSWIFT_PACKAGE -Xcc -DDEBUG\=1 -module-name LucideIcons -package-name spi_builder_workspace -frontend-parseable-output -disable-clang-spi -target-sdk-version 11.4 -target-sdk-name watchos11.4 -external-plugin-path /Applications/Xcode-16.3.0.app/Contents/Developer/Platforms/WatchOS.platform/Developer/usr/lib/swift/host/plugins\#/Applications/Xcode-16.3.0.app/Contents/Developer/Platforms/WatchOS.platform/Developer/usr/bin/swift-plugin-server -external-plugin-path /Applications/Xcode-16.3.0.app/Contents/Developer/Platforms/WatchOS.platform/Developer/usr/local/lib/swift/host/plugins\#/Applications/Xcode-16.3.0.app/Contents/Developer/Platforms/WatchOS.platform/Developer/usr/bin/swift-plugin-server -in-process-plugin-server-path /Applications/Xcode-16.3.0.app/Contents/Developer/Toolchains/XcodeDefault.xctoolchain/usr/lib/swift/host/libSwiftInProcPluginServer.dylib -plugin-path /Applications/Xcode-16.3.0.app/Contents/Developer/Toolchains/XcodeDefault.xctoolchain/usr/lib/swift/host/plugins -plugin-path /Applications/Xcode-16.3.0.app/Contents/Developer/Toolchains/XcodeDefault.xctoolchain/usr/local/lib/swift/host/plugins -o /Users/admin/builder/spi-builder-workspace/.derivedData/Build/Intermediates.noindex/LucideIcons.build/Debug-watchos/LucideIcons.build/Objects-normal/arm64/Lucide.o -index-unit-output-path /LucideIcons.build/Debug-watchos/LucideIcons.build/Objects-normal/arm64/Lucide.o -index-store-path /Users/admin/builder/spi-builder-workspace/.derivedData/Index.noindex/DataStore -index-system-modules
SwiftCompile normal arm64 /Users/admin/builder/spi-builder-workspace/Sources/LucideIcons/Lucide.swift (in target 'LucideIcons' from project 'LucideIcons')
cd /Users/admin/builder/spi-builder-workspace/.swiftpm/xcode
/Users/admin/builder/spi-builder-workspace/Sources/LucideIcons/Lucide.swift:12:12: error: incorrect argument label in call (have 'named:in:compatibleWith:', expected 'named:in:with:')
self.init(named: lucideId, in: Bundle.module, compatibleWith: nil)
^ ~~~~~~~~~~~~~~
with
SwiftCompile normal arm64 Compiling\ Lucide+iOS.swift /Users/admin/builder/spi-builder-workspace/Sources/LucideIcons/Lucide+iOS.swift (in target 'LucideIcons' from project 'LucideIcons')
SwiftCompile normal arm64 /Users/admin/builder/spi-builder-workspace/Sources/LucideIcons/Lucide+iOS.swift (in target 'LucideIcons' from project 'LucideIcons')
cd /Users/admin/builder/spi-builder-workspace/.swiftpm/xcode
SwiftCompile normal arm64_32 Compiling\ Lucide+macOS.swift /Users/admin/builder/spi-builder-workspace/Sources/LucideIcons/Lucide+macOS.swift (in target 'LucideIcons' from project 'LucideIcons')
SwiftCompile normal arm64_32 /Users/admin/builder/spi-builder-workspace/Sources/LucideIcons/Lucide+macOS.swift (in target 'LucideIcons' from project 'LucideIcons')
cd /Users/admin/builder/spi-builder-workspace/.swiftpm/xcode
SwiftCompile normal arm64_32 Compiling\ resource_bundle_accessor.swift /Users/admin/builder/spi-builder-workspace/.derivedData/Build/Intermediates.noindex/LucideIcons.build/Debug-watchos/LucideIcons.build/DerivedSources/resource_bundle_accessor.swift (in target 'LucideIcons' from project 'LucideIcons')
SwiftCompile normal arm64_32 /Users/admin/builder/spi-builder-workspace/.derivedData/Build/Intermediates.noindex/LucideIcons.build/Debug-watchos/LucideIcons.build/DerivedSources/resource_bundle_accessor.swift (in target 'LucideIcons' from project 'LucideIcons')
cd /Users/admin/builder/spi-builder-workspace/.swiftpm/xcode
SwiftCompile normal arm64 Compiling\ GeneratedAssetSymbols.swift /Users/admin/builder/spi-builder-workspace/.derivedData/Build/Intermediates.noindex/LucideIcons.build/Debug-watchos/LucideIcons.build/DerivedSources/GeneratedAssetSymbols.swift (in target 'LucideIcons' from project 'LucideIcons')
SwiftCompile normal arm64 /Users/admin/builder/spi-builder-workspace/.derivedData/Build/Intermediates.noindex/LucideIcons.build/Debug-watchos/LucideIcons.build/DerivedSources/GeneratedAssetSymbols.swift (in target 'LucideIcons' from project 'LucideIcons')
cd /Users/admin/builder/spi-builder-workspace/.swiftpm/xcode
SwiftCompile normal arm64 Compiling\ resource_bundle_accessor.swift /Users/admin/builder/spi-builder-workspace/.derivedData/Build/Intermediates.noindex/LucideIcons.build/Debug-watchos/LucideIcons.build/DerivedSources/resource_bundle_accessor.swift (in target 'LucideIcons' from project 'LucideIcons')
SwiftCompile normal arm64 /Users/admin/builder/spi-builder-workspace/.derivedData/Build/Intermediates.noindex/LucideIcons.build/Debug-watchos/LucideIcons.build/DerivedSources/resource_bundle_accessor.swift (in target 'LucideIcons' from project 'LucideIcons')
cd /Users/admin/builder/spi-builder-workspace/.swiftpm/xcode
SwiftCompile normal arm64_32 Compiling\ Lucide.swift /Users/admin/builder/spi-builder-workspace/Sources/LucideIcons/Lucide.swift (in target 'LucideIcons' from project 'LucideIcons')
Failed frontend command:
/Applications/Xcode-16.3.0.app/Contents/Developer/Toolchains/XcodeDefault.xctoolchain/usr/bin/swift-frontend -frontend -c /Users/admin/builder/spi-builder-workspace/.derivedData/Build/Intermediates.noindex/LucideIcons.build/Debug-watchos/LucideIcons.build/DerivedSources/resource_bundle_accessor.swift /Users/admin/builder/spi-builder-workspace/Sources/LucideIcons/Lucide+iOS.swift /Users/admin/builder/spi-builder-workspace/Sources/LucideIcons/Lucide+macOS.swift -primary-file /Users/admin/builder/spi-builder-workspace/Sources/LucideIcons/Lucide.swift /Users/admin/builder/spi-builder-workspace/.derivedData/Build/Intermediates.noindex/LucideIcons.build/Debug-watchos/LucideIcons.build/DerivedSources/GeneratedAssetSymbols.swift -emit-dependencies-path /Users/admin/builder/spi-builder-workspace/.derivedData/Build/Intermediates.noindex/LucideIcons.build/Debug-watchos/LucideIcons.build/Objects-normal/arm64_32/Lucide.d -emit-const-values-path /Users/admin/builder/spi-builder-workspace/.derivedData/Build/Intermediates.noindex/LucideIcons.build/Debug-watchos/LucideIcons.build/Objects-normal/arm64_32/Lucide.swiftconstvalues -emit-reference-dependencies-path /Users/admin/builder/spi-builder-workspace/.derivedData/Build/Intermediates.noindex/LucideIcons.build/Debug-watchos/LucideIcons.build/Objects-normal/arm64_32/Lucide.swiftdeps -serialize-diagnostics-path /Users/admin/builder/spi-builder-workspace/.derivedData/Build/Intermediates.noindex/LucideIcons.build/Debug-watchos/LucideIcons.build/Objects-normal/arm64_32/Lucide.dia -target arm64_32-apple-watchos6.0 -enable-objc-interop -sdk /Applications/Xcode-16.3.0.app/Contents/Developer/Platforms/WatchOS.platform/Developer/SDKs/WatchOS11.4.sdk -I /Users/admin/builder/spi-builder-workspace/.derivedData/Build/Products/Debug-watchos -I /Applications/Xcode-16.3.0.app/Contents/Developer/Platforms/WatchOS.platform/Developer/usr/lib -F /Users/admin/builder/spi-builder-workspace/.derivedData/Build/Products/Debug-watchos -F /Applications/Xcode-16.3.0.app/Contents/Developer/Platforms/WatchOS.platform/Developer/Library/Frameworks -F /Applications/Xcode-16.3.0.app/Contents/Developer/Platforms/WatchOS.platform/Developer/SDKs/WatchOS11.4.sdk/Developer/Library/Frameworks -no-color-diagnostics -enable-testing -g -debug-info-format\=dwarf -dwarf-version\=4 -module-cache-path /Users/admin/builder/spi-builder-workspace/.derivedData/ModuleCache.noindex -profile-generate -profile-coverage-mapping -swift-version 5 -enforce-exclusivity\=checked -stats-output-dir /Users/admin/builder/spi-builder-workspace/.swiftpm/xcode/.stats -Onone -D SWIFT_PACKAGE -D DEBUG -serialize-debugging-options -const-gather-protocols-file /Users/admin/builder/spi-builder-workspace/.derivedData/Build/Intermediates.noindex/LucideIcons.build/Debug-watchos/LucideIcons.build/Objects-normal/arm64_32/LucideIcons_const_extract_protocols.json -enable-upcoming-feature StrictConcurrency -enable-upcoming-feature DisableOutwardActorInference -enable-upcoming-feature GlobalActorIsolatedTypesUsability -enable-upcoming-feature InferSendableFromCaptures -enable-experimental-feature DebugDescriptionMacro -strict-concurrency\=complete -empty-abi-descriptor -plugin-path /Applications/Xcode-16.3.0.app/Contents/Developer/Toolchains/XcodeDefault.xctoolchain/usr/lib/swift/host/plugins/testing -validate-clang-modules-once -clang-build-session-file /Users/admin/builder/spi-builder-workspace/.derivedData/ModuleCache.noindex/Session.modulevalidation -Xcc -working-directory -Xcc /Users/admin/builder/spi-builder-workspace/.swiftpm/xcode -resource-dir /Applications/Xcode-16.3.0.app/Contents/Developer/Toolchains/XcodeDefault.xctoolchain/usr/lib/swift -enable-anonymous-context-mangled-names -file-compilation-dir /Users/admin/builder/spi-builder-workspace/.swiftpm/xcode -Xcc -ivfsstatcache -Xcc /Users/admin/builder/spi-builder-workspace/.derivedData/SDKStatCaches.noindex/watchos11.4-22T246-43efb940ff07ba2497b70ec94253f576.sdkstatcache -Xcc -I/Users/admin/builder/spi-builder-workspace/.derivedData/Build/Intermediates.noindex/LucideIcons.build/Debug-watchos/LucideIcons.build/swift-overrides.hmap -Xcc -I/Users/admin/builder/spi-builder-workspace/.derivedData/Build/Products/Debug-watchos/include -Xcc -I/Users/admin/builder/spi-builder-workspace/.derivedData/Build/Intermediates.noindex/LucideIcons.build/Debug-watchos/LucideIcons.build/DerivedSources-normal/arm64_32 -Xcc -I/Users/admin/builder/spi-builder-workspace/.derivedData/Build/Intermediates.noindex/LucideIcons.build/Debug-watchos/LucideIcons.build/DerivedSources/arm64_32 -Xcc -I/Users/admin/builder/spi-builder-workspace/.derivedData/Build/Intermediates.noindex/LucideIcons.build/Debug-watchos/LucideIcons.build/DerivedSources -Xcc -DSWIFT_PACKAGE -Xcc -DDEBUG\=1 -module-name LucideIcons -package-name spi_builder_workspace -frontend-parseable-output -disable-clang-spi -target-sdk-version 11.4 -target-sdk-name watchos11.4 -external-plugin-path /Applications/Xcode-16.3.0.app/Contents/Developer/Platforms/WatchOS.platform/Developer/usr/lib/swift/host/plugins\#/Applications/Xcode-16.3.0.app/Contents/Developer/Platforms/WatchOS.platform/Developer/usr/bin/swift-plugin-server -external-plugin-path /Applications/Xcode-16.3.0.app/Contents/Developer/Platforms/WatchOS.platform/Developer/usr/local/lib/swift/host/plugins\#/Applications/Xcode-16.3.0.app/Contents/Developer/Platforms/WatchOS.platform/Developer/usr/bin/swift-plugin-server -in-process-plugin-server-path /Applications/Xcode-16.3.0.app/Contents/Developer/Toolchains/XcodeDefault.xctoolchain/usr/lib/swift/host/libSwiftInProcPluginServer.dylib -plugin-path /Applications/Xcode-16.3.0.app/Contents/Developer/Toolchains/XcodeDefault.xctoolchain/usr/lib/swift/host/plugins -plugin-path /Applications/Xcode-16.3.0.app/Contents/Developer/Toolchains/XcodeDefault.xctoolchain/usr/local/lib/swift/host/plugins -o /Users/admin/builder/spi-builder-workspace/.derivedData/Build/Intermediates.noindex/LucideIcons.build/Debug-watchos/LucideIcons.build/Objects-normal/arm64_32/Lucide.o -index-unit-output-path /LucideIcons.build/Debug-watchos/LucideIcons.build/Objects-normal/arm64_32/Lucide.o -index-store-path /Users/admin/builder/spi-builder-workspace/.derivedData/Index.noindex/DataStore -index-system-modules
SwiftCompile normal arm64_32 /Users/admin/builder/spi-builder-workspace/Sources/LucideIcons/Lucide.swift (in target 'LucideIcons' from project 'LucideIcons')
cd /Users/admin/builder/spi-builder-workspace/.swiftpm/xcode
/Users/admin/builder/spi-builder-workspace/Sources/LucideIcons/Lucide.swift:12:12: error: incorrect argument label in call (have 'named:in:compatibleWith:', expected 'named:in:with:')
self.init(named: lucideId, in: Bundle.module, compatibleWith: nil)
^ ~~~~~~~~~~~~~~
with
SwiftEmitModule normal armv7k Emitting\ module\ for\ LucideIcons (in target 'LucideIcons' from project 'LucideIcons')
EmitSwiftModule normal armv7k (in target 'LucideIcons' from project 'LucideIcons')
cd /Users/admin/builder/spi-builder-workspace/.swiftpm/xcode
SwiftDriverJobDiscovery normal arm64_32 Compiling Lucide+macOS.swift (in target 'LucideIcons' from project 'LucideIcons')
SwiftEmitModule normal arm64 Emitting\ module\ for\ LucideIcons (in target 'LucideIcons' from project 'LucideIcons')
EmitSwiftModule normal arm64 (in target 'LucideIcons' from project 'LucideIcons')
cd /Users/admin/builder/spi-builder-workspace/.swiftpm/xcode
SwiftDriverJobDiscovery normal arm64_32 Compiling resource_bundle_accessor.swift (in target 'LucideIcons' from project 'LucideIcons')
SwiftCompile normal armv7k Compiling\ Lucide+iOS.swift /Users/admin/builder/spi-builder-workspace/Sources/LucideIcons/Lucide+iOS.swift (in target 'LucideIcons' from project 'LucideIcons')
SwiftCompile normal armv7k /Users/admin/builder/spi-builder-workspace/Sources/LucideIcons/Lucide+iOS.swift (in target 'LucideIcons' from project 'LucideIcons')
cd /Users/admin/builder/spi-builder-workspace/.swiftpm/xcode
SwiftDriverJobDiscovery normal arm64 Compiling resource_bundle_accessor.swift (in target 'LucideIcons' from project 'LucideIcons')
SwiftCompile normal armv7k Compiling\ resource_bundle_accessor.swift /Users/admin/builder/spi-builder-workspace/.derivedData/Build/Intermediates.noindex/LucideIcons.build/Debug-watchos/LucideIcons.build/DerivedSources/resource_bundle_accessor.swift (in target 'LucideIcons' from project 'LucideIcons')
Command SwiftCompile failed with a nonzero exit code
** BUILD FAILED **
The following build commands failed:
EmitSwiftModule normal arm64_32 (in target 'LucideIcons' from project 'LucideIcons')
SwiftEmitModule normal arm64_32 Emitting\ module\ for\ LucideIcons (in target 'LucideIcons' from project 'LucideIcons')
SwiftCompile normal arm64 Compiling\ Lucide.swift /Users/admin/builder/spi-builder-workspace/Sources/LucideIcons/Lucide.swift (in target 'LucideIcons' from project 'LucideIcons')
SwiftCompile normal arm64 /Users/admin/builder/spi-builder-workspace/Sources/LucideIcons/Lucide.swift (in target 'LucideIcons' from project 'LucideIcons')
SwiftCompile normal arm64_32 Compiling\ Lucide.swift /Users/admin/builder/spi-builder-workspace/Sources/LucideIcons/Lucide.swift (in target 'LucideIcons' from project 'LucideIcons')
SwiftCompile normal arm64_32 /Users/admin/builder/spi-builder-workspace/Sources/LucideIcons/Lucide.swift (in target 'LucideIcons' from project 'LucideIcons')
SwiftCompile normal armv7k Compiling\ resource_bundle_accessor.swift /Users/admin/builder/spi-builder-workspace/.derivedData/Build/Intermediates.noindex/LucideIcons.build/Debug-watchos/LucideIcons.build/DerivedSources/resource_bundle_accessor.swift (in target 'LucideIcons' from project 'LucideIcons')
Building workspace spi-builder-workspace with scheme LucideIcons
(8 failures)
Command line invocation:
/Applications/Xcode-16.3.0.app/Contents/Developer/usr/bin/xcodebuild -IDEClonedSourcePackagesDirPathOverride=/Users/admin/builder/spi-builder-workspace/.dependencies -resolvePackageDependencies
Resolve Package Graph
Resolved source packages:
LucideIcons: /Users/admin/builder/spi-builder-workspace
resolved source packages: LucideIcons
{
"dependencies" : [
],
"manifest_display_name" : "LucideIcons",
"name" : "LucideIcons",
"path" : "/Users/admin/builder/spi-builder-workspace",
"platforms" : [
{
"name" : "ios",
"version" : "13.0"
},
{
"name" : "macos",
"version" : "10.13"
}
],
"products" : [
{
"name" : "LucideIcons",
"targets" : [
"LucideIcons"
],
"type" : {
"library" : [
"automatic"
]
}
}
],
"targets" : [
{
"c99name" : "LucideIconsTests",
"module_type" : "SwiftTarget",
"name" : "LucideIconsTests",
"path" : "Tests/LucideIconsTests",
"sources" : [
"LucideIconsTests.swift"
],
"target_dependencies" : [
"LucideIcons"
],
"type" : "test"
},
{
"c99name" : "LucideIcons",
"module_type" : "SwiftTarget",
"name" : "LucideIcons",
"path" : "Sources/LucideIcons",
"product_memberships" : [
"LucideIcons"
],
"resources" : [
{
"path" : "/Users/admin/builder/spi-builder-workspace/Sources/LucideIcons/icons.xcassets",
"rule" : {
"process" : {
}
}
}
],
"sources" : [
"Lucide+iOS.swift",
"Lucide+macOS.swift",
"Lucide.swift"
],
"type" : "library"
}
],
"tools_version" : "5.10"
}
{
"workspace" : {
"name" : "spi-builder-workspace",
"schemes" : [
"LucideIcons"
]
}
}
Running build ...
env DEVELOPER_DIR=/Applications/Xcode-16.3.0.app xcrun xcodebuild -IDEClonedSourcePackagesDirPathOverride=$PWD/.dependencies -skipMacroValidation -skipPackagePluginValidation -derivedDataPath $PWD/.derivedData build -scheme LucideIcons -destination generic/platform=watchOS
Command line invocation:
/Applications/Xcode-16.3.0.app/Contents/Developer/usr/bin/xcodebuild -IDEClonedSourcePackagesDirPathOverride=/Users/admin/builder/spi-builder-workspace/.dependencies -skipMacroValidation -skipPackagePluginValidation -derivedDataPath /Users/admin/builder/spi-builder-workspace/.derivedData build -scheme LucideIcons -destination generic/platform=watchOS
Resolve Package Graph
Resolved source packages:
LucideIcons: /Users/admin/builder/spi-builder-workspace
ComputePackagePrebuildTargetDependencyGraph
Prepare packages
CreateBuildRequest
SendProjectDescription
CreateBuildOperation
ComputeTargetDependencyGraph
note: Building targets in dependency order
note: Target dependency graph (3 targets)
Target 'LucideIcons' in project 'LucideIcons'
➜ Explicit dependency on target 'LucideIcons' in project 'LucideIcons'
➜ Explicit dependency on target 'LucideIcons_LucideIcons' in project 'LucideIcons'
Target 'LucideIcons' in project 'LucideIcons'
➜ Explicit dependency on target 'LucideIcons_LucideIcons' in project 'LucideIcons'
Target 'LucideIcons_LucideIcons' in project 'LucideIcons' (no dependencies)
GatherProvisioningInputs
CreateBuildDescription
ExecuteExternalTool /Applications/Xcode-16.3.0.app/Contents/Developer/usr/bin/actool --version --output-format xml1
ExecuteExternalTool /Applications/Xcode-16.3.0.app/Contents/Developer/Toolchains/XcodeDefault.xctoolchain/usr/bin/clang -v -E -dM -isysroot /Applications/Xcode-16.3.0.app/Contents/Developer/Platforms/WatchOS.platform/Developer/SDKs/WatchOS11.4.sdk -x c -c /dev/null
ExecuteExternalTool /Applications/Xcode-16.3.0.app/Contents/Developer/Toolchains/XcodeDefault.xctoolchain/usr/bin/swiftc --version
ExecuteExternalTool /Applications/Xcode-16.3.0.app/Contents/Developer/Toolchains/XcodeDefault.xctoolchain/usr/bin/ld -version_details
Build description signature: 5f7899c95d4a85183f55100a3535e563
Build description path: /Users/admin/builder/spi-builder-workspace/.derivedData/Build/Intermediates.noindex/XCBuildData/5f7899c95d4a85183f55100a3535e563.xcbuilddata
ClangStatCache /Applications/Xcode-16.3.0.app/Contents/Developer/Toolchains/XcodeDefault.xctoolchain/usr/bin/clang-stat-cache /Applications/Xcode-16.3.0.app/Contents/Developer/Platforms/WatchOS.platform/Developer/SDKs/WatchOS11.4.sdk /Users/admin/builder/spi-builder-workspace/.derivedData/SDKStatCaches.noindex/watchos11.4-22T246-43efb940ff07ba2497b70ec94253f576.sdkstatcache
cd /Users/admin/builder/spi-builder-workspace/.swiftpm/xcode
/Applications/Xcode-16.3.0.app/Contents/Developer/Toolchains/XcodeDefault.xctoolchain/usr/bin/clang-stat-cache /Applications/Xcode-16.3.0.app/Contents/Developer/Platforms/WatchOS.platform/Developer/SDKs/WatchOS11.4.sdk -o /Users/admin/builder/spi-builder-workspace/.derivedData/SDKStatCaches.noindex/watchos11.4-22T246-43efb940ff07ba2497b70ec94253f576.sdkstatcache
CompileAssetCatalogVariant thinned /Users/admin/builder/spi-builder-workspace/.derivedData/Build/Products/Debug-watchos/LucideIcons_LucideIcons.bundle /Users/admin/builder/spi-builder-workspace/Sources/LucideIcons/icons.xcassets (in target 'LucideIcons_LucideIcons' from project 'LucideIcons')
cd /Users/admin/builder/spi-builder-workspace
/Applications/Xcode-16.3.0.app/Contents/Developer/usr/bin/actool /Users/admin/builder/spi-builder-workspace/Sources/LucideIcons/icons.xcassets --compile /Users/admin/builder/spi-builder-workspace/.derivedData/Build/Intermediates.noindex/LucideIcons.build/Debug-watchos/LucideIcons_LucideIcons.build/assetcatalog_output/thinned --output-format human-readable-text --notices --warnings --export-dependency-info /Users/admin/builder/spi-builder-workspace/.derivedData/Build/Intermediates.noindex/LucideIcons.build/Debug-watchos/LucideIcons_LucideIcons.build/assetcatalog_dependencies_thinned --output-partial-info-plist /Users/admin/builder/spi-builder-workspace/.derivedData/Build/Intermediates.noindex/LucideIcons.build/Debug-watchos/LucideIcons_LucideIcons.build/assetcatalog_generated_info.plist_thinned --compress-pngs --enable-on-demand-resources NO --development-region en --target-device watch --minimum-deployment-target 6.0 --platform watchos
SwiftDriver LucideIcons normal arm64_32 com.apple.xcode.tools.swift.compiler (in target 'LucideIcons' from project 'LucideIcons')
cd /Users/admin/builder/spi-builder-workspace/.swiftpm/xcode
builtin-SwiftDriver -- /Applications/Xcode-16.3.0.app/Contents/Developer/Toolchains/XcodeDefault.xctoolchain/usr/bin/swiftc -module-name LucideIcons -Onone -enforce-exclusivity\=checked @/Users/admin/builder/spi-builder-workspace/.derivedData/Build/Intermediates.noindex/LucideIcons.build/Debug-watchos/LucideIcons.build/Objects-normal/arm64_32/LucideIcons.SwiftFileList -DSWIFT_PACKAGE -DDEBUG -DXcode -plugin-path /Applications/Xcode-16.3.0.app/Contents/Developer/Toolchains/XcodeDefault.xctoolchain/usr/lib/swift/host/plugins/testing -enable-experimental-feature DebugDescriptionMacro -sdk /Applications/Xcode-16.3.0.app/Contents/Developer/Platforms/WatchOS.platform/Developer/SDKs/WatchOS11.4.sdk -target arm64_32-apple-watchos6.0 -g -module-cache-path /Users/admin/builder/spi-builder-workspace/.derivedData/ModuleCache.noindex -Xfrontend -serialize-debugging-options -profile-coverage-mapping -profile-generate -enable-testing -index-store-path /Users/admin/builder/spi-builder-workspace/.derivedData/Index.noindex/DataStore -swift-version 5 -I /Users/admin/builder/spi-builder-workspace/.derivedData/Build/Products/Debug-watchos -I /Applications/Xcode-16.3.0.app/Contents/Developer/Platforms/WatchOS.platform/Developer/usr/lib -F /Users/admin/builder/spi-builder-workspace/.derivedData/Build/Products/Debug-watchos -F /Applications/Xcode-16.3.0.app/Contents/Developer/Platforms/WatchOS.platform/Developer/Library/Frameworks -F /Applications/Xcode-16.3.0.app/Contents/Developer/Platforms/WatchOS.platform/Developer/SDKs/WatchOS11.4.sdk/Developer/Library/Frameworks -c -j10 -enable-batch-mode -incremental -Xcc -ivfsstatcache -Xcc /Users/admin/builder/spi-builder-workspace/.derivedData/SDKStatCaches.noindex/watchos11.4-22T246-43efb940ff07ba2497b70ec94253f576.sdkstatcache -output-file-map /Users/admin/builder/spi-builder-workspace/.derivedData/Build/Intermediates.noindex/LucideIcons.build/Debug-watchos/LucideIcons.build/Objects-normal/arm64_32/LucideIcons-OutputFileMap.json -use-frontend-parseable-output -save-temps -no-color-diagnostics -serialize-diagnostics -emit-dependencies -emit-module -emit-module-path /Users/admin/builder/spi-builder-workspace/.derivedData/Build/Intermediates.noindex/LucideIcons.build/Debug-watchos/LucideIcons.build/Objects-normal/arm64_32/LucideIcons.swiftmodule -validate-clang-modules-once -clang-build-session-file /Users/admin/builder/spi-builder-workspace/.derivedData/ModuleCache.noindex/Session.modulevalidation -package-name spi_builder_workspace -Xcc -I/Users/admin/builder/spi-builder-workspace/.derivedData/Build/Intermediates.noindex/LucideIcons.build/Debug-watchos/LucideIcons.build/swift-overrides.hmap -emit-const-values -Xfrontend -const-gather-protocols-file -Xfrontend /Users/admin/builder/spi-builder-workspace/.derivedData/Build/Intermediates.noindex/LucideIcons.build/Debug-watchos/LucideIcons.build/Objects-normal/arm64_32/LucideIcons_const_extract_protocols.json -Xcc -I/Users/admin/builder/spi-builder-workspace/.derivedData/Build/Products/Debug-watchos/include -Xcc -I/Users/admin/builder/spi-builder-workspace/.derivedData/Build/Intermediates.noindex/LucideIcons.build/Debug-watchos/LucideIcons.build/DerivedSources-normal/arm64_32 -Xcc -I/Users/admin/builder/spi-builder-workspace/.derivedData/Build/Intermediates.noindex/LucideIcons.build/Debug-watchos/LucideIcons.build/DerivedSources/arm64_32 -Xcc -I/Users/admin/builder/spi-builder-workspace/.derivedData/Build/Intermediates.noindex/LucideIcons.build/Debug-watchos/LucideIcons.build/DerivedSources -Xcc -DSWIFT_PACKAGE -Xcc -DDEBUG\=1 -emit-objc-header -emit-objc-header-path /Users/admin/builder/spi-builder-workspace/.derivedData/Build/Intermediates.noindex/LucideIcons.build/Debug-watchos/LucideIcons.build/Objects-normal/arm64_32/LucideIcons-Swift.h -working-directory /Users/admin/builder/spi-builder-workspace/.swiftpm/xcode -experimental-emit-module-separately -disable-cmo
SwiftDriver LucideIcons normal arm64 com.apple.xcode.tools.swift.compiler (in target 'LucideIcons' from project 'LucideIcons')
cd /Users/admin/builder/spi-builder-workspace/.swiftpm/xcode
builtin-SwiftDriver -- /Applications/Xcode-16.3.0.app/Contents/Developer/Toolchains/XcodeDefault.xctoolchain/usr/bin/swiftc -module-name LucideIcons -Onone -enforce-exclusivity\=checked @/Users/admin/builder/spi-builder-workspace/.derivedData/Build/Intermediates.noindex/LucideIcons.build/Debug-watchos/LucideIcons.build/Objects-normal/arm64/LucideIcons.SwiftFileList -DSWIFT_PACKAGE -DDEBUG -DXcode -plugin-path /Applications/Xcode-16.3.0.app/Contents/Developer/Toolchains/XcodeDefault.xctoolchain/usr/lib/swift/host/plugins/testing -enable-experimental-feature DebugDescriptionMacro -sdk /Applications/Xcode-16.3.0.app/Contents/Developer/Platforms/WatchOS.platform/Developer/SDKs/WatchOS11.4.sdk -target arm64-apple-watchos6.0 -g -module-cache-path /Users/admin/builder/spi-builder-workspace/.derivedData/ModuleCache.noindex -Xfrontend -serialize-debugging-options -profile-coverage-mapping -profile-generate -enable-testing -index-store-path /Users/admin/builder/spi-builder-workspace/.derivedData/Index.noindex/DataStore -swift-version 5 -I /Users/admin/builder/spi-builder-workspace/.derivedData/Build/Products/Debug-watchos -I /Applications/Xcode-16.3.0.app/Contents/Developer/Platforms/WatchOS.platform/Developer/usr/lib -F /Users/admin/builder/spi-builder-workspace/.derivedData/Build/Products/Debug-watchos -F /Applications/Xcode-16.3.0.app/Contents/Developer/Platforms/WatchOS.platform/Developer/Library/Frameworks -F /Applications/Xcode-16.3.0.app/Contents/Developer/Platforms/WatchOS.platform/Developer/SDKs/WatchOS11.4.sdk/Developer/Library/Frameworks -c -j10 -enable-batch-mode -incremental -Xcc -ivfsstatcache -Xcc /Users/admin/builder/spi-builder-workspace/.derivedData/SDKStatCaches.noindex/watchos11.4-22T246-43efb940ff07ba2497b70ec94253f576.sdkstatcache -output-file-map /Users/admin/builder/spi-builder-workspace/.derivedData/Build/Intermediates.noindex/LucideIcons.build/Debug-watchos/LucideIcons.build/Objects-normal/arm64/LucideIcons-OutputFileMap.json -use-frontend-parseable-output -save-temps -no-color-diagnostics -serialize-diagnostics -emit-dependencies -emit-module -emit-module-path /Users/admin/builder/spi-builder-workspace/.derivedData/Build/Intermediates.noindex/LucideIcons.build/Debug-watchos/LucideIcons.build/Objects-normal/arm64/LucideIcons.swiftmodule -validate-clang-modules-once -clang-build-session-file /Users/admin/builder/spi-builder-workspace/.derivedData/ModuleCache.noindex/Session.modulevalidation -package-name spi_builder_workspace -Xcc -I/Users/admin/builder/spi-builder-workspace/.derivedData/Build/Intermediates.noindex/LucideIcons.build/Debug-watchos/LucideIcons.build/swift-overrides.hmap -emit-const-values -Xfrontend -const-gather-protocols-file -Xfrontend /Users/admin/builder/spi-builder-workspace/.derivedData/Build/Intermediates.noindex/LucideIcons.build/Debug-watchos/LucideIcons.build/Objects-normal/arm64/LucideIcons_const_extract_protocols.json -Xcc -I/Users/admin/builder/spi-builder-workspace/.derivedData/Build/Products/Debug-watchos/include -Xcc -I/Users/admin/builder/spi-builder-workspace/.derivedData/Build/Intermediates.noindex/LucideIcons.build/Debug-watchos/LucideIcons.build/DerivedSources-normal/arm64 -Xcc -I/Users/admin/builder/spi-builder-workspace/.derivedData/Build/Intermediates.noindex/LucideIcons.build/Debug-watchos/LucideIcons.build/DerivedSources/arm64 -Xcc -I/Users/admin/builder/spi-builder-workspace/.derivedData/Build/Intermediates.noindex/LucideIcons.build/Debug-watchos/LucideIcons.build/DerivedSources -Xcc -DSWIFT_PACKAGE -Xcc -DDEBUG\=1 -emit-objc-header -emit-objc-header-path /Users/admin/builder/spi-builder-workspace/.derivedData/Build/Intermediates.noindex/LucideIcons.build/Debug-watchos/LucideIcons.build/Objects-normal/arm64/LucideIcons-Swift.h -working-directory /Users/admin/builder/spi-builder-workspace/.swiftpm/xcode -experimental-emit-module-separately -disable-cmo
SwiftDriver LucideIcons normal armv7k com.apple.xcode.tools.swift.compiler (in target 'LucideIcons' from project 'LucideIcons')
cd /Users/admin/builder/spi-builder-workspace/.swiftpm/xcode
builtin-SwiftDriver -- /Applications/Xcode-16.3.0.app/Contents/Developer/Toolchains/XcodeDefault.xctoolchain/usr/bin/swiftc -module-name LucideIcons -Onone -enforce-exclusivity\=checked @/Users/admin/builder/spi-builder-workspace/.derivedData/Build/Intermediates.noindex/LucideIcons.build/Debug-watchos/LucideIcons.build/Objects-normal/armv7k/LucideIcons.SwiftFileList -DSWIFT_PACKAGE -DDEBUG -DXcode -plugin-path /Applications/Xcode-16.3.0.app/Contents/Developer/Toolchains/XcodeDefault.xctoolchain/usr/lib/swift/host/plugins/testing -enable-experimental-feature DebugDescriptionMacro -sdk /Applications/Xcode-16.3.0.app/Contents/Developer/Platforms/WatchOS.platform/Developer/SDKs/WatchOS11.4.sdk -target armv7k-apple-watchos6.0 -g -module-cache-path /Users/admin/builder/spi-builder-workspace/.derivedData/ModuleCache.noindex -Xfrontend -serialize-debugging-options -profile-coverage-mapping -profile-generate -enable-testing -index-store-path /Users/admin/builder/spi-builder-workspace/.derivedData/Index.noindex/DataStore -swift-version 5 -I /Users/admin/builder/spi-builder-workspace/.derivedData/Build/Products/Debug-watchos -I /Applications/Xcode-16.3.0.app/Contents/Developer/Platforms/WatchOS.platform/Developer/usr/lib -F /Users/admin/builder/spi-builder-workspace/.derivedData/Build/Products/Debug-watchos -F /Applications/Xcode-16.3.0.app/Contents/Developer/Platforms/WatchOS.platform/Developer/Library/Frameworks -F /Applications/Xcode-16.3.0.app/Contents/Developer/Platforms/WatchOS.platform/Developer/SDKs/WatchOS11.4.sdk/Developer/Library/Frameworks -c -j10 -enable-batch-mode -incremental -Xcc -ivfsstatcache -Xcc /Users/admin/builder/spi-builder-workspace/.derivedData/SDKStatCaches.noindex/watchos11.4-22T246-43efb940ff07ba2497b70ec94253f576.sdkstatcache -output-file-map /Users/admin/builder/spi-builder-workspace/.derivedData/Build/Intermediates.noindex/LucideIcons.build/Debug-watchos/LucideIcons.build/Objects-normal/armv7k/LucideIcons-OutputFileMap.json -use-frontend-parseable-output -save-temps -no-color-diagnostics -serialize-diagnostics -emit-dependencies -emit-module -emit-module-path /Users/admin/builder/spi-builder-workspace/.derivedData/Build/Intermediates.noindex/LucideIcons.build/Debug-watchos/LucideIcons.build/Objects-normal/armv7k/LucideIcons.swiftmodule -validate-clang-modules-once -clang-build-session-file /Users/admin/builder/spi-builder-workspace/.derivedData/ModuleCache.noindex/Session.modulevalidation -package-name spi_builder_workspace -Xcc -I/Users/admin/builder/spi-builder-workspace/.derivedData/Build/Intermediates.noindex/LucideIcons.build/Debug-watchos/LucideIcons.build/swift-overrides.hmap -emit-const-values -Xfrontend -const-gather-protocols-file -Xfrontend /Users/admin/builder/spi-builder-workspace/.derivedData/Build/Intermediates.noindex/LucideIcons.build/Debug-watchos/LucideIcons.build/Objects-normal/armv7k/LucideIcons_const_extract_protocols.json -Xcc -I/Users/admin/builder/spi-builder-workspace/.derivedData/Build/Products/Debug-watchos/include -Xcc -I/Users/admin/builder/spi-builder-workspace/.derivedData/Build/Intermediates.noindex/LucideIcons.build/Debug-watchos/LucideIcons.build/DerivedSources-normal/armv7k -Xcc -I/Users/admin/builder/spi-builder-workspace/.derivedData/Build/Intermediates.noindex/LucideIcons.build/Debug-watchos/LucideIcons.build/DerivedSources/armv7k -Xcc -I/Users/admin/builder/spi-builder-workspace/.derivedData/Build/Intermediates.noindex/LucideIcons.build/Debug-watchos/LucideIcons.build/DerivedSources -Xcc -DSWIFT_PACKAGE -Xcc -DDEBUG\=1 -emit-objc-header -emit-objc-header-path /Users/admin/builder/spi-builder-workspace/.derivedData/Build/Intermediates.noindex/LucideIcons.build/Debug-watchos/LucideIcons.build/Objects-normal/armv7k/LucideIcons-Swift.h -working-directory /Users/admin/builder/spi-builder-workspace/.swiftpm/xcode -experimental-emit-module-separately -disable-cmo
SwiftCompile normal arm64 Compiling\ Lucide+macOS.swift /Users/admin/builder/spi-builder-workspace/Sources/LucideIcons/Lucide+macOS.swift (in target 'LucideIcons' from project 'LucideIcons')
SwiftCompile normal arm64 /Users/admin/builder/spi-builder-workspace/Sources/LucideIcons/Lucide+macOS.swift (in target 'LucideIcons' from project 'LucideIcons')
cd /Users/admin/builder/spi-builder-workspace/.swiftpm/xcode
SwiftCompile normal arm64 Compiling\ Lucide.swift /Users/admin/builder/spi-builder-workspace/Sources/LucideIcons/Lucide.swift (in target 'LucideIcons' from project 'LucideIcons')
Failed frontend command:
/Applications/Xcode-16.3.0.app/Contents/Developer/Toolchains/XcodeDefault.xctoolchain/usr/bin/swift-frontend -frontend -c /Users/admin/builder/spi-builder-workspace/.derivedData/Build/Intermediates.noindex/LucideIcons.build/Debug-watchos/LucideIcons.build/DerivedSources/resource_bundle_accessor.swift /Users/admin/builder/spi-builder-workspace/Sources/LucideIcons/Lucide+iOS.swift /Users/admin/builder/spi-builder-workspace/Sources/LucideIcons/Lucide+macOS.swift -primary-file /Users/admin/builder/spi-builder-workspace/Sources/LucideIcons/Lucide.swift /Users/admin/builder/spi-builder-workspace/.derivedData/Build/Intermediates.noindex/LucideIcons.build/Debug-watchos/LucideIcons.build/DerivedSources/GeneratedAssetSymbols.swift -emit-dependencies-path /Users/admin/builder/spi-builder-workspace/.derivedData/Build/Intermediates.noindex/LucideIcons.build/Debug-watchos/LucideIcons.build/Objects-normal/arm64/Lucide.d -emit-const-values-path /Users/admin/builder/spi-builder-workspace/.derivedData/Build/Intermediates.noindex/LucideIcons.build/Debug-watchos/LucideIcons.build/Objects-normal/arm64/Lucide.swiftconstvalues -emit-reference-dependencies-path /Users/admin/builder/spi-builder-workspace/.derivedData/Build/Intermediates.noindex/LucideIcons.build/Debug-watchos/LucideIcons.build/Objects-normal/arm64/Lucide.swiftdeps -serialize-diagnostics-path /Users/admin/builder/spi-builder-workspace/.derivedData/Build/Intermediates.noindex/LucideIcons.build/Debug-watchos/LucideIcons.build/Objects-normal/arm64/Lucide.dia -target arm64-apple-watchos6.0 -Xllvm -aarch64-use-tbi -enable-objc-interop -stack-check -sdk /Applications/Xcode-16.3.0.app/Contents/Developer/Platforms/WatchOS.platform/Developer/SDKs/WatchOS11.4.sdk -I /Users/admin/builder/spi-builder-workspace/.derivedData/Build/Products/Debug-watchos -I /Applications/Xcode-16.3.0.app/Contents/Developer/Platforms/WatchOS.platform/Developer/usr/lib -F /Users/admin/builder/spi-builder-workspace/.derivedData/Build/Products/Debug-watchos -F /Applications/Xcode-16.3.0.app/Contents/Developer/Platforms/WatchOS.platform/Developer/Library/Frameworks -F /Applications/Xcode-16.3.0.app/Contents/Developer/Platforms/WatchOS.platform/Developer/SDKs/WatchOS11.4.sdk/Developer/Library/Frameworks -no-color-diagnostics -enable-testing -g -debug-info-format\=dwarf -dwarf-version\=4 -module-cache-path /Users/admin/builder/spi-builder-workspace/.derivedData/ModuleCache.noindex -profile-generate -profile-coverage-mapping -swift-version 5 -enforce-exclusivity\=checked -Onone -D SWIFT_PACKAGE -D DEBUG -D Xcode -serialize-debugging-options -const-gather-protocols-file /Users/admin/builder/spi-builder-workspace/.derivedData/Build/Intermediates.noindex/LucideIcons.build/Debug-watchos/LucideIcons.build/Objects-normal/arm64/LucideIcons_const_extract_protocols.json -enable-experimental-feature DebugDescriptionMacro -empty-abi-descriptor -plugin-path /Applications/Xcode-16.3.0.app/Contents/Developer/Toolchains/XcodeDefault.xctoolchain/usr/lib/swift/host/plugins/testing -validate-clang-modules-once -clang-build-session-file /Users/admin/builder/spi-builder-workspace/.derivedData/ModuleCache.noindex/Session.modulevalidation -Xcc -working-directory -Xcc /Users/admin/builder/spi-builder-workspace/.swiftpm/xcode -resource-dir /Applications/Xcode-16.3.0.app/Contents/Developer/Toolchains/XcodeDefault.xctoolchain/usr/lib/swift -enable-anonymous-context-mangled-names -file-compilation-dir /Users/admin/builder/spi-builder-workspace/.swiftpm/xcode -Xcc -ivfsstatcache -Xcc /Users/admin/builder/spi-builder-workspace/.derivedData/SDKStatCaches.noindex/watchos11.4-22T246-43efb940ff07ba2497b70ec94253f576.sdkstatcache -Xcc -I/Users/admin/builder/spi-builder-workspace/.derivedData/Build/Intermediates.noindex/LucideIcons.build/Debug-watchos/LucideIcons.build/swift-overrides.hmap -Xcc -I/Users/admin/builder/spi-builder-workspace/.derivedData/Build/Products/Debug-watchos/include -Xcc -I/Users/admin/builder/spi-builder-workspace/.derivedData/Build/Intermediates.noindex/LucideIcons.build/Debug-watchos/LucideIcons.build/DerivedSources-normal/arm64 -Xcc -I/Users/admin/builder/spi-builder-workspace/.derivedData/Build/Intermediates.noindex/LucideIcons.build/Debug-watchos/LucideIcons.build/DerivedSources/arm64 -Xcc -I/Users/admin/builder/spi-builder-workspace/.derivedData/Build/Intermediates.noindex/LucideIcons.build/Debug-watchos/LucideIcons.build/DerivedSources -Xcc -DSWIFT_PACKAGE -Xcc -DDEBUG\=1 -module-name LucideIcons -package-name spi_builder_workspace -frontend-parseable-output -disable-clang-spi -target-sdk-version 11.4 -target-sdk-name watchos11.4 -external-plugin-path /Applications/Xcode-16.3.0.app/Contents/Developer/Platforms/WatchOS.platform/Developer/usr/lib/swift/host/plugins\#/Applications/Xcode-16.3.0.app/Contents/Developer/Platforms/WatchOS.platform/Developer/usr/bin/swift-plugin-server -external-plugin-path /Applications/Xcode-16.3.0.app/Contents/Developer/Platforms/WatchOS.platform/Developer/usr/local/lib/swift/host/plugins\#/Applications/Xcode-16.3.0.app/Contents/Developer/Platforms/WatchOS.platform/Developer/usr/bin/swift-plugin-server -in-process-plugin-server-path /Applications/Xcode-16.3.0.app/Contents/Developer/Toolchains/XcodeDefault.xctoolchain/usr/lib/swift/host/libSwiftInProcPluginServer.dylib -plugin-path /Applications/Xcode-16.3.0.app/Contents/Developer/Toolchains/XcodeDefault.xctoolchain/usr/lib/swift/host/plugins -plugin-path /Applications/Xcode-16.3.0.app/Contents/Developer/Toolchains/XcodeDefault.xctoolchain/usr/local/lib/swift/host/plugins -o /Users/admin/builder/spi-builder-workspace/.derivedData/Build/Intermediates.noindex/LucideIcons.build/Debug-watchos/LucideIcons.build/Objects-normal/arm64/Lucide.o -index-unit-output-path /LucideIcons.build/Debug-watchos/LucideIcons.build/Objects-normal/arm64/Lucide.o -index-store-path /Users/admin/builder/spi-builder-workspace/.derivedData/Index.noindex/DataStore -index-system-modules
SwiftCompile normal arm64 /Users/admin/builder/spi-builder-workspace/Sources/LucideIcons/Lucide.swift (in target 'LucideIcons' from project 'LucideIcons')
cd /Users/admin/builder/spi-builder-workspace/.swiftpm/xcode
/Users/admin/builder/spi-builder-workspace/Sources/LucideIcons/Lucide.swift:12:12: error: incorrect argument label in call (have 'named:in:compatibleWith:', expected 'named:in:with:')
self.init(named: lucideId, in: Bundle.module, compatibleWith: nil)
^ ~~~~~~~~~~~~~~
with
SwiftCompile normal arm64 Compiling\ GeneratedAssetSymbols.swift /Users/admin/builder/spi-builder-workspace/.derivedData/Build/Intermediates.noindex/LucideIcons.build/Debug-watchos/LucideIcons.build/DerivedSources/GeneratedAssetSymbols.swift (in target 'LucideIcons' from project 'LucideIcons')
SwiftCompile normal arm64 /Users/admin/builder/spi-builder-workspace/.derivedData/Build/Intermediates.noindex/LucideIcons.build/Debug-watchos/LucideIcons.build/DerivedSources/GeneratedAssetSymbols.swift (in target 'LucideIcons' from project 'LucideIcons')
cd /Users/admin/builder/spi-builder-workspace/.swiftpm/xcode
SwiftEmitModule normal arm64 Emitting\ module\ for\ LucideIcons (in target 'LucideIcons' from project 'LucideIcons')
EmitSwiftModule normal arm64 (in target 'LucideIcons' from project 'LucideIcons')
cd /Users/admin/builder/spi-builder-workspace/.swiftpm/xcode
SwiftEmitModule normal armv7k Emitting\ module\ for\ LucideIcons (in target 'LucideIcons' from project 'LucideIcons')
EmitSwiftModule normal armv7k (in target 'LucideIcons' from project 'LucideIcons')
cd /Users/admin/builder/spi-builder-workspace/.swiftpm/xcode
SwiftCompile normal armv7k Compiling\ resource_bundle_accessor.swift /Users/admin/builder/spi-builder-workspace/.derivedData/Build/Intermediates.noindex/LucideIcons.build/Debug-watchos/LucideIcons.build/DerivedSources/resource_bundle_accessor.swift (in target 'LucideIcons' from project 'LucideIcons')
SwiftCompile normal armv7k /Users/admin/builder/spi-builder-workspace/.derivedData/Build/Intermediates.noindex/LucideIcons.build/Debug-watchos/LucideIcons.build/DerivedSources/resource_bundle_accessor.swift (in target 'LucideIcons' from project 'LucideIcons')
cd /Users/admin/builder/spi-builder-workspace/.swiftpm/xcode
SwiftCompile normal armv7k Compiling\ Lucide.swift /Users/admin/builder/spi-builder-workspace/Sources/LucideIcons/Lucide.swift (in target 'LucideIcons' from project 'LucideIcons')
SwiftCompile normal armv7k /Users/admin/builder/spi-builder-workspace/Sources/LucideIcons/Lucide.swift (in target 'LucideIcons' from project 'LucideIcons')
cd /Users/admin/builder/spi-builder-workspace/.swiftpm/xcode
SwiftCompile normal arm64 Compiling\ Lucide+iOS.swift /Users/admin/builder/spi-builder-workspace/Sources/LucideIcons/Lucide+iOS.swift (in target 'LucideIcons' from project 'LucideIcons')
SwiftCompile normal arm64 /Users/admin/builder/spi-builder-workspace/Sources/LucideIcons/Lucide+iOS.swift (in target 'LucideIcons' from project 'LucideIcons')
cd /Users/admin/builder/spi-builder-workspace/.swiftpm/xcode
SwiftCompile normal armv7k Compiling\ GeneratedAssetSymbols.swift /Users/admin/builder/spi-builder-workspace/.derivedData/Build/Intermediates.noindex/LucideIcons.build/Debug-watchos/LucideIcons.build/DerivedSources/GeneratedAssetSymbols.swift (in target 'LucideIcons' from project 'LucideIcons')
SwiftCompile normal armv7k /Users/admin/builder/spi-builder-workspace/.derivedData/Build/Intermediates.noindex/LucideIcons.build/Debug-watchos/LucideIcons.build/DerivedSources/GeneratedAssetSymbols.swift (in target 'LucideIcons' from project 'LucideIcons')
cd /Users/admin/builder/spi-builder-workspace/.swiftpm/xcode
SwiftEmitModule normal arm64_32 Emitting\ module\ for\ LucideIcons (in target 'LucideIcons' from project 'LucideIcons')
SwiftDriverJobDiscovery normal arm64 Compiling Lucide+macOS.swift (in target 'LucideIcons' from project 'LucideIcons')
SwiftCompile normal arm64_32 Compiling\ GeneratedAssetSymbols.swift /Users/admin/builder/spi-builder-workspace/.derivedData/Build/Intermediates.noindex/LucideIcons.build/Debug-watchos/LucideIcons.build/DerivedSources/GeneratedAssetSymbols.swift (in target 'LucideIcons' from project 'LucideIcons')
Command SwiftCompile failed with a nonzero exit code
** BUILD FAILED **
The following build commands failed:
SwiftCompile normal arm64 Compiling\ Lucide.swift /Users/admin/builder/spi-builder-workspace/Sources/LucideIcons/Lucide.swift (in target 'LucideIcons' from project 'LucideIcons')
SwiftCompile normal arm64 /Users/admin/builder/spi-builder-workspace/Sources/LucideIcons/Lucide.swift (in target 'LucideIcons' from project 'LucideIcons')
SwiftCompile normal arm64_32 Compiling\ GeneratedAssetSymbols.swift /Users/admin/builder/spi-builder-workspace/.derivedData/Build/Intermediates.noindex/LucideIcons.build/Debug-watchos/LucideIcons.build/DerivedSources/GeneratedAssetSymbols.swift (in target 'LucideIcons' from project 'LucideIcons')
Building workspace spi-builder-workspace with scheme LucideIcons
(4 failures)
BUILD FAILURE 6.1 watchOS