The Swift Package Index logo.Swift Package Index

Track the adoption of Swift 6 strict concurrency checks for data race safety. How many packages are Ready for Swift 6?

Build Information

Failed to build ReRxSwift with Swift 5.9 for watchOS using Xcode 15.2 at 2.3.0.

Build Command

env DEVELOPER_DIR="/Applications/Xcode-15.0.0-Beta.app" xcrun xcodebuild -IDEClonedSourcePackagesDirPathOverride="$PWD/.dependencies" -derivedDataPath "$PWD/.derivedData" build -scheme ReRxSwift -destination "generic/platform=watchos"

Build Log

SwiftCompile normal arm64 Compiling\ ConnectionSpec.swift /Users/builder/builds/o86TiJKT/2/finestructure/swiftpackageindex-builder/spi-builder-workspace/ReRxSwiftTests/ConnectionSpec.swift (in target 'ReRxSwiftTests' from project 'ReRxSwift')
    cd /Users/builder/builds/o86TiJKT/2/finestructure/swiftpackageindex-builder/spi-builder-workspace
    builtin-swiftTaskExecution -- /Applications/Xcode-15.0.0-Beta.app/Contents/Developer/Toolchains/XcodeDefault.xctoolchain/usr/bin/swift-frontend -frontend -c /Users/builder/builds/o86TiJKT/2/finestructure/swiftpackageindex-builder/spi-builder-workspace/ReRxSwiftTests/ConnectableSpec.swift -primary-file /Users/builder/builds/o86TiJKT/2/finestructure/swiftpackageindex-builder/spi-builder-workspace/ReRxSwiftTests/ConnectionSpec.swift /Users/builder/builds/o86TiJKT/2/finestructure/swiftpackageindex-builder/spi-builder-workspace/ReRxSwiftTests/TestActions.swift /Users/builder/builds/o86TiJKT/2/finestructure/swiftpackageindex-builder/spi-builder-workspace/ReRxSwiftTests/TestSectionModel.swift /Users/builder/builds/o86TiJKT/2/finestructure/swiftpackageindex-builder/spi-builder-workspace/ReRxSwiftTests/TestState.swift -emit-dependencies-path /Users/builder/builds/o86TiJKT/2/finestructure/swiftpackageindex-builder/spi-builder-workspace/.derivedData/Build/Intermediates.noindex/ReRxSwift.build/Debug-watchos/ReRxSwiftTests.build/Objects-normal/arm64/ConnectionSpec.d -emit-const-values-path /Users/builder/builds/o86TiJKT/2/finestructure/swiftpackageindex-builder/spi-builder-workspace/.derivedData/Build/Intermediates.noindex/ReRxSwift.build/Debug-watchos/ReRxSwiftTests.build/Objects-normal/arm64/ConnectionSpec.swiftconstvalues -emit-reference-dependencies-path /Users/builder/builds/o86TiJKT/2/finestructure/swiftpackageindex-builder/spi-builder-workspace/.derivedData/Build/Intermediates.noindex/ReRxSwift.build/Debug-watchos/ReRxSwiftTests.build/Objects-normal/arm64/ConnectionSpec.swiftdeps -serialize-diagnostics-path /Users/builder/builds/o86TiJKT/2/finestructure/swiftpackageindex-builder/spi-builder-workspace/.derivedData/Build/Intermediates.noindex/ReRxSwift.build/Debug-watchos/ReRxSwiftTests.build/Objects-normal/arm64/ConnectionSpec.dia -target arm64-apple-watchos5.0 -Xllvm -aarch64-use-tbi -enable-objc-interop -sdk /Applications/Xcode-15.0.0-Beta.app/Contents/Developer/Platforms/WatchOS.platform/Developer/SDKs/WatchOS10.0.sdk -I /Users/builder/builds/o86TiJKT/2/finestructure/swiftpackageindex-builder/spi-builder-workspace/.derivedData/Build/Products/Debug-watchos -I /Applications/Xcode-15.0.0-Beta.app/Contents/Developer/Platforms/WatchOS.platform/Developer/usr/lib -F /Users/builder/builds/o86TiJKT/2/finestructure/swiftpackageindex-builder/spi-builder-workspace/.derivedData/Build/Products/Debug-watchos/PackageFrameworks -F /Users/builder/builds/o86TiJKT/2/finestructure/swiftpackageindex-builder/spi-builder-workspace/.derivedData/Build/Products/Debug-watchos/PackageFrameworks -F /Users/builder/builds/o86TiJKT/2/finestructure/swiftpackageindex-builder/spi-builder-workspace/.derivedData/Build/Products/Debug-watchos/PackageFrameworks -F /Users/builder/builds/o86TiJKT/2/finestructure/swiftpackageindex-builder/spi-builder-workspace/.derivedData/Build/Products/Debug-watchos/PackageFrameworks -F /Users/builder/builds/o86TiJKT/2/finestructure/swiftpackageindex-builder/spi-builder-workspace/.derivedData/Build/Products/Debug-watchos/PackageFrameworks -F /Users/builder/builds/o86TiJKT/2/finestructure/swiftpackageindex-builder/spi-builder-workspace/.derivedData/Build/Products/Debug-watchos/PackageFrameworks -F /Users/builder/builds/o86TiJKT/2/finestructure/swiftpackageindex-builder/spi-builder-workspace/.derivedData/Build/Products/Debug-watchos/PackageFrameworks -F /Users/builder/builds/o86TiJKT/2/finestructure/swiftpackageindex-builder/spi-builder-workspace/.derivedData/Build/Products/Debug-watchos/PackageFrameworks -F /Users/builder/builds/o86TiJKT/2/finestructure/swiftpackageindex-builder/spi-builder-workspace/.derivedData/Build/Products/Debug-watchos/PackageFrameworks -F /Users/builder/builds/o86TiJKT/2/finestructure/swiftpackageindex-builder/spi-builder-workspace/.derivedData/Build/Products/Debug-watchos/PackageFrameworks -F /Users/builder/builds/o86TiJKT/2/finestructure/swiftpackageindex-builder/spi-builder-workspace/.derivedData/Build/Products/Debug-watchos/PackageFrameworks -F /Users/builder/builds/o86TiJKT/2/finestructure/swiftpackageindex-builder/spi-builder-workspace/.derivedData/Build/Products/Debug-watchos/PackageFrameworks -F /Users/builder/builds/o86TiJKT/2/finestructure/swiftpackageindex-builder/spi-builder-workspace/.derivedData/Build/Products/Debug-watchos/PackageFrameworks -F /Users/builder/builds/o86TiJKT/2/finestructure/swiftpackageindex-builder/spi-builder-workspace/.derivedData/Build/Products/Debug-watchos/PackageFrameworks -F /Users/builder/builds/o86TiJKT/2/finestructure/swiftpackageindex-builder/spi-builder-workspace/.derivedData/Build/Products/Debug-watchos/PackageFrameworks -F /Users/builder/builds/o86TiJKT/2/finestructure/swiftpackageindex-builder/spi-builder-workspace/.derivedData/Build/Products/Debug-watchos/PackageFrameworks -F /Users/builder/builds/o86TiJKT/2/finestructure/swiftpackageindex-builder/spi-builder-workspace/.derivedData/Build/Products/Debug-watchos -F /Applications/Xcode-15.0.0-Beta.app/Contents/Developer/Platforms/WatchOS.platform/Developer/Library/Frameworks -F /Applications/Xcode-15.0.0-Beta.app/Contents/Developer/Platforms/WatchOS.platform/Developer/SDKs/WatchOS10.0.sdk/Developer/Library/Frameworks -no-color-diagnostics -enable-testing -g -module-cache-path /Users/builder/builds/o86TiJKT/2/finestructure/swiftpackageindex-builder/spi-builder-workspace/.derivedData/ModuleCache.noindex -swift-version 5 -enforce-exclusivity\=checked -Onone -D SWIFT_PACKAGE -D DEBUG -D Xcode -serialize-debugging-options -const-gather-protocols-file /Users/builder/builds/o86TiJKT/2/finestructure/swiftpackageindex-builder/spi-builder-workspace/.derivedData/Build/Intermediates.noindex/ReRxSwift.build/Debug-watchos/ReRxSwiftTests.build/Objects-normal/arm64/ReRxSwiftTests_const_extract_protocols.json -empty-abi-descriptor -plugin-path /Applications/Xcode-15.0.0-Beta.app/Contents/Developer/Toolchains/XcodeDefault.xctoolchain/usr/lib/swift/host/plugins -plugin-path /Applications/Xcode-15.0.0-Beta.app/Contents/Developer/Toolchains/XcodeDefault.xctoolchain/usr/local/lib/swift/host/plugins -validate-clang-modules-once -clang-build-session-file /Users/builder/builds/o86TiJKT/2/finestructure/swiftpackageindex-builder/spi-builder-workspace/.derivedData/ModuleCache.noindex/Session.modulevalidation -Xcc -working-directory -Xcc /Users/builder/builds/o86TiJKT/2/finestructure/swiftpackageindex-builder/spi-builder-workspace -resource-dir /Applications/Xcode-15.0.0-Beta.app/Contents/Developer/Toolchains/XcodeDefault.xctoolchain/usr/lib/swift -enable-anonymous-context-mangled-names -Xcc -fmodule-map-file\=/Users/builder/builds/o86TiJKT/2/finestructure/swiftpackageindex-builder/spi-builder-workspace/.derivedData/Build/Intermediates.noindex/GeneratedModuleMaps-watchos/RxCocoaRuntime.modulemap -Xcc -fmodule-map-file\=/Users/builder/builds/o86TiJKT/2/finestructure/swiftpackageindex-builder/spi-builder-workspace/.derivedData/Build/Intermediates.noindex/GeneratedModuleMaps-watchos/QuickObjCRuntime.modulemap -Xcc -fmodule-map-file\=/Users/builder/builds/o86TiJKT/2/finestructure/swiftpackageindex-builder/spi-builder-workspace/.derivedData/Build/Intermediates.noindex/GeneratedModuleMaps-watchos/CwlCatchExceptionSupport.modulemap -Xcc -fmodule-map-file\=/Users/builder/builds/o86TiJKT/2/finestructure/swiftpackageindex-builder/spi-builder-workspace/.derivedData/Build/Intermediates.noindex/GeneratedModuleMaps-watchos/CwlMachBadInstructionHandler.modulemap -Xcc -ivfsstatcache -Xcc /Users/builder/builds/o86TiJKT/2/finestructure/swiftpackageindex-builder/spi-builder-workspace/.derivedData/SDKStatCaches.noindex/watchos10.0-21R5275s-8db995917c4b1d9e1a16e7199e9e13bb.sdkstatcache -Xcc -I/Users/builder/builds/o86TiJKT/2/finestructure/swiftpackageindex-builder/spi-builder-workspace/.dependencies/checkouts/RxSwift/Sources/RxCocoaRuntime/include -Xcc -I/Users/builder/builds/o86TiJKT/2/finestructure/swiftpackageindex-builder/spi-builder-workspace/.dependencies/checkouts/Quick/Sources/QuickObjCRuntime/include -Xcc -I/Users/builder/builds/o86TiJKT/2/finestructure/swiftpackageindex-builder/spi-builder-workspace/.dependencies/checkouts/CwlCatchException/Sources/CwlCatchExceptionSupport/include -Xcc -I/Users/builder/builds/o86TiJKT/2/finestructure/swiftpackageindex-builder/spi-builder-workspace/.dependencies/checkouts/CwlPreconditionTesting/Sources/CwlMachBadInstructionHandler/include -Xcc -I/Users/builder/builds/o86TiJKT/2/finestructure/swiftpackageindex-builder/spi-builder-workspace/.derivedData/Build/Products/Debug-watchos/include -Xcc -I/Users/builder/builds/o86TiJKT/2/finestructure/swiftpackageindex-builder/spi-builder-workspace/.derivedData/Build/Intermediates.noindex/ReRxSwift.build/Debug-watchos/ReRxSwiftTests.build/DerivedSources-normal/arm64 -Xcc -I/Users/builder/builds/o86TiJKT/2/finestructure/swiftpackageindex-builder/spi-builder-workspace/.derivedData/Build/Intermediates.noindex/ReRxSwift.build/Debug-watchos/ReRxSwiftTests.build/DerivedSources/arm64 -Xcc -I/Users/builder/builds/o86TiJKT/2/finestructure/swiftpackageindex-builder/spi-builder-workspace/.derivedData/Build/Intermediates.noindex/ReRxSwift.build/Debug-watchos/ReRxSwiftTests.build/DerivedSources -Xcc -DSWIFT_PACKAGE -Xcc -DDEBUG\=1 -module-name ReRxSwiftTests -frontend-parseable-output -disable-clang-spi -target-sdk-version 10.0 -target-sdk-name watchos10.0 -o /Users/builder/builds/o86TiJKT/2/finestructure/swiftpackageindex-builder/spi-builder-workspace/.derivedData/Build/Intermediates.noindex/ReRxSwift.build/Debug-watchos/ReRxSwiftTests.build/Objects-normal/arm64/ConnectionSpec.o -index-unit-output-path /ReRxSwift.build/Debug-watchos/ReRxSwiftTests.build/Objects-normal/arm64/ConnectionSpec.o -index-store-path /Users/builder/builds/o86TiJKT/2/finestructure/swiftpackageindex-builder/spi-builder-workspace/.derivedData/Index.noindex/DataStore -index-system-modules
SwiftCompile normal arm64 /Users/builder/builds/o86TiJKT/2/finestructure/swiftpackageindex-builder/spi-builder-workspace/ReRxSwiftTests/ConnectionSpec.swift (in target 'ReRxSwiftTests' from project 'ReRxSwift')
    cd /Users/builder/builds/o86TiJKT/2/finestructure/swiftpackageindex-builder/spi-builder-workspace
    /Applications/Xcode-15.0.0-Beta.app/Contents/Developer/Toolchains/XcodeDefault.xctoolchain/usr/bin/swift-frontend -c /Users/builder/builds/o86TiJKT/2/finestructure/swiftpackageindex-builder/spi-builder-workspace/ReRxSwiftTests/ConnectableSpec.swift -primary-file /Users/builder/builds/o86TiJKT/2/finestructure/swiftpackageindex-builder/spi-builder-workspace/ReRxSwiftTests/ConnectionSpec.swift /Users/builder/builds/o86TiJKT/2/finestructure/swiftpackageindex-builder/spi-builder-workspace/ReRxSwiftTests/TestActions.swift /Users/builder/builds/o86TiJKT/2/finestructure/swiftpackageindex-builder/spi-builder-workspace/ReRxSwiftTests/TestSectionModel.swift /Users/builder/builds/o86TiJKT/2/finestructure/swiftpackageindex-builder/spi-builder-workspace/ReRxSwiftTests/TestState.swift -emit-dependencies-path /Users/builder/builds/o86TiJKT/2/finestructure/swiftpackageindex-builder/spi-builder-workspace/.derivedData/Build/Intermediates.noindex/ReRxSwift.build/Debug-watchos/ReRxSwiftTests.build/Objects-normal/arm64/ConnectionSpec.d -emit-const-values-path /Users/builder/builds/o86TiJKT/2/finestructure/swiftpackageindex-builder/spi-builder-workspace/.derivedData/Build/Intermediates.noindex/ReRxSwift.build/Debug-watchos/ReRxSwiftTests.build/Objects-normal/arm64/ConnectionSpec.swiftconstvalues -emit-reference-dependencies-path /Users/builder/builds/o86TiJKT/2/finestructure/swiftpackageindex-builder/spi-builder-workspace/.derivedData/Build/Intermediates.noindex/ReRxSwift.build/Debug-watchos/ReRxSwiftTests.build/Objects-normal/arm64/ConnectionSpec.swiftdeps -serialize-diagnostics-path /Users/builder/builds/o86TiJKT/2/finestructure/swiftpackageindex-builder/spi-builder-workspace/.derivedData/Build/Intermediates.noindex/ReRxSwift.build/Debug-watchos/ReRxSwiftTests.build/Objects-normal/arm64/ConnectionSpec.dia -target arm64-apple-watchos5.0 -Xllvm -aarch64-use-tbi -enable-objc-interop -sdk /Applications/Xcode-15.0.0-Beta.app/Contents/Developer/Platforms/WatchOS.platform/Developer/SDKs/WatchOS10.0.sdk -I /Users/builder/builds/o86TiJKT/2/finestructure/swiftpackageindex-builder/spi-builder-workspace/.derivedData/Build/Products/Debug-watchos -I /Applications/Xcode-15.0.0-Beta.app/Contents/Developer/Platforms/WatchOS.platform/Developer/usr/lib -F /Users/builder/builds/o86TiJKT/2/finestructure/swiftpackageindex-builder/spi-builder-workspace/.derivedData/Build/Products/Debug-watchos/PackageFrameworks -F /Users/builder/builds/o86TiJKT/2/finestructure/swiftpackageindex-builder/spi-builder-workspace/.derivedData/Build/Products/Debug-watchos/PackageFrameworks -F /Users/builder/builds/o86TiJKT/2/finestructure/swiftpackageindex-builder/spi-builder-workspace/.derivedData/Build/Products/Debug-watchos/PackageFrameworks -F /Users/builder/builds/o86TiJKT/2/finestructure/swiftpackageindex-builder/spi-builder-workspace/.derivedData/Build/Products/Debug-watchos/PackageFrameworks -F /Users/builder/builds/o86TiJKT/2/finestructure/swiftpackageindex-builder/spi-builder-workspace/.derivedData/Build/Products/Debug-watchos/PackageFrameworks -F /Users/builder/builds/o86TiJKT/2/finestructure/swiftpackageindex-builder/spi-builder-workspace/.derivedData/Build/Products/Debug-watchos/PackageFrameworks -F /Users/builder/builds/o86TiJKT/2/finestructure/swiftpackageindex-builder/spi-builder-workspace/.derivedData/Build/Products/Debug-watchos/PackageFrameworks -F /Users/builder/builds/o86TiJKT/2/finestructure/swiftpackageindex-builder/spi-builder-workspace/.derivedData/Build/Products/Debug-watchos/PackageFrameworks -F /Users/builder/builds/o86TiJKT/2/finestructure/swiftpackageindex-builder/spi-builder-workspace/.derivedData/Build/Products/Debug-watchos/PackageFrameworks -F /Users/builder/builds/o86TiJKT/2/finestructure/swiftpackageindex-builder/spi-builder-workspace/.derivedData/Build/Products/Debug-watchos/PackageFrameworks -F /Users/builder/builds/o86TiJKT/2/finestructure/swiftpackageindex-builder/spi-builder-workspace/.derivedData/Build/Products/Debug-watchos/PackageFrameworks -F /Users/builder/builds/o86TiJKT/2/finestructure/swiftpackageindex-builder/spi-builder-workspace/.derivedData/Build/Products/Debug-watchos/PackageFrameworks -F /Users/builder/builds/o86TiJKT/2/finestructure/swiftpackageindex-builder/spi-builder-workspace/.derivedData/Build/Products/Debug-watchos/PackageFrameworks -F /Users/builder/builds/o86TiJKT/2/finestructure/swiftpackageindex-builder/spi-builder-workspace/.derivedData/Build/Products/Debug-watchos/PackageFrameworks -F /Users/builder/builds/o86TiJKT/2/finestructure/swiftpackageindex-builder/spi-builder-workspace/.derivedData/Build/Products/Debug-watchos/PackageFrameworks -F /Users/builder/builds/o86TiJKT/2/finestructure/swiftpackageindex-builder/spi-builder-workspace/.derivedData/Build/Products/Debug-watchos/PackageFrameworks -F /Users/builder/builds/o86TiJKT/2/finestructure/swiftpackageindex-builder/spi-builder-workspace/.derivedData/Build/Products/Debug-watchos -F /Applications/Xcode-15.0.0-Beta.app/Contents/Developer/Platforms/WatchOS.platform/Developer/Library/Frameworks -F /Applications/Xcode-15.0.0-Beta.app/Contents/Developer/Platforms/WatchOS.platform/Developer/SDKs/WatchOS10.0.sdk/Developer/Library/Frameworks -no-color-diagnostics -enable-testing -g -module-cache-path /Users/builder/builds/o86TiJKT/2/finestructure/swiftpackageindex-builder/spi-builder-workspace/.derivedData/ModuleCache.noindex -swift-version 5 -enforce-exclusivity\=checked -Onone -D SWIFT_PACKAGE -D DEBUG -D Xcode -serialize-debugging-options -const-gather-protocols-file /Users/builder/builds/o86TiJKT/2/finestructure/swiftpackageindex-builder/spi-builder-workspace/.derivedData/Build/Intermediates.noindex/ReRxSwift.build/Debug-watchos/ReRxSwiftTests.build/Objects-normal/arm64/ReRxSwiftTests_const_extract_protocols.json -empty-abi-descriptor -plugin-path /Applications/Xcode-15.0.0-Beta.app/Contents/Developer/Toolchains/XcodeDefault.xctoolchain/usr/lib/swift/host/plugins -plugin-path /Applications/Xcode-15.0.0-Beta.app/Contents/Developer/Toolchains/XcodeDefault.xctoolchain/usr/local/lib/swift/host/plugins -validate-clang-modules-once -clang-build-session-file /Users/builder/builds/o86TiJKT/2/finestructure/swiftpackageindex-builder/spi-builder-workspace/.derivedData/ModuleCache.noindex/Session.modulevalidation -Xcc -working-directory -Xcc /Users/builder/builds/o86TiJKT/2/finestructure/swiftpackageindex-builder/spi-builder-workspace -resource-dir /Applications/Xcode-15.0.0-Beta.app/Contents/Developer/Toolchains/XcodeDefault.xctoolchain/usr/lib/swift -enable-anonymous-context-mangled-names -Xcc -fmodule-map-file\=/Users/builder/builds/o86TiJKT/2/finestructure/swiftpackageindex-builder/spi-builder-workspace/.derivedData/Build/Intermediates.noindex/GeneratedModuleMaps-watchos/RxCocoaRuntime.modulemap -Xcc -fmodule-map-file\=/Users/builder/builds/o86TiJKT/2/finestructure/swiftpackageindex-builder/spi-builder-workspace/.derivedData/Build/Intermediates.noindex/GeneratedModuleMaps-watchos/QuickObjCRuntime.modulemap -Xcc -fmodule-map-file\=/Users/builder/builds/o86TiJKT/2/finestructure/swiftpackageindex-builder/spi-builder-workspace/.derivedData/Build/Intermediates.noindex/GeneratedModuleMaps-watchos/CwlCatchExceptionSupport.modulemap -Xcc -fmodule-map-file\=/Users/builder/builds/o86TiJKT/2/finestructure/swiftpackageindex-builder/spi-builder-workspace/.derivedData/Build/Intermediates.noindex/GeneratedModuleMaps-watchos/CwlMachBadInstructionHandler.modulemap -Xcc -ivfsstatcache -Xcc /Users/builder/builds/o86TiJKT/2/finestructure/swiftpackageindex-builder/spi-builder-workspace/.derivedData/SDKStatCaches.noindex/watchos10.0-21R5275s-8db995917c4b1d9e1a16e7199e9e13bb.sdkstatcache -Xcc -I/Users/builder/builds/o86TiJKT/2/finestructure/swiftpackageindex-builder/spi-builder-workspace/.dependencies/checkouts/RxSwift/Sources/RxCocoaRuntime/include -Xcc -I/Users/builder/builds/o86TiJKT/2/finestructure/swiftpackageindex-builder/spi-builder-workspace/.dependencies/checkouts/Quick/Sources/QuickObjCRuntime/include -Xcc -I/Users/builder/builds/o86TiJKT/2/finestructure/swiftpackageindex-builder/spi-builder-workspace/.dependencies/checkouts/CwlCatchException/Sources/CwlCatchExceptionSupport/include -Xcc -I/Users/builder/builds/o86TiJKT/2/finestructure/swiftpackageindex-builder/spi-builder-workspace/.dependencies/checkouts/CwlPreconditionTesting/Sources/CwlMachBadInstructionHandler/include -Xcc -I/Users/builder/builds/o86TiJKT/2/finestructure/swiftpackageindex-builder/spi-builder-workspace/.derivedData/Build/Products/Debug-watchos/include -Xcc -I/Users/builder/builds/o86TiJKT/2/finestructure/swiftpackageindex-builder/spi-builder-workspace/.derivedData/Build/Intermediates.noindex/ReRxSwift.build/Debug-watchos/ReRxSwiftTests.build/DerivedSources-normal/arm64 -Xcc -I/Users/builder/builds/o86TiJKT/2/finestructure/swiftpackageindex-builder/spi-builder-workspace/.derivedData/Build/Intermediates.noindex/ReRxSwift.build/Debug-watchos/ReRxSwiftTests.build/DerivedSources/arm64 -Xcc -I/Users/builder/builds/o86TiJKT/2/finestructure/swiftpackageindex-builder/spi-builder-workspace/.derivedData/Build/Intermediates.noindex/ReRxSwift.build/Debug-watchos/ReRxSwiftTests.build/DerivedSources -Xcc -DSWIFT_PACKAGE -Xcc -DDEBUG\=1 -module-name ReRxSwiftTests -frontend-parseable-output -disable-clang-spi -target-sdk-version 10.0 -target-sdk-name watchos10.0 -o /Users/builder/builds/o86TiJKT/2/finestructure/swiftpackageindex-builder/spi-builder-workspace/.derivedData/Build/Intermediates.noindex/ReRxSwift.build/Debug-watchos/ReRxSwiftTests.build/Objects-normal/arm64/ConnectionSpec.o -index-unit-output-path /ReRxSwift.build/Debug-watchos/ReRxSwiftTests.build/Objects-normal/arm64/ConnectionSpec.o -index-store-path /Users/builder/builds/o86TiJKT/2/finestructure/swiftpackageindex-builder/spi-builder-workspace/.derivedData/Index.noindex/DataStore -index-system-modules
/Users/builder/builds/o86TiJKT/2/finestructure/swiftpackageindex-builder/spi-builder-workspace/ReRxSwiftTests/ConnectionSpec.swift:156:37: error: cannot find 'UITextField' in scope
                    let textField = UITextField()
                                    ^~~~~~~~~~~
/Users/builder/builds/o86TiJKT/2/finestructure/swiftpackageindex-builder/spi-builder-workspace/ReRxSwiftTests/ConnectionSpec.swift:163:37: error: cannot find 'UITextField' in scope
                    let textField = UITextField()
                                    ^~~~~~~~~~~
/Users/builder/builds/o86TiJKT/2/finestructure/swiftpackageindex-builder/spi-builder-workspace/ReRxSwiftTests/ConnectionSpec.swift:170:37: error: cannot find 'UITextField' in scope
                    let textField = UITextField()
                                    ^~~~~~~~~~~
/Users/builder/builds/o86TiJKT/2/finestructure/swiftpackageindex-builder/spi-builder-workspace/ReRxSwiftTests/ConnectionSpec.swift:179:40: error: cannot find 'UIProgressView' in scope
                    let progressView = UIProgressView()
                                       ^~~~~~~~~~~~~~
/Users/builder/builds/o86TiJKT/2/finestructure/swiftpackageindex-builder/spi-builder-workspace/ReRxSwiftTests/ConnectionSpec.swift:186:40: error: cannot find 'UIProgressView' in scope
                    let progressView = UIProgressView()
                                       ^~~~~~~~~~~~~~
/Users/builder/builds/o86TiJKT/2/finestructure/swiftpackageindex-builder/spi-builder-workspace/ReRxSwiftTests/ConnectionSpec.swift:193:42: error: cannot find 'UICollectionView' in scope
                    let collectionView = UICollectionView(
                                         ^~~~~~~~~~~~~~~~
/Users/builder/builds/o86TiJKT/2/finestructure/swiftpackageindex-builder/spi-builder-workspace/ReRxSwiftTests/ConnectionSpec.swift:195:47: error: cannot find 'UICollectionViewFlowLayout' in scope
                        collectionViewLayout: UICollectionViewFlowLayout())
                                              ^~~~~~~~~~~~~~~~~~~~~~~~~~
/Users/builder/builds/o86TiJKT/2/finestructure/swiftpackageindex-builder/spi-builder-workspace/ReRxSwiftTests/ConnectionSpec.swift:196:38: error: cannot find 'RxCollectionViewSectionedReloadDataSource' in scope
                    let dataSource = RxCollectionViewSectionedReloadDataSource<TestSectionModel>(
                                     ^~~~~~~~~~~~~~~~~~~~~~~~~~~~~~~~~~~~~~~~~
/Users/builder/builds/o86TiJKT/2/finestructure/swiftpackageindex-builder/spi-builder-workspace/ReRxSwiftTests/ConnectionSpec.swift:197:60: error: cannot find 'UICollectionViewCell' in scope
                        configureCell: { _,_,_,_ in return UICollectionViewCell() },
                                                           ^~~~~~~~~~~~~~~~~~~~
/Users/builder/builds/o86TiJKT/2/finestructure/swiftpackageindex-builder/spi-builder-workspace/ReRxSwiftTests/ConnectionSpec.swift:198:73: error: cannot find 'UICollectionReusableView' in scope
                        configureSupplementaryView: { _,_,_,_ in return UICollectionReusableView() })
                                                                        ^~~~~~~~~~~~~~~~~~~~~~~~
/Users/builder/builds/o86TiJKT/2/finestructure/swiftpackageindex-builder/spi-builder-workspace/ReRxSwiftTests/ConnectionSpec.swift:209:37: error: cannot find 'UITableView' in scope
                    let tableView = UITableView(frame: CGRect(), style: .plain)
                                    ^~~~~~~~~~~
/Users/builder/builds/o86TiJKT/2/finestructure/swiftpackageindex-builder/spi-builder-workspace/ReRxSwiftTests/ConnectionSpec.swift:210:38: error: cannot find 'RxTableViewSectionedReloadDataSource' in scope
                    let dataSource = RxTableViewSectionedReloadDataSource<TestSectionModel>(
                                     ^~~~~~~~~~~~~~~~~~~~~~~~~~~~~~~~~~~~
/Users/builder/builds/o86TiJKT/2/finestructure/swiftpackageindex-builder/spi-builder-workspace/ReRxSwiftTests/ConnectionSpec.swift:212:40: error: cannot find 'UITableViewCell' in scope
                            let cell = UITableViewCell()
                                       ^~~~~~~~~~~~~~~
/Users/builder/builds/o86TiJKT/2/finestructure/swiftpackageindex-builder/spi-builder-workspace/ReRxSwiftTests/ConnectionSpec.swift:229:37: error: cannot find 'UITableView' in scope
                    let tableView = UITableView(frame: CGRect(), style: .plain)
                                    ^~~~~~~~~~~
/Users/builder/builds/o86TiJKT/2/finestructure/swiftpackageindex-builder/spi-builder-workspace/ReRxSwiftTests/ConnectionSpec.swift:230:38: error: cannot find 'RxTableViewSectionedReloadDataSource' in scope
                    let dataSource = RxTableViewSectionedReloadDataSource<TestSectionModel>(
                                     ^~~~~~~~~~~~~~~~~~~~~~~~~~~~~~~~~~~~
/Users/builder/builds/o86TiJKT/2/finestructure/swiftpackageindex-builder/spi-builder-workspace/ReRxSwiftTests/ConnectionSpec.swift:232:40: error: cannot find 'UITableViewCell' in scope
                            let cell = UITableViewCell()
                                       ^~~~~~~~~~~~~~~
/Users/builder/builds/o86TiJKT/2/finestructure/swiftpackageindex-builder/spi-builder-workspace/ReRxSwiftTests/ConnectionSpec.swift:253:41: error: cannot find 'UIBarButtonItem' in scope
                    let barButtonItem = UIBarButtonItem()
                                        ^~~~~~~~~~~~~~~
/Users/builder/builds/o86TiJKT/2/finestructure/swiftpackageindex-builder/spi-builder-workspace/ReRxSwiftTests/ConnectionSpec.swift:260:33: error: cannot find 'UILabel' in scope
                    let label = UILabel()
                                ^~~~~~~
/Users/builder/builds/o86TiJKT/2/finestructure/swiftpackageindex-builder/spi-builder-workspace/ReRxSwiftTests/ConnectionSpec.swift:267:41: error: cannot find 'UIBarButtonItem' in scope
                    let barButtonItem = UIBarButtonItem()
                                        ^~~~~~~~~~~~~~~
/Users/builder/builds/o86TiJKT/2/finestructure/swiftpackageindex-builder/spi-builder-workspace/ReRxSwiftTests/ConnectionSpec.swift:274:33: error: cannot find 'UILabel' in scope
                    let label = UILabel()
                                ^~~~~~~
/Users/builder/builds/o86TiJKT/2/finestructure/swiftpackageindex-builder/spi-builder-workspace/ReRxSwiftTests/ConnectionSpec.swift:209:74: error: cannot infer contextual base in reference to member 'plain'
                    let tableView = UITableView(frame: CGRect(), style: .plain)
                                                                        ~^~~~~
/Users/builder/builds/o86TiJKT/2/finestructure/swiftpackageindex-builder/spi-builder-workspace/ReRxSwiftTests/ConnectionSpec.swift:229:74: error: cannot infer contextual base in reference to member 'plain'
                    let tableView = UITableView(frame: CGRect(), style: .plain)
                                                                        ~^~~~~

SwiftCompile normal armv7k Compiling\ ConnectionSpec.swift /Users/builder/builds/o86TiJKT/2/finestructure/swiftpackageindex-builder/spi-builder-workspace/ReRxSwiftTests/ConnectionSpec.swift (in target 'ReRxSwiftTests' from project 'ReRxSwift')
    cd /Users/builder/builds/o86TiJKT/2/finestructure/swiftpackageindex-builder/spi-builder-workspace
    builtin-swiftTaskExecution -- /Applications/Xcode-15.0.0-Beta.app/Contents/Developer/Toolchains/XcodeDefault.xctoolchain/usr/bin/swift-frontend -frontend -c /Users/builder/builds/o86TiJKT/2/finestructure/swiftpackageindex-builder/spi-builder-workspace/ReRxSwiftTests/ConnectableSpec.swift -primary-file /Users/builder/builds/o86TiJKT/2/finestructure/swiftpackageindex-builder/spi-builder-workspace/ReRxSwiftTests/ConnectionSpec.swift /Users/builder/builds/o86TiJKT/2/finestructure/swiftpackageindex-builder/spi-builder-workspace/ReRxSwiftTests/TestActions.swift /Users/builder/builds/o86TiJKT/2/finestructure/swiftpackageindex-builder/spi-builder-workspace/ReRxSwiftTests/TestSectionModel.swift /Users/builder/builds/o86TiJKT/2/finestructure/swiftpackageindex-builder/spi-builder-workspace/ReRxSwiftTests/TestState.swift -emit-dependencies-path /Users/builder/builds/o86TiJKT/2/finestructure/swiftpackageindex-builder/spi-builder-workspace/.derivedData/Build/Intermediates.noindex/ReRxSwift.build/Debug-watchos/ReRxSwiftTests.build/Objects-normal/armv7k/ConnectionSpec.d -emit-const-values-path /Users/builder/builds/o86TiJKT/2/finestructure/swiftpackageindex-builder/spi-builder-workspace/.derivedData/Build/Intermediates.noindex/ReRxSwift.build/Debug-watchos/ReRxSwiftTests.build/Objects-normal/armv7k/ConnectionSpec.swiftconstvalues -emit-reference-dependencies-path /Users/builder/builds/o86TiJKT/2/finestructure/swiftpackageindex-builder/spi-builder-workspace/.derivedData/Build/Intermediates.noindex/ReRxSwift.build/Debug-watchos/ReRxSwiftTests.build/Objects-normal/armv7k/ConnectionSpec.swiftdeps -serialize-diagnostics-path /Users/builder/builds/o86TiJKT/2/finestructure/swiftpackageindex-builder/spi-builder-workspace/.derivedData/Build/Intermediates.noindex/ReRxSwift.build/Debug-watchos/ReRxSwiftTests.build/Objects-normal/armv7k/ConnectionSpec.dia -target armv7k-apple-watchos5.0 -enable-objc-interop -sdk /Applications/Xcode-15.0.0-Beta.app/Contents/Developer/Platforms/WatchOS.platform/Developer/SDKs/WatchOS10.0.sdk -I /Users/builder/builds/o86TiJKT/2/finestructure/swiftpackageindex-builder/spi-builder-workspace/.derivedData/Build/Products/Debug-watchos -I /Applications/Xcode-15.0.0-Beta.app/Contents/Developer/Platforms/WatchOS.platform/Developer/usr/lib -F /Users/builder/builds/o86TiJKT/2/finestructure/swiftpackageindex-builder/spi-builder-workspace/.derivedData/Build/Products/Debug-watchos/PackageFrameworks -F /Users/builder/builds/o86TiJKT/2/finestructure/swiftpackageindex-builder/spi-builder-workspace/.derivedData/Build/Products/Debug-watchos/PackageFrameworks -F /Users/builder/builds/o86TiJKT/2/finestructure/swiftpackageindex-builder/spi-builder-workspace/.derivedData/Build/Products/Debug-watchos/PackageFrameworks -F /Users/builder/builds/o86TiJKT/2/finestructure/swiftpackageindex-builder/spi-builder-workspace/.derivedData/Build/Products/Debug-watchos/PackageFrameworks -F /Users/builder/builds/o86TiJKT/2/finestructure/swiftpackageindex-builder/spi-builder-workspace/.derivedData/Build/Products/Debug-watchos/PackageFrameworks -F /Users/builder/builds/o86TiJKT/2/finestructure/swiftpackageindex-builder/spi-builder-workspace/.derivedData/Build/Products/Debug-watchos/PackageFrameworks -F /Users/builder/builds/o86TiJKT/2/finestructure/swiftpackageindex-builder/spi-builder-workspace/.derivedData/Build/Products/Debug-watchos/PackageFrameworks -F /Users/builder/builds/o86TiJKT/2/finestructure/swiftpackageindex-builder/spi-builder-workspace/.derivedData/Build/Products/Debug-watchos/PackageFrameworks -F /Users/builder/builds/o86TiJKT/2/finestructure/swiftpackageindex-builder/spi-builder-workspace/.derivedData/Build/Products/Debug-watchos/PackageFrameworks -F /Users/builder/builds/o86TiJKT/2/finestructure/swiftpackageindex-builder/spi-builder-workspace/.derivedData/Build/Products/Debug-watchos/PackageFrameworks -F /Users/builder/builds/o86TiJKT/2/finestructure/swiftpackageindex-builder/spi-builder-workspace/.derivedData/Build/Products/Debug-watchos/PackageFrameworks -F /Users/builder/builds/o86TiJKT/2/finestructure/swiftpackageindex-builder/spi-builder-workspace/.derivedData/Build/Products/Debug-watchos/PackageFrameworks -F /Users/builder/builds/o86TiJKT/2/finestructure/swiftpackageindex-builder/spi-builder-workspace/.derivedData/Build/Products/Debug-watchos/PackageFrameworks -F /Users/builder/builds/o86TiJKT/2/finestructure/swiftpackageindex-builder/spi-builder-workspace/.derivedData/Build/Products/Debug-watchos/PackageFrameworks -F /Users/builder/builds/o86TiJKT/2/finestructure/swiftpackageindex-builder/spi-builder-workspace/.derivedData/Build/Products/Debug-watchos/PackageFrameworks -F /Users/builder/builds/o86TiJKT/2/finestructure/swiftpackageindex-builder/spi-builder-workspace/.derivedData/Build/Products/Debug-watchos/PackageFrameworks -F /Users/builder/builds/o86TiJKT/2/finestructure/swiftpackageindex-builder/spi-builder-workspace/.derivedData/Build/Products/Debug-watchos -F /Applications/Xcode-15.0.0-Beta.app/Contents/Developer/Platforms/WatchOS.platform/Developer/Library/Frameworks -F /Applications/Xcode-15.0.0-Beta.app/Contents/Developer/Platforms/WatchOS.platform/Developer/SDKs/WatchOS10.0.sdk/Developer/Library/Frameworks -no-color-diagnostics -enable-testing -g -module-cache-path /Users/builder/builds/o86TiJKT/2/finestructure/swiftpackageindex-builder/spi-builder-workspace/.derivedData/ModuleCache.noindex -swift-version 5 -enforce-exclusivity\=checked -Onone -D SWIFT_PACKAGE -D DEBUG -D Xcode -serialize-debugging-options -const-gather-protocols-file /Users/builder/builds/o86TiJKT/2/finestructure/swiftpackageindex-builder/spi-builder-workspace/.derivedData/Build/Intermediates.noindex/ReRxSwift.build/Debug-watchos/ReRxSwiftTests.build/Objects-normal/armv7k/ReRxSwiftTests_const_extract_protocols.json -empty-abi-descriptor -plugin-path /Applications/Xcode-15.0.0-Beta.app/Contents/Developer/Toolchains/XcodeDefault.xctoolchain/usr/lib/swift/host/plugins -plugin-path /Applications/Xcode-15.0.0-Beta.app/Contents/Developer/Toolchains/XcodeDefault.xctoolchain/usr/local/lib/swift/host/plugins -validate-clang-modules-once -clang-build-session-file /Users/builder/builds/o86TiJKT/2/finestructure/swiftpackageindex-builder/spi-builder-workspace/.derivedData/ModuleCache.noindex/Session.modulevalidation -Xcc -working-directory -Xcc /Users/builder/builds/o86TiJKT/2/finestructure/swiftpackageindex-builder/spi-builder-workspace -resource-dir /Applications/Xcode-15.0.0-Beta.app/Contents/Developer/Toolchains/XcodeDefault.xctoolchain/usr/lib/swift -enable-anonymous-context-mangled-names -Xcc -fmodule-map-file\=/Users/builder/builds/o86TiJKT/2/finestructure/swiftpackageindex-builder/spi-builder-workspace/.derivedData/Build/Intermediates.noindex/GeneratedModuleMaps-watchos/RxCocoaRuntime.modulemap -Xcc -fmodule-map-file\=/Users/builder/builds/o86TiJKT/2/finestructure/swiftpackageindex-builder/spi-builder-workspace/.derivedData/Build/Intermediates.noindex/GeneratedModuleMaps-watchos/QuickObjCRuntime.modulemap -Xcc -fmodule-map-file\=/Users/builder/builds/o86TiJKT/2/finestructure/swiftpackageindex-builder/spi-builder-workspace/.derivedData/Build/Intermediates.noindex/GeneratedModuleMaps-watchos/CwlCatchExceptionSupport.modulemap -Xcc -fmodule-map-file\=/Users/builder/builds/o86TiJKT/2/finestructure/swiftpackageindex-builder/spi-builder-workspace/.derivedData/Build/Intermediates.noindex/GeneratedModuleMaps-watchos/CwlMachBadInstructionHandler.modulemap -Xcc -ivfsstatcache -Xcc /Users/builder/builds/o86TiJKT/2/finestructure/swiftpackageindex-builder/spi-builder-workspace/.derivedData/SDKStatCaches.noindex/watchos10.0-21R5275s-8db995917c4b1d9e1a16e7199e9e13bb.sdkstatcache -Xcc -I/Users/builder/builds/o86TiJKT/2/finestructure/swiftpackageindex-builder/spi-builder-workspace/.dependencies/checkouts/RxSwift/Sources/RxCocoaRuntime/include -Xcc -I/Users/builder/builds/o86TiJKT/2/finestructure/swiftpackageindex-builder/spi-builder-workspace/.dependencies/checkouts/Quick/Sources/QuickObjCRuntime/include -Xcc -I/Users/builder/builds/o86TiJKT/2/finestructure/swiftpackageindex-builder/spi-builder-workspace/.dependencies/checkouts/CwlCatchException/Sources/CwlCatchExceptionSupport/include -Xcc -I/Users/builder/builds/o86TiJKT/2/finestructure/swiftpackageindex-builder/spi-builder-workspace/.dependencies/checkouts/CwlPreconditionTesting/Sources/CwlMachBadInstructionHandler/include -Xcc -I/Users/builder/builds/o86TiJKT/2/finestructure/swiftpackageindex-builder/spi-builder-workspace/.derivedData/Build/Products/Debug-watchos/include -Xcc -I/Users/builder/builds/o86TiJKT/2/finestructure/swiftpackageindex-builder/spi-builder-workspace/.derivedData/Build/Intermediates.noindex/ReRxSwift.build/Debug-watchos/ReRxSwiftTests.build/DerivedSources-normal/armv7k -Xcc -I/Users/builder/builds/o86TiJKT/2/finestructure/swiftpackageindex-builder/spi-builder-workspace/.derivedData/Build/Intermediates.noindex/ReRxSwift.build/Debug-watchos/ReRxSwiftTests.build/DerivedSources/armv7k -Xcc -I/Users/builder/builds/o86TiJKT/2/finestructure/swiftpackageindex-builder/spi-builder-workspace/.derivedData/Build/Intermediates.noindex/ReRxSwift.build/Debug-watchos/ReRxSwiftTests.build/DerivedSources -Xcc -DSWIFT_PACKAGE -Xcc -DDEBUG\=1 -module-name ReRxSwiftTests -frontend-parseable-output -disable-clang-spi -target-sdk-version 10.0 -target-sdk-name watchos10.0 -o /Users/builder/builds/o86TiJKT/2/finestructure/swiftpackageindex-builder/spi-builder-workspace/.derivedData/Build/Intermediates.noindex/ReRxSwift.build/Debug-watchos/ReRxSwiftTests.build/Objects-normal/armv7k/ConnectionSpec.o -index-unit-output-path /ReRxSwift.build/Debug-watchos/ReRxSwiftTests.build/Objects-normal/armv7k/ConnectionSpec.o -index-store-path /Users/builder/builds/o86TiJKT/2/finestructure/swiftpackageindex-builder/spi-builder-workspace/.derivedData/Index.noindex/DataStore -index-system-modules
SwiftCompile normal armv7k /Users/builder/builds/o86TiJKT/2/finestructure/swiftpackageindex-builder/spi-builder-workspace/ReRxSwiftTests/ConnectionSpec.swift (in target 'ReRxSwiftTests' from project 'ReRxSwift')
    cd /Users/builder/builds/o86TiJKT/2/finestructure/swiftpackageindex-builder/spi-builder-workspace
    /Applications/Xcode-15.0.0-Beta.app/Contents/Developer/Toolchains/XcodeDefault.xctoolchain/usr/bin/swift-frontend -c /Users/builder/builds/o86TiJKT/2/finestructure/swiftpackageindex-builder/spi-builder-workspace/ReRxSwiftTests/ConnectableSpec.swift -primary-file /Users/builder/builds/o86TiJKT/2/finestructure/swiftpackageindex-builder/spi-builder-workspace/ReRxSwiftTests/ConnectionSpec.swift /Users/builder/builds/o86TiJKT/2/finestructure/swiftpackageindex-builder/spi-builder-workspace/ReRxSwiftTests/TestActions.swift /Users/builder/builds/o86TiJKT/2/finestructure/swiftpackageindex-builder/spi-builder-workspace/ReRxSwiftTests/TestSectionModel.swift /Users/builder/builds/o86TiJKT/2/finestructure/swiftpackageindex-builder/spi-builder-workspace/ReRxSwiftTests/TestState.swift -emit-dependencies-path /Users/builder/builds/o86TiJKT/2/finestructure/swiftpackageindex-builder/spi-builder-workspace/.derivedData/Build/Intermediates.noindex/ReRxSwift.build/Debug-watchos/ReRxSwiftTests.build/Objects-normal/armv7k/ConnectionSpec.d -emit-const-values-path /Users/builder/builds/o86TiJKT/2/finestructure/swiftpackageindex-builder/spi-builder-workspace/.derivedData/Build/Intermediates.noindex/ReRxSwift.build/Debug-watchos/ReRxSwiftTests.build/Objects-normal/armv7k/ConnectionSpec.swiftconstvalues -emit-reference-dependencies-path /Users/builder/builds/o86TiJKT/2/finestructure/swiftpackageindex-builder/spi-builder-workspace/.derivedData/Build/Intermediates.noindex/ReRxSwift.build/Debug-watchos/ReRxSwiftTests.build/Objects-normal/armv7k/ConnectionSpec.swiftdeps -serialize-diagnostics-path /Users/builder/builds/o86TiJKT/2/finestructure/swiftpackageindex-builder/spi-builder-workspace/.derivedData/Build/Intermediates.noindex/ReRxSwift.build/Debug-watchos/ReRxSwiftTests.build/Objects-normal/armv7k/ConnectionSpec.dia -target armv7k-apple-watchos5.0 -enable-objc-interop -sdk /Applications/Xcode-15.0.0-Beta.app/Contents/Developer/Platforms/WatchOS.platform/Developer/SDKs/WatchOS10.0.sdk -I /Users/builder/builds/o86TiJKT/2/finestructure/swiftpackageindex-builder/spi-builder-workspace/.derivedData/Build/Products/Debug-watchos -I /Applications/Xcode-15.0.0-Beta.app/Contents/Developer/Platforms/WatchOS.platform/Developer/usr/lib -F /Users/builder/builds/o86TiJKT/2/finestructure/swiftpackageindex-builder/spi-builder-workspace/.derivedData/Build/Products/Debug-watchos/PackageFrameworks -F /Users/builder/builds/o86TiJKT/2/finestructure/swiftpackageindex-builder/spi-builder-workspace/.derivedData/Build/Products/Debug-watchos/PackageFrameworks -F /Users/builder/builds/o86TiJKT/2/finestructure/swiftpackageindex-builder/spi-builder-workspace/.derivedData/Build/Products/Debug-watchos/PackageFrameworks -F /Users/builder/builds/o86TiJKT/2/finestructure/swiftpackageindex-builder/spi-builder-workspace/.derivedData/Build/Products/Debug-watchos/PackageFrameworks -F /Users/builder/builds/o86TiJKT/2/finestructure/swiftpackageindex-builder/spi-builder-workspace/.derivedData/Build/Products/Debug-watchos/PackageFrameworks -F /Users/builder/builds/o86TiJKT/2/finestructure/swiftpackageindex-builder/spi-builder-workspace/.derivedData/Build/Products/Debug-watchos/PackageFrameworks -F /Users/builder/builds/o86TiJKT/2/finestructure/swiftpackageindex-builder/spi-builder-workspace/.derivedData/Build/Products/Debug-watchos/PackageFrameworks -F /Users/builder/builds/o86TiJKT/2/finestructure/swiftpackageindex-builder/spi-builder-workspace/.derivedData/Build/Products/Debug-watchos/PackageFrameworks -F /Users/builder/builds/o86TiJKT/2/finestructure/swiftpackageindex-builder/spi-builder-workspace/.derivedData/Build/Products/Debug-watchos/PackageFrameworks -F /Users/builder/builds/o86TiJKT/2/finestructure/swiftpackageindex-builder/spi-builder-workspace/.derivedData/Build/Products/Debug-watchos/PackageFrameworks -F /Users/builder/builds/o86TiJKT/2/finestructure/swiftpackageindex-builder/spi-builder-workspace/.derivedData/Build/Products/Debug-watchos/PackageFrameworks -F /Users/builder/builds/o86TiJKT/2/finestructure/swiftpackageindex-builder/spi-builder-workspace/.derivedData/Build/Products/Debug-watchos/PackageFrameworks -F /Users/builder/builds/o86TiJKT/2/finestructure/swiftpackageindex-builder/spi-builder-workspace/.derivedData/Build/Products/Debug-watchos/PackageFrameworks -F /Users/builder/builds/o86TiJKT/2/finestructure/swiftpackageindex-builder/spi-builder-workspace/.derivedData/Build/Products/Debug-watchos/PackageFrameworks -F /Users/builder/builds/o86TiJKT/2/finestructure/swiftpackageindex-builder/spi-builder-workspace/.derivedData/Build/Products/Debug-watchos/PackageFrameworks -F /Users/builder/builds/o86TiJKT/2/finestructure/swiftpackageindex-builder/spi-builder-workspace/.derivedData/Build/Products/Debug-watchos/PackageFrameworks -F /Users/builder/builds/o86TiJKT/2/finestructure/swiftpackageindex-builder/spi-builder-workspace/.derivedData/Build/Products/Debug-watchos -F /Applications/Xcode-15.0.0-Beta.app/Contents/Developer/Platforms/WatchOS.platform/Developer/Library/Frameworks -F /Applications/Xcode-15.0.0-Beta.app/Contents/Developer/Platforms/WatchOS.platform/Developer/SDKs/WatchOS10.0.sdk/Developer/Library/Frameworks -no-color-diagnostics -enable-testing -g -module-cache-path /Users/builder/builds/o86TiJKT/2/finestructure/swiftpackageindex-builder/spi-builder-workspace/.derivedData/ModuleCache.noindex -swift-version 5 -enforce-exclusivity\=checked -Onone -D SWIFT_PACKAGE -D DEBUG -D Xcode -serialize-debugging-options -const-gather-protocols-file /Users/builder/builds/o86TiJKT/2/finestructure/swiftpackageindex-builder/spi-builder-workspace/.derivedData/Build/Intermediates.noindex/ReRxSwift.build/Debug-watchos/ReRxSwiftTests.build/Objects-normal/armv7k/ReRxSwiftTests_const_extract_protocols.json -empty-abi-descriptor -plugin-path /Applications/Xcode-15.0.0-Beta.app/Contents/Developer/Toolchains/XcodeDefault.xctoolchain/usr/lib/swift/host/plugins -plugin-path /Applications/Xcode-15.0.0-Beta.app/Contents/Developer/Toolchains/XcodeDefault.xctoolchain/usr/local/lib/swift/host/plugins -validate-clang-modules-once -clang-build-session-file /Users/builder/builds/o86TiJKT/2/finestructure/swiftpackageindex-builder/spi-builder-workspace/.derivedData/ModuleCache.noindex/Session.modulevalidation -Xcc -working-directory -Xcc /Users/builder/builds/o86TiJKT/2/finestructure/swiftpackageindex-builder/spi-builder-workspace -resource-dir /Applications/Xcode-15.0.0-Beta.app/Contents/Developer/Toolchains/XcodeDefault.xctoolchain/usr/lib/swift -enable-anonymous-context-mangled-names -Xcc -fmodule-map-file\=/Users/builder/builds/o86TiJKT/2/finestructure/swiftpackageindex-builder/spi-builder-workspace/.derivedData/Build/Intermediates.noindex/GeneratedModuleMaps-watchos/RxCocoaRuntime.modulemap -Xcc -fmodule-map-file\=/Users/builder/builds/o86TiJKT/2/finestructure/swiftpackageindex-builder/spi-builder-workspace/.derivedData/Build/Intermediates.noindex/GeneratedModuleMaps-watchos/QuickObjCRuntime.modulemap -Xcc -fmodule-map-file\=/Users/builder/builds/o86TiJKT/2/finestructure/swiftpackageindex-builder/spi-builder-workspace/.derivedData/Build/Intermediates.noindex/GeneratedModuleMaps-watchos/CwlCatchExceptionSupport.modulemap -Xcc -fmodule-map-file\=/Users/builder/builds/o86TiJKT/2/finestructure/swiftpackageindex-builder/spi-builder-workspace/.derivedData/Build/Intermediates.noindex/GeneratedModuleMaps-watchos/CwlMachBadInstructionHandler.modulemap -Xcc -ivfsstatcache -Xcc /Users/builder/builds/o86TiJKT/2/finestructure/swiftpackageindex-builder/spi-builder-workspace/.derivedData/SDKStatCaches.noindex/watchos10.0-21R5275s-8db995917c4b1d9e1a16e7199e9e13bb.sdkstatcache -Xcc -I/Users/builder/builds/o86TiJKT/2/finestructure/swiftpackageindex-builder/spi-builder-workspace/.dependencies/checkouts/RxSwift/Sources/RxCocoaRuntime/include -Xcc -I/Users/builder/builds/o86TiJKT/2/finestructure/swiftpackageindex-builder/spi-builder-workspace/.dependencies/checkouts/Quick/Sources/QuickObjCRuntime/include -Xcc -I/Users/builder/builds/o86TiJKT/2/finestructure/swiftpackageindex-builder/spi-builder-workspace/.dependencies/checkouts/CwlCatchException/Sources/CwlCatchExceptionSupport/include -Xcc -I/Users/builder/builds/o86TiJKT/2/finestructure/swiftpackageindex-builder/spi-builder-workspace/.dependencies/checkouts/CwlPreconditionTesting/Sources/CwlMachBadInstructionHandler/include -Xcc -I/Users/builder/builds/o86TiJKT/2/finestructure/swiftpackageindex-builder/spi-builder-workspace/.derivedData/Build/Products/Debug-watchos/include -Xcc -I/Users/builder/builds/o86TiJKT/2/finestructure/swiftpackageindex-builder/spi-builder-workspace/.derivedData/Build/Intermediates.noindex/ReRxSwift.build/Debug-watchos/ReRxSwiftTests.build/DerivedSources-normal/armv7k -Xcc -I/Users/builder/builds/o86TiJKT/2/finestructure/swiftpackageindex-builder/spi-builder-workspace/.derivedData/Build/Intermediates.noindex/ReRxSwift.build/Debug-watchos/ReRxSwiftTests.build/DerivedSources/armv7k -Xcc -I/Users/builder/builds/o86TiJKT/2/finestructure/swiftpackageindex-builder/spi-builder-workspace/.derivedData/Build/Intermediates.noindex/ReRxSwift.build/Debug-watchos/ReRxSwiftTests.build/DerivedSources -Xcc -DSWIFT_PACKAGE -Xcc -DDEBUG\=1 -module-name ReRxSwiftTests -frontend-parseable-output -disable-clang-spi -target-sdk-version 10.0 -target-sdk-name watchos10.0 -o /Users/builder/builds/o86TiJKT/2/finestructure/swiftpackageindex-builder/spi-builder-workspace/.derivedData/Build/Intermediates.noindex/ReRxSwift.build/Debug-watchos/ReRxSwiftTests.build/Objects-normal/armv7k/ConnectionSpec.o -index-unit-output-path /ReRxSwift.build/Debug-watchos/ReRxSwiftTests.build/Objects-normal/armv7k/ConnectionSpec.o -index-store-path /Users/builder/builds/o86TiJKT/2/finestructure/swiftpackageindex-builder/spi-builder-workspace/.derivedData/Index.noindex/DataStore -index-system-modules
/Users/builder/builds/o86TiJKT/2/finestructure/swiftpackageindex-builder/spi-builder-workspace/ReRxSwiftTests/ConnectionSpec.swift:156:37: error: cannot find 'UITextField' in scope
                    let textField = UITextField()
                                    ^~~~~~~~~~~
/Users/builder/builds/o86TiJKT/2/finestructure/swiftpackageindex-builder/spi-builder-workspace/ReRxSwiftTests/ConnectionSpec.swift:163:37: error: cannot find 'UITextField' in scope
                    let textField = UITextField()
                                    ^~~~~~~~~~~
/Users/builder/builds/o86TiJKT/2/finestructure/swiftpackageindex-builder/spi-builder-workspace/ReRxSwiftTests/ConnectionSpec.swift:170:37: error: cannot find 'UITextField' in scope
                    let textField = UITextField()
                                    ^~~~~~~~~~~
/Users/builder/builds/o86TiJKT/2/finestructure/swiftpackageindex-builder/spi-builder-workspace/ReRxSwiftTests/ConnectionSpec.swift:179:40: error: cannot find 'UIProgressView' in scope
                    let progressView = UIProgressView()
                                       ^~~~~~~~~~~~~~
/Users/builder/builds/o86TiJKT/2/finestructure/swiftpackageindex-builder/spi-builder-workspace/ReRxSwiftTests/ConnectionSpec.swift:186:40: error: cannot find 'UIProgressView' in scope
                    let progressView = UIProgressView()
                                       ^~~~~~~~~~~~~~
/Users/builder/builds/o86TiJKT/2/finestructure/swiftpackageindex-builder/spi-builder-workspace/ReRxSwiftTests/ConnectionSpec.swift:193:42: error: cannot find 'UICollectionView' in scope
                    let collectionView = UICollectionView(
                                         ^~~~~~~~~~~~~~~~
/Users/builder/builds/o86TiJKT/2/finestructure/swiftpackageindex-builder/spi-builder-workspace/ReRxSwiftTests/ConnectionSpec.swift:195:47: error: cannot find 'UICollectionViewFlowLayout' in scope
                        collectionViewLayout: UICollectionViewFlowLayout())
                                              ^~~~~~~~~~~~~~~~~~~~~~~~~~
/Users/builder/builds/o86TiJKT/2/finestructure/swiftpackageindex-builder/spi-builder-workspace/ReRxSwiftTests/ConnectionSpec.swift:196:38: error: cannot find 'RxCollectionViewSectionedReloadDataSource' in scope
                    let dataSource = RxCollectionViewSectionedReloadDataSource<TestSectionModel>(
                                     ^~~~~~~~~~~~~~~~~~~~~~~~~~~~~~~~~~~~~~~~~
/Users/builder/builds/o86TiJKT/2/finestructure/swiftpackageindex-builder/spi-builder-workspace/ReRxSwiftTests/ConnectionSpec.swift:197:60: error: cannot find 'UICollectionViewCell' in scope
                        configureCell: { _,_,_,_ in return UICollectionViewCell() },
                                                           ^~~~~~~~~~~~~~~~~~~~
/Users/builder/builds/o86TiJKT/2/finestructure/swiftpackageindex-builder/spi-builder-workspace/ReRxSwiftTests/ConnectionSpec.swift:198:73: error: cannot find 'UICollectionReusableView' in scope
                        configureSupplementaryView: { _,_,_,_ in return UICollectionReusableView() })
                                                                        ^~~~~~~~~~~~~~~~~~~~~~~~
/Users/builder/builds/o86TiJKT/2/finestructure/swiftpackageindex-builder/spi-builder-workspace/ReRxSwiftTests/ConnectionSpec.swift:209:37: error: cannot find 'UITableView' in scope
                    let tableView = UITableView(frame: CGRect(), style: .plain)
                                    ^~~~~~~~~~~
/Users/builder/builds/o86TiJKT/2/finestructure/swiftpackageindex-builder/spi-builder-workspace/ReRxSwiftTests/ConnectionSpec.swift:210:38: error: cannot find 'RxTableViewSectionedReloadDataSource' in scope
                    let dataSource = RxTableViewSectionedReloadDataSource<TestSectionModel>(
                                     ^~~~~~~~~~~~~~~~~~~~~~~~~~~~~~~~~~~~
/Users/builder/builds/o86TiJKT/2/finestructure/swiftpackageindex-builder/spi-builder-workspace/ReRxSwiftTests/ConnectionSpec.swift:212:40: error: cannot find 'UITableViewCell' in scope
                            let cell = UITableViewCell()
                                       ^~~~~~~~~~~~~~~
/Users/builder/builds/o86TiJKT/2/finestructure/swiftpackageindex-builder/spi-builder-workspace/ReRxSwiftTests/ConnectionSpec.swift:229:37: error: cannot find 'UITableView' in scope
                    let tableView = UITableView(frame: CGRect(), style: .plain)
                                    ^~~~~~~~~~~
/Users/builder/builds/o86TiJKT/2/finestructure/swiftpackageindex-builder/spi-builder-workspace/ReRxSwiftTests/ConnectionSpec.swift:230:38: error: cannot find 'RxTableViewSectionedReloadDataSource' in scope
                    let dataSource = RxTableViewSectionedReloadDataSource<TestSectionModel>(
                                     ^~~~~~~~~~~~~~~~~~~~~~~~~~~~~~~~~~~~
/Users/builder/builds/o86TiJKT/2/finestructure/swiftpackageindex-builder/spi-builder-workspace/ReRxSwiftTests/ConnectionSpec.swift:232:40: error: cannot find 'UITableViewCell' in scope
                            let cell = UITableViewCell()
                                       ^~~~~~~~~~~~~~~
/Users/builder/builds/o86TiJKT/2/finestructure/swiftpackageindex-builder/spi-builder-workspace/ReRxSwiftTests/ConnectionSpec.swift:253:41: error: cannot find 'UIBarButtonItem' in scope
                    let barButtonItem = UIBarButtonItem()
                                        ^~~~~~~~~~~~~~~
/Users/builder/builds/o86TiJKT/2/finestructure/swiftpackageindex-builder/spi-builder-workspace/ReRxSwiftTests/ConnectionSpec.swift:260:33: error: cannot find 'UILabel' in scope
                    let label = UILabel()
                                ^~~~~~~
/Users/builder/builds/o86TiJKT/2/finestructure/swiftpackageindex-builder/spi-builder-workspace/ReRxSwiftTests/ConnectionSpec.swift:267:41: error: cannot find 'UIBarButtonItem' in scope
                    let barButtonItem = UIBarButtonItem()
                                        ^~~~~~~~~~~~~~~
/Users/builder/builds/o86TiJKT/2/finestructure/swiftpackageindex-builder/spi-builder-workspace/ReRxSwiftTests/ConnectionSpec.swift:274:33: error: cannot find 'UILabel' in scope
                    let label = UILabel()
                                ^~~~~~~
/Users/builder/builds/o86TiJKT/2/finestructure/swiftpackageindex-builder/spi-builder-workspace/ReRxSwiftTests/ConnectionSpec.swift:209:74: error: cannot infer contextual base in reference to member 'plain'
                    let tableView = UITableView(frame: CGRect(), style: .plain)
                                                                        ~^~~~~
/Users/builder/builds/o86TiJKT/2/finestructure/swiftpackageindex-builder/spi-builder-workspace/ReRxSwiftTests/ConnectionSpec.swift:229:74: error: cannot infer contextual base in reference to member 'plain'
                    let tableView = UITableView(frame: CGRect(), style: .plain)
                                                                        ~^~~~~
SwiftCompile normal armv7k Compiling\ TestSectionModel.swift /Users/builder/builds/o86TiJKT/2/finestructure/swiftpackageindex-builder/spi-builder-workspace/ReRxSwiftTests/TestSectionModel.swift (in target 'ReRxSwiftTests' from project 'ReRxSwift')
    cd /Users/builder/builds/o86TiJKT/2/finestructure/swiftpackageindex-builder/spi-builder-workspace
    builtin-swiftTaskExecution -- /Applications/Xcode-15.0.0-Beta.app/Contents/Developer/Toolchains/XcodeDefault.xctoolchain/usr/bin/swift-frontend -frontend -c /Users/builder/builds/o86TiJKT/2/finestructure/swiftpackageindex-builder/spi-builder-workspace/ReRxSwiftTests/ConnectableSpec.swift /Users/builder/builds/o86TiJKT/2/finestructure/swiftpackageindex-builder/spi-builder-workspace/ReRxSwiftTests/ConnectionSpec.swift /Users/builder/builds/o86TiJKT/2/finestructure/swiftpackageindex-builder/spi-builder-workspace/ReRxSwiftTests/TestActions.swift -primary-file /Users/builder/builds/o86TiJKT/2/finestructure/swiftpackageindex-builder/spi-builder-workspace/ReRxSwiftTests/TestSectionModel.swift /Users/builder/builds/o86TiJKT/2/finestructure/swiftpackageindex-builder/spi-builder-workspace/ReRxSwiftTests/TestState.swift -emit-dependencies-path /Users/builder/builds/o86TiJKT/2/finestructure/swiftpackageindex-builder/spi-builder-workspace/.derivedData/Build/Intermediates.noindex/ReRxSwift.build/Debug-watchos/ReRxSwiftTests.build/Objects-normal/armv7k/TestSectionModel.d -emit-const-values-path /Users/builder/builds/o86TiJKT/2/finestructure/swiftpackageindex-builder/spi-builder-workspace/.derivedData/Build/Intermediates.noindex/ReRxSwift.build/Debug-watchos/ReRxSwiftTests.build/Objects-normal/armv7k/TestSectionModel.swiftconstvalues -emit-reference-dependencies-path /Users/builder/builds/o86TiJKT/2/finestructure/swiftpackageindex-builder/spi-builder-workspace/.derivedData/Build/Intermediates.noindex/ReRxSwift.build/Debug-watchos/ReRxSwiftTests.build/Objects-normal/armv7k/TestSectionModel.swiftdeps -serialize-diagnostics-path /Users/builder/builds/o86TiJKT/2/finestructure/swiftpackageindex-builder/spi-builder-workspace/.derivedData/Build/Intermediates.noindex/ReRxSwift.build/Debug-watchos/ReRxSwiftTests.build/Objects-normal/armv7k/TestSectionModel.dia -target armv7k-apple-watchos5.0 -enable-objc-interop -sdk /Applications/Xcode-15.0.0-Beta.app/Contents/Developer/Platforms/WatchOS.platform/Developer/SDKs/WatchOS10.0.sdk -I /Users/builder/builds/o86TiJKT/2/finestructure/swiftpackageindex-builder/spi-builder-workspace/.derivedData/Build/Products/Debug-watchos -I /Applications/Xcode-15.0.0-Beta.app/Contents/Developer/Platforms/WatchOS.platform/Developer/usr/lib -F /Users/builder/builds/o86TiJKT/2/finestructure/swiftpackageindex-builder/spi-builder-workspace/.derivedData/Build/Products/Debug-watchos/PackageFrameworks -F /Users/builder/builds/o86TiJKT/2/finestructure/swiftpackageindex-builder/spi-builder-workspace/.derivedData/Build/Products/Debug-watchos/PackageFrameworks -F /Users/builder/builds/o86TiJKT/2/finestructure/swiftpackageindex-builder/spi-builder-workspace/.derivedData/Build/Products/Debug-watchos/PackageFrameworks -F /Users/builder/builds/o86TiJKT/2/finestructure/swiftpackageindex-builder/spi-builder-workspace/.derivedData/Build/Products/Debug-watchos/PackageFrameworks -F /Users/builder/builds/o86TiJKT/2/finestructure/swiftpackageindex-builder/spi-builder-workspace/.derivedData/Build/Products/Debug-watchos/PackageFrameworks -F /Users/builder/builds/o86TiJKT/2/finestructure/swiftpackageindex-builder/spi-builder-workspace/.derivedData/Build/Products/Debug-watchos/PackageFrameworks -F /Users/builder/builds/o86TiJKT/2/finestructure/swiftpackageindex-builder/spi-builder-workspace/.derivedData/Build/Products/Debug-watchos/PackageFrameworks -F /Users/builder/builds/o86TiJKT/2/finestructure/swiftpackageindex-builder/spi-builder-workspace/.derivedData/Build/Products/Debug-watchos/PackageFrameworks -F /Users/builder/builds/o86TiJKT/2/finestructure/swiftpackageindex-builder/spi-builder-workspace/.derivedData/Build/Products/Debug-watchos/PackageFrameworks -F /Users/builder/builds/o86TiJKT/2/finestructure/swiftpackageindex-builder/spi-builder-workspace/.derivedData/Build/Products/Debug-watchos/PackageFrameworks -F /Users/builder/builds/o86TiJKT/2/finestructure/swiftpackageindex-builder/spi-builder-workspace/.derivedData/Build/Products/Debug-watchos/PackageFrameworks -F /Users/builder/builds/o86TiJKT/2/finestructure/swiftpackageindex-builder/spi-builder-workspace/.derivedData/Build/Products/Debug-watchos/PackageFrameworks -F /Users/builder/builds/o86TiJKT/2/finestructure/swiftpackageindex-builder/spi-builder-workspace/.derivedData/Build/Products/Debug-watchos/PackageFrameworks -F /Users/builder/builds/o86TiJKT/2/finestructure/swiftpackageindex-builder/spi-builder-workspace/.derivedData/Build/Products/Debug-watchos/PackageFrameworks -F /Users/builder/builds/o86TiJKT/2/finestructure/swiftpackageindex-builder/spi-builder-workspace/.derivedData/Build/Products/Debug-watchos/PackageFrameworks -F /Users/builder/builds/o86TiJKT/2/finestructure/swiftpackageindex-builder/spi-builder-workspace/.derivedData/Build/Products/Debug-watchos/PackageFrameworks -F /Users/builder/builds/o86TiJKT/2/finestructure/swiftpackageindex-builder/spi-builder-workspace/.derivedData/Build/Products/Debug-watchos -F /Applications/Xcode-15.0.0-Beta.app/Contents/Developer/Platforms/WatchOS.platform/Developer/Library/Frameworks -F /Applications/Xcode-15.0.0-Beta.app/Contents/Developer/Platforms/WatchOS.platform/Developer/SDKs/WatchOS10.0.sdk/Developer/Library/Frameworks -no-color-diagnostics -enable-testing -g -module-cache-path /Users/builder/builds/o86TiJKT/2/finestructure/swiftpackageindex-builder/spi-builder-workspace/.derivedData/ModuleCache.noindex -swift-version 5 -enforce-exclusivity\=checked -Onone -D SWIFT_PACKAGE -D DEBUG -D Xcode -serialize-debugging-options -const-gather-protocols-file /Users/builder/builds/o86TiJKT/2/finestructure/swiftpackageindex-builder/spi-builder-workspace/.derivedData/Build/Intermediates.noindex/ReRxSwift.build/Debug-watchos/ReRxSwiftTests.build/Objects-normal/armv7k/ReRxSwiftTests_const_extract_protocols.json -empty-abi-descriptor -plugin-path /Applications/Xcode-15.0.0-Beta.app/Contents/Developer/Toolchains/XcodeDefault.xctoolchain/usr/lib/swift/host/plugins -plugin-path /Applications/Xcode-15.0.0-Beta.app/Contents/Developer/Toolchains/XcodeDefault.xctoolchain/usr/local/lib/swift/host/plugins -validate-clang-modules-once -clang-build-session-file /Users/builder/builds/o86TiJKT/2/finestructure/swiftpackageindex-builder/spi-builder-workspace/.derivedData/ModuleCache.noindex/Session.modulevalidation -Xcc -working-directory -Xcc /Users/builder/builds/o86TiJKT/2/finestructure/swiftpackageindex-builder/spi-builder-workspace -resource-dir /Applications/Xcode-15.0.0-Beta.app/Contents/Developer/Toolchains/XcodeDefault.xctoolchain/usr/lib/swift -enable-anonymous-context-mangled-names -Xcc -fmodule-map-file\=/Users/builder/builds/o86TiJKT/2/finestructure/swiftpackageindex-builder/spi-builder-workspace/.derivedData/Build/Intermediates.noindex/GeneratedModuleMaps-watchos/RxCocoaRuntime.modulemap -Xcc -fmodule-map-file\=/Users/builder/builds/o86TiJKT/2/finestructure/swiftpackageindex-builder/spi-builder-workspace/.derivedData/Build/Intermediates.noindex/GeneratedModuleMaps-watchos/QuickObjCRuntime.modulemap -Xcc -fmodule-map-file\=/Users/builder/builds/o86TiJKT/2/finestructure/swiftpackageindex-builder/spi-builder-workspace/.derivedData/Build/Intermediates.noindex/GeneratedModuleMaps-watchos/CwlCatchExceptionSupport.modulemap -Xcc -fmodule-map-file\=/Users/builder/builds/o86TiJKT/2/finestructure/swiftpackageindex-builder/spi-builder-workspace/.derivedData/Build/Intermediates.noindex/GeneratedModuleMaps-watchos/CwlMachBadInstructionHandler.modulemap -Xcc -ivfsstatcache -Xcc /Users/builder/builds/o86TiJKT/2/finestructure/swiftpackageindex-builder/spi-builder-workspace/.derivedData/SDKStatCaches.noindex/watchos10.0-21R5275s-8db995917c4b1d9e1a16e7199e9e13bb.sdkstatcache -Xcc -I/Users/builder/builds/o86TiJKT/2/finestructure/swiftpackageindex-builder/spi-builder-workspace/.dependencies/checkouts/RxSwift/Sources/RxCocoaRuntime/include -Xcc -I/Users/builder/builds/o86TiJKT/2/finestructure/swiftpackageindex-builder/spi-builder-workspace/.dependencies/checkouts/Quick/Sources/QuickObjCRuntime/include -Xcc -I/Users/builder/builds/o86TiJKT/2/finestructure/swiftpackageindex-builder/spi-builder-workspace/.dependencies/checkouts/CwlCatchException/Sources/CwlCatchExceptionSupport/include -Xcc -I/Users/builder/builds/o86TiJKT/2/finestructure/swiftpackageindex-builder/spi-builder-workspace/.dependencies/checkouts/CwlPreconditionTesting/Sources/CwlMachBadInstructionHandler/include -Xcc -I/Users/builder/builds/o86TiJKT/2/finestructure/swiftpackageindex-builder/spi-builder-workspace/.derivedData/Build/Products/Debug-watchos/include -Xcc -I/Users/builder/builds/o86TiJKT/2/finestructure/swiftpackageindex-builder/spi-builder-workspace/.derivedData/Build/Intermediates.noindex/ReRxSwift.build/Debug-watchos/ReRxSwiftTests.build/DerivedSources-normal/armv7k -Xcc -I/Users/builder/builds/o86TiJKT/2/finestructure/swiftpackageindex-builder/spi-builder-workspace/.derivedData/Build/Intermediates.noindex/ReRxSwift.build/Debug-watchos/ReRxSwiftTests.build/DerivedSources/armv7k -Xcc -I/Users/builder/builds/o86TiJKT/2/finestructure/swiftpackageindex-builder/spi-builder-workspace/.derivedData/Build/Intermediates.noindex/ReRxSwift.build/Debug-watchos/ReRxSwiftTests.build/DerivedSources -Xcc -DSWIFT_PACKAGE -Xcc -DDEBUG\=1 -module-name ReRxSwiftTests -frontend-parseable-output -disable-clang-spi -target-sdk-version 10.0 -target-sdk-name watchos10.0 -o /Users/builder/builds/o86TiJKT/2/finestructure/swiftpackageindex-builder/spi-builder-workspace/.derivedData/Build/Intermediates.noindex/ReRxSwift.build/Debug-watchos/ReRxSwiftTests.build/Objects-normal/armv7k/TestSectionModel.o -index-unit-output-path /ReRxSwift.build/Debug-watchos/ReRxSwiftTests.build/Objects-normal/armv7k/TestSectionModel.o -index-store-path /Users/builder/builds/o86TiJKT/2/finestructure/swiftpackageindex-builder/spi-builder-workspace/.derivedData/Index.noindex/DataStore -index-system-modules
SwiftCompile normal armv7k /Users/builder/builds/o86TiJKT/2/finestructure/swiftpackageindex-builder/spi-builder-workspace/ReRxSwiftTests/TestSectionModel.swift (in target 'ReRxSwiftTests' from project 'ReRxSwift')
    cd /Users/builder/builds/o86TiJKT/2/finestructure/swiftpackageindex-builder/spi-builder-workspace
    /Applications/Xcode-15.0.0-Beta.app/Contents/Developer/Toolchains/XcodeDefault.xctoolchain/usr/bin/swift-frontend -c /Users/builder/builds/o86TiJKT/2/finestructure/swiftpackageindex-builder/spi-builder-workspace/ReRxSwiftTests/ConnectableSpec.swift /Users/builder/builds/o86TiJKT/2/finestructure/swiftpackageindex-builder/spi-builder-workspace/ReRxSwiftTests/ConnectionSpec.swift /Users/builder/builds/o86TiJKT/2/finestructure/swiftpackageindex-builder/spi-builder-workspace/ReRxSwiftTests/TestActions.swift -primary-file /Users/builder/builds/o86TiJKT/2/finestructure/swiftpackageindex-builder/spi-builder-workspace/ReRxSwiftTests/TestSectionModel.swift /Users/builder/builds/o86TiJKT/2/finestructure/swiftpackageindex-builder/spi-builder-workspace/ReRxSwiftTests/TestState.swift -emit-dependencies-path /Users/builder/builds/o86TiJKT/2/finestructure/swiftpackageindex-builder/spi-builder-workspace/.derivedData/Build/Intermediates.noindex/ReRxSwift.build/Debug-watchos/ReRxSwiftTests.build/Objects-normal/armv7k/TestSectionModel.d -emit-const-values-path /Users/builder/builds/o86TiJKT/2/finestructure/swiftpackageindex-builder/spi-builder-workspace/.derivedData/Build/Intermediates.noindex/ReRxSwift.build/Debug-watchos/ReRxSwiftTests.build/Objects-normal/armv7k/TestSectionModel.swiftconstvalues -emit-reference-dependencies-path /Users/builder/builds/o86TiJKT/2/finestructure/swiftpackageindex-builder/spi-builder-workspace/.derivedData/Build/Intermediates.noindex/ReRxSwift.build/Debug-watchos/ReRxSwiftTests.build/Objects-normal/armv7k/TestSectionModel.swiftdeps -serialize-diagnostics-path /Users/builder/builds/o86TiJKT/2/finestructure/swiftpackageindex-builder/spi-builder-workspace/.derivedData/Build/Intermediates.noindex/ReRxSwift.build/Debug-watchos/ReRxSwiftTests.build/Objects-normal/armv7k/TestSectionModel.dia -target armv7k-apple-watchos5.0 -enable-objc-interop -sdk /Applications/Xcode-15.0.0-Beta.app/Contents/Developer/Platforms/WatchOS.platform/Developer/SDKs/WatchOS10.0.sdk -I /Users/builder/builds/o86TiJKT/2/finestructure/swiftpackageindex-builder/spi-builder-workspace/.derivedData/Build/Products/Debug-watchos -I /Applications/Xcode-15.0.0-Beta.app/Contents/Developer/Platforms/WatchOS.platform/Developer/usr/lib -F /Users/builder/builds/o86TiJKT/2/finestructure/swiftpackageindex-builder/spi-builder-workspace/.derivedData/Build/Products/Debug-watchos/PackageFrameworks -F /Users/builder/builds/o86TiJKT/2/finestructure/swiftpackageindex-builder/spi-builder-workspace/.derivedData/Build/Products/Debug-watchos/PackageFrameworks -F /Users/builder/builds/o86TiJKT/2/finestructure/swiftpackageindex-builder/spi-builder-workspace/.derivedData/Build/Products/Debug-watchos/PackageFrameworks -F /Users/builder/builds/o86TiJKT/2/finestructure/swiftpackageindex-builder/spi-builder-workspace/.derivedData/Build/Products/Debug-watchos/PackageFrameworks -F /Users/builder/builds/o86TiJKT/2/finestructure/swiftpackageindex-builder/spi-builder-workspace/.derivedData/Build/Products/Debug-watchos/PackageFrameworks -F /Users/builder/builds/o86TiJKT/2/finestructure/swiftpackageindex-builder/spi-builder-workspace/.derivedData/Build/Products/Debug-watchos/PackageFrameworks -F /Users/builder/builds/o86TiJKT/2/finestructure/swiftpackageindex-builder/spi-builder-workspace/.derivedData/Build/Products/Debug-watchos/PackageFrameworks -F /Users/builder/builds/o86TiJKT/2/finestructure/swiftpackageindex-builder/spi-builder-workspace/.derivedData/Build/Products/Debug-watchos/PackageFrameworks -F /Users/builder/builds/o86TiJKT/2/finestructure/swiftpackageindex-builder/spi-builder-workspace/.derivedData/Build/Products/Debug-watchos/PackageFrameworks -F /Users/builder/builds/o86TiJKT/2/finestructure/swiftpackageindex-builder/spi-builder-workspace/.derivedData/Build/Products/Debug-watchos/PackageFrameworks -F /Users/builder/builds/o86TiJKT/2/finestructure/swiftpackageindex-builder/spi-builder-workspace/.derivedData/Build/Products/Debug-watchos/PackageFrameworks -F /Users/builder/builds/o86TiJKT/2/finestructure/swiftpackageindex-builder/spi-builder-workspace/.derivedData/Build/Products/Debug-watchos/PackageFrameworks -F /Users/builder/builds/o86TiJKT/2/finestructure/swiftpackageindex-builder/spi-builder-workspace/.derivedData/Build/Products/Debug-watchos/PackageFrameworks -F /Users/builder/builds/o86TiJKT/2/finestructure/swiftpackageindex-builder/spi-builder-workspace/.derivedData/Build/Products/Debug-watchos/PackageFrameworks -F /Users/builder/builds/o86TiJKT/2/finestructure/swiftpackageindex-builder/spi-builder-workspace/.derivedData/Build/Products/Debug-watchos/PackageFrameworks -F /Users/builder/builds/o86TiJKT/2/finestructure/swiftpackageindex-builder/spi-builder-workspace/.derivedData/Build/Products/Debug-watchos/PackageFrameworks -F /Users/builder/builds/o86TiJKT/2/finestructure/swiftpackageindex-builder/spi-builder-workspace/.derivedData/Build/Products/Debug-watchos -F /Applications/Xcode-15.0.0-Beta.app/Contents/Developer/Platforms/WatchOS.platform/Developer/Library/Frameworks -F /Applications/Xcode-15.0.0-Beta.app/Contents/Developer/Platforms/WatchOS.platform/Developer/SDKs/WatchOS10.0.sdk/Developer/Library/Frameworks -no-color-diagnostics -enable-testing -g -module-cache-path /Users/builder/builds/o86TiJKT/2/finestructure/swiftpackageindex-builder/spi-builder-workspace/.derivedData/ModuleCache.noindex -swift-version 5 -enforce-exclusivity\=checked -Onone -D SWIFT_PACKAGE -D DEBUG -D Xcode -serialize-debugging-options -const-gather-protocols-file /Users/builder/builds/o86TiJKT/2/finestructure/swiftpackageindex-builder/spi-builder-workspace/.derivedData/Build/Intermediates.noindex/ReRxSwift.build/Debug-watchos/ReRxSwiftTests.build/Objects-normal/armv7k/ReRxSwiftTests_const_extract_protocols.json -empty-abi-descriptor -plugin-path /Applications/Xcode-15.0.0-Beta.app/Contents/Developer/Toolchains/XcodeDefault.xctoolchain/usr/lib/swift/host/plugins -plugin-path /Applications/Xcode-15.0.0-Beta.app/Contents/Developer/Toolchains/XcodeDefault.xctoolchain/usr/local/lib/swift/host/plugins -validate-clang-modules-once -clang-build-session-file /Users/builder/builds/o86TiJKT/2/finestructure/swiftpackageindex-builder/spi-builder-workspace/.derivedData/ModuleCache.noindex/Session.modulevalidation -Xcc -working-directory -Xcc /Users/builder/builds/o86TiJKT/2/finestructure/swiftpackageindex-builder/spi-builder-workspace -resource-dir /Applications/Xcode-15.0.0-Beta.app/Contents/Developer/Toolchains/XcodeDefault.xctoolchain/usr/lib/swift -enable-anonymous-context-mangled-names -Xcc -fmodule-map-file\=/Users/builder/builds/o86TiJKT/2/finestructure/swiftpackageindex-builder/spi-builder-workspace/.derivedData/Build/Intermediates.noindex/GeneratedModuleMaps-watchos/RxCocoaRuntime.modulemap -Xcc -fmodule-map-file\=/Users/builder/builds/o86TiJKT/2/finestructure/swiftpackageindex-builder/spi-builder-workspace/.derivedData/Build/Intermediates.noindex/GeneratedModuleMaps-watchos/QuickObjCRuntime.modulemap -Xcc -fmodule-map-file\=/Users/builder/builds/o86TiJKT/2/finestructure/swiftpackageindex-builder/spi-builder-workspace/.derivedData/Build/Intermediates.noindex/GeneratedModuleMaps-watchos/CwlCatchExceptionSupport.modulemap -Xcc -fmodule-map-file\=/Users/builder/builds/o86TiJKT/2/finestructure/swiftpackageindex-builder/spi-builder-workspace/.derivedData/Build/Intermediates.noindex/GeneratedModuleMaps-watchos/CwlMachBadInstructionHandler.modulemap -Xcc -ivfsstatcache -Xcc /Users/builder/builds/o86TiJKT/2/finestructure/swiftpackageindex-builder/spi-builder-workspace/.derivedData/SDKStatCaches.noindex/watchos10.0-21R5275s-8db995917c4b1d9e1a16e7199e9e13bb.sdkstatcache -Xcc -I/Users/builder/builds/o86TiJKT/2/finestructure/swiftpackageindex-builder/spi-builder-workspace/.dependencies/checkouts/RxSwift/Sources/RxCocoaRuntime/include -Xcc -I/Users/builder/builds/o86TiJKT/2/finestructure/swiftpackageindex-builder/spi-builder-workspace/.dependencies/checkouts/Quick/Sources/QuickObjCRuntime/include -Xcc -I/Users/builder/builds/o86TiJKT/2/finestructure/swiftpackageindex-builder/spi-builder-workspace/.dependencies/checkouts/CwlCatchException/Sources/CwlCatchExceptionSupport/include -Xcc -I/Users/builder/builds/o86TiJKT/2/finestructure/swiftpackageindex-builder/spi-builder-workspace/.dependencies/checkouts/CwlPreconditionTesting/Sources/CwlMachBadInstructionHandler/include -Xcc -I/Users/builder/builds/o86TiJKT/2/finestructure/swiftpackageindex-builder/spi-builder-workspace/.derivedData/Build/Products/Debug-watchos/include -Xcc -I/Users/builder/builds/o86TiJKT/2/finestructure/swiftpackageindex-builder/spi-builder-workspace/.derivedData/Build/Intermediates.noindex/ReRxSwift.build/Debug-watchos/ReRxSwiftTests.build/DerivedSources-normal/armv7k -Xcc -I/Users/builder/builds/o86TiJKT/2/finestructure/swiftpackageindex-builder/spi-builder-workspace/.derivedData/Build/Intermediates.noindex/ReRxSwift.build/Debug-watchos/ReRxSwiftTests.build/DerivedSources/armv7k -Xcc -I/Users/builder/builds/o86TiJKT/2/finestructure/swiftpackageindex-builder/spi-builder-workspace/.derivedData/Build/Intermediates.noindex/ReRxSwift.build/Debug-watchos/ReRxSwiftTests.build/DerivedSources -Xcc -DSWIFT_PACKAGE -Xcc -DDEBUG\=1 -module-name ReRxSwiftTests -frontend-parseable-output -disable-clang-spi -target-sdk-version 10.0 -target-sdk-name watchos10.0 -o /Users/builder/builds/o86TiJKT/2/finestructure/swiftpackageindex-builder/spi-builder-workspace/.derivedData/Build/Intermediates.noindex/ReRxSwift.build/Debug-watchos/ReRxSwiftTests.build/Objects-normal/armv7k/TestSectionModel.o -index-unit-output-path /ReRxSwift.build/Debug-watchos/ReRxSwiftTests.build/Objects-normal/armv7k/TestSectionModel.o -index-store-path /Users/builder/builds/o86TiJKT/2/finestructure/swiftpackageindex-builder/spi-builder-workspace/.derivedData/Index.noindex/DataStore -index-system-modules
SwiftCompile normal arm64_32 Compiling\ TestSectionModel.swift /Users/builder/builds/o86TiJKT/2/finestructure/swiftpackageindex-builder/spi-builder-workspace/ReRxSwiftTests/TestSectionModel.swift (in target 'ReRxSwiftTests' from project 'ReRxSwift')
    cd /Users/builder/builds/o86TiJKT/2/finestructure/swiftpackageindex-builder/spi-builder-workspace
    builtin-swiftTaskExecution -- /Applications/Xcode-15.0.0-Beta.app/Contents/Developer/Toolchains/XcodeDefault.xctoolchain/usr/bin/swift-frontend -frontend -c /Users/builder/builds/o86TiJKT/2/finestructure/swiftpackageindex-builder/spi-builder-workspace/ReRxSwiftTests/ConnectableSpec.swift /Users/builder/builds/o86TiJKT/2/finestructure/swiftpackageindex-builder/spi-builder-workspace/ReRxSwiftTests/ConnectionSpec.swift /Users/builder/builds/o86TiJKT/2/finestructure/swiftpackageindex-builder/spi-builder-workspace/ReRxSwiftTests/TestActions.swift -primary-file /Users/builder/builds/o86TiJKT/2/finestructure/swiftpackageindex-builder/spi-builder-workspace/ReRxSwiftTests/TestSectionModel.swift /Users/builder/builds/o86TiJKT/2/finestructure/swiftpackageindex-builder/spi-builder-workspace/ReRxSwiftTests/TestState.swift -emit-dependencies-path /Users/builder/builds/o86TiJKT/2/finestructure/swiftpackageindex-builder/spi-builder-workspace/.derivedData/Build/Intermediates.noindex/ReRxSwift.build/Debug-watchos/ReRxSwiftTests.build/Objects-normal/arm64_32/TestSectionModel.d -emit-const-values-path /Users/builder/builds/o86TiJKT/2/finestructure/swiftpackageindex-builder/spi-builder-workspace/.derivedData/Build/Intermediates.noindex/ReRxSwift.build/Debug-watchos/ReRxSwiftTests.build/Objects-normal/arm64_32/TestSectionModel.swiftconstvalues -emit-reference-dependencies-path /Users/builder/builds/o86TiJKT/2/finestructure/swiftpackageindex-builder/spi-builder-workspace/.derivedData/Build/Intermediates.noindex/ReRxSwift.build/Debug-watchos/ReRxSwiftTests.build/Objects-normal/arm64_32/TestSectionModel.swiftdeps -serialize-diagnostics-path /Users/builder/builds/o86TiJKT/2/finestructure/swiftpackageindex-builder/spi-builder-workspace/.derivedData/Build/Intermediates.noindex/ReRxSwift.build/Debug-watchos/ReRxSwiftTests.build/Objects-normal/arm64_32/TestSectionModel.dia -target arm64_32-apple-watchos5.0 -enable-objc-interop -sdk /Applications/Xcode-15.0.0-Beta.app/Contents/Developer/Platforms/WatchOS.platform/Developer/SDKs/WatchOS10.0.sdk -I /Users/builder/builds/o86TiJKT/2/finestructure/swiftpackageindex-builder/spi-builder-workspace/.derivedData/Build/Products/Debug-watchos -I /Applications/Xcode-15.0.0-Beta.app/Contents/Developer/Platforms/WatchOS.platform/Developer/usr/lib -F /Users/builder/builds/o86TiJKT/2/finestructure/swiftpackageindex-builder/spi-builder-workspace/.derivedData/Build/Products/Debug-watchos/PackageFrameworks -F /Users/builder/builds/o86TiJKT/2/finestructure/swiftpackageindex-builder/spi-builder-workspace/.derivedData/Build/Products/Debug-watchos/PackageFrameworks -F /Users/builder/builds/o86TiJKT/2/finestructure/swiftpackageindex-builder/spi-builder-workspace/.derivedData/Build/Products/Debug-watchos/PackageFrameworks -F /Users/builder/builds/o86TiJKT/2/finestructure/swiftpackageindex-builder/spi-builder-workspace/.derivedData/Build/Products/Debug-watchos/PackageFrameworks -F /Users/builder/builds/o86TiJKT/2/finestructure/swiftpackageindex-builder/spi-builder-workspace/.derivedData/Build/Products/Debug-watchos/PackageFrameworks -F /Users/builder/builds/o86TiJKT/2/finestructure/swiftpackageindex-builder/spi-builder-workspace/.derivedData/Build/Products/Debug-watchos/PackageFrameworks -F /Users/builder/builds/o86TiJKT/2/finestructure/swiftpackageindex-builder/spi-builder-workspace/.derivedData/Build/Products/Debug-watchos/PackageFrameworks -F /Users/builder/builds/o86TiJKT/2/finestructure/swiftpackageindex-builder/spi-builder-workspace/.derivedData/Build/Products/Debug-watchos/PackageFrameworks -F /Users/builder/builds/o86TiJKT/2/finestructure/swiftpackageindex-builder/spi-builder-workspace/.derivedData/Build/Products/Debug-watchos/PackageFrameworks -F /Users/builder/builds/o86TiJKT/2/finestructure/swiftpackageindex-builder/spi-builder-workspace/.derivedData/Build/Products/Debug-watchos/PackageFrameworks -F /Users/builder/builds/o86TiJKT/2/finestructure/swiftpackageindex-builder/spi-builder-workspace/.derivedData/Build/Products/Debug-watchos/PackageFrameworks -F /Users/builder/builds/o86TiJKT/2/finestructure/swiftpackageindex-builder/spi-builder-workspace/.derivedData/Build/Products/Debug-watchos/PackageFrameworks -F /Users/builder/builds/o86TiJKT/2/finestructure/swiftpackageindex-builder/spi-builder-workspace/.derivedData/Build/Products/Debug-watchos/PackageFrameworks -F /Users/builder/builds/o86TiJKT/2/finestructure/swiftpackageindex-builder/spi-builder-workspace/.derivedData/Build/Products/Debug-watchos/PackageFrameworks -F /Users/builder/builds/o86TiJKT/2/finestructure/swiftpackageindex-builder/spi-builder-workspace/.derivedData/Build/Products/Debug-watchos/PackageFrameworks -F /Users/builder/builds/o86TiJKT/2/finestructure/swiftpackageindex-builder/spi-builder-workspace/.derivedData/Build/Products/Debug-watchos/PackageFrameworks -F /Users/builder/builds/o86TiJKT/2/finestructure/swiftpackageindex-builder/spi-builder-workspace/.derivedData/Build/Products/Debug-watchos -F /Applications/Xcode-15.0.0-Beta.app/Contents/Developer/Platforms/WatchOS.platform/Developer/Library/Frameworks -F /Applications/Xcode-15.0.0-Beta.app/Contents/Developer/Platforms/WatchOS.platform/Developer/SDKs/WatchOS10.0.sdk/Developer/Library/Frameworks -no-color-diagnostics -enable-testing -g -module-cache-path /Users/builder/builds/o86TiJKT/2/finestructure/swiftpackageindex-builder/spi-builder-workspace/.derivedData/ModuleCache.noindex -swift-version 5 -enforce-exclusivity\=checked -Onone -D SWIFT_PACKAGE -D DEBUG -D Xcode -serialize-debugging-options -const-gather-protocols-file /Users/builder/builds/o86TiJKT/2/finestructure/swiftpackageindex-builder/spi-builder-workspace/.derivedData/Build/Intermediates.noindex/ReRxSwift.build/Debug-watchos/ReRxSwiftTests.build/Objects-normal/arm64_32/ReRxSwiftTests_const_extract_protocols.json -empty-abi-descriptor -plugin-path /Applications/Xcode-15.0.0-Beta.app/Contents/Developer/Toolchains/XcodeDefault.xctoolchain/usr/lib/swift/host/plugins -plugin-path /Applications/Xcode-15.0.0-Beta.app/Contents/Developer/Toolchains/XcodeDefault.xctoolchain/usr/local/lib/swift/host/plugins -validate-clang-modules-once -clang-build-session-file /Users/builder/builds/o86TiJKT/2/finestructure/swiftpackageindex-builder/spi-builder-workspace/.derivedData/ModuleCache.noindex/Session.modulevalidation -Xcc -working-directory -Xcc /Users/builder/builds/o86TiJKT/2/finestructure/swiftpackageindex-builder/spi-builder-workspace -resource-dir /Applications/Xcode-15.0.0-Beta.app/Contents/Developer/Toolchains/XcodeDefault.xctoolchain/usr/lib/swift -enable-anonymous-context-mangled-names -Xcc -fmodule-map-file\=/Users/builder/builds/o86TiJKT/2/finestructure/swiftpackageindex-builder/spi-builder-workspace/.derivedData/Build/Intermediates.noindex/GeneratedModuleMaps-watchos/RxCocoaRuntime.modulemap -Xcc -fmodule-map-file\=/Users/builder/builds/o86TiJKT/2/finestructure/swiftpackageindex-builder/spi-builder-workspace/.derivedData/Build/Intermediates.noindex/GeneratedModuleMaps-watchos/QuickObjCRuntime.modulemap -Xcc -fmodule-map-file\=/Users/builder/builds/o86TiJKT/2/finestructure/swiftpackageindex-builder/spi-builder-workspace/.derivedData/Build/Intermediates.noindex/GeneratedModuleMaps-watchos/CwlCatchExceptionSupport.modulemap -Xcc -fmodule-map-file\=/Users/builder/builds/o86TiJKT/2/finestructure/swiftpackageindex-builder/spi-builder-workspace/.derivedData/Build/Intermediates.noindex/GeneratedModuleMaps-watchos/CwlMachBadInstructionHandler.modulemap -Xcc -ivfsstatcache -Xcc /Users/builder/builds/o86TiJKT/2/finestructure/swiftpackageindex-builder/spi-builder-workspace/.derivedData/SDKStatCaches.noindex/watchos10.0-21R5275s-8db995917c4b1d9e1a16e7199e9e13bb.sdkstatcache -Xcc -I/Users/builder/builds/o86TiJKT/2/finestructure/swiftpackageindex-builder/spi-builder-workspace/.dependencies/checkouts/RxSwift/Sources/RxCocoaRuntime/include -Xcc -I/Users/builder/builds/o86TiJKT/2/finestructure/swiftpackageindex-builder/spi-builder-workspace/.dependencies/checkouts/Quick/Sources/QuickObjCRuntime/include -Xcc -I/Users/builder/builds/o86TiJKT/2/finestructure/swiftpackageindex-builder/spi-builder-workspace/.dependencies/checkouts/CwlCatchException/Sources/CwlCatchExceptionSupport/include -Xcc -I/Users/builder/builds/o86TiJKT/2/finestructure/swiftpackageindex-builder/spi-builder-workspace/.dependencies/checkouts/CwlPreconditionTesting/Sources/CwlMachBadInstructionHandler/include -Xcc -I/Users/builder/builds/o86TiJKT/2/finestructure/swiftpackageindex-builder/spi-builder-workspace/.derivedData/Build/Products/Debug-watchos/include -Xcc -I/Users/builder/builds/o86TiJKT/2/finestructure/swiftpackageindex-builder/spi-builder-workspace/.derivedData/Build/Intermediates.noindex/ReRxSwift.build/Debug-watchos/ReRxSwiftTests.build/DerivedSources-normal/arm64_32 -Xcc -I/Users/builder/builds/o86TiJKT/2/finestructure/swiftpackageindex-builder/spi-builder-workspace/.derivedData/Build/Intermediates.noindex/ReRxSwift.build/Debug-watchos/ReRxSwiftTests.build/DerivedSources/arm64_32 -Xcc -I/Users/builder/builds/o86TiJKT/2/finestructure/swiftpackageindex-builder/spi-builder-workspace/.derivedData/Build/Intermediates.noindex/ReRxSwift.build/Debug-watchos/ReRxSwiftTests.build/DerivedSources -Xcc -DSWIFT_PACKAGE -Xcc -DDEBUG\=1 -module-name ReRxSwiftTests -frontend-parseable-output -disable-clang-spi -target-sdk-version 10.0 -target-sdk-name watchos10.0 -o /Users/builder/builds/o86TiJKT/2/finestructure/swiftpackageindex-builder/spi-builder-workspace/.derivedData/Build/Intermediates.noindex/ReRxSwift.build/Debug-watchos/ReRxSwiftTests.build/Objects-normal/arm64_32/TestSectionModel.o -index-unit-output-path /ReRxSwift.build/Debug-watchos/ReRxSwiftTests.build/Objects-normal/arm64_32/TestSectionModel.o -index-store-path /Users/builder/builds/o86TiJKT/2/finestructure/swiftpackageindex-builder/spi-builder-workspace/.derivedData/Index.noindex/DataStore -index-system-modules
SwiftCompile normal arm64_32 /Users/builder/builds/o86TiJKT/2/finestructure/swiftpackageindex-builder/spi-builder-workspace/ReRxSwiftTests/TestSectionModel.swift (in target 'ReRxSwiftTests' from project 'ReRxSwift')
    cd /Users/builder/builds/o86TiJKT/2/finestructure/swiftpackageindex-builder/spi-builder-workspace
    /Applications/Xcode-15.0.0-Beta.app/Contents/Developer/Toolchains/XcodeDefault.xctoolchain/usr/bin/swift-frontend -c /Users/builder/builds/o86TiJKT/2/finestructure/swiftpackageindex-builder/spi-builder-workspace/ReRxSwiftTests/ConnectableSpec.swift /Users/builder/builds/o86TiJKT/2/finestructure/swiftpackageindex-builder/spi-builder-workspace/ReRxSwiftTests/ConnectionSpec.swift /Users/builder/builds/o86TiJKT/2/finestructure/swiftpackageindex-builder/spi-builder-workspace/ReRxSwiftTests/TestActions.swift -primary-file /Users/builder/builds/o86TiJKT/2/finestructure/swiftpackageindex-builder/spi-builder-workspace/ReRxSwiftTests/TestSectionModel.swift /Users/builder/builds/o86TiJKT/2/finestructure/swiftpackageindex-builder/spi-builder-workspace/ReRxSwiftTests/TestState.swift -emit-dependencies-path /Users/builder/builds/o86TiJKT/2/finestructure/swiftpackageindex-builder/spi-builder-workspace/.derivedData/Build/Intermediates.noindex/ReRxSwift.build/Debug-watchos/ReRxSwiftTests.build/Objects-normal/arm64_32/TestSectionModel.d -emit-const-values-path /Users/builder/builds/o86TiJKT/2/finestructure/swiftpackageindex-builder/spi-builder-workspace/.derivedData/Build/Intermediates.noindex/ReRxSwift.build/Debug-watchos/ReRxSwiftTests.build/Objects-normal/arm64_32/TestSectionModel.swiftconstvalues -emit-reference-dependencies-path /Users/builder/builds/o86TiJKT/2/finestructure/swiftpackageindex-builder/spi-builder-workspace/.derivedData/Build/Intermediates.noindex/ReRxSwift.build/Debug-watchos/ReRxSwiftTests.build/Objects-normal/arm64_32/TestSectionModel.swiftdeps -serialize-diagnostics-path /Users/builder/builds/o86TiJKT/2/finestructure/swiftpackageindex-builder/spi-builder-workspace/.derivedData/Build/Intermediates.noindex/ReRxSwift.build/Debug-watchos/ReRxSwiftTests.build/Objects-normal/arm64_32/TestSectionModel.dia -target arm64_32-apple-watchos5.0 -enable-objc-interop -sdk /Applications/Xcode-15.0.0-Beta.app/Contents/Developer/Platforms/WatchOS.platform/Developer/SDKs/WatchOS10.0.sdk -I /Users/builder/builds/o86TiJKT/2/finestructure/swiftpackageindex-builder/spi-builder-workspace/.derivedData/Build/Products/Debug-watchos -I /Applications/Xcode-15.0.0-Beta.app/Contents/Developer/Platforms/WatchOS.platform/Developer/usr/lib -F /Users/builder/builds/o86TiJKT/2/finestructure/swiftpackageindex-builder/spi-builder-workspace/.derivedData/Build/Products/Debug-watchos/PackageFrameworks -F /Users/builder/builds/o86TiJKT/2/finestructure/swiftpackageindex-builder/spi-builder-workspace/.derivedData/Build/Products/Debug-watchos/PackageFrameworks -F /Users/builder/builds/o86TiJKT/2/finestructure/swiftpackageindex-builder/spi-builder-workspace/.derivedData/Build/Products/Debug-watchos/PackageFrameworks -F /Users/builder/builds/o86TiJKT/2/finestructure/swiftpackageindex-builder/spi-builder-workspace/.derivedData/Build/Products/Debug-watchos/PackageFrameworks -F /Users/builder/builds/o86TiJKT/2/finestructure/swiftpackageindex-builder/spi-builder-workspace/.derivedData/Build/Products/Debug-watchos/PackageFrameworks -F /Users/builder/builds/o86TiJKT/2/finestructure/swiftpackageindex-builder/spi-builder-workspace/.derivedData/Build/Products/Debug-watchos/PackageFrameworks -F /Users/builder/builds/o86TiJKT/2/finestructure/swiftpackageindex-builder/spi-builder-workspace/.derivedData/Build/Products/Debug-watchos/PackageFrameworks -F /Users/builder/builds/o86TiJKT/2/finestructure/swiftpackageindex-builder/spi-builder-workspace/.derivedData/Build/Products/Debug-watchos/PackageFrameworks -F /Users/builder/builds/o86TiJKT/2/finestructure/swiftpackageindex-builder/spi-builder-workspace/.derivedData/Build/Products/Debug-watchos/PackageFrameworks -F /Users/builder/builds/o86TiJKT/2/finestructure/swiftpackageindex-builder/spi-builder-workspace/.derivedData/Build/Products/Debug-watchos/PackageFrameworks -F /Users/builder/builds/o86TiJKT/2/finestructure/swiftpackageindex-builder/spi-builder-workspace/.derivedData/Build/Products/Debug-watchos/PackageFrameworks -F /Users/builder/builds/o86TiJKT/2/finestructure/swiftpackageindex-builder/spi-builder-workspace/.derivedData/Build/Products/Debug-watchos/PackageFrameworks -F /Users/builder/builds/o86TiJKT/2/finestructure/swiftpackageindex-builder/spi-builder-workspace/.derivedData/Build/Products/Debug-watchos/PackageFrameworks -F /Users/builder/builds/o86TiJKT/2/finestructure/swiftpackageindex-builder/spi-builder-workspace/.derivedData/Build/Products/Debug-watchos/PackageFrameworks -F /Users/builder/builds/o86TiJKT/2/finestructure/swiftpackageindex-builder/spi-builder-workspace/.derivedData/Build/Products/Debug-watchos/PackageFrameworks -F /Users/builder/builds/o86TiJKT/2/finestructure/swiftpackageindex-builder/spi-builder-workspace/.derivedData/Build/Products/Debug-watchos/PackageFrameworks -F /Users/builder/builds/o86TiJKT/2/finestructure/swiftpackageindex-builder/spi-builder-workspace/.derivedData/Build/Products/Debug-watchos -F /Applications/Xcode-15.0.0-Beta.app/Contents/Developer/Platforms/WatchOS.platform/Developer/Library/Frameworks -F /Applications/Xcode-15.0.0-Beta.app/Contents/Developer/Platforms/WatchOS.platform/Developer/SDKs/WatchOS10.0.sdk/Developer/Library/Frameworks -no-color-diagnostics -enable-testing -g -module-cache-path /Users/builder/builds/o86TiJKT/2/finestructure/swiftpackageindex-builder/spi-builder-workspace/.derivedData/ModuleCache.noindex -swift-version 5 -enforce-exclusivity\=checked -Onone -D SWIFT_PACKAGE -D DEBUG -D Xcode -serialize-debugging-options -const-gather-protocols-file /Users/builder/builds/o86TiJKT/2/finestructure/swiftpackageindex-builder/spi-builder-workspace/.derivedData/Build/Intermediates.noindex/ReRxSwift.build/Debug-watchos/ReRxSwiftTests.build/Objects-normal/arm64_32/ReRxSwiftTests_const_extract_protocols.json -empty-abi-descriptor -plugin-path /Applications/Xcode-15.0.0-Beta.app/Contents/Developer/Toolchains/XcodeDefault.xctoolchain/usr/lib/swift/host/plugins -plugin-path /Applications/Xcode-15.0.0-Beta.app/Contents/Developer/Toolchains/XcodeDefault.xctoolchain/usr/local/lib/swift/host/plugins -validate-clang-modules-once -clang-build-session-file /Users/builder/builds/o86TiJKT/2/finestructure/swiftpackageindex-builder/spi-builder-workspace/.derivedData/ModuleCache.noindex/Session.modulevalidation -Xcc -working-directory -Xcc /Users/builder/builds/o86TiJKT/2/finestructure/swiftpackageindex-builder/spi-builder-workspace -resource-dir /Applications/Xcode-15.0.0-Beta.app/Contents/Developer/Toolchains/XcodeDefault.xctoolchain/usr/lib/swift -enable-anonymous-context-mangled-names -Xcc -fmodule-map-file\=/Users/builder/builds/o86TiJKT/2/finestructure/swiftpackageindex-builder/spi-builder-workspace/.derivedData/Build/Intermediates.noindex/GeneratedModuleMaps-watchos/RxCocoaRuntime.modulemap -Xcc -fmodule-map-file\=/Users/builder/builds/o86TiJKT/2/finestructure/swiftpackageindex-builder/spi-builder-workspace/.derivedData/Build/Intermediates.noindex/GeneratedModuleMaps-watchos/QuickObjCRuntime.modulemap -Xcc -fmodule-map-file\=/Users/builder/builds/o86TiJKT/2/finestructure/swiftpackageindex-builder/spi-builder-workspace/.derivedData/Build/Intermediates.noindex/GeneratedModuleMaps-watchos/CwlCatchExceptionSupport.modulemap -Xcc -fmodule-map-file\=/Users/builder/builds/o86TiJKT/2/finestructure/swiftpackageindex-builder/spi-builder-workspace/.derivedData/Build/Intermediates.noindex/GeneratedModuleMaps-watchos/CwlMachBadInstructionHandler.modulemap -Xcc -ivfsstatcache -Xcc /Users/builder/builds/o86TiJKT/2/finestructure/swiftpackageindex-builder/spi-builder-workspace/.derivedData/SDKStatCaches.noindex/watchos10.0-21R5275s-8db995917c4b1d9e1a16e7199e9e13bb.sdkstatcache -Xcc -I/Users/builder/builds/o86TiJKT/2/finestructure/swiftpackageindex-builder/spi-builder-workspace/.dependencies/checkouts/RxSwift/Sources/RxCocoaRuntime/include -Xcc -I/Users/builder/builds/o86TiJKT/2/finestructure/swiftpackageindex-builder/spi-builder-workspace/.dependencies/checkouts/Quick/Sources/QuickObjCRuntime/include -Xcc -I/Users/builder/builds/o86TiJKT/2/finestructure/swiftpackageindex-builder/spi-builder-workspace/.dependencies/checkouts/CwlCatchException/Sources/CwlCatchExceptionSupport/include -Xcc -I/Users/builder/builds/o86TiJKT/2/finestructure/swiftpackageindex-builder/spi-builder-workspace/.dependencies/checkouts/CwlPreconditionTesting/Sources/CwlMachBadInstructionHandler/include -Xcc -I/Users/builder/builds/o86TiJKT/2/finestructure/swiftpackageindex-builder/spi-builder-workspace/.derivedData/Build/Products/Debug-watchos/include -Xcc -I/Users/builder/builds/o86TiJKT/2/finestructure/swiftpackageindex-builder/spi-builder-workspace/.derivedData/Build/Intermediates.noindex/ReRxSwift.build/Debug-watchos/ReRxSwiftTests.build/DerivedSources-normal/arm64_32 -Xcc -I/Users/builder/builds/o86TiJKT/2/finestructure/swiftpackageindex-builder/spi-builder-workspace/.derivedData/Build/Intermediates.noindex/ReRxSwift.build/Debug-watchos/ReRxSwiftTests.build/DerivedSources/arm64_32 -Xcc -I/Users/builder/builds/o86TiJKT/2/finestructure/swiftpackageindex-builder/spi-builder-workspace/.derivedData/Build/Intermediates.noindex/ReRxSwift.build/Debug-watchos/ReRxSwiftTests.build/DerivedSources -Xcc -DSWIFT_PACKAGE -Xcc -DDEBUG\=1 -module-name ReRxSwiftTests -frontend-parseable-output -disable-clang-spi -target-sdk-version 10.0 -target-sdk-name watchos10.0 -o /Users/builder/builds/o86TiJKT/2/finestructure/swiftpackageindex-builder/spi-builder-workspace/.derivedData/Build/Intermediates.noindex/ReRxSwift.build/Debug-watchos/ReRxSwiftTests.build/Objects-normal/arm64_32/TestSectionModel.o -index-unit-output-path /ReRxSwift.build/Debug-watchos/ReRxSwiftTests.build/Objects-normal/arm64_32/TestSectionModel.o -index-store-path /Users/builder/builds/o86TiJKT/2/finestructure/swiftpackageindex-builder/spi-builder-workspace/.derivedData/Index.noindex/DataStore -index-system-modules

SwiftDriverJobDiscovery normal armv7k Compiling ConnectableSpec.swift (in target 'ReRxSwiftTests' from project 'ReRxSwift')

SwiftDriverJobDiscovery normal armv7k Compiling TestSectionModel.swift (in target 'ReRxSwiftTests' from project 'ReRxSwift')

SwiftDriverJobDiscovery normal arm64_32 Compiling TestSectionModel.swift (in target 'ReRxSwiftTests' from project 'ReRxSwift')
SwiftCompile normal arm64_32 Compiling\ TestActions.swift /Users/builder/builds/o86TiJKT/2/finestructure/swiftpackageindex-builder/spi-builder-workspace/ReRxSwiftTests/TestActions.swift (in target 'ReRxSwiftTests' from project 'ReRxSwift')
    cd /Users/builder/builds/o86TiJKT/2/finestructure/swiftpackageindex-builder/spi-builder-workspace
    builtin-swiftTaskExecution -- /Applications/Xcode-15.0.0-Beta.app/Contents/Developer/Toolchains/XcodeDefault.xctoolchain/usr/bin/swift-frontend -frontend -c /Users/builder/builds/o86TiJKT/2/finestructure/swiftpackageindex-builder/spi-builder-workspace/ReRxSwiftTests/ConnectableSpec.swift /Users/builder/builds/o86TiJKT/2/finestructure/swiftpackageindex-builder/spi-builder-workspace/ReRxSwiftTests/ConnectionSpec.swift -primary-file /Users/builder/builds/o86TiJKT/2/finestructure/swiftpackageindex-builder/spi-builder-workspace/ReRxSwiftTests/TestActions.swift /Users/builder/builds/o86TiJKT/2/finestructure/swiftpackageindex-builder/spi-builder-workspace/ReRxSwiftTests/TestSectionModel.swift /Users/builder/builds/o86TiJKT/2/finestructure/swiftpackageindex-builder/spi-builder-workspace/ReRxSwiftTests/TestState.swift -emit-dependencies-path /Users/builder/builds/o86TiJKT/2/finestructure/swiftpackageindex-builder/spi-builder-workspace/.derivedData/Build/Intermediates.noindex/ReRxSwift.build/Debug-watchos/ReRxSwiftTests.build/Objects-normal/arm64_32/TestActions.d -emit-const-values-path /Users/builder/builds/o86TiJKT/2/finestructure/swiftpackageindex-builder/spi-builder-workspace/.derivedData/Build/Intermediates.noindex/ReRxSwift.build/Debug-watchos/ReRxSwiftTests.build/Objects-normal/arm64_32/TestActions.swiftconstvalues -emit-reference-dependencies-path /Users/builder/builds/o86TiJKT/2/finestructure/swiftpackageindex-builder/spi-builder-workspace/.derivedData/Build/Intermediates.noindex/ReRxSwift.build/Debug-watchos/ReRxSwiftTests.build/Objects-normal/arm64_32/TestActions.swiftdeps -serialize-diagnostics-path /Users/builder/builds/o86TiJKT/2/finestructure/swiftpackageindex-builder/spi-builder-workspace/.derivedData/Build/Intermediates.noindex/ReRxSwift.build/Debug-watchos/ReRxSwiftTests.build/Objects-normal/arm64_32/TestActions.dia -target arm64_32-apple-watchos5.0 -enable-objc-interop -sdk /Applications/Xcode-15.0.0-Beta.app/Contents/Developer/Platforms/WatchOS.platform/Developer/SDKs/WatchOS10.0.sdk -I /Users/builder/builds/o86TiJKT/2/finestructure/swiftpackageindex-builder/spi-builder-workspace/.derivedData/Build/Products/Debug-watchos -I /Applications/Xcode-15.0.0-Beta.app/Contents/Developer/Platforms/WatchOS.platform/Developer/usr/lib -F /Users/builder/builds/o86TiJKT/2/finestructure/swiftpackageindex-builder/spi-builder-workspace/.derivedData/Build/Products/Debug-watchos/PackageFrameworks -F /Users/builder/builds/o86TiJKT/2/finestructure/swiftpackageindex-builder/spi-builder-workspace/.derivedData/Build/Products/Debug-watchos/PackageFrameworks -F /Users/builder/builds/o86TiJKT/2/finestructure/swiftpackageindex-builder/spi-builder-workspace/.derivedData/Build/Products/Debug-watchos/PackageFrameworks -F /Users/builder/builds/o86TiJKT/2/finestructure/swiftpackageindex-builder/spi-builder-workspace/.derivedData/Build/Products/Debug-watchos/PackageFrameworks -F /Users/builder/builds/o86TiJKT/2/finestructure/swiftpackageindex-builder/spi-builder-workspace/.derivedData/Build/Products/Debug-watchos/PackageFrameworks -F /Users/builder/builds/o86TiJKT/2/finestructure/swiftpackageindex-builder/spi-builder-workspace/.derivedData/Build/Products/Debug-watchos/PackageFrameworks -F /Users/builder/builds/o86TiJKT/2/finestructure/swiftpackageindex-builder/spi-builder-workspace/.derivedData/Build/Products/Debug-watchos/PackageFrameworks -F /Users/builder/builds/o86TiJKT/2/finestructure/swiftpackageindex-builder/spi-builder-workspace/.derivedData/Build/Products/Debug-watchos/PackageFrameworks -F /Users/builder/builds/o86TiJKT/2/finestructure/swiftpackageindex-builder/spi-builder-workspace/.derivedData/Build/Products/Debug-watchos/PackageFrameworks -F /Users/builder/builds/o86TiJKT/2/finestructure/swiftpackageindex-builder/spi-builder-workspace/.derivedData/Build/Products/Debug-watchos/PackageFrameworks -F /Users/builder/builds/o86TiJKT/2/finestructure/swiftpackageindex-builder/spi-builder-workspace/.derivedData/Build/Products/Debug-watchos/PackageFrameworks -F /Users/builder/builds/o86TiJKT/2/finestructure/swiftpackageindex-builder/spi-builder-workspace/.derivedData/Build/Products/Debug-watchos/PackageFrameworks -F /Users/builder/builds/o86TiJKT/2/finestructure/swiftpackageindex-builder/spi-builder-workspace/.derivedData/Build/Products/Debug-watchos/PackageFrameworks -F /Users/builder/builds/o86TiJKT/2/finestructure/swiftpackageindex-builder/spi-builder-workspace/.derivedData/Build/Products/Debug-watchos/PackageFrameworks -F /Users/builder/builds/o86TiJKT/2/finestructure/swiftpackageindex-builder/spi-builder-workspace/.derivedData/Build/Products/Debug-watchos/PackageFrameworks -F /Users/builder/builds/o86TiJKT/2/finestructure/swiftpackageindex-builder/spi-builder-workspace/.derivedData/Build/Products/Debug-watchos/PackageFrameworks -F /Users/builder/builds/o86TiJKT/2/finestructure/swiftpackageindex-builder/spi-builder-workspace/.derivedData/Build/Products/Debug-watchos -F /Applications/Xcode-15.0.0-Beta.app/Contents/Developer/Platforms/WatchOS.platform/Developer/Library/Frameworks -F /Applications/Xcode-15.0.0-Beta.app/Contents/Developer/Platforms/WatchOS.platform/Developer/SDKs/WatchOS10.0.sdk/Developer/Library/Frameworks -no-color-diagnostics -enable-testing -g -module-cache-path /Users/builder/builds/o86TiJKT/2/finestructure/swiftpackageindex-builder/spi-builder-workspace/.derivedData/ModuleCache.noindex -swift-version 5 -enforce-exclusivity\=checked -Onone -D SWIFT_PACKAGE -D DEBUG -D Xcode -serialize-debugging-options -const-gather-protocols-file /Users/builder/builds/o86TiJKT/2/finestructure/swiftpackageindex-builder/spi-builder-workspace/.derivedData/Build/Intermediates.noindex/ReRxSwift.build/Debug-watchos/ReRxSwiftTests.build/Objects-normal/arm64_32/ReRxSwiftTests_const_extract_protocols.json -empty-abi-descriptor -plugin-path /Applications/Xcode-15.0.0-Beta.app/Contents/Developer/Toolchains/XcodeDefault.xctoolchain/usr/lib/swift/host/plugins -plugin-path /Applications/Xcode-15.0.0-Beta.app/Contents/Developer/Toolchains/XcodeDefault.xctoolchain/usr/local/lib/swift/host/plugins -validate-clang-modules-once -clang-build-session-file /Users/builder/builds/o86TiJKT/2/finestructure/swiftpackageindex-builder/spi-builder-workspace/.derivedData/ModuleCache.noindex/Session.modulevalidation -Xcc -working-directory -Xcc /Users/builder/builds/o86TiJKT/2/finestructure/swiftpackageindex-builder/spi-builder-workspace -resource-dir /Applications/Xcode-15.0.0-Beta.app/Contents/Developer/Toolchains/XcodeDefault.xctoolchain/usr/lib/swift -enable-anonymous-context-mangled-names -Xcc -fmodule-map-file\=/Users/builder/builds/o86TiJKT/2/finestructure/swiftpackageindex-builder/spi-builder-workspace/.derivedData/Build/Intermediates.noindex/GeneratedModuleMaps-watchos/RxCocoaRuntime.modulemap -Xcc -fmodule-map-file\=/Users/builder/builds/o86TiJKT/2/finestructure/swiftpackageindex-builder/spi-builder-workspace/.derivedData/Build/Intermediates.noindex/GeneratedModuleMaps-watchos/QuickObjCRuntime.modulemap -Xcc -fmodule-map-file\=/Users/builder/builds/o86TiJKT/2/finestructure/swiftpackageindex-builder/spi-builder-workspace/.derivedData/Build/Intermediates.noindex/GeneratedModuleMaps-watchos/CwlCatchExceptionSupport.modulemap -Xcc -fmodule-map-file\=/Users/builder/builds/o86TiJKT/2/finestructure/swiftpackageindex-builder/spi-builder-workspace/.derivedData/Build/Intermediates.noindex/GeneratedModuleMaps-watchos/CwlMachBadInstructionHandler.modulemap -Xcc -ivfsstatcache -Xcc /Users/builder/builds/o86TiJKT/2/finestructure/swiftpackageindex-builder/spi-builder-workspace/.derivedData/SDKStatCaches.noindex/watchos10.0-21R5275s-8db995917c4b1d9e1a16e7199e9e13bb.sdkstatcache -Xcc -I/Users/builder/builds/o86TiJKT/2/finestructure/swiftpackageindex-builder/spi-builder-workspace/.dependencies/checkouts/RxSwift/Sources/RxCocoaRuntime/include -Xcc -I/Users/builder/builds/o86TiJKT/2/finestructure/swiftpackageindex-builder/spi-builder-workspace/.dependencies/checkouts/Quick/Sources/QuickObjCRuntime/include -Xcc -I/Users/builder/builds/o86TiJKT/2/finestructure/swiftpackageindex-builder/spi-builder-workspace/.dependencies/checkouts/CwlCatchException/Sources/CwlCatchExceptionSupport/include -Xcc -I/Users/builder/builds/o86TiJKT/2/finestructure/swiftpackageindex-builder/spi-builder-workspace/.dependencies/checkouts/CwlPreconditionTesting/Sources/CwlMachBadInstructionHandler/include -Xcc -I/Users/builder/builds/o86TiJKT/2/finestructure/swiftpackageindex-builder/spi-builder-workspace/.derivedData/Build/Products/Debug-watchos/include -Xcc -I/Users/builder/builds/o86TiJKT/2/finestructure/swiftpackageindex-builder/spi-builder-workspace/.derivedData/Build/Intermediates.noindex/ReRxSwift.build/Debug-watchos/ReRxSwiftTests.build/DerivedSources-normal/arm64_32 -Xcc -I/Users/builder/builds/o86TiJKT/2/finestructure/swiftpackageindex-builder/spi-builder-workspace/.derivedData/Build/Intermediates.noindex/ReRxSwift.build/Debug-watchos/ReRxSwiftTests.build/DerivedSources/arm64_32 -Xcc -I/Users/builder/builds/o86TiJKT/2/finestructure/swiftpackageindex-builder/spi-builder-workspace/.derivedData/Build/Intermediates.noindex/ReRxSwift.build/Debug-watchos/ReRxSwiftTests.build/DerivedSources -Xcc -DSWIFT_PACKAGE -Xcc -DDEBUG\=1 -module-name ReRxSwiftTests -frontend-parseable-output -disable-clang-spi -target-sdk-version 10.0 -target-sdk-name watchos10.0 -o /Users/builder/builds/o86TiJKT/2/finestructure/swiftpackageindex-builder/spi-builder-workspace/.derivedData/Build/Intermediates.noindex/ReRxSwift.build/Debug-watchos/ReRxSwiftTests.build/Objects-normal/arm64_32/TestActions.o -index-unit-output-path /ReRxSwift.build/Debug-watchos/ReRxSwiftTests.build/Objects-normal/arm64_32/TestActions.o -index-store-path /Users/builder/builds/o86TiJKT/2/finestructure/swiftpackageindex-builder/spi-builder-workspace/.derivedData/Index.noindex/DataStore -index-system-modules
SwiftCompile normal arm64_32 /Users/builder/builds/o86TiJKT/2/finestructure/swiftpackageindex-builder/spi-builder-workspace/ReRxSwiftTests/TestActions.swift (in target 'ReRxSwiftTests' from project 'ReRxSwift')
    cd /Users/builder/builds/o86TiJKT/2/finestructure/swiftpackageindex-builder/spi-builder-workspace
    /Applications/Xcode-15.0.0-Beta.app/Contents/Developer/Toolchains/XcodeDefault.xctoolchain/usr/bin/swift-frontend -c /Users/builder/builds/o86TiJKT/2/finestructure/swiftpackageindex-builder/spi-builder-workspace/ReRxSwiftTests/ConnectableSpec.swift /Users/builder/builds/o86TiJKT/2/finestructure/swiftpackageindex-builder/spi-builder-workspace/ReRxSwiftTests/ConnectionSpec.swift -primary-file /Users/builder/builds/o86TiJKT/2/finestructure/swiftpackageindex-builder/spi-builder-workspace/ReRxSwiftTests/TestActions.swift /Users/builder/builds/o86TiJKT/2/finestructure/swiftpackageindex-builder/spi-builder-workspace/ReRxSwiftTests/TestSectionModel.swift /Users/builder/builds/o86TiJKT/2/finestructure/swiftpackageindex-builder/spi-builder-workspace/ReRxSwiftTests/TestState.swift -emit-dependencies-path /Users/builder/builds/o86TiJKT/2/finestructure/swiftpackageindex-builder/spi-builder-workspace/.derivedData/Build/Intermediates.noindex/ReRxSwift.build/Debug-watchos/ReRxSwiftTests.build/Objects-normal/arm64_32/TestActions.d -emit-const-values-path /Users/builder/builds/o86TiJKT/2/finestructure/swiftpackageindex-builder/spi-builder-workspace/.derivedData/Build/Intermediates.noindex/ReRxSwift.build/Debug-watchos/ReRxSwiftTests.build/Objects-normal/arm64_32/TestActions.swiftconstvalues -emit-reference-dependencies-path /Users/builder/builds/o86TiJKT/2/finestructure/swiftpackageindex-builder/spi-builder-workspace/.derivedData/Build/Intermediates.noindex/ReRxSwift.build/Debug-watchos/ReRxSwiftTests.build/Objects-normal/arm64_32/TestActions.swiftdeps -serialize-diagnostics-path /Users/builder/builds/o86TiJKT/2/finestructure/swiftpackageindex-builder/spi-builder-workspace/.derivedData/Build/Intermediates.noindex/ReRxSwift.build/Debug-watchos/ReRxSwiftTests.build/Objects-normal/arm64_32/TestActions.dia -target arm64_32-apple-watchos5.0 -enable-objc-interop -sdk /Applications/Xcode-15.0.0-Beta.app/Contents/Developer/Platforms/WatchOS.platform/Developer/SDKs/WatchOS10.0.sdk -I /Users/builder/builds/o86TiJKT/2/finestructure/swiftpackageindex-builder/spi-builder-workspace/.derivedData/Build/Products/Debug-watchos -I /Applications/Xcode-15.0.0-Beta.app/Contents/Developer/Platforms/WatchOS.platform/Developer/usr/lib -F /Users/builder/builds/o86TiJKT/2/finestructure/swiftpackageindex-builder/spi-builder-workspace/.derivedData/Build/Products/Debug-watchos/PackageFrameworks -F /Users/builder/builds/o86TiJKT/2/finestructure/swiftpackageindex-builder/spi-builder-workspace/.derivedData/Build/Products/Debug-watchos/PackageFrameworks -F /Users/builder/builds/o86TiJKT/2/finestructure/swiftpackageindex-builder/spi-builder-workspace/.derivedData/Build/Products/Debug-watchos/PackageFrameworks -F /Users/builder/builds/o86TiJKT/2/finestructure/swiftpackageindex-builder/spi-builder-workspace/.derivedData/Build/Products/Debug-watchos/PackageFrameworks -F /Users/builder/builds/o86TiJKT/2/finestructure/swiftpackageindex-builder/spi-builder-workspace/.derivedData/Build/Products/Debug-watchos/PackageFrameworks -F /Users/builder/builds/o86TiJKT/2/finestructure/swiftpackageindex-builder/spi-builder-workspace/.derivedData/Build/Products/Debug-watchos/PackageFrameworks -F /Users/builder/builds/o86TiJKT/2/finestructure/swiftpackageindex-builder/spi-builder-workspace/.derivedData/Build/Products/Debug-watchos/PackageFrameworks -F /Users/builder/builds/o86TiJKT/2/finestructure/swiftpackageindex-builder/spi-builder-workspace/.derivedData/Build/Products/Debug-watchos/PackageFrameworks -F /Users/builder/builds/o86TiJKT/2/finestructure/swiftpackageindex-builder/spi-builder-workspace/.derivedData/Build/Products/Debug-watchos/PackageFrameworks -F /Users/builder/builds/o86TiJKT/2/finestructure/swiftpackageindex-builder/spi-builder-workspace/.derivedData/Build/Products/Debug-watchos/PackageFrameworks -F /Users/builder/builds/o86TiJKT/2/finestructure/swiftpackageindex-builder/spi-builder-workspace/.derivedData/Build/Products/Debug-watchos/PackageFrameworks -F /Users/builder/builds/o86TiJKT/2/finestructure/swiftpackageindex-builder/spi-builder-workspace/.derivedData/Build/Products/Debug-watchos/PackageFrameworks -F /Users/builder/builds/o86TiJKT/2/finestructure/swiftpackageindex-builder/spi-builder-workspace/.derivedData/Build/Products/Debug-watchos/PackageFrameworks -F /Users/builder/builds/o86TiJKT/2/finestructure/swiftpackageindex-builder/spi-builder-workspace/.derivedData/Build/Products/Debug-watchos/PackageFrameworks -F /Users/builder/builds/o86TiJKT/2/finestructure/swiftpackageindex-builder/spi-builder-workspace/.derivedData/Build/Products/Debug-watchos/PackageFrameworks -F /Users/builder/builds/o86TiJKT/2/finestructure/swiftpackageindex-builder/spi-builder-workspace/.derivedData/Build/Products/Debug-watchos/PackageFrameworks -F /Users/builder/builds/o86TiJKT/2/finestructure/swiftpackageindex-builder/spi-builder-workspace/.derivedData/Build/Products/Debug-watchos -F /Applications/Xcode-15.0.0-Beta.app/Contents/Developer/Platforms/WatchOS.platform/Developer/Library/Frameworks -F /Applications/Xcode-15.0.0-Beta.app/Contents/Developer/Platforms/WatchOS.platform/Developer/SDKs/WatchOS10.0.sdk/Developer/Library/Frameworks -no-color-diagnostics -enable-testing -g -module-cache-path /Users/builder/builds/o86TiJKT/2/finestructure/swiftpackageindex-builder/spi-builder-workspace/.derivedData/ModuleCache.noindex -swift-version 5 -enforce-exclusivity\=checked -Onone -D SWIFT_PACKAGE -D DEBUG -D Xcode -serialize-debugging-options -const-gather-protocols-file /Users/builder/builds/o86TiJKT/2/finestructure/swiftpackageindex-builder/spi-builder-workspace/.derivedData/Build/Intermediates.noindex/ReRxSwift.build/Debug-watchos/ReRxSwiftTests.build/Objects-normal/arm64_32/ReRxSwiftTests_const_extract_protocols.json -empty-abi-descriptor -plugin-path /Applications/Xcode-15.0.0-Beta.app/Contents/Developer/Toolchains/XcodeDefault.xctoolchain/usr/lib/swift/host/plugins -plugin-path /Applications/Xcode-15.0.0-Beta.app/Contents/Developer/Toolchains/XcodeDefault.xctoolchain/usr/local/lib/swift/host/plugins -validate-clang-modules-once -clang-build-session-file /Users/builder/builds/o86TiJKT/2/finestructure/swiftpackageindex-builder/spi-builder-workspace/.derivedData/ModuleCache.noindex/Session.modulevalidation -Xcc -working-directory -Xcc /Users/builder/builds/o86TiJKT/2/finestructure/swiftpackageindex-builder/spi-builder-workspace -resource-dir /Applications/Xcode-15.0.0-Beta.app/Contents/Developer/Toolchains/XcodeDefault.xctoolchain/usr/lib/swift -enable-anonymous-context-mangled-names -Xcc -fmodule-map-file\=/Users/builder/builds/o86TiJKT/2/finestructure/swiftpackageindex-builder/spi-builder-workspace/.derivedData/Build/Intermediates.noindex/GeneratedModuleMaps-watchos/RxCocoaRuntime.modulemap -Xcc -fmodule-map-file\=/Users/builder/builds/o86TiJKT/2/finestructure/swiftpackageindex-builder/spi-builder-workspace/.derivedData/Build/Intermediates.noindex/GeneratedModuleMaps-watchos/QuickObjCRuntime.modulemap -Xcc -fmodule-map-file\=/Users/builder/builds/o86TiJKT/2/finestructure/swiftpackageindex-builder/spi-builder-workspace/.derivedData/Build/Intermediates.noindex/GeneratedModuleMaps-watchos/CwlCatchExceptionSupport.modulemap -Xcc -fmodule-map-file\=/Users/builder/builds/o86TiJKT/2/finestructure/swiftpackageindex-builder/spi-builder-workspace/.derivedData/Build/Intermediates.noindex/GeneratedModuleMaps-watchos/CwlMachBadInstructionHandler.modulemap -Xcc -ivfsstatcache -Xcc /Users/builder/builds/o86TiJKT/2/finestructure/swiftpackageindex-builder/spi-builder-workspace/.derivedData/SDKStatCaches.noindex/watchos10.0-21R5275s-8db995917c4b1d9e1a16e7199e9e13bb.sdkstatcache -Xcc -I/Users/builder/builds/o86TiJKT/2/finestructure/swiftpackageindex-builder/spi-builder-workspace/.dependencies/checkouts/RxSwift/Sources/RxCocoaRuntime/include -Xcc -I/Users/builder/builds/o86TiJKT/2/finestructure/swiftpackageindex-builder/spi-builder-workspace/.dependencies/checkouts/Quick/Sources/QuickObjCRuntime/include -Xcc -I/Users/builder/builds/o86TiJKT/2/finestructure/swiftpackageindex-builder/spi-builder-workspace/.dependencies/checkouts/CwlCatchException/Sources/CwlCatchExceptionSupport/include -Xcc -I/Users/builder/builds/o86TiJKT/2/finestructure/swiftpackageindex-builder/spi-builder-workspace/.dependencies/checkouts/CwlPreconditionTesting/Sources/CwlMachBadInstructionHandler/include -Xcc -I/Users/builder/builds/o86TiJKT/2/finestructure/swiftpackageindex-builder/spi-builder-workspace/.derivedData/Build/Products/Debug-watchos/include -Xcc -I/Users/builder/builds/o86TiJKT/2/finestructure/swiftpackageindex-builder/spi-builder-workspace/.derivedData/Build/Intermediates.noindex/ReRxSwift.build/Debug-watchos/ReRxSwiftTests.build/DerivedSources-normal/arm64_32 -Xcc -I/Users/builder/builds/o86TiJKT/2/finestructure/swiftpackageindex-builder/spi-builder-workspace/.derivedData/Build/Intermediates.noindex/ReRxSwift.build/Debug-watchos/ReRxSwiftTests.build/DerivedSources/arm64_32 -Xcc -I/Users/builder/builds/o86TiJKT/2/finestructure/swiftpackageindex-builder/spi-builder-workspace/.derivedData/Build/Intermediates.noindex/ReRxSwift.build/Debug-watchos/ReRxSwiftTests.build/DerivedSources -Xcc -DSWIFT_PACKAGE -Xcc -DDEBUG\=1 -module-name ReRxSwiftTests -frontend-parseable-output -disable-clang-spi -target-sdk-version 10.0 -target-sdk-name watchos10.0 -o /Users/builder/builds/o86TiJKT/2/finestructure/swiftpackageindex-builder/spi-builder-workspace/.derivedData/Build/Intermediates.noindex/ReRxSwift.build/Debug-watchos/ReRxSwiftTests.build/Objects-normal/arm64_32/TestActions.o -index-unit-output-path /ReRxSwift.build/Debug-watchos/ReRxSwiftTests.build/Objects-normal/arm64_32/TestActions.o -index-store-path /Users/builder/builds/o86TiJKT/2/finestructure/swiftpackageindex-builder/spi-builder-workspace/.derivedData/Index.noindex/DataStore -index-system-modules
SwiftCompile normal armv7k Compiling\ TestState.swift /Users/builder/builds/o86TiJKT/2/finestructure/swiftpackageindex-builder/spi-builder-workspace/ReRxSwiftTests/TestState.swift (in target 'ReRxSwiftTests' from project 'ReRxSwift')
    cd /Users/builder/builds/o86TiJKT/2/finestructure/swiftpackageindex-builder/spi-builder-workspace
    builtin-swiftTaskExecution -- /Applications/Xcode-15.0.0-Beta.app/Contents/Developer/Toolchains/XcodeDefault.xctoolchain/usr/bin/swift-frontend -frontend -c /Users/builder/builds/o86TiJKT/2/finestructure/swiftpackageindex-builder/spi-builder-workspace/ReRxSwiftTests/ConnectableSpec.swift /Users/builder/builds/o86TiJKT/2/finestructure/swiftpackageindex-builder/spi-builder-workspace/ReRxSwiftTests/ConnectionSpec.swift /Users/builder/builds/o86TiJKT/2/finestructure/swiftpackageindex-builder/spi-builder-workspace/ReRxSwiftTests/TestActions.swift /Users/builder/builds/o86TiJKT/2/finestructure/swiftpackageindex-builder/spi-builder-workspace/ReRxSwiftTests/TestSectionModel.swift -primary-file /Users/builder/builds/o86TiJKT/2/finestructure/swiftpackageindex-builder/spi-builder-workspace/ReRxSwiftTests/TestState.swift -emit-dependencies-path /Users/builder/builds/o86TiJKT/2/finestructure/swiftpackageindex-builder/spi-builder-workspace/.derivedData/Build/Intermediates.noindex/ReRxSwift.build/Debug-watchos/ReRxSwiftTests.build/Objects-normal/armv7k/TestState.d -emit-const-values-path /Users/builder/builds/o86TiJKT/2/finestructure/swiftpackageindex-builder/spi-builder-workspace/.derivedData/Build/Intermediates.noindex/ReRxSwift.build/Debug-watchos/ReRxSwiftTests.build/Objects-normal/armv7k/TestState.swiftconstvalues -emit-reference-dependencies-path /Users/builder/builds/o86TiJKT/2/finestructure/swiftpackageindex-builder/spi-builder-workspace/.derivedData/Build/Intermediates.noindex/ReRxSwift.build/Debug-watchos/ReRxSwiftTests.build/Objects-normal/armv7k/TestState.swiftdeps -serialize-diagnostics-path /Users/builder/builds/o86TiJKT/2/finestructure/swiftpackageindex-builder/spi-builder-workspace/.derivedData/Build/Intermediates.noindex/ReRxSwift.build/Debug-watchos/ReRxSwiftTests.build/Objects-normal/armv7k/TestState.dia -target armv7k-apple-watchos5.0 -enable-objc-interop -sdk /Applications/Xcode-15.0.0-Beta.app/Contents/Developer/Platforms/WatchOS.platform/Developer/SDKs/WatchOS10.0.sdk -I /Users/builder/builds/o86TiJKT/2/finestructure/swiftpackageindex-builder/spi-builder-workspace/.derivedData/Build/Products/Debug-watchos -I /Applications/Xcode-15.0.0-Beta.app/Contents/Developer/Platforms/WatchOS.platform/Developer/usr/lib -F /Users/builder/builds/o86TiJKT/2/finestructure/swiftpackageindex-builder/spi-builder-workspace/.derivedData/Build/Products/Debug-watchos/PackageFrameworks -F /Users/builder/builds/o86TiJKT/2/finestructure/swiftpackageindex-builder/spi-builder-workspace/.derivedData/Build/Products/Debug-watchos/PackageFrameworks -F /Users/builder/builds/o86TiJKT/2/finestructure/swiftpackageindex-builder/spi-builder-workspace/.derivedData/Build/Products/Debug-watchos/PackageFrameworks -F /Users/builder/builds/o86TiJKT/2/finestructure/swiftpackageindex-builder/spi-builder-workspace/.derivedData/Build/Products/Debug-watchos/PackageFrameworks -F /Users/builder/builds/o86TiJKT/2/finestructure/swiftpackageindex-builder/spi-builder-workspace/.derivedData/Build/Products/Debug-watchos/PackageFrameworks -F /Users/builder/builds/o86TiJKT/2/finestructure/swiftpackageindex-builder/spi-builder-workspace/.derivedData/Build/Products/Debug-watchos/PackageFrameworks -F /Users/builder/builds/o86TiJKT/2/finestructure/swiftpackageindex-builder/spi-builder-workspace/.derivedData/Build/Products/Debug-watchos/PackageFrameworks -F /Users/builder/builds/o86TiJKT/2/finestructure/swiftpackageindex-builder/spi-builder-workspace/.derivedData/Build/Products/Debug-watchos/PackageFrameworks -F /Users/builder/builds/o86TiJKT/2/finestructure/swiftpackageindex-builder/spi-builder-workspace/.derivedData/Build/Products/Debug-watchos/PackageFrameworks -F /Users/builder/builds/o86TiJKT/2/finestructure/swiftpackageindex-builder/spi-builder-workspace/.derivedData/Build/Products/Debug-watchos/PackageFrameworks -F /Users/builder/builds/o86TiJKT/2/finestructure/swiftpackageindex-builder/spi-builder-workspace/.derivedData/Build/Products/Debug-watchos/PackageFrameworks -F /Users/builder/builds/o86TiJKT/2/finestructure/swiftpackageindex-builder/spi-builder-workspace/.derivedData/Build/Products/Debug-watchos/PackageFrameworks -F /Users/builder/builds/o86TiJKT/2/finestructure/swiftpackageindex-builder/spi-builder-workspace/.derivedData/Build/Products/Debug-watchos/PackageFrameworks -F /Users/builder/builds/o86TiJKT/2/finestructure/swiftpackageindex-builder/spi-builder-workspace/.derivedData/Build/Products/Debug-watchos/PackageFrameworks -F /Users/builder/builds/o86TiJKT/2/finestructure/swiftpackageindex-builder/spi-builder-workspace/.derivedData/Build/Products/Debug-watchos/PackageFrameworks -F /Users/builder/builds/o86TiJKT/2/finestructure/swiftpackageindex-builder/spi-builder-workspace/.derivedData/Build/Products/Debug-watchos/PackageFrameworks -F /Users/builder/builds/o86TiJKT/2/finestructure/swiftpackageindex-builder/spi-builder-workspace/.derivedData/Build/Products/Debug-watchos -F /Applications/Xcode-15.0.0-Beta.app/Contents/Developer/Platforms/WatchOS.platform/Developer/Library/Frameworks -F /Applications/Xcode-15.0.0-Beta.app/Contents/Developer/Platforms/WatchOS.platform/Developer/SDKs/WatchOS10.0.sdk/Developer/Library/Frameworks -no-color-diagnostics -enable-testing -g -module-cache-path /Users/builder/builds/o86TiJKT/2/finestructure/swiftpackageindex-builder/spi-builder-workspace/.derivedData/ModuleCache.noindex -swift-version 5 -enforce-exclusivity\=checked -Onone -D SWIFT_PACKAGE -D DEBUG -D Xcode -serialize-debugging-options -const-gather-protocols-file /Users/builder/builds/o86TiJKT/2/finestructure/swiftpackageindex-builder/spi-builder-workspace/.derivedData/Build/Intermediates.noindex/ReRxSwift.build/Debug-watchos/ReRxSwiftTests.build/Objects-normal/armv7k/ReRxSwiftTests_const_extract_protocols.json -empty-abi-descriptor -plugin-path /Applications/Xcode-15.0.0-Beta.app/Contents/Developer/Toolchains/XcodeDefault.xctoolchain/usr/lib/swift/host/plugins -plugin-path /Applications/Xcode-15.0.0-Beta.app/Contents/Developer/Toolchains/XcodeDefault.xctoolchain/usr/local/lib/swift/host/plugins -validate-clang-modules-once -clang-build-session-file /Users/builder/builds/o86TiJKT/2/finestructure/swiftpackageindex-builder/spi-builder-workspace/.derivedData/ModuleCache.noindex/Session.modulevalidation -Xcc -working-directory -Xcc /Users/builder/builds/o86TiJKT/2/finestructure/swiftpackageindex-builder/spi-builder-workspace -resource-dir /Applications/Xcode-15.0.0-Beta.app/Contents/Developer/Toolchains/XcodeDefault.xctoolchain/usr/lib/swift -enable-anonymous-context-mangled-names -Xcc -fmodule-map-file\=/Users/builder/builds/o86TiJKT/2/finestructure/swiftpackageindex-builder/spi-builder-workspace/.derivedData/Build/Intermediates.noindex/GeneratedModuleMaps-watchos/RxCocoaRuntime.modulemap -Xcc -fmodule-map-file\=/Users/builder/builds/o86TiJKT/2/finestructure/swiftpackageindex-builder/spi-builder-workspace/.derivedData/Build/Intermediates.noindex/GeneratedModuleMaps-watchos/QuickObjCRuntime.modulemap -Xcc -fmodule-map-file\=/Users/builder/builds/o86TiJKT/2/finestructure/swiftpackageindex-builder/spi-builder-workspace/.derivedData/Build/Intermediates.noindex/GeneratedModuleMaps-watchos/CwlCatchExceptionSupport.modulemap -Xcc -fmodule-map-file\=/Users/builder/builds/o86TiJKT/2/finestructure/swiftpackageindex-builder/spi-builder-workspace/.derivedData/Build/Intermediates.noindex/GeneratedModuleMaps-watchos/CwlMachBadInstructionHandler.modulemap -Xcc -ivfsstatcache -Xcc /Users/builder/builds/o86TiJKT/2/finestructure/swiftpackageindex-builder/spi-builder-workspace/.derivedData/SDKStatCaches.noindex/watchos10.0-21R5275s-8db995917c4b1d9e1a16e7199e9e13bb.sdkstatcache -Xcc -I/Users/builder/builds/o86TiJKT/2/finestructure/swiftpackageindex-builder/spi-builder-workspace/.dependencies/checkouts/RxSwift/Sources/RxCocoaRuntime/include -Xcc -I/Users/builder/builds/o86TiJKT/2/finestructure/swiftpackageindex-builder/spi-builder-workspace/.dependencies/checkouts/Quick/Sources/QuickObjCRuntime/include -Xcc -I/Users/builder/builds/o86TiJKT/2/finestructure/swiftpackageindex-builder/spi-builder-workspace/.dependencies/checkouts/CwlCatchException/Sources/CwlCatchExceptionSupport/include -Xcc -I/Users/builder/builds/o86TiJKT/2/finestructure/swiftpackageindex-builder/spi-builder-workspace/.dependencies/checkouts/CwlPreconditionTesting/Sources/CwlMachBadInstructionHandler/include -Xcc -I/Users/builder/builds/o86TiJKT/2/finestructure/swiftpackageindex-builder/spi-builder-workspace/.derivedData/Build/Products/Debug-watchos/include -Xcc -I/Users/builder/builds/o86TiJKT/2/finestructure/swiftpackageindex-builder/spi-builder-workspace/.derivedData/Build/Intermediates.noindex/ReRxSwift.build/Debug-watchos/ReRxSwiftTests.build/DerivedSources-normal/armv7k -Xcc -I/Users/builder/builds/o86TiJKT/2/finestructure/swiftpackageindex-builder/spi-builder-workspace/.derivedData/Build/Intermediates.noindex/ReRxSwift.build/Debug-watchos/ReRxSwiftTests.build/DerivedSources/armv7k -Xcc -I/Users/builder/builds/o86TiJKT/2/finestructure/swiftpackageindex-builder/spi-builder-workspace/.derivedData/Build/Intermediates.noindex/ReRxSwift.build/Debug-watchos/ReRxSwiftTests.build/DerivedSources -Xcc -DSWIFT_PACKAGE -Xcc -DDEBUG\=1 -module-name ReRxSwiftTests -frontend-parseable-output -disable-clang-spi -target-sdk-version 10.0 -target-sdk-name watchos10.0 -o /Users/builder/builds/o86TiJKT/2/finestructure/swiftpackageindex-builder/spi-builder-workspace/.derivedData/Build/Intermediates.noindex/ReRxSwift.build/Debug-watchos/ReRxSwiftTests.build/Objects-normal/armv7k/TestState.o -index-unit-output-path /ReRxSwift.build/Debug-watchos/ReRxSwiftTests.build/Objects-normal/armv7k/TestState.o -index-store-path /Users/builder/builds/o86TiJKT/2/finestructure/swiftpackageindex-builder/spi-builder-workspace/.derivedData/Index.noindex/DataStore -index-system-modules
SwiftCompile normal armv7k /Users/builder/builds/o86TiJKT/2/finestructure/swiftpackageindex-builder/spi-builder-workspace/ReRxSwiftTests/TestState.swift (in target 'ReRxSwiftTests' from project 'ReRxSwift')
    cd /Users/builder/builds/o86TiJKT/2/finestructure/swiftpackageindex-builder/spi-builder-workspace
    /Applications/Xcode-15.0.0-Beta.app/Contents/Developer/Toolchains/XcodeDefault.xctoolchain/usr/bin/swift-frontend -c /Users/builder/builds/o86TiJKT/2/finestructure/swiftpackageindex-builder/spi-builder-workspace/ReRxSwiftTests/ConnectableSpec.swift /Users/builder/builds/o86TiJKT/2/finestructure/swiftpackageindex-builder/spi-builder-workspace/ReRxSwiftTests/ConnectionSpec.swift /Users/builder/builds/o86TiJKT/2/finestructure/swiftpackageindex-builder/spi-builder-workspace/ReRxSwiftTests/TestActions.swift /Users/builder/builds/o86TiJKT/2/finestructure/swiftpackageindex-builder/spi-builder-workspace/ReRxSwiftTests/TestSectionModel.swift -primary-file /Users/builder/builds/o86TiJKT/2/finestructure/swiftpackageindex-builder/spi-builder-workspace/ReRxSwiftTests/TestState.swift -emit-dependencies-path /Users/builder/builds/o86TiJKT/2/finestructure/swiftpackageindex-builder/spi-builder-workspace/.derivedData/Build/Intermediates.noindex/ReRxSwift.build/Debug-watchos/ReRxSwiftTests.build/Objects-normal/armv7k/TestState.d -emit-const-values-path /Users/builder/builds/o86TiJKT/2/finestructure/swiftpackageindex-builder/spi-builder-workspace/.derivedData/Build/Intermediates.noindex/ReRxSwift.build/Debug-watchos/ReRxSwiftTests.build/Objects-normal/armv7k/TestState.swiftconstvalues -emit-reference-dependencies-path /Users/builder/builds/o86TiJKT/2/finestructure/swiftpackageindex-builder/spi-builder-workspace/.derivedData/Build/Intermediates.noindex/ReRxSwift.build/Debug-watchos/ReRxSwiftTests.build/Objects-normal/armv7k/TestState.swiftdeps -serialize-diagnostics-path /Users/builder/builds/o86TiJKT/2/finestructure/swiftpackageindex-builder/spi-builder-workspace/.derivedData/Build/Intermediates.noindex/ReRxSwift.build/Debug-watchos/ReRxSwiftTests.build/Objects-normal/armv7k/TestState.dia -target armv7k-apple-watchos5.0 -enable-objc-interop -sdk /Applications/Xcode-15.0.0-Beta.app/Contents/Developer/Platforms/WatchOS.platform/Developer/SDKs/WatchOS10.0.sdk -I /Users/builder/builds/o86TiJKT/2/finestructure/swiftpackageindex-builder/spi-builder-workspace/.derivedData/Build/Products/Debug-watchos -I /Applications/Xcode-15.0.0-Beta.app/Contents/Developer/Platforms/WatchOS.platform/Developer/usr/lib -F /Users/builder/builds/o86TiJKT/2/finestructure/swiftpackageindex-builder/spi-builder-workspace/.derivedData/Build/Products/Debug-watchos/PackageFrameworks -F /Users/builder/builds/o86TiJKT/2/finestructure/swiftpackageindex-builder/spi-builder-workspace/.derivedData/Build/Products/Debug-watchos/PackageFrameworks -F /Users/builder/builds/o86TiJKT/2/finestructure/swiftpackageindex-builder/spi-builder-workspace/.derivedData/Build/Products/Debug-watchos/PackageFrameworks -F /Users/builder/builds/o86TiJKT/2/finestructure/swiftpackageindex-builder/spi-builder-workspace/.derivedData/Build/Products/Debug-watchos/PackageFrameworks -F /Users/builder/builds/o86TiJKT/2/finestructure/swiftpackageindex-builder/spi-builder-workspace/.derivedData/Build/Products/Debug-watchos/PackageFrameworks -F /Users/builder/builds/o86TiJKT/2/finestructure/swiftpackageindex-builder/spi-builder-workspace/.derivedData/Build/Products/Debug-watchos/PackageFrameworks -F /Users/builder/builds/o86TiJKT/2/finestructure/swiftpackageindex-builder/spi-builder-workspace/.derivedData/Build/Products/Debug-watchos/PackageFrameworks -F /Users/builder/builds/o86TiJKT/2/finestructure/swiftpackageindex-builder/spi-builder-workspace/.derivedData/Build/Products/Debug-watchos/PackageFrameworks -F /Users/builder/builds/o86TiJKT/2/finestructure/swiftpackageindex-builder/spi-builder-workspace/.derivedData/Build/Products/Debug-watchos/PackageFrameworks -F /Users/builder/builds/o86TiJKT/2/finestructure/swiftpackageindex-builder/spi-builder-workspace/.derivedData/Build/Products/Debug-watchos/PackageFrameworks -F /Users/builder/builds/o86TiJKT/2/finestructure/swiftpackageindex-builder/spi-builder-workspace/.derivedData/Build/Products/Debug-watchos/PackageFrameworks -F /Users/builder/builds/o86TiJKT/2/finestructure/swiftpackageindex-builder/spi-builder-workspace/.derivedData/Build/Products/Debug-watchos/PackageFrameworks -F /Users/builder/builds/o86TiJKT/2/finestructure/swiftpackageindex-builder/spi-builder-workspace/.derivedData/Build/Products/Debug-watchos/PackageFrameworks -F /Users/builder/builds/o86TiJKT/2/finestructure/swiftpackageindex-builder/spi-builder-workspace/.derivedData/Build/Products/Debug-watchos/PackageFrameworks -F /Users/builder/builds/o86TiJKT/2/finestructure/swiftpackageindex-builder/spi-builder-workspace/.derivedData/Build/Products/Debug-watchos/PackageFrameworks -F /Users/builder/builds/o86TiJKT/2/finestructure/swiftpackageindex-builder/spi-builder-workspace/.derivedData/Build/Products/Debug-watchos/PackageFrameworks -F /Users/builder/builds/o86TiJKT/2/finestructure/swiftpackageindex-builder/spi-builder-workspace/.derivedData/Build/Products/Debug-watchos -F /Applications/Xcode-15.0.0-Beta.app/Contents/Developer/Platforms/WatchOS.platform/Developer/Library/Frameworks -F /Applications/Xcode-15.0.0-Beta.app/Contents/Developer/Platforms/WatchOS.platform/Developer/SDKs/WatchOS10.0.sdk/Developer/Library/Frameworks -no-color-diagnostics -enable-testing -g -module-cache-path /Users/builder/builds/o86TiJKT/2/finestructure/swiftpackageindex-builder/spi-builder-workspace/.derivedData/ModuleCache.noindex -swift-version 5 -enforce-exclusivity\=checked -Onone -D SWIFT_PACKAGE -D DEBUG -D Xcode -serialize-debugging-options -const-gather-protocols-file /Users/builder/builds/o86TiJKT/2/finestructure/swiftpackageindex-builder/spi-builder-workspace/.derivedData/Build/Intermediates.noindex/ReRxSwift.build/Debug-watchos/ReRxSwiftTests.build/Objects-normal/armv7k/ReRxSwiftTests_const_extract_protocols.json -empty-abi-descriptor -plugin-path /Applications/Xcode-15.0.0-Beta.app/Contents/Developer/Toolchains/XcodeDefault.xctoolchain/usr/lib/swift/host/plugins -plugin-path /Applications/Xcode-15.0.0-Beta.app/Contents/Developer/Toolchains/XcodeDefault.xctoolchain/usr/local/lib/swift/host/plugins -validate-clang-modules-once -clang-build-session-file /Users/builder/builds/o86TiJKT/2/finestructure/swiftpackageindex-builder/spi-builder-workspace/.derivedData/ModuleCache.noindex/Session.modulevalidation -Xcc -working-directory -Xcc /Users/builder/builds/o86TiJKT/2/finestructure/swiftpackageindex-builder/spi-builder-workspace -resource-dir /Applications/Xcode-15.0.0-Beta.app/Contents/Developer/Toolchains/XcodeDefault.xctoolchain/usr/lib/swift -enable-anonymous-context-mangled-names -Xcc -fmodule-map-file\=/Users/builder/builds/o86TiJKT/2/finestructure/swiftpackageindex-builder/spi-builder-workspace/.derivedData/Build/Intermediates.noindex/GeneratedModuleMaps-watchos/RxCocoaRuntime.modulemap -Xcc -fmodule-map-file\=/Users/builder/builds/o86TiJKT/2/finestructure/swiftpackageindex-builder/spi-builder-workspace/.derivedData/Build/Intermediates.noindex/GeneratedModuleMaps-watchos/QuickObjCRuntime.modulemap -Xcc -fmodule-map-file\=/Users/builder/builds/o86TiJKT/2/finestructure/swiftpackageindex-builder/spi-builder-workspace/.derivedData/Build/Intermediates.noindex/GeneratedModuleMaps-watchos/CwlCatchExceptionSupport.modulemap -Xcc -fmodule-map-file\=/Users/builder/builds/o86TiJKT/2/finestructure/swiftpackageindex-builder/spi-builder-workspace/.derivedData/Build/Intermediates.noindex/GeneratedModuleMaps-watchos/CwlMachBadInstructionHandler.modulemap -Xcc -ivfsstatcache -Xcc /Users/builder/builds/o86TiJKT/2/finestructure/swiftpackageindex-builder/spi-builder-workspace/.derivedData/SDKStatCaches.noindex/watchos10.0-21R5275s-8db995917c4b1d9e1a16e7199e9e13bb.sdkstatcache -Xcc -I/Users/builder/builds/o86TiJKT/2/finestructure/swiftpackageindex-builder/spi-builder-workspace/.dependencies/checkouts/RxSwift/Sources/RxCocoaRuntime/include -Xcc -I/Users/builder/builds/o86TiJKT/2/finestructure/swiftpackageindex-builder/spi-builder-workspace/.dependencies/checkouts/Quick/Sources/QuickObjCRuntime/include -Xcc -I/Users/builder/builds/o86TiJKT/2/finestructure/swiftpackageindex-builder/spi-builder-workspace/.dependencies/checkouts/CwlCatchException/Sources/CwlCatchExceptionSupport/include -Xcc -I/Users/builder/builds/o86TiJKT/2/finestructure/swiftpackageindex-builder/spi-builder-workspace/.dependencies/checkouts/CwlPreconditionTesting/Sources/CwlMachBadInstructionHandler/include -Xcc -I/Users/builder/builds/o86TiJKT/2/finestructure/swiftpackageindex-builder/spi-builder-workspace/.derivedData/Build/Products/Debug-watchos/include -Xcc -I/Users/builder/builds/o86TiJKT/2/finestructure/swiftpackageindex-builder/spi-builder-workspace/.derivedData/Build/Intermediates.noindex/ReRxSwift.build/Debug-watchos/ReRxSwiftTests.build/DerivedSources-normal/armv7k -Xcc -I/Users/builder/builds/o86TiJKT/2/finestructure/swiftpackageindex-builder/spi-builder-workspace/.derivedData/Build/Intermediates.noindex/ReRxSwift.build/Debug-watchos/ReRxSwiftTests.build/DerivedSources/armv7k -Xcc -I/Users/builder/builds/o86TiJKT/2/finestructure/swiftpackageindex-builder/spi-builder-workspace/.derivedData/Build/Intermediates.noindex/ReRxSwift.build/Debug-watchos/ReRxSwiftTests.build/DerivedSources -Xcc -DSWIFT_PACKAGE -Xcc -DDEBUG\=1 -module-name ReRxSwiftTests -frontend-parseable-output -disable-clang-spi -target-sdk-version 10.0 -target-sdk-name watchos10.0 -o /Users/builder/builds/o86TiJKT/2/finestructure/swiftpackageindex-builder/spi-builder-workspace/.derivedData/Build/Intermediates.noindex/ReRxSwift.build/Debug-watchos/ReRxSwiftTests.build/Objects-normal/armv7k/TestState.o -index-unit-output-path /ReRxSwift.build/Debug-watchos/ReRxSwiftTests.build/Objects-normal/armv7k/TestState.o -index-store-path /Users/builder/builds/o86TiJKT/2/finestructure/swiftpackageindex-builder/spi-builder-workspace/.derivedData/Index.noindex/DataStore -index-system-modules

SwiftCompile normal arm64_32 Compiling\ ConnectableSpec.swift /Users/builder/builds/o86TiJKT/2/finestructure/swiftpackageindex-builder/spi-builder-workspace/ReRxSwiftTests/ConnectableSpec.swift (in target 'ReRxSwiftTests' from project 'ReRxSwift')
    cd /Users/builder/builds/o86TiJKT/2/finestructure/swiftpackageindex-builder/spi-builder-workspace
    builtin-swiftTaskExecution -- /Applications/Xcode-15.0.0-Beta.app/Contents/Developer/Toolchains/XcodeDefault.xctoolchain/usr/bin/swift-frontend -frontend -c -primary-file /Users/builder/builds/o86TiJKT/2/finestructure/swiftpackageindex-builder/spi-builder-workspace/ReRxSwiftTests/ConnectableSpec.swift /Users/builder/builds/o86TiJKT/2/finestructure/swiftpackageindex-builder/spi-builder-workspace/ReRxSwiftTests/ConnectionSpec.swift /Users/builder/builds/o86TiJKT/2/finestructure/swiftpackageindex-builder/spi-builder-workspace/ReRxSwiftTests/TestActions.swift /Users/builder/builds/o86TiJKT/2/finestructure/swiftpackageindex-builder/spi-builder-workspace/ReRxSwiftTests/TestSectionModel.swift /Users/builder/builds/o86TiJKT/2/finestructure/swiftpackageindex-builder/spi-builder-workspace/ReRxSwiftTests/TestState.swift -emit-dependencies-path /Users/builder/builds/o86TiJKT/2/finestructure/swiftpackageindex-builder/spi-builder-workspace/.derivedData/Build/Intermediates.noindex/ReRxSwift.build/Debug-watchos/ReRxSwiftTests.build/Objects-normal/arm64_32/ConnectableSpec.d -emit-const-values-path /Users/builder/builds/o86TiJKT/2/finestructure/swiftpackageindex-builder/spi-builder-workspace/.derivedData/Build/Intermediates.noindex/ReRxSwift.build/Debug-watchos/ReRxSwiftTests.build/Objects-normal/arm64_32/ConnectableSpec.swiftconstvalues -emit-reference-dependencies-path /Users/builder/builds/o86TiJKT/2/finestructure/swiftpackageindex-builder/spi-builder-workspace/.derivedData/Build/Intermediates.noindex/ReRxSwift.build/Debug-watchos/ReRxSwiftTests.build/Objects-normal/arm64_32/ConnectableSpec.swiftdeps -serialize-diagnostics-path /Users/builder/builds/o86TiJKT/2/finestructure/swiftpackageindex-builder/spi-builder-workspace/.derivedData/Build/Intermediates.noindex/ReRxSwift.build/Debug-watchos/ReRxSwiftTests.build/Objects-normal/arm64_32/ConnectableSpec.dia -target arm64_32-apple-watchos5.0 -enable-objc-interop -sdk /Applications/Xcode-15.0.0-Beta.app/Contents/Developer/Platforms/WatchOS.platform/Developer/SDKs/WatchOS10.0.sdk -I /Users/builder/builds/o86TiJKT/2/finestructure/swiftpackageindex-builder/spi-builder-workspace/.derivedData/Build/Products/Debug-watchos -I /Applications/Xcode-15.0.0-Beta.app/Contents/Developer/Platforms/WatchOS.platform/Developer/usr/lib -F /Users/builder/builds/o86TiJKT/2/finestructure/swiftpackageindex-builder/spi-builder-workspace/.derivedData/Build/Products/Debug-watchos/PackageFrameworks -F /Users/builder/builds/o86TiJKT/2/finestructure/swiftpackageindex-builder/spi-builder-workspace/.derivedData/Build/Products/Debug-watchos/PackageFrameworks -F /Users/builder/builds/o86TiJKT/2/finestructure/swiftpackageindex-builder/spi-builder-workspace/.derivedData/Build/Products/Debug-watchos/PackageFrameworks -F /Users/builder/builds/o86TiJKT/2/finestructure/swiftpackageindex-builder/spi-builder-workspace/.derivedData/Build/Products/Debug-watchos/PackageFrameworks -F /Users/builder/builds/o86TiJKT/2/finestructure/swiftpackageindex-builder/spi-builder-workspace/.derivedData/Build/Products/Debug-watchos/PackageFrameworks -F /Users/builder/builds/o86TiJKT/2/finestructure/swiftpackageindex-builder/spi-builder-workspace/.derivedData/Build/Products/Debug-watchos/PackageFrameworks -F /Users/builder/builds/o86TiJKT/2/finestructure/swiftpackageindex-builder/spi-builder-workspace/.derivedData/Build/Products/Debug-watchos/PackageFrameworks -F /Users/builder/builds/o86TiJKT/2/finestructure/swiftpackageindex-builder/spi-builder-workspace/.derivedData/Build/Products/Debug-watchos/PackageFrameworks -F /Users/builder/builds/o86TiJKT/2/finestructure/swiftpackageindex-builder/spi-builder-workspace/.derivedData/Build/Products/Debug-watchos/PackageFrameworks -F /Users/builder/builds/o86TiJKT/2/finestructure/swiftpackageindex-builder/spi-builder-workspace/.derivedData/Build/Products/Debug-watchos/PackageFrameworks -F /Users/builder/builds/o86TiJKT/2/finestructure/swiftpackageindex-builder/spi-builder-workspace/.derivedData/Build/Products/Debug-watchos/PackageFrameworks -F /Users/builder/builds/o86TiJKT/2/finestructure/swiftpackageindex-builder/spi-builder-workspace/.derivedData/Build/Products/Debug-watchos/PackageFrameworks -F /Users/builder/builds/o86TiJKT/2/finestructure/swiftpackageindex-builder/spi-builder-workspace/.derivedData/Build/Products/Debug-watchos/PackageFrameworks -F /Users/builder/builds/o86TiJKT/2/finestructure/swiftpackageindex-builder/spi-builder-workspace/.derivedData/Build/Products/Debug-watchos/PackageFrameworks -F /Users/builder/builds/o86TiJKT/2/finestructure/swiftpackageindex-builder/spi-builder-workspace/.derivedData/Build/Products/Debug-watchos/PackageFrameworks -F /Users/builder/builds/o86TiJKT/2/finestructure/swiftpackageindex-builder/spi-builder-workspace/.derivedData/Build/Products/Debug-watchos/PackageFrameworks -F /Users/builder/builds/o86TiJKT/2/finestructure/swiftpackageindex-builder/spi-builder-workspace/.derivedData/Build/Products/Debug-watchos -F /Applications/Xcode-15.0.0-Beta.app/Contents/Developer/Platforms/WatchOS.platform/Developer/Library/Frameworks -F /Applications/Xcode-15.0.0-Beta.app/Contents/Developer/Platforms/WatchOS.platform/Developer/SDKs/WatchOS10.0.sdk/Developer/Library/Frameworks -no-color-diagnostics -enable-testing -g -module-cache-path /Users/builder/builds/o86TiJKT/2/finestructure/swiftpackageindex-builder/spi-builder-workspace/.derivedData/ModuleCache.noindex -swift-version 5 -enforce-exclusivity\=checked -Onone -D SWIFT_PACKAGE -D DEBUG -D Xcode -serialize-debugging-options -const-gather-protocols-file /Users/builder/builds/o86TiJKT/2/finestructure/swiftpackageindex-builder/spi-builder-workspace/.derivedData/Build/Intermediates.noindex/ReRxSwift.build/Debug-watchos/ReRxSwiftTests.build/Objects-normal/arm64_32/ReRxSwiftTests_const_extract_protocols.json -empty-abi-descriptor -plugin-path /Applications/Xcode-15.0.0-Beta.app/Contents/Developer/Toolchains/XcodeDefault.xctoolchain/usr/lib/swift/host/plugins -plugin-path /Applications/Xcode-15.0.0-Beta.app/Contents/Developer/Toolchains/XcodeDefault.xctoolchain/usr/local/lib/swift/host/plugins -validate-clang-modules-once -clang-build-session-file /Users/builder/builds/o86TiJKT/2/finestructure/swiftpackageindex-builder/spi-builder-workspace/.derivedData/ModuleCache.noindex/Session.modulevalidation -Xcc -working-directory -Xcc /Users/builder/builds/o86TiJKT/2/finestructure/swiftpackageindex-builder/spi-builder-workspace -resource-dir /Applications/Xcode-15.0.0-Beta.app/Contents/Developer/Toolchains/XcodeDefault.xctoolchain/usr/lib/swift -enable-anonymous-context-mangled-names -Xcc -fmodule-map-file\=/Users/builder/builds/o86TiJKT/2/finestructure/swiftpackageindex-builder/spi-builder-workspace/.derivedData/Build/Intermediates.noindex/GeneratedModuleMaps-watchos/RxCocoaRuntime.modulemap -Xcc -fmodule-map-file\=/Users/builder/builds/o86TiJKT/2/finestructure/swiftpackageindex-builder/spi-builder-workspace/.derivedData/Build/Intermediates.noindex/GeneratedModuleMaps-watchos/QuickObjCRuntime.modulemap -Xcc -fmodule-map-file\=/Users/builder/builds/o86TiJKT/2/finestructure/swiftpackageindex-builder/spi-builder-workspace/.derivedData/Build/Intermediates.noindex/GeneratedModuleMaps-watchos/CwlCatchExceptionSupport.modulemap -Xcc -fmodule-map-file\=/Users/builder/builds/o86TiJKT/2/finestructure/swiftpackageindex-builder/spi-builder-workspace/.derivedData/Build/Intermediates.noindex/GeneratedModuleMaps-watchos/CwlMachBadInstructionHandler.modulemap -Xcc -ivfsstatcache -Xcc /Users/builder/builds/o86TiJKT/2/finestructure/swiftpackageindex-builder/spi-builder-workspace/.derivedData/SDKStatCaches.noindex/watchos10.0-21R5275s-8db995917c4b1d9e1a16e7199e9e13bb.sdkstatcache -Xcc -I/Users/builder/builds/o86TiJKT/2/finestructure/swiftpackageindex-builder/spi-builder-workspace/.dependencies/checkouts/RxSwift/Sources/RxCocoaRuntime/include -Xcc -I/Users/builder/builds/o86TiJKT/2/finestructure/swiftpackageindex-builder/spi-builder-workspace/.dependencies/checkouts/Quick/Sources/QuickObjCRuntime/include -Xcc -I/Users/builder/builds/o86TiJKT/2/finestructure/swiftpackageindex-builder/spi-builder-workspace/.dependencies/checkouts/CwlCatchException/Sources/CwlCatchExceptionSupport/include -Xcc -I/Users/builder/builds/o86TiJKT/2/finestructure/swiftpackageindex-builder/spi-builder-workspace/.dependencies/checkouts/CwlPreconditionTesting/Sources/CwlMachBadInstructionHandler/include -Xcc -I/Users/builder/builds/o86TiJKT/2/finestructure/swiftpackageindex-builder/spi-builder-workspace/.derivedData/Build/Products/Debug-watchos/include -Xcc -I/Users/builder/builds/o86TiJKT/2/finestructure/swiftpackageindex-builder/spi-builder-workspace/.derivedData/Build/Intermediates.noindex/ReRxSwift.build/Debug-watchos/ReRxSwiftTests.build/DerivedSources-normal/arm64_32 -Xcc -I/Users/builder/builds/o86TiJKT/2/finestructure/swiftpackageindex-builder/spi-builder-workspace/.derivedData/Build/Intermediates.noindex/ReRxSwift.build/Debug-watchos/ReRxSwiftTests.build/DerivedSources/arm64_32 -Xcc -I/Users/builder/builds/o86TiJKT/2/finestructure/swiftpackageindex-builder/spi-builder-workspace/.derivedData/Build/Intermediates.noindex/ReRxSwift.build/Debug-watchos/ReRxSwiftTests.build/DerivedSources -Xcc -DSWIFT_PACKAGE -Xcc -DDEBUG\=1 -module-name ReRxSwiftTests -frontend-parseable-output -disable-clang-spi -target-sdk-version 10.0 -target-sdk-name watchos10.0 -o /Users/builder/builds/o86TiJKT/2/finestructure/swiftpackageindex-builder/spi-builder-workspace/.derivedData/Build/Intermediates.noindex/ReRxSwift.build/Debug-watchos/ReRxSwiftTests.build/Objects-normal/arm64_32/ConnectableSpec.o -index-unit-output-path /ReRxSwift.build/Debug-watchos/ReRxSwiftTests.build/Objects-normal/arm64_32/ConnectableSpec.o -index-store-path /Users/builder/builds/o86TiJKT/2/finestructure/swiftpackageindex-builder/spi-builder-workspace/.derivedData/Index.noindex/DataStore -index-system-modules
SwiftCompile normal arm64_32 /Users/builder/builds/o86TiJKT/2/finestructure/swiftpackageindex-builder/spi-builder-workspace/ReRxSwiftTests/ConnectableSpec.swift (in target 'ReRxSwiftTests' from project 'ReRxSwift')
    cd /Users/builder/builds/o86TiJKT/2/finestructure/swiftpackageindex-builder/spi-builder-workspace
    /Applications/Xcode-15.0.0-Beta.app/Contents/Developer/Toolchains/XcodeDefault.xctoolchain/usr/bin/swift-frontend -c -primary-file /Users/builder/builds/o86TiJKT/2/finestructure/swiftpackageindex-builder/spi-builder-workspace/ReRxSwiftTests/ConnectableSpec.swift /Users/builder/builds/o86TiJKT/2/finestructure/swiftpackageindex-builder/spi-builder-workspace/ReRxSwiftTests/ConnectionSpec.swift /Users/builder/builds/o86TiJKT/2/finestructure/swiftpackageindex-builder/spi-builder-workspace/ReRxSwiftTests/TestActions.swift /Users/builder/builds/o86TiJKT/2/finestructure/swiftpackageindex-builder/spi-builder-workspace/ReRxSwiftTests/TestSectionModel.swift /Users/builder/builds/o86TiJKT/2/finestructure/swiftpackageindex-builder/spi-builder-workspace/ReRxSwiftTests/TestState.swift -emit-dependencies-path /Users/builder/builds/o86TiJKT/2/finestructure/swiftpackageindex-builder/spi-builder-workspace/.derivedData/Build/Intermediates.noindex/ReRxSwift.build/Debug-watchos/ReRxSwiftTests.build/Objects-normal/arm64_32/ConnectableSpec.d -emit-const-values-path /Users/builder/builds/o86TiJKT/2/finestructure/swiftpackageindex-builder/spi-builder-workspace/.derivedData/Build/Intermediates.noindex/ReRxSwift.build/Debug-watchos/ReRxSwiftTests.build/Objects-normal/arm64_32/ConnectableSpec.swiftconstvalues -emit-reference-dependencies-path /Users/builder/builds/o86TiJKT/2/finestructure/swiftpackageindex-builder/spi-builder-workspace/.derivedData/Build/Intermediates.noindex/ReRxSwift.build/Debug-watchos/ReRxSwiftTests.build/Objects-normal/arm64_32/ConnectableSpec.swiftdeps -serialize-diagnostics-path /Users/builder/builds/o86TiJKT/2/finestructure/swiftpackageindex-builder/spi-builder-workspace/.derivedData/Build/Intermediates.noindex/ReRxSwift.build/Debug-watchos/ReRxSwiftTests.build/Objects-normal/arm64_32/ConnectableSpec.dia -target arm64_32-apple-watchos5.0 -enable-objc-interop -sdk /Applications/Xcode-15.0.0-Beta.app/Contents/Developer/Platforms/WatchOS.platform/Developer/SDKs/WatchOS10.0.sdk -I /Users/builder/builds/o86TiJKT/2/finestructure/swiftpackageindex-builder/spi-builder-workspace/.derivedData/Build/Products/Debug-watchos -I /Applications/Xcode-15.0.0-Beta.app/Contents/Developer/Platforms/WatchOS.platform/Developer/usr/lib -F /Users/builder/builds/o86TiJKT/2/finestructure/swiftpackageindex-builder/spi-builder-workspace/.derivedData/Build/Products/Debug-watchos/PackageFrameworks -F /Users/builder/builds/o86TiJKT/2/finestructure/swiftpackageindex-builder/spi-builder-workspace/.derivedData/Build/Products/Debug-watchos/PackageFrameworks -F /Users/builder/builds/o86TiJKT/2/finestructure/swiftpackageindex-builder/spi-builder-workspace/.derivedData/Build/Products/Debug-watchos/PackageFrameworks -F /Users/builder/builds/o86TiJKT/2/finestructure/swiftpackageindex-builder/spi-builder-workspace/.derivedData/Build/Products/Debug-watchos/PackageFrameworks -F /Users/builder/builds/o86TiJKT/2/finestructure/swiftpackageindex-builder/spi-builder-workspace/.derivedData/Build/Products/Debug-watchos/PackageFrameworks -F /Users/builder/builds/o86TiJKT/2/finestructure/swiftpackageindex-builder/spi-builder-workspace/.derivedData/Build/Products/Debug-watchos/PackageFrameworks -F /Users/builder/builds/o86TiJKT/2/finestructure/swiftpackageindex-builder/spi-builder-workspace/.derivedData/Build/Products/Debug-watchos/PackageFrameworks -F /Users/builder/builds/o86TiJKT/2/finestructure/swiftpackageindex-builder/spi-builder-workspace/.derivedData/Build/Products/Debug-watchos/PackageFrameworks -F /Users/builder/builds/o86TiJKT/2/finestructure/swiftpackageindex-builder/spi-builder-workspace/.derivedData/Build/Products/Debug-watchos/PackageFrameworks -F /Users/builder/builds/o86TiJKT/2/finestructure/swiftpackageindex-builder/spi-builder-workspace/.derivedData/Build/Products/Debug-watchos/PackageFrameworks -F /Users/builder/builds/o86TiJKT/2/finestructure/swiftpackageindex-builder/spi-builder-workspace/.derivedData/Build/Products/Debug-watchos/PackageFrameworks -F /Users/builder/builds/o86TiJKT/2/finestructure/swiftpackageindex-builder/spi-builder-workspace/.derivedData/Build/Products/Debug-watchos/PackageFrameworks -F /Users/builder/builds/o86TiJKT/2/finestructure/swiftpackageindex-builder/spi-builder-workspace/.derivedData/Build/Products/Debug-watchos/PackageFrameworks -F /Users/builder/builds/o86TiJKT/2/finestructure/swiftpackageindex-builder/spi-builder-workspace/.derivedData/Build/Products/Debug-watchos/PackageFrameworks -F /Users/builder/builds/o86TiJKT/2/finestructure/swiftpackageindex-builder/spi-builder-workspace/.derivedData/Build/Products/Debug-watchos/PackageFrameworks -F /Users/builder/builds/o86TiJKT/2/finestructure/swiftpackageindex-builder/spi-builder-workspace/.derivedData/Build/Products/Debug-watchos/PackageFrameworks -F /Users/builder/builds/o86TiJKT/2/finestructure/swiftpackageindex-builder/spi-builder-workspace/.derivedData/Build/Products/Debug-watchos -F /Applications/Xcode-15.0.0-Beta.app/Contents/Developer/Platforms/WatchOS.platform/Developer/Library/Frameworks -F /Applications/Xcode-15.0.0-Beta.app/Contents/Developer/Platforms/WatchOS.platform/Developer/SDKs/WatchOS10.0.sdk/Developer/Library/Frameworks -no-color-diagnostics -enable-testing -g -module-cache-path /Users/builder/builds/o86TiJKT/2/finestructure/swiftpackageindex-builder/spi-builder-workspace/.derivedData/ModuleCache.noindex -swift-version 5 -enforce-exclusivity\=checked -Onone -D SWIFT_PACKAGE -D DEBUG -D Xcode -serialize-debugging-options -const-gather-protocols-file /Users/builder/builds/o86TiJKT/2/finestructure/swiftpackageindex-builder/spi-builder-workspace/.derivedData/Build/Intermediates.noindex/ReRxSwift.build/Debug-watchos/ReRxSwiftTests.build/Objects-normal/arm64_32/ReRxSwiftTests_const_extract_protocols.json -empty-abi-descriptor -plugin-path /Applications/Xcode-15.0.0-Beta.app/Contents/Developer/Toolchains/XcodeDefault.xctoolchain/usr/lib/swift/host/plugins -plugin-path /Applications/Xcode-15.0.0-Beta.app/Contents/Developer/Toolchains/XcodeDefault.xctoolchain/usr/local/lib/swift/host/plugins -validate-clang-modules-once -clang-build-session-file /Users/builder/builds/o86TiJKT/2/finestructure/swiftpackageindex-builder/spi-builder-workspace/.derivedData/ModuleCache.noindex/Session.modulevalidation -Xcc -working-directory -Xcc /Users/builder/builds/o86TiJKT/2/finestructure/swiftpackageindex-builder/spi-builder-workspace -resource-dir /Applications/Xcode-15.0.0-Beta.app/Contents/Developer/Toolchains/XcodeDefault.xctoolchain/usr/lib/swift -enable-anonymous-context-mangled-names -Xcc -fmodule-map-file\=/Users/builder/builds/o86TiJKT/2/finestructure/swiftpackageindex-builder/spi-builder-workspace/.derivedData/Build/Intermediates.noindex/GeneratedModuleMaps-watchos/RxCocoaRuntime.modulemap -Xcc -fmodule-map-file\=/Users/builder/builds/o86TiJKT/2/finestructure/swiftpackageindex-builder/spi-builder-workspace/.derivedData/Build/Intermediates.noindex/GeneratedModuleMaps-watchos/QuickObjCRuntime.modulemap -Xcc -fmodule-map-file\=/Users/builder/builds/o86TiJKT/2/finestructure/swiftpackageindex-builder/spi-builder-workspace/.derivedData/Build/Intermediates.noindex/GeneratedModuleMaps-watchos/CwlCatchExceptionSupport.modulemap -Xcc -fmodule-map-file\=/Users/builder/builds/o86TiJKT/2/finestructure/swiftpackageindex-builder/spi-builder-workspace/.derivedData/Build/Intermediates.noindex/GeneratedModuleMaps-watchos/CwlMachBadInstructionHandler.modulemap -Xcc -ivfsstatcache -Xcc /Users/builder/builds/o86TiJKT/2/finestructure/swiftpackageindex-builder/spi-builder-workspace/.derivedData/SDKStatCaches.noindex/watchos10.0-21R5275s-8db995917c4b1d9e1a16e7199e9e13bb.sdkstatcache -Xcc -I/Users/builder/builds/o86TiJKT/2/finestructure/swiftpackageindex-builder/spi-builder-workspace/.dependencies/checkouts/RxSwift/Sources/RxCocoaRuntime/include -Xcc -I/Users/builder/builds/o86TiJKT/2/finestructure/swiftpackageindex-builder/spi-builder-workspace/.dependencies/checkouts/Quick/Sources/QuickObjCRuntime/include -Xcc -I/Users/builder/builds/o86TiJKT/2/finestructure/swiftpackageindex-builder/spi-builder-workspace/.dependencies/checkouts/CwlCatchException/Sources/CwlCatchExceptionSupport/include -Xcc -I/Users/builder/builds/o86TiJKT/2/finestructure/swiftpackageindex-builder/spi-builder-workspace/.dependencies/checkouts/CwlPreconditionTesting/Sources/CwlMachBadInstructionHandler/include -Xcc -I/Users/builder/builds/o86TiJKT/2/finestructure/swiftpackageindex-builder/spi-builder-workspace/.derivedData/Build/Products/Debug-watchos/include -Xcc -I/Users/builder/builds/o86TiJKT/2/finestructure/swiftpackageindex-builder/spi-builder-workspace/.derivedData/Build/Intermediates.noindex/ReRxSwift.build/Debug-watchos/ReRxSwiftTests.build/DerivedSources-normal/arm64_32 -Xcc -I/Users/builder/builds/o86TiJKT/2/finestructure/swiftpackageindex-builder/spi-builder-workspace/.derivedData/Build/Intermediates.noindex/ReRxSwift.build/Debug-watchos/ReRxSwiftTests.build/DerivedSources/arm64_32 -Xcc -I/Users/builder/builds/o86TiJKT/2/finestructure/swiftpackageindex-builder/spi-builder-workspace/.derivedData/Build/Intermediates.noindex/ReRxSwift.build/Debug-watchos/ReRxSwiftTests.build/DerivedSources -Xcc -DSWIFT_PACKAGE -Xcc -DDEBUG\=1 -module-name ReRxSwiftTests -frontend-parseable-output -disable-clang-spi -target-sdk-version 10.0 -target-sdk-name watchos10.0 -o /Users/builder/builds/o86TiJKT/2/finestructure/swiftpackageindex-builder/spi-builder-workspace/.derivedData/Build/Intermediates.noindex/ReRxSwift.build/Debug-watchos/ReRxSwiftTests.build/Objects-normal/arm64_32/ConnectableSpec.o -index-unit-output-path /ReRxSwift.build/Debug-watchos/ReRxSwiftTests.build/Objects-normal/arm64_32/ConnectableSpec.o -index-store-path /Users/builder/builds/o86TiJKT/2/finestructure/swiftpackageindex-builder/spi-builder-workspace/.derivedData/Index.noindex/DataStore -index-system-modules

SwiftCompile normal armv7k Compiling\ TestActions.swift /Users/builder/builds/o86TiJKT/2/finestructure/swiftpackageindex-builder/spi-builder-workspace/ReRxSwiftTests/TestActions.swift (in target 'ReRxSwiftTests' from project 'ReRxSwift')
    cd /Users/builder/builds/o86TiJKT/2/finestructure/swiftpackageindex-builder/spi-builder-workspace
    builtin-swiftTaskExecution -- /Applications/Xcode-15.0.0-Beta.app/Contents/Developer/Toolchains/XcodeDefault.xctoolchain/usr/bin/swift-frontend -frontend -c /Users/builder/builds/o86TiJKT/2/finestructure/swiftpackageindex-builder/spi-builder-workspace/ReRxSwiftTests/ConnectableSpec.swift /Users/builder/builds/o86TiJKT/2/finestructure/swiftpackageindex-builder/spi-builder-workspace/ReRxSwiftTests/ConnectionSpec.swift -primary-file /Users/builder/builds/o86TiJKT/2/finestructure/swiftpackageindex-builder/spi-builder-workspace/ReRxSwiftTests/TestActions.swift /Users/builder/builds/o86TiJKT/2/finestructure/swiftpackageindex-builder/spi-builder-workspace/ReRxSwiftTests/TestSectionModel.swift /Users/builder/builds/o86TiJKT/2/finestructure/swiftpackageindex-builder/spi-builder-workspace/ReRxSwiftTests/TestState.swift -emit-dependencies-path /Users/builder/builds/o86TiJKT/2/finestructure/swiftpackageindex-builder/spi-builder-workspace/.derivedData/Build/Intermediates.noindex/ReRxSwift.build/Debug-watchos/ReRxSwiftTests.build/Objects-normal/armv7k/TestActions.d -emit-const-values-path /Users/builder/builds/o86TiJKT/2/finestructure/swiftpackageindex-builder/spi-builder-workspace/.derivedData/Build/Intermediates.noindex/ReRxSwift.build/Debug-watchos/ReRxSwiftTests.build/Objects-normal/armv7k/TestActions.swiftconstvalues -emit-reference-dependencies-path /Users/builder/builds/o86TiJKT/2/finestructure/swiftpackageindex-builder/spi-builder-workspace/.derivedData/Build/Intermediates.noindex/ReRxSwift.build/Debug-watchos/ReRxSwiftTests.build/Objects-normal/armv7k/TestActions.swiftdeps -serialize-diagnostics-path /Users/builder/builds/o86TiJKT/2/finestructure/swiftpackageindex-builder/spi-builder-workspace/.derivedData/Build/Intermediates.noindex/ReRxSwift.build/Debug-watchos/ReRxSwiftTests.build/Objects-normal/armv7k/TestActions.dia -target armv7k-apple-watchos5.0 -enable-objc-interop -sdk /Applications/Xcode-15.0.0-Beta.app/Contents/Developer/Platforms/WatchOS.platform/Developer/SDKs/WatchOS10.0.sdk -I /Users/builder/builds/o86TiJKT/2/finestructure/swiftpackageindex-builder/spi-builder-workspace/.derivedData/Build/Products/Debug-watchos -I /Applications/Xcode-15.0.0-Beta.app/Contents/Developer/Platforms/WatchOS.platform/Developer/usr/lib -F /Users/builder/builds/o86TiJKT/2/finestructure/swiftpackageindex-builder/spi-builder-workspace/.derivedData/Build/Products/Debug-watchos/PackageFrameworks -F /Users/builder/builds/o86TiJKT/2/finestructure/swiftpackageindex-builder/spi-builder-workspace/.derivedData/Build/Products/Debug-watchos/PackageFrameworks -F /Users/builder/builds/o86TiJKT/2/finestructure/swiftpackageindex-builder/spi-builder-workspace/.derivedData/Build/Products/Debug-watchos/PackageFrameworks -F /Users/builder/builds/o86TiJKT/2/finestructure/swiftpackageindex-builder/spi-builder-workspace/.derivedData/Build/Products/Debug-watchos/PackageFrameworks -F /Users/builder/builds/o86TiJKT/2/finestructure/swiftpackageindex-builder/spi-builder-workspace/.derivedData/Build/Products/Debug-watchos/PackageFrameworks -F /Users/builder/builds/o86TiJKT/2/finestructure/swiftpackageindex-builder/spi-builder-workspace/.derivedData/Build/Products/Debug-watchos/PackageFrameworks -F /Users/builder/builds/o86TiJKT/2/finestructure/swiftpackageindex-builder/spi-builder-workspace/.derivedData/Build/Products/Debug-watchos/PackageFrameworks -F /Users/builder/builds/o86TiJKT/2/finestructure/swiftpackageindex-builder/spi-builder-workspace/.derivedData/Build/Products/Debug-watchos/PackageFrameworks -F /Users/builder/builds/o86TiJKT/2/finestructure/swiftpackageindex-builder/spi-builder-workspace/.derivedData/Build/Products/Debug-watchos/PackageFrameworks -F /Users/builder/builds/o86TiJKT/2/finestructure/swiftpackageindex-builder/spi-builder-workspace/.derivedData/Build/Products/Debug-watchos/PackageFrameworks -F /Users/builder/builds/o86TiJKT/2/finestructure/swiftpackageindex-builder/spi-builder-workspace/.derivedData/Build/Products/Debug-watchos/PackageFrameworks -F /Users/builder/builds/o86TiJKT/2/finestructure/swiftpackageindex-builder/spi-builder-workspace/.derivedData/Build/Products/Debug-watchos/PackageFrameworks -F /Users/builder/builds/o86TiJKT/2/finestructure/swiftpackageindex-builder/spi-builder-workspace/.derivedData/Build/Products/Debug-watchos/PackageFrameworks -F /Users/builder/builds/o86TiJKT/2/finestructure/swiftpackageindex-builder/spi-builder-workspace/.derivedData/Build/Products/Debug-watchos/PackageFrameworks -F /Users/builder/builds/o86TiJKT/2/finestructure/swiftpackageindex-builder/spi-builder-workspace/.derivedData/Build/Products/Debug-watchos/PackageFrameworks -F /Users/builder/builds/o86TiJKT/2/finestructure/swiftpackageindex-builder/spi-builder-workspace/.derivedData/Build/Products/Debug-watchos/PackageFrameworks -F /Users/builder/builds/o86TiJKT/2/finestructure/swiftpackageindex-builder/spi-builder-workspace/.derivedData/Build/Products/Debug-watchos -F /Applications/Xcode-15.0.0-Beta.app/Contents/Developer/Platforms/WatchOS.platform/Developer/Library/Frameworks -F /Applications/Xcode-15.0.0-Beta.app/Contents/Developer/Platforms/WatchOS.platform/Developer/SDKs/WatchOS10.0.sdk/Developer/Library/Frameworks -no-color-diagnostics -enable-testing -g -module-cache-path /Users/builder/builds/o86TiJKT/2/finestructure/swiftpackageindex-builder/spi-builder-workspace/.derivedData/ModuleCache.noindex -swift-version 5 -enforce-exclusivity\=checked -Onone -D SWIFT_PACKAGE -D DEBUG -D Xcode -serialize-debugging-options -const-gather-protocols-file /Users/builder/builds/o86TiJKT/2/finestructure/swiftpackageindex-builder/spi-builder-workspace/.derivedData/Build/Intermediates.noindex/ReRxSwift.build/Debug-watchos/ReRxSwiftTests.build/Objects-normal/armv7k/ReRxSwiftTests_const_extract_protocols.json -empty-abi-descriptor -plugin-path /Applications/Xcode-15.0.0-Beta.app/Contents/Developer/Toolchains/XcodeDefault.xctoolchain/usr/lib/swift/host/plugins -plugin-path /Applications/Xcode-15.0.0-Beta.app/Contents/Developer/Toolchains/XcodeDefault.xctoolchain/usr/local/lib/swift/host/plugins -validate-clang-modules-once -clang-build-session-file /Users/builder/builds/o86TiJKT/2/finestructure/swiftpackageindex-builder/spi-builder-workspace/.derivedData/ModuleCache.noindex/Session.modulevalidation -Xcc -working-directory -Xcc /Users/builder/builds/o86TiJKT/2/finestructure/swiftpackageindex-builder/spi-builder-workspace -resource-dir /Applications/Xcode-15.0.0-Beta.app/Contents/Developer/Toolchains/XcodeDefault.xctoolchain/usr/lib/swift -enable-anonymous-context-mangled-names -Xcc -fmodule-map-file\=/Users/builder/builds/o86TiJKT/2/finestructure/swiftpackageindex-builder/spi-builder-workspace/.derivedData/Build/Intermediates.noindex/GeneratedModuleMaps-watchos/RxCocoaRuntime.modulemap -Xcc -fmodule-map-file\=/Users/builder/builds/o86TiJKT/2/finestructure/swiftpackageindex-builder/spi-builder-workspace/.derivedData/Build/Intermediates.noindex/GeneratedModuleMaps-watchos/QuickObjCRuntime.modulemap -Xcc -fmodule-map-file\=/Users/builder/builds/o86TiJKT/2/finestructure/swiftpackageindex-builder/spi-builder-workspace/.derivedData/Build/Intermediates.noindex/GeneratedModuleMaps-watchos/CwlCatchExceptionSupport.modulemap -Xcc -fmodule-map-file\=/Users/builder/builds/o86TiJKT/2/finestructure/swiftpackageindex-builder/spi-builder-workspace/.derivedData/Build/Intermediates.noindex/GeneratedModuleMaps-watchos/CwlMachBadInstructionHandler.modulemap -Xcc -ivfsstatcache -Xcc /Users/builder/builds/o86TiJKT/2/finestructure/swiftpackageindex-builder/spi-builder-workspace/.derivedData/SDKStatCaches.noindex/watchos10.0-21R5275s-8db995917c4b1d9e1a16e7199e9e13bb.sdkstatcache -Xcc -I/Users/builder/builds/o86TiJKT/2/finestructure/swiftpackageindex-builder/spi-builder-workspace/.dependencies/checkouts/RxSwift/Sources/RxCocoaRuntime/include -Xcc -I/Users/builder/builds/o86TiJKT/2/finestructure/swiftpackageindex-builder/spi-builder-workspace/.dependencies/checkouts/Quick/Sources/QuickObjCRuntime/include -Xcc -I/Users/builder/builds/o86TiJKT/2/finestructure/swiftpackageindex-builder/spi-builder-workspace/.dependencies/checkouts/CwlCatchException/Sources/CwlCatchExceptionSupport/include -Xcc -I/Users/builder/builds/o86TiJKT/2/finestructure/swiftpackageindex-builder/spi-builder-workspace/.dependencies/checkouts/CwlPreconditionTesting/Sources/CwlMachBadInstructionHandler/include -Xcc -I/Users/builder/builds/o86TiJKT/2/finestructure/swiftpackageindex-builder/spi-builder-workspace/.derivedData/Build/Products/Debug-watchos/include -Xcc -I/Users/builder/builds/o86TiJKT/2/finestructure/swiftpackageindex-builder/spi-builder-workspace/.derivedData/Build/Intermediates.noindex/ReRxSwift.build/Debug-watchos/ReRxSwiftTests.build/DerivedSources-normal/armv7k -Xcc -I/Users/builder/builds/o86TiJKT/2/finestructure/swiftpackageindex-builder/spi-builder-workspace/.derivedData/Build/Intermediates.noindex/ReRxSwift.build/Debug-watchos/ReRxSwiftTests.build/DerivedSources/armv7k -Xcc -I/Users/builder/builds/o86TiJKT/2/finestructure/swiftpackageindex-builder/spi-builder-workspace/.derivedData/Build/Intermediates.noindex/ReRxSwift.build/Debug-watchos/ReRxSwiftTests.build/DerivedSources -Xcc -DSWIFT_PACKAGE -Xcc -DDEBUG\=1 -module-name ReRxSwiftTests -frontend-parseable-output -disable-clang-spi -target-sdk-version 10.0 -target-sdk-name watchos10.0 -o /Users/builder/builds/o86TiJKT/2/finestructure/swiftpackageindex-builder/spi-builder-workspace/.derivedData/Build/Intermediates.noindex/ReRxSwift.build/Debug-watchos/ReRxSwiftTests.build/Objects-normal/armv7k/TestActions.o -index-unit-output-path /ReRxSwift.build/Debug-watchos/ReRxSwiftTests.build/Objects-normal/armv7k/TestActions.o -index-store-path /Users/builder/builds/o86TiJKT/2/finestructure/swiftpackageindex-builder/spi-builder-workspace/.derivedData/Index.noindex/DataStore -index-system-modules
SwiftCompile normal armv7k /Users/builder/builds/o86TiJKT/2/finestructure/swiftpackageindex-builder/spi-builder-workspace/ReRxSwiftTests/TestActions.swift (in target 'ReRxSwiftTests' from project 'ReRxSwift')
    cd /Users/builder/builds/o86TiJKT/2/finestructure/swiftpackageindex-builder/spi-builder-workspace
    /Applications/Xcode-15.0.0-Beta.app/Contents/Developer/Toolchains/XcodeDefault.xctoolchain/usr/bin/swift-frontend -c /Users/builder/builds/o86TiJKT/2/finestructure/swiftpackageindex-builder/spi-builder-workspace/ReRxSwiftTests/ConnectableSpec.swift /Users/builder/builds/o86TiJKT/2/finestructure/swiftpackageindex-builder/spi-builder-workspace/ReRxSwiftTests/ConnectionSpec.swift -primary-file /Users/builder/builds/o86TiJKT/2/finestructure/swiftpackageindex-builder/spi-builder-workspace/ReRxSwiftTests/TestActions.swift /Users/builder/builds/o86TiJKT/2/finestructure/swiftpackageindex-builder/spi-builder-workspace/ReRxSwiftTests/TestSectionModel.swift /Users/builder/builds/o86TiJKT/2/finestructure/swiftpackageindex-builder/spi-builder-workspace/ReRxSwiftTests/TestState.swift -emit-dependencies-path /Users/builder/builds/o86TiJKT/2/finestructure/swiftpackageindex-builder/spi-builder-workspace/.derivedData/Build/Intermediates.noindex/ReRxSwift.build/Debug-watchos/ReRxSwiftTests.build/Objects-normal/armv7k/TestActions.d -emit-const-values-path /Users/builder/builds/o86TiJKT/2/finestructure/swiftpackageindex-builder/spi-builder-workspace/.derivedData/Build/Intermediates.noindex/ReRxSwift.build/Debug-watchos/ReRxSwiftTests.build/Objects-normal/armv7k/TestActions.swiftconstvalues -emit-reference-dependencies-path /Users/builder/builds/o86TiJKT/2/finestructure/swiftpackageindex-builder/spi-builder-workspace/.derivedData/Build/Intermediates.noindex/ReRxSwift.build/Debug-watchos/ReRxSwiftTests.build/Objects-normal/armv7k/TestActions.swiftdeps -serialize-diagnostics-path /Users/builder/builds/o86TiJKT/2/finestructure/swiftpackageindex-builder/spi-builder-workspace/.derivedData/Build/Intermediates.noindex/ReRxSwift.build/Debug-watchos/ReRxSwiftTests.build/Objects-normal/armv7k/TestActions.dia -target armv7k-apple-watchos5.0 -enable-objc-interop -sdk /Applications/Xcode-15.0.0-Beta.app/Contents/Developer/Platforms/WatchOS.platform/Developer/SDKs/WatchOS10.0.sdk -I /Users/builder/builds/o86TiJKT/2/finestructure/swiftpackageindex-builder/spi-builder-workspace/.derivedData/Build/Products/Debug-watchos -I /Applications/Xcode-15.0.0-Beta.app/Contents/Developer/Platforms/WatchOS.platform/Developer/usr/lib -F /Users/builder/builds/o86TiJKT/2/finestructure/swiftpackageindex-builder/spi-builder-workspace/.derivedData/Build/Products/Debug-watchos/PackageFrameworks -F /Users/builder/builds/o86TiJKT/2/finestructure/swiftpackageindex-builder/spi-builder-workspace/.derivedData/Build/Products/Debug-watchos/PackageFrameworks -F /Users/builder/builds/o86TiJKT/2/finestructure/swiftpackageindex-builder/spi-builder-workspace/.derivedData/Build/Products/Debug-watchos/PackageFrameworks -F /Users/builder/builds/o86TiJKT/2/finestructure/swiftpackageindex-builder/spi-builder-workspace/.derivedData/Build/Products/Debug-watchos/PackageFrameworks -F /Users/builder/builds/o86TiJKT/2/finestructure/swiftpackageindex-builder/spi-builder-workspace/.derivedData/Build/Products/Debug-watchos/PackageFrameworks -F /Users/builder/builds/o86TiJKT/2/finestructure/swiftpackageindex-builder/spi-builder-workspace/.derivedData/Build/Products/Debug-watchos/PackageFrameworks -F /Users/builder/builds/o86TiJKT/2/finestructure/swiftpackageindex-builder/spi-builder-workspace/.derivedData/Build/Products/Debug-watchos/PackageFrameworks -F /Users/builder/builds/o86TiJKT/2/finestructure/swiftpackageindex-builder/spi-builder-workspace/.derivedData/Build/Products/Debug-watchos/PackageFrameworks -F /Users/builder/builds/o86TiJKT/2/finestructure/swiftpackageindex-builder/spi-builder-workspace/.derivedData/Build/Products/Debug-watchos/PackageFrameworks -F /Users/builder/builds/o86TiJKT/2/finestructure/swiftpackageindex-builder/spi-builder-workspace/.derivedData/Build/Products/Debug-watchos/PackageFrameworks -F /Users/builder/builds/o86TiJKT/2/finestructure/swiftpackageindex-builder/spi-builder-workspace/.derivedData/Build/Products/Debug-watchos/PackageFrameworks -F /Users/builder/builds/o86TiJKT/2/finestructure/swiftpackageindex-builder/spi-builder-workspace/.derivedData/Build/Products/Debug-watchos/PackageFrameworks -F /Users/builder/builds/o86TiJKT/2/finestructure/swiftpackageindex-builder/spi-builder-workspace/.derivedData/Build/Products/Debug-watchos/PackageFrameworks -F /Users/builder/builds/o86TiJKT/2/finestructure/swiftpackageindex-builder/spi-builder-workspace/.derivedData/Build/Products/Debug-watchos/PackageFrameworks -F /Users/builder/builds/o86TiJKT/2/finestructure/swiftpackageindex-builder/spi-builder-workspace/.derivedData/Build/Products/Debug-watchos/PackageFrameworks -F /Users/builder/builds/o86TiJKT/2/finestructure/swiftpackageindex-builder/spi-builder-workspace/.derivedData/Build/Products/Debug-watchos/PackageFrameworks -F /Users/builder/builds/o86TiJKT/2/finestructure/swiftpackageindex-builder/spi-builder-workspace/.derivedData/Build/Products/Debug-watchos -F /Applications/Xcode-15.0.0-Beta.app/Contents/Developer/Platforms/WatchOS.platform/Developer/Library/Frameworks -F /Applications/Xcode-15.0.0-Beta.app/Contents/Developer/Platforms/WatchOS.platform/Developer/SDKs/WatchOS10.0.sdk/Developer/Library/Frameworks -no-color-diagnostics -enable-testing -g -module-cache-path /Users/builder/builds/o86TiJKT/2/finestructure/swiftpackageindex-builder/spi-builder-workspace/.derivedData/ModuleCache.noindex -swift-version 5 -enforce-exclusivity\=checked -Onone -D SWIFT_PACKAGE -D DEBUG -D Xcode -serialize-debugging-options -const-gather-protocols-file /Users/builder/builds/o86TiJKT/2/finestructure/swiftpackageindex-builder/spi-builder-workspace/.derivedData/Build/Intermediates.noindex/ReRxSwift.build/Debug-watchos/ReRxSwiftTests.build/Objects-normal/armv7k/ReRxSwiftTests_const_extract_protocols.json -empty-abi-descriptor -plugin-path /Applications/Xcode-15.0.0-Beta.app/Contents/Developer/Toolchains/XcodeDefault.xctoolchain/usr/lib/swift/host/plugins -plugin-path /Applications/Xcode-15.0.0-Beta.app/Contents/Developer/Toolchains/XcodeDefault.xctoolchain/usr/local/lib/swift/host/plugins -validate-clang-modules-once -clang-build-session-file /Users/builder/builds/o86TiJKT/2/finestructure/swiftpackageindex-builder/spi-builder-workspace/.derivedData/ModuleCache.noindex/Session.modulevalidation -Xcc -working-directory -Xcc /Users/builder/builds/o86TiJKT/2/finestructure/swiftpackageindex-builder/spi-builder-workspace -resource-dir /Applications/Xcode-15.0.0-Beta.app/Contents/Developer/Toolchains/XcodeDefault.xctoolchain/usr/lib/swift -enable-anonymous-context-mangled-names -Xcc -fmodule-map-file\=/Users/builder/builds/o86TiJKT/2/finestructure/swiftpackageindex-builder/spi-builder-workspace/.derivedData/Build/Intermediates.noindex/GeneratedModuleMaps-watchos/RxCocoaRuntime.modulemap -Xcc -fmodule-map-file\=/Users/builder/builds/o86TiJKT/2/finestructure/swiftpackageindex-builder/spi-builder-workspace/.derivedData/Build/Intermediates.noindex/GeneratedModuleMaps-watchos/QuickObjCRuntime.modulemap -Xcc -fmodule-map-file\=/Users/builder/builds/o86TiJKT/2/finestructure/swiftpackageindex-builder/spi-builder-workspace/.derivedData/Build/Intermediates.noindex/GeneratedModuleMaps-watchos/CwlCatchExceptionSupport.modulemap -Xcc -fmodule-map-file\=/Users/builder/builds/o86TiJKT/2/finestructure/swiftpackageindex-builder/spi-builder-workspace/.derivedData/Build/Intermediates.noindex/GeneratedModuleMaps-watchos/CwlMachBadInstructionHandler.modulemap -Xcc -ivfsstatcache -Xcc /Users/builder/builds/o86TiJKT/2/finestructure/swiftpackageindex-builder/spi-builder-workspace/.derivedData/SDKStatCaches.noindex/watchos10.0-21R5275s-8db995917c4b1d9e1a16e7199e9e13bb.sdkstatcache -Xcc -I/Users/builder/builds/o86TiJKT/2/finestructure/swiftpackageindex-builder/spi-builder-workspace/.dependencies/checkouts/RxSwift/Sources/RxCocoaRuntime/include -Xcc -I/Users/builder/builds/o86TiJKT/2/finestructure/swiftpackageindex-builder/spi-builder-workspace/.dependencies/checkouts/Quick/Sources/QuickObjCRuntime/include -Xcc -I/Users/builder/builds/o86TiJKT/2/finestructure/swiftpackageindex-builder/spi-builder-workspace/.dependencies/checkouts/CwlCatchException/Sources/CwlCatchExceptionSupport/include -Xcc -I/Users/builder/builds/o86TiJKT/2/finestructure/swiftpackageindex-builder/spi-builder-workspace/.dependencies/checkouts/CwlPreconditionTesting/Sources/CwlMachBadInstructionHandler/include -Xcc -I/Users/builder/builds/o86TiJKT/2/finestructure/swiftpackageindex-builder/spi-builder-workspace/.derivedData/Build/Products/Debug-watchos/include -Xcc -I/Users/builder/builds/o86TiJKT/2/finestructure/swiftpackageindex-builder/spi-builder-workspace/.derivedData/Build/Intermediates.noindex/ReRxSwift.build/Debug-watchos/ReRxSwiftTests.build/DerivedSources-normal/armv7k -Xcc -I/Users/builder/builds/o86TiJKT/2/finestructure/swiftpackageindex-builder/spi-builder-workspace/.derivedData/Build/Intermediates.noindex/ReRxSwift.build/Debug-watchos/ReRxSwiftTests.build/DerivedSources/armv7k -Xcc -I/Users/builder/builds/o86TiJKT/2/finestructure/swiftpackageindex-builder/spi-builder-workspace/.derivedData/Build/Intermediates.noindex/ReRxSwift.build/Debug-watchos/ReRxSwiftTests.build/DerivedSources -Xcc -DSWIFT_PACKAGE -Xcc -DDEBUG\=1 -module-name ReRxSwiftTests -frontend-parseable-output -disable-clang-spi -target-sdk-version 10.0 -target-sdk-name watchos10.0 -o /Users/builder/builds/o86TiJKT/2/finestructure/swiftpackageindex-builder/spi-builder-workspace/.derivedData/Build/Intermediates.noindex/ReRxSwift.build/Debug-watchos/ReRxSwiftTests.build/Objects-normal/armv7k/TestActions.o -index-unit-output-path /ReRxSwift.build/Debug-watchos/ReRxSwiftTests.build/Objects-normal/armv7k/TestActions.o -index-store-path /Users/builder/builds/o86TiJKT/2/finestructure/swiftpackageindex-builder/spi-builder-workspace/.derivedData/Index.noindex/DataStore -index-system-modules
SwiftCompile normal arm64_32 Compiling\ TestState.swift /Users/builder/builds/o86TiJKT/2/finestructure/swiftpackageindex-builder/spi-builder-workspace/ReRxSwiftTests/TestState.swift (in target 'ReRxSwiftTests' from project 'ReRxSwift')
    cd /Users/builder/builds/o86TiJKT/2/finestructure/swiftpackageindex-builder/spi-builder-workspace
    builtin-swiftTaskExecution -- /Applications/Xcode-15.0.0-Beta.app/Contents/Developer/Toolchains/XcodeDefault.xctoolchain/usr/bin/swift-frontend -frontend -c /Users/builder/builds/o86TiJKT/2/finestructure/swiftpackageindex-builder/spi-builder-workspace/ReRxSwiftTests/ConnectableSpec.swift /Users/builder/builds/o86TiJKT/2/finestructure/swiftpackageindex-builder/spi-builder-workspace/ReRxSwiftTests/ConnectionSpec.swift /Users/builder/builds/o86TiJKT/2/finestructure/swiftpackageindex-builder/spi-builder-workspace/ReRxSwiftTests/TestActions.swift /Users/builder/builds/o86TiJKT/2/finestructure/swiftpackageindex-builder/spi-builder-workspace/ReRxSwiftTests/TestSectionModel.swift -primary-file /Users/builder/builds/o86TiJKT/2/finestructure/swiftpackageindex-builder/spi-builder-workspace/ReRxSwiftTests/TestState.swift -emit-dependencies-path /Users/builder/builds/o86TiJKT/2/finestructure/swiftpackageindex-builder/spi-builder-workspace/.derivedData/Build/Intermediates.noindex/ReRxSwift.build/Debug-watchos/ReRxSwiftTests.build/Objects-normal/arm64_32/TestState.d -emit-const-values-path /Users/builder/builds/o86TiJKT/2/finestructure/swiftpackageindex-builder/spi-builder-workspace/.derivedData/Build/Intermediates.noindex/ReRxSwift.build/Debug-watchos/ReRxSwiftTests.build/Objects-normal/arm64_32/TestState.swiftconstvalues -emit-reference-dependencies-path /Users/builder/builds/o86TiJKT/2/finestructure/swiftpackageindex-builder/spi-builder-workspace/.derivedData/Build/Intermediates.noindex/ReRxSwift.build/Debug-watchos/ReRxSwiftTests.build/Objects-normal/arm64_32/TestState.swiftdeps -serialize-diagnostics-path /Users/builder/builds/o86TiJKT/2/finestructure/swiftpackageindex-builder/spi-builder-workspace/.derivedData/Build/Intermediates.noindex/ReRxSwift.build/Debug-watchos/ReRxSwiftTests.build/Objects-normal/arm64_32/TestState.dia -target arm64_32-apple-watchos5.0 -enable-objc-interop -sdk /Applications/Xcode-15.0.0-Beta.app/Contents/Developer/Platforms/WatchOS.platform/Developer/SDKs/WatchOS10.0.sdk -I /Users/builder/builds/o86TiJKT/2/finestructure/swiftpackageindex-builder/spi-builder-workspace/.derivedData/Build/Products/Debug-watchos -I /Applications/Xcode-15.0.0-Beta.app/Contents/Developer/Platforms/WatchOS.platform/Developer/usr/lib -F /Users/builder/builds/o86TiJKT/2/finestructure/swiftpackageindex-builder/spi-builder-workspace/.derivedData/Build/Products/Debug-watchos/PackageFrameworks -F /Users/builder/builds/o86TiJKT/2/finestructure/swiftpackageindex-builder/spi-builder-workspace/.derivedData/Build/Products/Debug-watchos/PackageFrameworks -F /Users/builder/builds/o86TiJKT/2/finestructure/swiftpackageindex-builder/spi-builder-workspace/.derivedData/Build/Products/Debug-watchos/PackageFrameworks -F /Users/builder/builds/o86TiJKT/2/finestructure/swiftpackageindex-builder/spi-builder-workspace/.derivedData/Build/Products/Debug-watchos/PackageFrameworks -F /Users/builder/builds/o86TiJKT/2/finestructure/swiftpackageindex-builder/spi-builder-workspace/.derivedData/Build/Products/Debug-watchos/PackageFrameworks -F /Users/builder/builds/o86TiJKT/2/finestructure/swiftpackageindex-builder/spi-builder-workspace/.derivedData/Build/Products/Debug-watchos/PackageFrameworks -F /Users/builder/builds/o86TiJKT/2/finestructure/swiftpackageindex-builder/spi-builder-workspace/.derivedData/Build/Products/Debug-watchos/PackageFrameworks -F /Users/builder/builds/o86TiJKT/2/finestructure/swiftpackageindex-builder/spi-builder-workspace/.derivedData/Build/Products/Debug-watchos/PackageFrameworks -F /Users/builder/builds/o86TiJKT/2/finestructure/swiftpackageindex-builder/spi-builder-workspace/.derivedData/Build/Products/Debug-watchos/PackageFrameworks -F /Users/builder/builds/o86TiJKT/2/finestructure/swiftpackageindex-builder/spi-builder-workspace/.derivedData/Build/Products/Debug-watchos/PackageFrameworks -F /Users/builder/builds/o86TiJKT/2/finestructure/swiftpackageindex-builder/spi-builder-workspace/.derivedData/Build/Products/Debug-watchos/PackageFrameworks -F /Users/builder/builds/o86TiJKT/2/finestructure/swiftpackageindex-builder/spi-builder-workspace/.derivedData/Build/Products/Debug-watchos/PackageFrameworks -F /Users/builder/builds/o86TiJKT/2/finestructure/swiftpackageindex-builder/spi-builder-workspace/.derivedData/Build/Products/Debug-watchos/PackageFrameworks -F /Users/builder/builds/o86TiJKT/2/finestructure/swiftpackageindex-builder/spi-builder-workspace/.derivedData/Build/Products/Debug-watchos/PackageFrameworks -F /Users/builder/builds/o86TiJKT/2/finestructure/swiftpackageindex-builder/spi-builder-workspace/.derivedData/Build/Products/Debug-watchos/PackageFrameworks -F /Users/builder/builds/o86TiJKT/2/finestructure/swiftpackageindex-builder/spi-builder-workspace/.derivedData/Build/Products/Debug-watchos/PackageFrameworks -F /Users/builder/builds/o86TiJKT/2/finestructure/swiftpackageindex-builder/spi-builder-workspace/.derivedData/Build/Products/Debug-watchos -F /Applications/Xcode-15.0.0-Beta.app/Contents/Developer/Platforms/WatchOS.platform/Developer/Library/Frameworks -F /Applications/Xcode-15.0.0-Beta.app/Contents/Developer/Platforms/WatchOS.platform/Developer/SDKs/WatchOS10.0.sdk/Developer/Library/Frameworks -no-color-diagnostics -enable-testing -g -module-cache-path /Users/builder/builds/o86TiJKT/2/finestructure/swiftpackageindex-builder/spi-builder-workspace/.derivedData/ModuleCache.noindex -swift-version 5 -enforce-exclusivity\=checked -Onone -D SWIFT_PACKAGE -D DEBUG -D Xcode -serialize-debugging-options -const-gather-protocols-file /Users/builder/builds/o86TiJKT/2/finestructure/swiftpackageindex-builder/spi-builder-workspace/.derivedData/Build/Intermediates.noindex/ReRxSwift.build/Debug-watchos/ReRxSwiftTests.build/Objects-normal/arm64_32/ReRxSwiftTests_const_extract_protocols.json -empty-abi-descriptor -plugin-path /Applications/Xcode-15.0.0-Beta.app/Contents/Developer/Toolchains/XcodeDefault.xctoolchain/usr/lib/swift/host/plugins -plugin-path /Applications/Xcode-15.0.0-Beta.app/Contents/Developer/Toolchains/XcodeDefault.xctoolchain/usr/local/lib/swift/host/plugins -validate-clang-modules-once -clang-build-session-file /Users/builder/builds/o86TiJKT/2/finestructure/swiftpackageindex-builder/spi-builder-workspace/.derivedData/ModuleCache.noindex/Session.modulevalidation -Xcc -working-directory -Xcc /Users/builder/builds/o86TiJKT/2/finestructure/swiftpackageindex-builder/spi-builder-workspace -resource-dir /Applications/Xcode-15.0.0-Beta.app/Contents/Developer/Toolchains/XcodeDefault.xctoolchain/usr/lib/swift -enable-anonymous-context-mangled-names -Xcc -fmodule-map-file\=/Users/builder/builds/o86TiJKT/2/finestructure/swiftpackageindex-builder/spi-builder-workspace/.derivedData/Build/Intermediates.noindex/GeneratedModuleMaps-watchos/RxCocoaRuntime.modulemap -Xcc -fmodule-map-file\=/Users/builder/builds/o86TiJKT/2/finestructure/swiftpackageindex-builder/spi-builder-workspace/.derivedData/Build/Intermediates.noindex/GeneratedModuleMaps-watchos/QuickObjCRuntime.modulemap -Xcc -fmodule-map-file\=/Users/builder/builds/o86TiJKT/2/finestructure/swiftpackageindex-builder/spi-builder-workspace/.derivedData/Build/Intermediates.noindex/GeneratedModuleMaps-watchos/CwlCatchExceptionSupport.modulemap -Xcc -fmodule-map-file\=/Users/builder/builds/o86TiJKT/2/finestructure/swiftpackageindex-builder/spi-builder-workspace/.derivedData/Build/Intermediates.noindex/GeneratedModuleMaps-watchos/CwlMachBadInstructionHandler.modulemap -Xcc -ivfsstatcache -Xcc /Users/builder/builds/o86TiJKT/2/finestructure/swiftpackageindex-builder/spi-builder-workspace/.derivedData/SDKStatCaches.noindex/watchos10.0-21R5275s-8db995917c4b1d9e1a16e7199e9e13bb.sdkstatcache -Xcc -I/Users/builder/builds/o86TiJKT/2/finestructure/swiftpackageindex-builder/spi-builder-workspace/.dependencies/checkouts/RxSwift/Sources/RxCocoaRuntime/include -Xcc -I/Users/builder/builds/o86TiJKT/2/finestructure/swiftpackageindex-builder/spi-builder-workspace/.dependencies/checkouts/Quick/Sources/QuickObjCRuntime/include -Xcc -I/Users/builder/builds/o86TiJKT/2/finestructure/swiftpackageindex-builder/spi-builder-workspace/.dependencies/checkouts/CwlCatchException/Sources/CwlCatchExceptionSupport/include -Xcc -I/Users/builder/builds/o86TiJKT/2/finestructure/swiftpackageindex-builder/spi-builder-workspace/.dependencies/checkouts/CwlPreconditionTesting/Sources/CwlMachBadInstructionHandler/include -Xcc -I/Users/builder/builds/o86TiJKT/2/finestructure/swiftpackageindex-builder/spi-builder-workspace/.derivedData/Build/Products/Debug-watchos/include -Xcc -I/Users/builder/builds/o86TiJKT/2/finestructure/swiftpackageindex-builder/spi-builder-workspace/.derivedData/Build/Intermediates.noindex/ReRxSwift.build/Debug-watchos/ReRxSwiftTests.build/DerivedSources-normal/arm64_32 -Xcc -I/Users/builder/builds/o86TiJKT/2/finestructure/swiftpackageindex-builder/spi-builder-workspace/.derivedData/Build/Intermediates.noindex/ReRxSwift.build/Debug-watchos/ReRxSwiftTests.build/DerivedSources/arm64_32 -Xcc -I/Users/builder/builds/o86TiJKT/2/finestructure/swiftpackageindex-builder/spi-builder-workspace/.derivedData/Build/Intermediates.noindex/ReRxSwift.build/Debug-watchos/ReRxSwiftTests.build/DerivedSources -Xcc -DSWIFT_PACKAGE -Xcc -DDEBUG\=1 -module-name ReRxSwiftTests -frontend-parseable-output -disable-clang-spi -target-sdk-version 10.0 -target-sdk-name watchos10.0 -o /Users/builder/builds/o86TiJKT/2/finestructure/swiftpackageindex-builder/spi-builder-workspace/.derivedData/Build/Intermediates.noindex/ReRxSwift.build/Debug-watchos/ReRxSwiftTests.build/Objects-normal/arm64_32/TestState.o -index-unit-output-path /ReRxSwift.build/Debug-watchos/ReRxSwiftTests.build/Objects-normal/arm64_32/TestState.o -index-store-path /Users/builder/builds/o86TiJKT/2/finestructure/swiftpackageindex-builder/spi-builder-workspace/.derivedData/Index.noindex/DataStore -index-system-modules
SwiftCompile normal arm64_32 /Users/builder/builds/o86TiJKT/2/finestructure/swiftpackageindex-builder/spi-builder-workspace/ReRxSwiftTests/TestState.swift (in target 'ReRxSwiftTests' from project 'ReRxSwift')
    cd /Users/builder/builds/o86TiJKT/2/finestructure/swiftpackageindex-builder/spi-builder-workspace
    /Applications/Xcode-15.0.0-Beta.app/Contents/Developer/Toolchains/XcodeDefault.xctoolchain/usr/bin/swift-frontend -c /Users/builder/builds/o86TiJKT/2/finestructure/swiftpackageindex-builder/spi-builder-workspace/ReRxSwiftTests/ConnectableSpec.swift /Users/builder/builds/o86TiJKT/2/finestructure/swiftpackageindex-builder/spi-builder-workspace/ReRxSwiftTests/ConnectionSpec.swift /Users/builder/builds/o86TiJKT/2/finestructure/swiftpackageindex-builder/spi-builder-workspace/ReRxSwiftTests/TestActions.swift /Users/builder/builds/o86TiJKT/2/finestructure/swiftpackageindex-builder/spi-builder-workspace/ReRxSwiftTests/TestSectionModel.swift -primary-file /Users/builder/builds/o86TiJKT/2/finestructure/swiftpackageindex-builder/spi-builder-workspace/ReRxSwiftTests/TestState.swift -emit-dependencies-path /Users/builder/builds/o86TiJKT/2/finestructure/swiftpackageindex-builder/spi-builder-workspace/.derivedData/Build/Intermediates.noindex/ReRxSwift.build/Debug-watchos/ReRxSwiftTests.build/Objects-normal/arm64_32/TestState.d -emit-const-values-path /Users/builder/builds/o86TiJKT/2/finestructure/swiftpackageindex-builder/spi-builder-workspace/.derivedData/Build/Intermediates.noindex/ReRxSwift.build/Debug-watchos/ReRxSwiftTests.build/Objects-normal/arm64_32/TestState.swiftconstvalues -emit-reference-dependencies-path /Users/builder/builds/o86TiJKT/2/finestructure/swiftpackageindex-builder/spi-builder-workspace/.derivedData/Build/Intermediates.noindex/ReRxSwift.build/Debug-watchos/ReRxSwiftTests.build/Objects-normal/arm64_32/TestState.swiftdeps -serialize-diagnostics-path /Users/builder/builds/o86TiJKT/2/finestructure/swiftpackageindex-builder/spi-builder-workspace/.derivedData/Build/Intermediates.noindex/ReRxSwift.build/Debug-watchos/ReRxSwiftTests.build/Objects-normal/arm64_32/TestState.dia -target arm64_32-apple-watchos5.0 -enable-objc-interop -sdk /Applications/Xcode-15.0.0-Beta.app/Contents/Developer/Platforms/WatchOS.platform/Developer/SDKs/WatchOS10.0.sdk -I /Users/builder/builds/o86TiJKT/2/finestructure/swiftpackageindex-builder/spi-builder-workspace/.derivedData/Build/Products/Debug-watchos -I /Applications/Xcode-15.0.0-Beta.app/Contents/Developer/Platforms/WatchOS.platform/Developer/usr/lib -F /Users/builder/builds/o86TiJKT/2/finestructure/swiftpackageindex-builder/spi-builder-workspace/.derivedData/Build/Products/Debug-watchos/PackageFrameworks -F /Users/builder/builds/o86TiJKT/2/finestructure/swiftpackageindex-builder/spi-builder-workspace/.derivedData/Build/Products/Debug-watchos/PackageFrameworks -F /Users/builder/builds/o86TiJKT/2/finestructure/swiftpackageindex-builder/spi-builder-workspace/.derivedData/Build/Products/Debug-watchos/PackageFrameworks -F /Users/builder/builds/o86TiJKT/2/finestructure/swiftpackageindex-builder/spi-builder-workspace/.derivedData/Build/Products/Debug-watchos/PackageFrameworks -F /Users/builder/builds/o86TiJKT/2/finestructure/swiftpackageindex-builder/spi-builder-workspace/.derivedData/Build/Products/Debug-watchos/PackageFrameworks -F /Users/builder/builds/o86TiJKT/2/finestructure/swiftpackageindex-builder/spi-builder-workspace/.derivedData/Build/Products/Debug-watchos/PackageFrameworks -F /Users/builder/builds/o86TiJKT/2/finestructure/swiftpackageindex-builder/spi-builder-workspace/.derivedData/Build/Products/Debug-watchos/PackageFrameworks -F /Users/builder/builds/o86TiJKT/2/finestructure/swiftpackageindex-builder/spi-builder-workspace/.derivedData/Build/Products/Debug-watchos/PackageFrameworks -F /Users/builder/builds/o86TiJKT/2/finestructure/swiftpackageindex-builder/spi-builder-workspace/.derivedData/Build/Products/Debug-watchos/PackageFrameworks -F /Users/builder/builds/o86TiJKT/2/finestructure/swiftpackageindex-builder/spi-builder-workspace/.derivedData/Build/Products/Debug-watchos/PackageFrameworks -F /Users/builder/builds/o86TiJKT/2/finestructure/swiftpackageindex-builder/spi-builder-workspace/.derivedData/Build/Products/Debug-watchos/PackageFrameworks -F /Users/builder/builds/o86TiJKT/2/finestructure/swiftpackageindex-builder/spi-builder-workspace/.derivedData/Build/Products/Debug-watchos/PackageFrameworks -F /Users/builder/builds/o86TiJKT/2/finestructure/swiftpackageindex-builder/spi-builder-workspace/.derivedData/Build/Products/Debug-watchos/PackageFrameworks -F /Users/builder/builds/o86TiJKT/2/finestructure/swiftpackageindex-builder/spi-builder-workspace/.derivedData/Build/Products/Debug-watchos/PackageFrameworks -F /Users/builder/builds/o86TiJKT/2/finestructure/swiftpackageindex-builder/spi-builder-workspace/.derivedData/Build/Products/Debug-watchos/PackageFrameworks -F /Users/builder/builds/o86TiJKT/2/finestructure/swiftpackageindex-builder/spi-builder-workspace/.derivedData/Build/Products/Debug-watchos/PackageFrameworks -F /Users/builder/builds/o86TiJKT/2/finestructure/swiftpackageindex-builder/spi-builder-workspace/.derivedData/Build/Products/Debug-watchos -F /Applications/Xcode-15.0.0-Beta.app/Contents/Developer/Platforms/WatchOS.platform/Developer/Library/Frameworks -F /Applications/Xcode-15.0.0-Beta.app/Contents/Developer/Platforms/WatchOS.platform/Developer/SDKs/WatchOS10.0.sdk/Developer/Library/Frameworks -no-color-diagnostics -enable-testing -g -module-cache-path /Users/builder/builds/o86TiJKT/2/finestructure/swiftpackageindex-builder/spi-builder-workspace/.derivedData/ModuleCache.noindex -swift-version 5 -enforce-exclusivity\=checked -Onone -D SWIFT_PACKAGE -D DEBUG -D Xcode -serialize-debugging-options -const-gather-protocols-file /Users/builder/builds/o86TiJKT/2/finestructure/swiftpackageindex-builder/spi-builder-workspace/.derivedData/Build/Intermediates.noindex/ReRxSwift.build/Debug-watchos/ReRxSwiftTests.build/Objects-normal/arm64_32/ReRxSwiftTests_const_extract_protocols.json -empty-abi-descriptor -plugin-path /Applications/Xcode-15.0.0-Beta.app/Contents/Developer/Toolchains/XcodeDefault.xctoolchain/usr/lib/swift/host/plugins -plugin-path /Applications/Xcode-15.0.0-Beta.app/Contents/Developer/Toolchains/XcodeDefault.xctoolchain/usr/local/lib/swift/host/plugins -validate-clang-modules-once -clang-build-session-file /Users/builder/builds/o86TiJKT/2/finestructure/swiftpackageindex-builder/spi-builder-workspace/.derivedData/ModuleCache.noindex/Session.modulevalidation -Xcc -working-directory -Xcc /Users/builder/builds/o86TiJKT/2/finestructure/swiftpackageindex-builder/spi-builder-workspace -resource-dir /Applications/Xcode-15.0.0-Beta.app/Contents/Developer/Toolchains/XcodeDefault.xctoolchain/usr/lib/swift -enable-anonymous-context-mangled-names -Xcc -fmodule-map-file\=/Users/builder/builds/o86TiJKT/2/finestructure/swiftpackageindex-builder/spi-builder-workspace/.derivedData/Build/Intermediates.noindex/GeneratedModuleMaps-watchos/RxCocoaRuntime.modulemap -Xcc -fmodule-map-file\=/Users/builder/builds/o86TiJKT/2/finestructure/swiftpackageindex-builder/spi-builder-workspace/.derivedData/Build/Intermediates.noindex/GeneratedModuleMaps-watchos/QuickObjCRuntime.modulemap -Xcc -fmodule-map-file\=/Users/builder/builds/o86TiJKT/2/finestructure/swiftpackageindex-builder/spi-builder-workspace/.derivedData/Build/Intermediates.noindex/GeneratedModuleMaps-watchos/CwlCatchExceptionSupport.modulemap -Xcc -fmodule-map-file\=/Users/builder/builds/o86TiJKT/2/finestructure/swiftpackageindex-builder/spi-builder-workspace/.derivedData/Build/Intermediates.noindex/GeneratedModuleMaps-watchos/CwlMachBadInstructionHandler.modulemap -Xcc -ivfsstatcache -Xcc /Users/builder/builds/o86TiJKT/2/finestructure/swiftpackageindex-builder/spi-builder-workspace/.derivedData/SDKStatCaches.noindex/watchos10.0-21R5275s-8db995917c4b1d9e1a16e7199e9e13bb.sdkstatcache -Xcc -I/Users/builder/builds/o86TiJKT/2/finestructure/swiftpackageindex-builder/spi-builder-workspace/.dependencies/checkouts/RxSwift/Sources/RxCocoaRuntime/include -Xcc -I/Users/builder/builds/o86TiJKT/2/finestructure/swiftpackageindex-builder/spi-builder-workspace/.dependencies/checkouts/Quick/Sources/QuickObjCRuntime/include -Xcc -I/Users/builder/builds/o86TiJKT/2/finestructure/swiftpackageindex-builder/spi-builder-workspace/.dependencies/checkouts/CwlCatchException/Sources/CwlCatchExceptionSupport/include -Xcc -I/Users/builder/builds/o86TiJKT/2/finestructure/swiftpackageindex-builder/spi-builder-workspace/.dependencies/checkouts/CwlPreconditionTesting/Sources/CwlMachBadInstructionHandler/include -Xcc -I/Users/builder/builds/o86TiJKT/2/finestructure/swiftpackageindex-builder/spi-builder-workspace/.derivedData/Build/Products/Debug-watchos/include -Xcc -I/Users/builder/builds/o86TiJKT/2/finestructure/swiftpackageindex-builder/spi-builder-workspace/.derivedData/Build/Intermediates.noindex/ReRxSwift.build/Debug-watchos/ReRxSwiftTests.build/DerivedSources-normal/arm64_32 -Xcc -I/Users/builder/builds/o86TiJKT/2/finestructure/swiftpackageindex-builder/spi-builder-workspace/.derivedData/Build/Intermediates.noindex/ReRxSwift.build/Debug-watchos/ReRxSwiftTests.build/DerivedSources/arm64_32 -Xcc -I/Users/builder/builds/o86TiJKT/2/finestructure/swiftpackageindex-builder/spi-builder-workspace/.derivedData/Build/Intermediates.noindex/ReRxSwift.build/Debug-watchos/ReRxSwiftTests.build/DerivedSources -Xcc -DSWIFT_PACKAGE -Xcc -DDEBUG\=1 -module-name ReRxSwiftTests -frontend-parseable-output -disable-clang-spi -target-sdk-version 10.0 -target-sdk-name watchos10.0 -o /Users/builder/builds/o86TiJKT/2/finestructure/swiftpackageindex-builder/spi-builder-workspace/.derivedData/Build/Intermediates.noindex/ReRxSwift.build/Debug-watchos/ReRxSwiftTests.build/Objects-normal/arm64_32/TestState.o -index-unit-output-path /ReRxSwift.build/Debug-watchos/ReRxSwiftTests.build/Objects-normal/arm64_32/TestState.o -index-store-path /Users/builder/builds/o86TiJKT/2/finestructure/swiftpackageindex-builder/spi-builder-workspace/.derivedData/Index.noindex/DataStore -index-system-modules
** BUILD FAILED **


The following build commands failed:
	SwiftCompile normal arm64 Compiling\ ConnectionSpec.swift /Users/builder/builds/o86TiJKT/2/finestructure/swiftpackageindex-builder/spi-builder-workspace/ReRxSwiftTests/ConnectionSpec.swift (in target 'ReRxSwiftTests' from project 'ReRxSwift')
	SwiftCompile normal arm64 /Users/builder/builds/o86TiJKT/2/finestructure/swiftpackageindex-builder/spi-builder-workspace/ReRxSwiftTests/ConnectionSpec.swift (in target 'ReRxSwiftTests' from project 'ReRxSwift')
	SwiftCompile normal armv7k Compiling\ ConnectionSpec.swift /Users/builder/builds/o86TiJKT/2/finestructure/swiftpackageindex-builder/spi-builder-workspace/ReRxSwiftTests/ConnectionSpec.swift (in target 'ReRxSwiftTests' from project 'ReRxSwift')
	SwiftCompile normal armv7k /Users/builder/builds/o86TiJKT/2/finestructure/swiftpackageindex-builder/spi-builder-workspace/ReRxSwiftTests/ConnectionSpec.swift (in target 'ReRxSwiftTests' from project 'ReRxSwift')
(4 failures)
Retrying in 0 seconds ...
BUILD FAILURE 5.9 watchos

Build Machine: Mac 5