Build Information
Failed to build NiceComponents, reference main (6eb5f4), with Swift 6.4 for watchOS using Xcode 27.0 on 24 Sep 2026 04:36:54 UTC.
Build Command
env DEVELOPER_DIR=/Applications/Xcode-27.0.0-Release.Candidate.app xcrun xcodebuild -IDEClonedSourcePackagesDirPathOverride=$PWD/.dependencies -skipMacroValidation -skipPackagePluginValidation -derivedDataPath $PWD/.derivedData build -scheme NiceComponents-Package -destination generic/platform=watchOSBuild Log
SwiftDriver\ Compilation\ Requirements SwiftCompilerPlugin normal arm64 com.apple.xcode.tools.swift.compiler (in target 'SwiftCompilerPlugin' from project 'swift-syntax')
cd /Users/admin/builder/spi-builder-workspace/.swiftpm/xcode
builtin-Swift-Compilation-Requirements -- /Applications/Xcode-27.0.0-Release.Candidate.app/Contents/Developer/Toolchains/XcodeDefault.xctoolchain/usr/bin/swiftc -parse-as-library -module-name SwiftCompilerPlugin -Onone @/Users/admin/builder/spi-builder-workspace/.derivedData/Build/Intermediates.noindex/swift-syntax.build/Debug/SwiftCompilerPlugin-t.build/Objects-normal/arm64/SwiftCompilerPlugin.SwiftFileList -DSWIFT_PACKAGE -DDEBUG -DSWIFT_MODULE_RESOURCE_BUNDLE_UNAVAILABLE -DXcode -plugin-path /Applications/Xcode-27.0.0-Release.Candidate.app/Contents/Developer/Toolchains/XcodeDefault.xctoolchain/usr/lib/swift/host/plugins/testing -enable-experimental-feature DebugDescriptionMacro -sdk /Applications/Xcode-27.0.0-Release.Candidate.app/Contents/Developer/Platforms/MacOSX.platform/Developer/SDKs/MacOSX27.0.sdk -target arm64-apple-macos12.0 -g -module-cache-path /Users/admin/builder/spi-builder-workspace/.derivedData/ModuleCache.noindex -Xfrontend -serialize-debugging-options -enable-testing -suppress-warnings -index-store-path /Users/admin/builder/spi-builder-workspace/.derivedData/Index.noindex/DataStore -Xcc -D_LIBCPP_HARDENING_MODE\=_LIBCPP_HARDENING_MODE_DEBUG -swift-version 5 -I /Users/admin/builder/spi-builder-workspace/.derivedData/Build/Products/Debug -Isystem /Applications/Xcode-27.0.0-Release.Candidate.app/Contents/Developer/Platforms/MacOSX.platform/Developer/usr/lib -F /Users/admin/builder/spi-builder-workspace/.derivedData/Build/Products/Debug/PackageFrameworks -F /Users/admin/builder/spi-builder-workspace/.derivedData/Build/Products/Debug -F /Applications/Xcode-27.0.0-Release.Candidate.app/Contents/Developer/Platforms/MacOSX.platform/Developer/Library/Frameworks -c -j10 -enable-batch-mode -incremental -Xcc -ivfsstatcache -Xcc /Users/admin/builder/spi-builder-workspace/.derivedData/SDKStatCaches.noindex/macosx27.0-26A425-e829b21a6f8c9b70876ba0858053c0446a22442a12e9d48fe1a705f55a1adfc4.sdkstatcache -output-file-map /Users/admin/builder/spi-builder-workspace/.derivedData/Build/Intermediates.noindex/swift-syntax.build/Debug/SwiftCompilerPlugin-t.build/Objects-normal/arm64/SwiftCompilerPlugin-OutputFileMap.json -save-temps -no-color-diagnostics -explicit-module-build -module-cache-path /Users/admin/builder/spi-builder-workspace/.derivedData/Build/Intermediates.noindex/SwiftExplicitPrecompiledModules -clang-scanner-module-cache-path /Users/admin/builder/spi-builder-workspace/.derivedData/ModuleCache.noindex -sdk-module-cache-path /Users/admin/builder/spi-builder-workspace/.derivedData/SDKExplicitPrecompiledModules -emit-dependencies -emit-module -emit-module-path /Users/admin/builder/spi-builder-workspace/.derivedData/Build/Intermediates.noindex/swift-syntax.build/Debug/SwiftCompilerPlugin-t.build/Objects-normal/arm64/SwiftCompilerPlugin.swiftmodule -serialize-diagnostics -dependency-scan-serialize-diagnostics-path /Users/admin/builder/spi-builder-workspace/.derivedData/Build/Intermediates.noindex/swift-syntax.build/Debug/SwiftCompilerPlugin-t.build/Objects-normal/arm64/SwiftCompilerPlugin-dependency-scan.dia -validate-clang-modules-once -clang-build-session-file /Users/admin/builder/spi-builder-workspace/.derivedData/ModuleCache.noindex/Session.modulevalidation -Xcc -fmodules-prune-interval\=86400 -Xcc -fmodules-prune-after\=345600 -emit-const-values -const-gather-protocols-list /Users/admin/builder/spi-builder-workspace/.derivedData/Build/Intermediates.noindex/swift-syntax.build/Debug/SwiftCompilerPlugin-t.build/Objects-normal/arm64/SwiftCompilerPlugin_const_extract_protocols.json -Xcc -I/Users/admin/builder/spi-builder-workspace/.derivedData/Build/Products/Debug/include -Xcc -I/Users/admin/builder/spi-builder-workspace/.derivedData/Build/Intermediates.noindex/swift-syntax.build/Debug/SwiftCompilerPlugin-t.build/DerivedSources-normal/arm64 -Xcc -I/Users/admin/builder/spi-builder-workspace/.derivedData/Build/Intermediates.noindex/swift-syntax.build/Debug/SwiftCompilerPlugin-t.build/DerivedSources/arm64 -Xcc -I/Users/admin/builder/spi-builder-workspace/.derivedData/Build/Intermediates.noindex/swift-syntax.build/Debug/SwiftCompilerPlugin-t.build/DerivedSources -Xcc -DSWIFT_PACKAGE -Xcc -DDEBUG\=1 -emit-objc-header -emit-objc-header-path /Users/admin/builder/spi-builder-workspace/.derivedData/Build/Intermediates.noindex/swift-syntax.build/Debug/SwiftCompilerPlugin-t.build/Objects-normal/arm64/SwiftCompilerPlugin-Swift.h -working-directory /Users/admin/builder/spi-builder-workspace/.swiftpm/xcode -experimental-emit-module-separately -disable-cmo
Copy /Users/admin/builder/spi-builder-workspace/.derivedData/Build/Products/Debug/SwiftCompilerPlugin.swiftmodule/x86_64-apple-macos.abi.json /Users/admin/builder/spi-builder-workspace/.derivedData/Build/Intermediates.noindex/swift-syntax.build/Debug/SwiftCompilerPlugin-t.build/Objects-normal/x86_64/SwiftCompilerPlugin.abi.json (in target 'SwiftCompilerPlugin' from project 'swift-syntax')
cd /Users/admin/builder/spi-builder-workspace/.dependencies/checkouts/swift-syntax
builtin-copy -exclude .DS_Store -exclude CVS -exclude .svn -exclude .git -exclude .hg -resolve-src-symlinks -rename /Users/admin/builder/spi-builder-workspace/.derivedData/Build/Intermediates.noindex/swift-syntax.build/Debug/SwiftCompilerPlugin-t.build/Objects-normal/x86_64/SwiftCompilerPlugin.abi.json /Users/admin/builder/spi-builder-workspace/.derivedData/Build/Products/Debug/SwiftCompilerPlugin.swiftmodule/x86_64-apple-macos.abi.json
Copy /Users/admin/builder/spi-builder-workspace/.derivedData/Build/Products/Debug/SwiftCompilerPlugin.swiftmodule/x86_64-apple-macos.swiftdoc /Users/admin/builder/spi-builder-workspace/.derivedData/Build/Intermediates.noindex/swift-syntax.build/Debug/SwiftCompilerPlugin-t.build/Objects-normal/x86_64/SwiftCompilerPlugin.swiftdoc (in target 'SwiftCompilerPlugin' from project 'swift-syntax')
cd /Users/admin/builder/spi-builder-workspace/.dependencies/checkouts/swift-syntax
builtin-copy -exclude .DS_Store -exclude CVS -exclude .svn -exclude .git -exclude .hg -resolve-src-symlinks -rename /Users/admin/builder/spi-builder-workspace/.derivedData/Build/Intermediates.noindex/swift-syntax.build/Debug/SwiftCompilerPlugin-t.build/Objects-normal/x86_64/SwiftCompilerPlugin.swiftdoc /Users/admin/builder/spi-builder-workspace/.derivedData/Build/Products/Debug/SwiftCompilerPlugin.swiftmodule/x86_64-apple-macos.swiftdoc
Copy /Users/admin/builder/spi-builder-workspace/.derivedData/Build/Products/Debug/SwiftCompilerPlugin.swiftmodule/x86_64-apple-macos.swiftmodule /Users/admin/builder/spi-builder-workspace/.derivedData/Build/Intermediates.noindex/swift-syntax.build/Debug/SwiftCompilerPlugin-t.build/Objects-normal/x86_64/SwiftCompilerPlugin.swiftmodule (in target 'SwiftCompilerPlugin' from project 'swift-syntax')
cd /Users/admin/builder/spi-builder-workspace/.dependencies/checkouts/swift-syntax
builtin-copy -exclude .DS_Store -exclude CVS -exclude .svn -exclude .git -exclude .hg -resolve-src-symlinks -rename /Users/admin/builder/spi-builder-workspace/.derivedData/Build/Intermediates.noindex/swift-syntax.build/Debug/SwiftCompilerPlugin-t.build/Objects-normal/x86_64/SwiftCompilerPlugin.swiftmodule /Users/admin/builder/spi-builder-workspace/.derivedData/Build/Products/Debug/SwiftCompilerPlugin.swiftmodule/x86_64-apple-macos.swiftmodule
Copy /Users/admin/builder/spi-builder-workspace/.derivedData/Build/Products/Debug/SwiftCompilerPlugin.swiftmodule/Project/x86_64-apple-macos.swiftsourceinfo /Users/admin/builder/spi-builder-workspace/.derivedData/Build/Intermediates.noindex/swift-syntax.build/Debug/SwiftCompilerPlugin-t.build/Objects-normal/x86_64/SwiftCompilerPlugin.swiftsourceinfo (in target 'SwiftCompilerPlugin' from project 'swift-syntax')
cd /Users/admin/builder/spi-builder-workspace/.dependencies/checkouts/swift-syntax
builtin-copy -exclude .DS_Store -exclude CVS -exclude .svn -exclude .git -exclude .hg -resolve-src-symlinks -rename /Users/admin/builder/spi-builder-workspace/.derivedData/Build/Intermediates.noindex/swift-syntax.build/Debug/SwiftCompilerPlugin-t.build/Objects-normal/x86_64/SwiftCompilerPlugin.swiftsourceinfo /Users/admin/builder/spi-builder-workspace/.derivedData/Build/Products/Debug/SwiftCompilerPlugin.swiftmodule/Project/x86_64-apple-macos.swiftsourceinfo
SwiftMergeGeneratedHeaders /Users/admin/builder/spi-builder-workspace/.derivedData/Build/Intermediates.noindex/GeneratedModuleMaps/SwiftCompilerPlugin-Swift.h /Users/admin/builder/spi-builder-workspace/.derivedData/Build/Intermediates.noindex/swift-syntax.build/Debug/SwiftCompilerPlugin-t.build/Objects-normal/arm64/SwiftCompilerPlugin-Swift.h /Users/admin/builder/spi-builder-workspace/.derivedData/Build/Intermediates.noindex/swift-syntax.build/Debug/SwiftCompilerPlugin-t.build/Objects-normal/x86_64/SwiftCompilerPlugin-Swift.h (in target 'SwiftCompilerPlugin' from project 'swift-syntax')
cd /Users/admin/builder/spi-builder-workspace/.dependencies/checkouts/swift-syntax
builtin-swiftHeaderTool -arch arm64 /Users/admin/builder/spi-builder-workspace/.derivedData/Build/Intermediates.noindex/swift-syntax.build/Debug/SwiftCompilerPlugin-t.build/Objects-normal/arm64/SwiftCompilerPlugin-Swift.h -arch x86_64 /Users/admin/builder/spi-builder-workspace/.derivedData/Build/Intermediates.noindex/swift-syntax.build/Debug/SwiftCompilerPlugin-t.build/Objects-normal/x86_64/SwiftCompilerPlugin-Swift.h -o /Users/admin/builder/spi-builder-workspace/.derivedData/Build/Intermediates.noindex/GeneratedModuleMaps/SwiftCompilerPlugin-Swift.h
Copy /Users/admin/builder/spi-builder-workspace/.derivedData/Build/Products/Debug/SwiftCompilerPlugin.swiftmodule/arm64-apple-macos.swiftmodule /Users/admin/builder/spi-builder-workspace/.derivedData/Build/Intermediates.noindex/swift-syntax.build/Debug/SwiftCompilerPlugin-t.build/Objects-normal/arm64/SwiftCompilerPlugin.swiftmodule (in target 'SwiftCompilerPlugin' from project 'swift-syntax')
cd /Users/admin/builder/spi-builder-workspace/.dependencies/checkouts/swift-syntax
builtin-copy -exclude .DS_Store -exclude CVS -exclude .svn -exclude .git -exclude .hg -resolve-src-symlinks -rename /Users/admin/builder/spi-builder-workspace/.derivedData/Build/Intermediates.noindex/swift-syntax.build/Debug/SwiftCompilerPlugin-t.build/Objects-normal/arm64/SwiftCompilerPlugin.swiftmodule /Users/admin/builder/spi-builder-workspace/.derivedData/Build/Products/Debug/SwiftCompilerPlugin.swiftmodule/arm64-apple-macos.swiftmodule
Copy /Users/admin/builder/spi-builder-workspace/.derivedData/Build/Products/Debug/SwiftCompilerPlugin.swiftmodule/arm64-apple-macos.swiftdoc /Users/admin/builder/spi-builder-workspace/.derivedData/Build/Intermediates.noindex/swift-syntax.build/Debug/SwiftCompilerPlugin-t.build/Objects-normal/arm64/SwiftCompilerPlugin.swiftdoc (in target 'SwiftCompilerPlugin' from project 'swift-syntax')
cd /Users/admin/builder/spi-builder-workspace/.dependencies/checkouts/swift-syntax
builtin-copy -exclude .DS_Store -exclude CVS -exclude .svn -exclude .git -exclude .hg -resolve-src-symlinks -rename /Users/admin/builder/spi-builder-workspace/.derivedData/Build/Intermediates.noindex/swift-syntax.build/Debug/SwiftCompilerPlugin-t.build/Objects-normal/arm64/SwiftCompilerPlugin.swiftdoc /Users/admin/builder/spi-builder-workspace/.derivedData/Build/Products/Debug/SwiftCompilerPlugin.swiftmodule/arm64-apple-macos.swiftdoc
Copy /Users/admin/builder/spi-builder-workspace/.derivedData/Build/Products/Debug/SwiftCompilerPlugin.swiftmodule/arm64-apple-macos.abi.json /Users/admin/builder/spi-builder-workspace/.derivedData/Build/Intermediates.noindex/swift-syntax.build/Debug/SwiftCompilerPlugin-t.build/Objects-normal/arm64/SwiftCompilerPlugin.abi.json (in target 'SwiftCompilerPlugin' from project 'swift-syntax')
cd /Users/admin/builder/spi-builder-workspace/.dependencies/checkouts/swift-syntax
builtin-copy -exclude .DS_Store -exclude CVS -exclude .svn -exclude .git -exclude .hg -resolve-src-symlinks -rename /Users/admin/builder/spi-builder-workspace/.derivedData/Build/Intermediates.noindex/swift-syntax.build/Debug/SwiftCompilerPlugin-t.build/Objects-normal/arm64/SwiftCompilerPlugin.abi.json /Users/admin/builder/spi-builder-workspace/.derivedData/Build/Products/Debug/SwiftCompilerPlugin.swiftmodule/arm64-apple-macos.abi.json
Copy /Users/admin/builder/spi-builder-workspace/.derivedData/Build/Products/Debug/SwiftCompilerPlugin.swiftmodule/Project/arm64-apple-macos.swiftsourceinfo /Users/admin/builder/spi-builder-workspace/.derivedData/Build/Intermediates.noindex/swift-syntax.build/Debug/SwiftCompilerPlugin-t.build/Objects-normal/arm64/SwiftCompilerPlugin.swiftsourceinfo (in target 'SwiftCompilerPlugin' from project 'swift-syntax')
cd /Users/admin/builder/spi-builder-workspace/.dependencies/checkouts/swift-syntax
builtin-copy -exclude .DS_Store -exclude CVS -exclude .svn -exclude .git -exclude .hg -resolve-src-symlinks -rename /Users/admin/builder/spi-builder-workspace/.derivedData/Build/Intermediates.noindex/swift-syntax.build/Debug/SwiftCompilerPlugin-t.build/Objects-normal/arm64/SwiftCompilerPlugin.swiftsourceinfo /Users/admin/builder/spi-builder-workspace/.derivedData/Build/Products/Debug/SwiftCompilerPlugin.swiftmodule/Project/arm64-apple-macos.swiftsourceinfo
SwiftDriverJobDiscovery normal x86_64 Compiling CompilerPlugin.swift (in target 'SwiftCompilerPlugin' from project 'swift-syntax')
SwiftDriver\ Compilation SwiftCompilerPlugin normal x86_64 com.apple.xcode.tools.swift.compiler (in target 'SwiftCompilerPlugin' from project 'swift-syntax')
cd /Users/admin/builder/spi-builder-workspace/.swiftpm/xcode
builtin-Swift-Compilation -- /Applications/Xcode-27.0.0-Release.Candidate.app/Contents/Developer/Toolchains/XcodeDefault.xctoolchain/usr/bin/swiftc -parse-as-library -module-name SwiftCompilerPlugin -Onone @/Users/admin/builder/spi-builder-workspace/.derivedData/Build/Intermediates.noindex/swift-syntax.build/Debug/SwiftCompilerPlugin-t.build/Objects-normal/x86_64/SwiftCompilerPlugin.SwiftFileList -DSWIFT_PACKAGE -DDEBUG -DSWIFT_MODULE_RESOURCE_BUNDLE_UNAVAILABLE -DXcode -plugin-path /Applications/Xcode-27.0.0-Release.Candidate.app/Contents/Developer/Toolchains/XcodeDefault.xctoolchain/usr/lib/swift/host/plugins/testing -enable-experimental-feature DebugDescriptionMacro -sdk /Applications/Xcode-27.0.0-Release.Candidate.app/Contents/Developer/Platforms/MacOSX.platform/Developer/SDKs/MacOSX27.0.sdk -target x86_64-apple-macos12.0 -g -module-cache-path /Users/admin/builder/spi-builder-workspace/.derivedData/ModuleCache.noindex -Xfrontend -serialize-debugging-options -enable-testing -suppress-warnings -index-store-path /Users/admin/builder/spi-builder-workspace/.derivedData/Index.noindex/DataStore -Xcc -D_LIBCPP_HARDENING_MODE\=_LIBCPP_HARDENING_MODE_DEBUG -swift-version 5 -I /Users/admin/builder/spi-builder-workspace/.derivedData/Build/Products/Debug -Isystem /Applications/Xcode-27.0.0-Release.Candidate.app/Contents/Developer/Platforms/MacOSX.platform/Developer/usr/lib -F /Users/admin/builder/spi-builder-workspace/.derivedData/Build/Products/Debug/PackageFrameworks -F /Users/admin/builder/spi-builder-workspace/.derivedData/Build/Products/Debug -F /Applications/Xcode-27.0.0-Release.Candidate.app/Contents/Developer/Platforms/MacOSX.platform/Developer/Library/Frameworks -c -j10 -enable-batch-mode -incremental -Xcc -ivfsstatcache -Xcc /Users/admin/builder/spi-builder-workspace/.derivedData/SDKStatCaches.noindex/macosx27.0-26A425-e829b21a6f8c9b70876ba0858053c0446a22442a12e9d48fe1a705f55a1adfc4.sdkstatcache -output-file-map /Users/admin/builder/spi-builder-workspace/.derivedData/Build/Intermediates.noindex/swift-syntax.build/Debug/SwiftCompilerPlugin-t.build/Objects-normal/x86_64/SwiftCompilerPlugin-OutputFileMap.json -save-temps -no-color-diagnostics -explicit-module-build -module-cache-path /Users/admin/builder/spi-builder-workspace/.derivedData/Build/Intermediates.noindex/SwiftExplicitPrecompiledModules -clang-scanner-module-cache-path /Users/admin/builder/spi-builder-workspace/.derivedData/ModuleCache.noindex -sdk-module-cache-path /Users/admin/builder/spi-builder-workspace/.derivedData/SDKExplicitPrecompiledModules -emit-dependencies -emit-module -emit-module-path /Users/admin/builder/spi-builder-workspace/.derivedData/Build/Intermediates.noindex/swift-syntax.build/Debug/SwiftCompilerPlugin-t.build/Objects-normal/x86_64/SwiftCompilerPlugin.swiftmodule -serialize-diagnostics -dependency-scan-serialize-diagnostics-path /Users/admin/builder/spi-builder-workspace/.derivedData/Build/Intermediates.noindex/swift-syntax.build/Debug/SwiftCompilerPlugin-t.build/Objects-normal/x86_64/SwiftCompilerPlugin-dependency-scan.dia -validate-clang-modules-once -clang-build-session-file /Users/admin/builder/spi-builder-workspace/.derivedData/ModuleCache.noindex/Session.modulevalidation -Xcc -fmodules-prune-interval\=86400 -Xcc -fmodules-prune-after\=345600 -emit-const-values -const-gather-protocols-list /Users/admin/builder/spi-builder-workspace/.derivedData/Build/Intermediates.noindex/swift-syntax.build/Debug/SwiftCompilerPlugin-t.build/Objects-normal/x86_64/SwiftCompilerPlugin_const_extract_protocols.json -Xcc -I/Users/admin/builder/spi-builder-workspace/.derivedData/Build/Products/Debug/include -Xcc -I/Users/admin/builder/spi-builder-workspace/.derivedData/Build/Intermediates.noindex/swift-syntax.build/Debug/SwiftCompilerPlugin-t.build/DerivedSources-normal/x86_64 -Xcc -I/Users/admin/builder/spi-builder-workspace/.derivedData/Build/Intermediates.noindex/swift-syntax.build/Debug/SwiftCompilerPlugin-t.build/DerivedSources/x86_64 -Xcc -I/Users/admin/builder/spi-builder-workspace/.derivedData/Build/Intermediates.noindex/swift-syntax.build/Debug/SwiftCompilerPlugin-t.build/DerivedSources -Xcc -DSWIFT_PACKAGE -Xcc -DDEBUG\=1 -emit-objc-header -emit-objc-header-path /Users/admin/builder/spi-builder-workspace/.derivedData/Build/Intermediates.noindex/swift-syntax.build/Debug/SwiftCompilerPlugin-t.build/Objects-normal/x86_64/SwiftCompilerPlugin-Swift.h -working-directory /Users/admin/builder/spi-builder-workspace/.swiftpm/xcode -experimental-emit-module-separately -disable-cmo
SwiftDriverJobDiscovery normal arm64 Compiling CompilerPlugin.swift (in target 'SwiftCompilerPlugin' from project 'swift-syntax')
SwiftDriver\ Compilation SwiftCompilerPlugin normal arm64 com.apple.xcode.tools.swift.compiler (in target 'SwiftCompilerPlugin' from project 'swift-syntax')
cd /Users/admin/builder/spi-builder-workspace/.swiftpm/xcode
builtin-Swift-Compilation -- /Applications/Xcode-27.0.0-Release.Candidate.app/Contents/Developer/Toolchains/XcodeDefault.xctoolchain/usr/bin/swiftc -parse-as-library -module-name SwiftCompilerPlugin -Onone @/Users/admin/builder/spi-builder-workspace/.derivedData/Build/Intermediates.noindex/swift-syntax.build/Debug/SwiftCompilerPlugin-t.build/Objects-normal/arm64/SwiftCompilerPlugin.SwiftFileList -DSWIFT_PACKAGE -DDEBUG -DSWIFT_MODULE_RESOURCE_BUNDLE_UNAVAILABLE -DXcode -plugin-path /Applications/Xcode-27.0.0-Release.Candidate.app/Contents/Developer/Toolchains/XcodeDefault.xctoolchain/usr/lib/swift/host/plugins/testing -enable-experimental-feature DebugDescriptionMacro -sdk /Applications/Xcode-27.0.0-Release.Candidate.app/Contents/Developer/Platforms/MacOSX.platform/Developer/SDKs/MacOSX27.0.sdk -target arm64-apple-macos12.0 -g -module-cache-path /Users/admin/builder/spi-builder-workspace/.derivedData/ModuleCache.noindex -Xfrontend -serialize-debugging-options -enable-testing -suppress-warnings -index-store-path /Users/admin/builder/spi-builder-workspace/.derivedData/Index.noindex/DataStore -Xcc -D_LIBCPP_HARDENING_MODE\=_LIBCPP_HARDENING_MODE_DEBUG -swift-version 5 -I /Users/admin/builder/spi-builder-workspace/.derivedData/Build/Products/Debug -Isystem /Applications/Xcode-27.0.0-Release.Candidate.app/Contents/Developer/Platforms/MacOSX.platform/Developer/usr/lib -F /Users/admin/builder/spi-builder-workspace/.derivedData/Build/Products/Debug/PackageFrameworks -F /Users/admin/builder/spi-builder-workspace/.derivedData/Build/Products/Debug -F /Applications/Xcode-27.0.0-Release.Candidate.app/Contents/Developer/Platforms/MacOSX.platform/Developer/Library/Frameworks -c -j10 -enable-batch-mode -incremental -Xcc -ivfsstatcache -Xcc /Users/admin/builder/spi-builder-workspace/.derivedData/SDKStatCaches.noindex/macosx27.0-26A425-e829b21a6f8c9b70876ba0858053c0446a22442a12e9d48fe1a705f55a1adfc4.sdkstatcache -output-file-map /Users/admin/builder/spi-builder-workspace/.derivedData/Build/Intermediates.noindex/swift-syntax.build/Debug/SwiftCompilerPlugin-t.build/Objects-normal/arm64/SwiftCompilerPlugin-OutputFileMap.json -save-temps -no-color-diagnostics -explicit-module-build -module-cache-path /Users/admin/builder/spi-builder-workspace/.derivedData/Build/Intermediates.noindex/SwiftExplicitPrecompiledModules -clang-scanner-module-cache-path /Users/admin/builder/spi-builder-workspace/.derivedData/ModuleCache.noindex -sdk-module-cache-path /Users/admin/builder/spi-builder-workspace/.derivedData/SDKExplicitPrecompiledModules -emit-dependencies -emit-module -emit-module-path /Users/admin/builder/spi-builder-workspace/.derivedData/Build/Intermediates.noindex/swift-syntax.build/Debug/SwiftCompilerPlugin-t.build/Objects-normal/arm64/SwiftCompilerPlugin.swiftmodule -serialize-diagnostics -dependency-scan-serialize-diagnostics-path /Users/admin/builder/spi-builder-workspace/.derivedData/Build/Intermediates.noindex/swift-syntax.build/Debug/SwiftCompilerPlugin-t.build/Objects-normal/arm64/SwiftCompilerPlugin-dependency-scan.dia -validate-clang-modules-once -clang-build-session-file /Users/admin/builder/spi-builder-workspace/.derivedData/ModuleCache.noindex/Session.modulevalidation -Xcc -fmodules-prune-interval\=86400 -Xcc -fmodules-prune-after\=345600 -emit-const-values -const-gather-protocols-list /Users/admin/builder/spi-builder-workspace/.derivedData/Build/Intermediates.noindex/swift-syntax.build/Debug/SwiftCompilerPlugin-t.build/Objects-normal/arm64/SwiftCompilerPlugin_const_extract_protocols.json -Xcc -I/Users/admin/builder/spi-builder-workspace/.derivedData/Build/Products/Debug/include -Xcc -I/Users/admin/builder/spi-builder-workspace/.derivedData/Build/Intermediates.noindex/swift-syntax.build/Debug/SwiftCompilerPlugin-t.build/DerivedSources-normal/arm64 -Xcc -I/Users/admin/builder/spi-builder-workspace/.derivedData/Build/Intermediates.noindex/swift-syntax.build/Debug/SwiftCompilerPlugin-t.build/DerivedSources/arm64 -Xcc -I/Users/admin/builder/spi-builder-workspace/.derivedData/Build/Intermediates.noindex/swift-syntax.build/Debug/SwiftCompilerPlugin-t.build/DerivedSources -Xcc -DSWIFT_PACKAGE -Xcc -DDEBUG\=1 -emit-objc-header -emit-objc-header-path /Users/admin/builder/spi-builder-workspace/.derivedData/Build/Intermediates.noindex/swift-syntax.build/Debug/SwiftCompilerPlugin-t.build/Objects-normal/arm64/SwiftCompilerPlugin-Swift.h -working-directory /Users/admin/builder/spi-builder-workspace/.swiftpm/xcode -experimental-emit-module-separately -disable-cmo
Ld /Users/admin/builder/spi-builder-workspace/.derivedData/Build/Intermediates.noindex/swift-syntax.build/Debug/SwiftCompilerPlugin-t.build/Objects-normal/x86_64/Binary/SwiftCompilerPlugin.o normal x86_64 (in target 'SwiftCompilerPlugin' from project 'swift-syntax')
cd /Users/admin/builder/spi-builder-workspace/.dependencies/checkouts/swift-syntax
/Applications/Xcode-27.0.0-Release.Candidate.app/Contents/Developer/Toolchains/XcodeDefault.xctoolchain/usr/bin/clang -Xlinker -reproducible -target x86_64-apple-macos12.0 -r -isysroot /Applications/Xcode-27.0.0-Release.Candidate.app/Contents/Developer/Platforms/MacOSX.platform/Developer/SDKs/MacOSX27.0.sdk -O0 -w -Xlinker -no_warn_duplicate_libraries -F/Users/admin/builder/spi-builder-workspace/.derivedData/Build/Intermediates.noindex/EagerLinkingTBDs/Debug -F/Users/admin/builder/spi-builder-workspace/.derivedData/Build/Products/Debug/PackageFrameworks -F/Users/admin/builder/spi-builder-workspace/.derivedData/Build/Products/Debug -iframework /Applications/Xcode-27.0.0-Release.Candidate.app/Contents/Developer/Platforms/MacOSX.platform/Developer/Library/Frameworks -filelist /Users/admin/builder/spi-builder-workspace/.derivedData/Build/Intermediates.noindex/swift-syntax.build/Debug/SwiftCompilerPlugin-t.build/Objects-normal/x86_64/SwiftCompilerPlugin.LinkFileList -nostdlib -Xlinker -object_path_lto -Xlinker /Users/admin/builder/spi-builder-workspace/.derivedData/Build/Intermediates.noindex/swift-syntax.build/Debug/SwiftCompilerPlugin-t.build/Objects-normal/x86_64/SwiftCompilerPlugin_lto.o -Xlinker -no_deduplicate -Xlinker -dependency_info -Xlinker /Users/admin/builder/spi-builder-workspace/.derivedData/Build/Intermediates.noindex/swift-syntax.build/Debug/SwiftCompilerPlugin-t.build/Objects-normal/x86_64/SwiftCompilerPlugin_dependency_info.dat -fobjc-link-runtime -L/Applications/Xcode-27.0.0-Release.Candidate.app/Contents/Developer/Toolchains/XcodeDefault.xctoolchain/usr/lib/swift/macosx -L/usr/lib/swift -Xlinker -add_ast_path -Xlinker /Users/admin/builder/spi-builder-workspace/.derivedData/Build/Intermediates.noindex/swift-syntax.build/Debug/SwiftCompilerPlugin-t.build/Objects-normal/x86_64/SwiftCompilerPlugin.swiftmodule -o /Users/admin/builder/spi-builder-workspace/.derivedData/Build/Intermediates.noindex/swift-syntax.build/Debug/SwiftCompilerPlugin-t.build/Objects-normal/x86_64/Binary/SwiftCompilerPlugin.o
Ld /Users/admin/builder/spi-builder-workspace/.derivedData/Build/Intermediates.noindex/swift-syntax.build/Debug/SwiftCompilerPlugin-t.build/Objects-normal/arm64/Binary/SwiftCompilerPlugin.o normal arm64 (in target 'SwiftCompilerPlugin' from project 'swift-syntax')
cd /Users/admin/builder/spi-builder-workspace/.dependencies/checkouts/swift-syntax
/Applications/Xcode-27.0.0-Release.Candidate.app/Contents/Developer/Toolchains/XcodeDefault.xctoolchain/usr/bin/clang -Xlinker -reproducible -target arm64-apple-macos12.0 -r -isysroot /Applications/Xcode-27.0.0-Release.Candidate.app/Contents/Developer/Platforms/MacOSX.platform/Developer/SDKs/MacOSX27.0.sdk -O0 -w -Xlinker -no_warn_duplicate_libraries -F/Users/admin/builder/spi-builder-workspace/.derivedData/Build/Intermediates.noindex/EagerLinkingTBDs/Debug -F/Users/admin/builder/spi-builder-workspace/.derivedData/Build/Products/Debug/PackageFrameworks -F/Users/admin/builder/spi-builder-workspace/.derivedData/Build/Products/Debug -iframework /Applications/Xcode-27.0.0-Release.Candidate.app/Contents/Developer/Platforms/MacOSX.platform/Developer/Library/Frameworks -filelist /Users/admin/builder/spi-builder-workspace/.derivedData/Build/Intermediates.noindex/swift-syntax.build/Debug/SwiftCompilerPlugin-t.build/Objects-normal/arm64/SwiftCompilerPlugin.LinkFileList -nostdlib -Xlinker -object_path_lto -Xlinker /Users/admin/builder/spi-builder-workspace/.derivedData/Build/Intermediates.noindex/swift-syntax.build/Debug/SwiftCompilerPlugin-t.build/Objects-normal/arm64/SwiftCompilerPlugin_lto.o -Xlinker -no_deduplicate -Xlinker -dependency_info -Xlinker /Users/admin/builder/spi-builder-workspace/.derivedData/Build/Intermediates.noindex/swift-syntax.build/Debug/SwiftCompilerPlugin-t.build/Objects-normal/arm64/SwiftCompilerPlugin_dependency_info.dat -fobjc-link-runtime -L/Applications/Xcode-27.0.0-Release.Candidate.app/Contents/Developer/Toolchains/XcodeDefault.xctoolchain/usr/lib/swift/macosx -L/usr/lib/swift -Xlinker -add_ast_path -Xlinker /Users/admin/builder/spi-builder-workspace/.derivedData/Build/Intermediates.noindex/swift-syntax.build/Debug/SwiftCompilerPlugin-t.build/Objects-normal/arm64/SwiftCompilerPlugin.swiftmodule -o /Users/admin/builder/spi-builder-workspace/.derivedData/Build/Intermediates.noindex/swift-syntax.build/Debug/SwiftCompilerPlugin-t.build/Objects-normal/arm64/Binary/SwiftCompilerPlugin.o
CreateUniversalBinary /Users/admin/builder/spi-builder-workspace/.derivedData/Build/Products/Debug/SwiftCompilerPlugin.o normal arm64\ x86_64 (in target 'SwiftCompilerPlugin' from project 'swift-syntax')
cd /Users/admin/builder/spi-builder-workspace/.dependencies/checkouts/swift-syntax
/Applications/Xcode-27.0.0-Release.Candidate.app/Contents/Developer/Toolchains/XcodeDefault.xctoolchain/usr/bin/lipo -create /Users/admin/builder/spi-builder-workspace/.derivedData/Build/Intermediates.noindex/swift-syntax.build/Debug/SwiftCompilerPlugin-t.build/Objects-normal/arm64/Binary/SwiftCompilerPlugin.o /Users/admin/builder/spi-builder-workspace/.derivedData/Build/Intermediates.noindex/swift-syntax.build/Debug/SwiftCompilerPlugin-t.build/Objects-normal/x86_64/Binary/SwiftCompilerPlugin.o -output /Users/admin/builder/spi-builder-workspace/.derivedData/Build/Products/Debug/SwiftCompilerPlugin.o
ExtractAppIntentsMetadata (in target 'SwiftCompilerPlugin' from project 'swift-syntax')
cd /Users/admin/builder/spi-builder-workspace/.dependencies/checkouts/swift-syntax
/Applications/Xcode-27.0.0-Release.Candidate.app/Contents/Developer/Toolchains/XcodeDefault.xctoolchain/usr/bin/appintentsmetadataprocessor --toolchain-dir /var/run/com.apple.security.cryptexd/mnt/com.apple.MobileAsset.MetalToolchain-v27.1.266.1.furW7n/Metal.xctoolchain --module-name SwiftCompilerPlugin --sdk-root /Applications/Xcode-27.0.0-Release.Candidate.app/Contents/Developer/Platforms/MacOSX.platform/Developer/SDKs/MacOSX27.0.sdk --xcode-version 27A266a --platform-family macOS --deployment-target 12.0 --bundle-identifier swift-syntax.SwiftCompilerPlugin --output /Users/admin/builder/spi-builder-workspace/.derivedData/Build/Products/Debug/SwiftCompilerPlugin.appintents --target-triple arm64-apple-macos12.0 --target-triple x86_64-apple-macos12.0 --binary-file /Users/admin/builder/spi-builder-workspace/.derivedData/Build/Products/Debug/SwiftCompilerPlugin.o --dependency-file /Users/admin/builder/spi-builder-workspace/.derivedData/Build/Intermediates.noindex/swift-syntax.build/Debug/SwiftCompilerPlugin-t.build/Objects-normal/arm64/SwiftCompilerPlugin_dependency_info.dat --dependency-file /Users/admin/builder/spi-builder-workspace/.derivedData/Build/Intermediates.noindex/swift-syntax.build/Debug/SwiftCompilerPlugin-t.build/Objects-normal/x86_64/SwiftCompilerPlugin_dependency_info.dat --stringsdata-file /Users/admin/builder/spi-builder-workspace/.derivedData/Build/Intermediates.noindex/swift-syntax.build/Debug/SwiftCompilerPlugin-t.build/Objects-normal/arm64/ExtractedAppShortcutsMetadata.stringsdata --stringsdata-file /Users/admin/builder/spi-builder-workspace/.derivedData/Build/Intermediates.noindex/swift-syntax.build/Debug/SwiftCompilerPlugin-t.build/Objects-normal/x86_64/ExtractedAppShortcutsMetadata.stringsdata --source-file-list /Users/admin/builder/spi-builder-workspace/.derivedData/Build/Intermediates.noindex/swift-syntax.build/Debug/SwiftCompilerPlugin-t.build/Objects-normal/arm64/SwiftCompilerPlugin.SwiftFileList --source-file-list /Users/admin/builder/spi-builder-workspace/.derivedData/Build/Intermediates.noindex/swift-syntax.build/Debug/SwiftCompilerPlugin-t.build/Objects-normal/x86_64/SwiftCompilerPlugin.SwiftFileList --metadata-file-list /Users/admin/builder/spi-builder-workspace/.derivedData/Build/Intermediates.noindex/swift-syntax.build/Debug/SwiftCompilerPlugin-t.build/SwiftCompilerPlugin.DependencyMetadataFileList --static-metadata-file-list /Users/admin/builder/spi-builder-workspace/.derivedData/Build/Intermediates.noindex/swift-syntax.build/Debug/SwiftCompilerPlugin-t.build/SwiftCompilerPlugin.DependencyStaticMetadataFileList --swift-const-vals-list /Users/admin/builder/spi-builder-workspace/.derivedData/Build/Intermediates.noindex/swift-syntax.build/Debug/SwiftCompilerPlugin-t.build/Objects-normal/arm64/SwiftCompilerPlugin.SwiftConstValuesFileList --swift-const-vals-list /Users/admin/builder/spi-builder-workspace/.derivedData/Build/Intermediates.noindex/swift-syntax.build/Debug/SwiftCompilerPlugin-t.build/Objects-normal/x86_64/SwiftCompilerPlugin.SwiftConstValuesFileList --force --compile-time-extraction --deployment-aware-processing --no-app-shortcuts-localization
2026-09-24 00:36:44.216 appintentsmetadataprocessor[1280:7241] Starting appintentsmetadataprocessor export
2026-09-24 00:36:44.270 appintentsmetadataprocessor[1280:7241] Extracted no relevant App Intents symbols, skipping writing output
WriteAuxiliaryFile /Users/admin/builder/spi-builder-workspace/.derivedData/Build/Intermediates.noindex/NiceComponents.build/Debug/NiceInitMacros-t.build/NiceInitMacros.DependencyStaticMetadataFileList (in target 'NiceInitMacros' from project 'NiceComponents')
cd /Users/admin/builder/spi-builder-workspace
write-file /Users/admin/builder/spi-builder-workspace/.derivedData/Build/Intermediates.noindex/NiceComponents.build/Debug/NiceInitMacros-t.build/NiceInitMacros.DependencyStaticMetadataFileList
WriteAuxiliaryFile /Users/admin/builder/spi-builder-workspace/.derivedData/Build/Intermediates.noindex/NiceComponents.build/Debug/NiceInitMacros-t.build/NiceInitMacros.DependencyMetadataFileList (in target 'NiceInitMacros' from project 'NiceComponents')
cd /Users/admin/builder/spi-builder-workspace
write-file /Users/admin/builder/spi-builder-workspace/.derivedData/Build/Intermediates.noindex/NiceComponents.build/Debug/NiceInitMacros-t.build/NiceInitMacros.DependencyMetadataFileList
WriteAuxiliaryFile /Users/admin/builder/spi-builder-workspace/.derivedData/Build/Intermediates.noindex/NiceComponents.build/Debug/NiceInitMacros-t.build/Objects-normal/arm64/NiceInitMacros.LinkFileList (in target 'NiceInitMacros' from project 'NiceComponents')
cd /Users/admin/builder/spi-builder-workspace
write-file /Users/admin/builder/spi-builder-workspace/.derivedData/Build/Intermediates.noindex/NiceComponents.build/Debug/NiceInitMacros-t.build/Objects-normal/arm64/NiceInitMacros.LinkFileList
WriteAuxiliaryFile /Users/admin/builder/spi-builder-workspace/.derivedData/Build/Intermediates.noindex/NiceComponents.build/Debug/NiceInitMacros-t.build/Objects-normal/arm64/NiceInitMacros-OutputFileMap.json (in target 'NiceInitMacros' from project 'NiceComponents')
cd /Users/admin/builder/spi-builder-workspace
write-file /Users/admin/builder/spi-builder-workspace/.derivedData/Build/Intermediates.noindex/NiceComponents.build/Debug/NiceInitMacros-t.build/Objects-normal/arm64/NiceInitMacros-OutputFileMap.json
WriteAuxiliaryFile /Users/admin/builder/spi-builder-workspace/.derivedData/Build/Intermediates.noindex/NiceComponents.build/Debug/NiceInitMacros-t.build/Objects-normal/arm64/NiceInitMacros.SwiftFileList (in target 'NiceInitMacros' from project 'NiceComponents')
cd /Users/admin/builder/spi-builder-workspace
write-file /Users/admin/builder/spi-builder-workspace/.derivedData/Build/Intermediates.noindex/NiceComponents.build/Debug/NiceInitMacros-t.build/Objects-normal/arm64/NiceInitMacros.SwiftFileList
WriteAuxiliaryFile /Users/admin/builder/spi-builder-workspace/.derivedData/Build/Intermediates.noindex/NiceComponents.build/Debug/NiceInitMacros-t.build/Objects-normal/arm64/NiceInitMacros_const_extract_protocols.json (in target 'NiceInitMacros' from project 'NiceComponents')
cd /Users/admin/builder/spi-builder-workspace
write-file /Users/admin/builder/spi-builder-workspace/.derivedData/Build/Intermediates.noindex/NiceComponents.build/Debug/NiceInitMacros-t.build/Objects-normal/arm64/NiceInitMacros_const_extract_protocols.json
SwiftDriver NiceInitMacros normal arm64 com.apple.xcode.tools.swift.compiler (in target 'NiceInitMacros' from project 'NiceComponents')
cd /Users/admin/builder/spi-builder-workspace/.swiftpm/xcode
builtin-SwiftDriver -- /Applications/Xcode-27.0.0-Release.Candidate.app/Contents/Developer/Toolchains/XcodeDefault.xctoolchain/usr/bin/swiftc -parse-as-library -module-name NiceInitMacros -Onone @/Users/admin/builder/spi-builder-workspace/.derivedData/Build/Intermediates.noindex/NiceComponents.build/Debug/NiceInitMacros-t.build/Objects-normal/arm64/NiceInitMacros.SwiftFileList -DSWIFT_PACKAGE -DDEBUG -DXcode -plugin-path /Applications/Xcode-27.0.0-Release.Candidate.app/Contents/Developer/Toolchains/XcodeDefault.xctoolchain/usr/lib/swift/host/plugins/testing -enable-experimental-feature DebugDescriptionMacro -sdk /Applications/Xcode-27.0.0-Release.Candidate.app/Contents/Developer/Platforms/MacOSX.platform/Developer/SDKs/MacOSX27.0.sdk -target arm64-apple-macos12.0 -g -module-cache-path /Users/admin/builder/spi-builder-workspace/.derivedData/ModuleCache.noindex -Xfrontend -serialize-debugging-options -enable-testing -index-store-path /Users/admin/builder/spi-builder-workspace/.derivedData/Index.noindex/DataStore -Xcc -D_LIBCPP_HARDENING_MODE\=_LIBCPP_HARDENING_MODE_DEBUG -swift-version 5 -I /Users/admin/builder/spi-builder-workspace/.derivedData/Build/Products/Debug -Isystem /Applications/Xcode-27.0.0-Release.Candidate.app/Contents/Developer/Platforms/MacOSX.platform/Developer/usr/lib -F /Users/admin/builder/spi-builder-workspace/.derivedData/Build/Products/Debug/PackageFrameworks -F /Users/admin/builder/spi-builder-workspace/.derivedData/Build/Products/Debug -F /Applications/Xcode-27.0.0-Release.Candidate.app/Contents/Developer/Platforms/MacOSX.platform/Developer/Library/Frameworks -c -j10 -enable-batch-mode -incremental -Xcc -ivfsstatcache -Xcc /Users/admin/builder/spi-builder-workspace/.derivedData/SDKStatCaches.noindex/macosx27.0-26A425-e829b21a6f8c9b70876ba0858053c0446a22442a12e9d48fe1a705f55a1adfc4.sdkstatcache -output-file-map /Users/admin/builder/spi-builder-workspace/.derivedData/Build/Intermediates.noindex/NiceComponents.build/Debug/NiceInitMacros-t.build/Objects-normal/arm64/NiceInitMacros-OutputFileMap.json -save-temps -no-color-diagnostics -explicit-module-build -module-cache-path /Users/admin/builder/spi-builder-workspace/.derivedData/Build/Intermediates.noindex/SwiftExplicitPrecompiledModules -clang-scanner-module-cache-path /Users/admin/builder/spi-builder-workspace/.derivedData/ModuleCache.noindex -sdk-module-cache-path /Users/admin/builder/spi-builder-workspace/.derivedData/SDKExplicitPrecompiledModules -emit-dependencies -emit-module -emit-module-path /Users/admin/builder/spi-builder-workspace/.derivedData/Build/Intermediates.noindex/NiceComponents.build/Debug/NiceInitMacros-t.build/Objects-normal/arm64/NiceInitMacros.swiftmodule -serialize-diagnostics -dependency-scan-serialize-diagnostics-path /Users/admin/builder/spi-builder-workspace/.derivedData/Build/Intermediates.noindex/NiceComponents.build/Debug/NiceInitMacros-t.build/Objects-normal/arm64/NiceInitMacros-dependency-scan.dia -validate-clang-modules-once -clang-build-session-file /Users/admin/builder/spi-builder-workspace/.derivedData/ModuleCache.noindex/Session.modulevalidation -Xcc -fmodules-prune-interval\=86400 -Xcc -fmodules-prune-after\=345600 -package-name spi_builder_workspace -emit-const-values -const-gather-protocols-list /Users/admin/builder/spi-builder-workspace/.derivedData/Build/Intermediates.noindex/NiceComponents.build/Debug/NiceInitMacros-t.build/Objects-normal/arm64/NiceInitMacros_const_extract_protocols.json -Xcc -I/Users/admin/builder/spi-builder-workspace/.derivedData/Build/Products/Debug/include -Xcc -I/Users/admin/builder/spi-builder-workspace/.derivedData/Build/Intermediates.noindex/NiceComponents.build/Debug/NiceInitMacros-t.build/DerivedSources-normal/arm64 -Xcc -I/Users/admin/builder/spi-builder-workspace/.derivedData/Build/Intermediates.noindex/NiceComponents.build/Debug/NiceInitMacros-t.build/DerivedSources/arm64 -Xcc -I/Users/admin/builder/spi-builder-workspace/.derivedData/Build/Intermediates.noindex/NiceComponents.build/Debug/NiceInitMacros-t.build/DerivedSources -Xcc -DSWIFT_PACKAGE -Xcc -DDEBUG\=1 -working-directory /Users/admin/builder/spi-builder-workspace/.swiftpm/xcode -experimental-emit-module-separately -disable-cmo
SwiftEmitModule normal arm64 Emitting\ module\ for\ NiceInitMacros (in target 'NiceInitMacros' from project 'NiceComponents')
SwiftCompile normal arm64 (in target 'NiceInitMacros' from project 'NiceComponents')
cd /Users/admin/builder/spi-builder-workspace/.swiftpm/xcode
SwiftCompile normal arm64 Compiling\ NiceInitMacro.swift /Users/admin/builder/spi-builder-workspace/Sources/NiceInitMacros/NiceInitMacro.swift (in target 'NiceInitMacros' from project 'NiceComponents')
SwiftCompile normal arm64 /Users/admin/builder/spi-builder-workspace/Sources/NiceInitMacros/NiceInitMacro.swift (in target 'NiceInitMacros' from project 'NiceComponents')
cd /Users/admin/builder/spi-builder-workspace/.swiftpm/xcode
builtin-SwiftPerFileCompile NiceInitMacro.swift
SwiftDriverJobDiscovery normal arm64 Emitting module for NiceInitMacros (in target 'NiceInitMacros' from project 'NiceComponents')
SwiftDriver\ Compilation\ Requirements NiceInitMacros normal arm64 com.apple.xcode.tools.swift.compiler (in target 'NiceInitMacros' from project 'NiceComponents')
cd /Users/admin/builder/spi-builder-workspace/.swiftpm/xcode
builtin-Swift-Compilation-Requirements -- /Applications/Xcode-27.0.0-Release.Candidate.app/Contents/Developer/Toolchains/XcodeDefault.xctoolchain/usr/bin/swiftc -parse-as-library -module-name NiceInitMacros -Onone @/Users/admin/builder/spi-builder-workspace/.derivedData/Build/Intermediates.noindex/NiceComponents.build/Debug/NiceInitMacros-t.build/Objects-normal/arm64/NiceInitMacros.SwiftFileList -DSWIFT_PACKAGE -DDEBUG -DXcode -plugin-path /Applications/Xcode-27.0.0-Release.Candidate.app/Contents/Developer/Toolchains/XcodeDefault.xctoolchain/usr/lib/swift/host/plugins/testing -enable-experimental-feature DebugDescriptionMacro -sdk /Applications/Xcode-27.0.0-Release.Candidate.app/Contents/Developer/Platforms/MacOSX.platform/Developer/SDKs/MacOSX27.0.sdk -target arm64-apple-macos12.0 -g -module-cache-path /Users/admin/builder/spi-builder-workspace/.derivedData/ModuleCache.noindex -Xfrontend -serialize-debugging-options -enable-testing -index-store-path /Users/admin/builder/spi-builder-workspace/.derivedData/Index.noindex/DataStore -Xcc -D_LIBCPP_HARDENING_MODE\=_LIBCPP_HARDENING_MODE_DEBUG -swift-version 5 -I /Users/admin/builder/spi-builder-workspace/.derivedData/Build/Products/Debug -Isystem /Applications/Xcode-27.0.0-Release.Candidate.app/Contents/Developer/Platforms/MacOSX.platform/Developer/usr/lib -F /Users/admin/builder/spi-builder-workspace/.derivedData/Build/Products/Debug/PackageFrameworks -F /Users/admin/builder/spi-builder-workspace/.derivedData/Build/Products/Debug -F /Applications/Xcode-27.0.0-Release.Candidate.app/Contents/Developer/Platforms/MacOSX.platform/Developer/Library/Frameworks -c -j10 -enable-batch-mode -incremental -Xcc -ivfsstatcache -Xcc /Users/admin/builder/spi-builder-workspace/.derivedData/SDKStatCaches.noindex/macosx27.0-26A425-e829b21a6f8c9b70876ba0858053c0446a22442a12e9d48fe1a705f55a1adfc4.sdkstatcache -output-file-map /Users/admin/builder/spi-builder-workspace/.derivedData/Build/Intermediates.noindex/NiceComponents.build/Debug/NiceInitMacros-t.build/Objects-normal/arm64/NiceInitMacros-OutputFileMap.json -save-temps -no-color-diagnostics -explicit-module-build -module-cache-path /Users/admin/builder/spi-builder-workspace/.derivedData/Build/Intermediates.noindex/SwiftExplicitPrecompiledModules -clang-scanner-module-cache-path /Users/admin/builder/spi-builder-workspace/.derivedData/ModuleCache.noindex -sdk-module-cache-path /Users/admin/builder/spi-builder-workspace/.derivedData/SDKExplicitPrecompiledModules -emit-dependencies -emit-module -emit-module-path /Users/admin/builder/spi-builder-workspace/.derivedData/Build/Intermediates.noindex/NiceComponents.build/Debug/NiceInitMacros-t.build/Objects-normal/arm64/NiceInitMacros.swiftmodule -serialize-diagnostics -dependency-scan-serialize-diagnostics-path /Users/admin/builder/spi-builder-workspace/.derivedData/Build/Intermediates.noindex/NiceComponents.build/Debug/NiceInitMacros-t.build/Objects-normal/arm64/NiceInitMacros-dependency-scan.dia -validate-clang-modules-once -clang-build-session-file /Users/admin/builder/spi-builder-workspace/.derivedData/ModuleCache.noindex/Session.modulevalidation -Xcc -fmodules-prune-interval\=86400 -Xcc -fmodules-prune-after\=345600 -package-name spi_builder_workspace -emit-const-values -const-gather-protocols-list /Users/admin/builder/spi-builder-workspace/.derivedData/Build/Intermediates.noindex/NiceComponents.build/Debug/NiceInitMacros-t.build/Objects-normal/arm64/NiceInitMacros_const_extract_protocols.json -Xcc -I/Users/admin/builder/spi-builder-workspace/.derivedData/Build/Products/Debug/include -Xcc -I/Users/admin/builder/spi-builder-workspace/.derivedData/Build/Intermediates.noindex/NiceComponents.build/Debug/NiceInitMacros-t.build/DerivedSources-normal/arm64 -Xcc -I/Users/admin/builder/spi-builder-workspace/.derivedData/Build/Intermediates.noindex/NiceComponents.build/Debug/NiceInitMacros-t.build/DerivedSources/arm64 -Xcc -I/Users/admin/builder/spi-builder-workspace/.derivedData/Build/Intermediates.noindex/NiceComponents.build/Debug/NiceInitMacros-t.build/DerivedSources -Xcc -DSWIFT_PACKAGE -Xcc -DDEBUG\=1 -working-directory /Users/admin/builder/spi-builder-workspace/.swiftpm/xcode -experimental-emit-module-separately -disable-cmo
SwiftDriverJobDiscovery normal arm64 Compiling NiceInitMacro.swift (in target 'NiceInitMacros' from project 'NiceComponents')
SwiftDriver\ Compilation NiceInitMacros normal arm64 com.apple.xcode.tools.swift.compiler (in target 'NiceInitMacros' from project 'NiceComponents')
cd /Users/admin/builder/spi-builder-workspace/.swiftpm/xcode
builtin-Swift-Compilation -- /Applications/Xcode-27.0.0-Release.Candidate.app/Contents/Developer/Toolchains/XcodeDefault.xctoolchain/usr/bin/swiftc -parse-as-library -module-name NiceInitMacros -Onone @/Users/admin/builder/spi-builder-workspace/.derivedData/Build/Intermediates.noindex/NiceComponents.build/Debug/NiceInitMacros-t.build/Objects-normal/arm64/NiceInitMacros.SwiftFileList -DSWIFT_PACKAGE -DDEBUG -DXcode -plugin-path /Applications/Xcode-27.0.0-Release.Candidate.app/Contents/Developer/Toolchains/XcodeDefault.xctoolchain/usr/lib/swift/host/plugins/testing -enable-experimental-feature DebugDescriptionMacro -sdk /Applications/Xcode-27.0.0-Release.Candidate.app/Contents/Developer/Platforms/MacOSX.platform/Developer/SDKs/MacOSX27.0.sdk -target arm64-apple-macos12.0 -g -module-cache-path /Users/admin/builder/spi-builder-workspace/.derivedData/ModuleCache.noindex -Xfrontend -serialize-debugging-options -enable-testing -index-store-path /Users/admin/builder/spi-builder-workspace/.derivedData/Index.noindex/DataStore -Xcc -D_LIBCPP_HARDENING_MODE\=_LIBCPP_HARDENING_MODE_DEBUG -swift-version 5 -I /Users/admin/builder/spi-builder-workspace/.derivedData/Build/Products/Debug -Isystem /Applications/Xcode-27.0.0-Release.Candidate.app/Contents/Developer/Platforms/MacOSX.platform/Developer/usr/lib -F /Users/admin/builder/spi-builder-workspace/.derivedData/Build/Products/Debug/PackageFrameworks -F /Users/admin/builder/spi-builder-workspace/.derivedData/Build/Products/Debug -F /Applications/Xcode-27.0.0-Release.Candidate.app/Contents/Developer/Platforms/MacOSX.platform/Developer/Library/Frameworks -c -j10 -enable-batch-mode -incremental -Xcc -ivfsstatcache -Xcc /Users/admin/builder/spi-builder-workspace/.derivedData/SDKStatCaches.noindex/macosx27.0-26A425-e829b21a6f8c9b70876ba0858053c0446a22442a12e9d48fe1a705f55a1adfc4.sdkstatcache -output-file-map /Users/admin/builder/spi-builder-workspace/.derivedData/Build/Intermediates.noindex/NiceComponents.build/Debug/NiceInitMacros-t.build/Objects-normal/arm64/NiceInitMacros-OutputFileMap.json -save-temps -no-color-diagnostics -explicit-module-build -module-cache-path /Users/admin/builder/spi-builder-workspace/.derivedData/Build/Intermediates.noindex/SwiftExplicitPrecompiledModules -clang-scanner-module-cache-path /Users/admin/builder/spi-builder-workspace/.derivedData/ModuleCache.noindex -sdk-module-cache-path /Users/admin/builder/spi-builder-workspace/.derivedData/SDKExplicitPrecompiledModules -emit-dependencies -emit-module -emit-module-path /Users/admin/builder/spi-builder-workspace/.derivedData/Build/Intermediates.noindex/NiceComponents.build/Debug/NiceInitMacros-t.build/Objects-normal/arm64/NiceInitMacros.swiftmodule -serialize-diagnostics -dependency-scan-serialize-diagnostics-path /Users/admin/builder/spi-builder-workspace/.derivedData/Build/Intermediates.noindex/NiceComponents.build/Debug/NiceInitMacros-t.build/Objects-normal/arm64/NiceInitMacros-dependency-scan.dia -validate-clang-modules-once -clang-build-session-file /Users/admin/builder/spi-builder-workspace/.derivedData/ModuleCache.noindex/Session.modulevalidation -Xcc -fmodules-prune-interval\=86400 -Xcc -fmodules-prune-after\=345600 -package-name spi_builder_workspace -emit-const-values -const-gather-protocols-list /Users/admin/builder/spi-builder-workspace/.derivedData/Build/Intermediates.noindex/NiceComponents.build/Debug/NiceInitMacros-t.build/Objects-normal/arm64/NiceInitMacros_const_extract_protocols.json -Xcc -I/Users/admin/builder/spi-builder-workspace/.derivedData/Build/Products/Debug/include -Xcc -I/Users/admin/builder/spi-builder-workspace/.derivedData/Build/Intermediates.noindex/NiceComponents.build/Debug/NiceInitMacros-t.build/DerivedSources-normal/arm64 -Xcc -I/Users/admin/builder/spi-builder-workspace/.derivedData/Build/Intermediates.noindex/NiceComponents.build/Debug/NiceInitMacros-t.build/DerivedSources/arm64 -Xcc -I/Users/admin/builder/spi-builder-workspace/.derivedData/Build/Intermediates.noindex/NiceComponents.build/Debug/NiceInitMacros-t.build/DerivedSources -Xcc -DSWIFT_PACKAGE -Xcc -DDEBUG\=1 -working-directory /Users/admin/builder/spi-builder-workspace/.swiftpm/xcode -experimental-emit-module-separately -disable-cmo
Ld /Users/admin/builder/spi-builder-workspace/.derivedData/Build/Products/Debug/NiceInitMacros normal (in target 'NiceInitMacros' from project 'NiceComponents')
cd /Users/admin/builder/spi-builder-workspace
/Applications/Xcode-27.0.0-Release.Candidate.app/Contents/Developer/Toolchains/XcodeDefault.xctoolchain/usr/bin/swiftc -Xlinker -reproducible -target arm64-apple-macos12.0 -emit-executable -sdk /Applications/Xcode-27.0.0-Release.Candidate.app/Contents/Developer/Platforms/MacOSX.platform/Developer/SDKs/MacOSX27.0.sdk -Xlinker -no_warn_duplicate_libraries -L/Users/admin/builder/spi-builder-workspace/.derivedData/Build/Intermediates.noindex/EagerLinkingTBDs/Debug -L/Users/admin/builder/spi-builder-workspace/.derivedData/Build/Products/Debug -L/Applications/Xcode-27.0.0-Release.Candidate.app/Contents/Developer/Platforms/MacOSX.platform/Developer/usr/lib -F/Users/admin/builder/spi-builder-workspace/.derivedData/Build/Intermediates.noindex/EagerLinkingTBDs/Debug -F/Users/admin/builder/spi-builder-workspace/.derivedData/Build/Products/Debug/PackageFrameworks -F/Users/admin/builder/spi-builder-workspace/.derivedData/Build/Products/Debug -Fsystem /Applications/Xcode-27.0.0-Release.Candidate.app/Contents/Developer/Platforms/MacOSX.platform/Developer/Library/Frameworks @/Users/admin/builder/spi-builder-workspace/.derivedData/Build/Intermediates.noindex/NiceComponents.build/Debug/NiceInitMacros-t.build/Objects-normal/arm64/NiceInitMacros.LinkFileList -Xlinker -rpath -Xlinker /usr/lib/swift -Xlinker -rpath -Xlinker @loader_path -Xlinker -rpath -Xlinker /Users/admin/builder/spi-builder-workspace/.derivedData/Build/Products/Debug/PackageFrameworks -Xlinker -object_path_lto -Xlinker /Users/admin/builder/spi-builder-workspace/.derivedData/Build/Intermediates.noindex/NiceComponents.build/Debug/NiceInitMacros-t.build/Objects-normal/arm64/NiceInitMacros_lto.o -Xclang-linker -rdynamic -Xlinker -no_deduplicate -Xlinker -dependency_info -Xlinker /Users/admin/builder/spi-builder-workspace/.derivedData/Build/Intermediates.noindex/NiceComponents.build/Debug/NiceInitMacros-t.build/Objects-normal/arm64/NiceInitMacros_dependency_info.dat -link-objc-runtime -L/Applications/Xcode-27.0.0-Release.Candidate.app/Contents/Developer/Toolchains/XcodeDefault.xctoolchain/usr/lib/swift/macosx -L/usr/lib/swift -Xlinker -add_ast_path -Xlinker /Users/admin/builder/spi-builder-workspace/.derivedData/Build/Intermediates.noindex/NiceComponents.build/Debug/NiceInitMacros-t.build/Objects-normal/arm64/NiceInitMacros.swiftmodule -o /Users/admin/builder/spi-builder-workspace/.derivedData/Build/Products/Debug/NiceInitMacros -no-stdlib-rpath
RegisterExecutionPolicyException /Users/admin/builder/spi-builder-workspace/.derivedData/Build/Products/Debug/NiceInitMacros (in target 'NiceInitMacros' from project 'NiceComponents')
cd /Users/admin/builder/spi-builder-workspace
builtin-RegisterExecutionPolicyException /Users/admin/builder/spi-builder-workspace/.derivedData/Build/Products/Debug/NiceInitMacros
SwiftDriver NiceInit normal arm64 com.apple.xcode.tools.swift.compiler (in target 'NiceInit' from project 'NiceComponents')
cd /Users/admin/builder/spi-builder-workspace/.swiftpm/xcode
builtin-SwiftDriver -- /Applications/Xcode-27.0.0-Release.Candidate.app/Contents/Developer/Toolchains/XcodeDefault.xctoolchain/usr/bin/swiftc -parse-as-library -module-name NiceInit -Onone @/Users/admin/builder/spi-builder-workspace/.derivedData/Build/Intermediates.noindex/NiceComponents.build/Debug-watchos/NiceInit-t.build/Objects-normal/arm64/NiceInit.SwiftFileList -DSWIFT_PACKAGE -DDEBUG -DSWIFT_MODULE_RESOURCE_BUNDLE_UNAVAILABLE -DXcode -plugin-path /Applications/Xcode-27.0.0-Release.Candidate.app/Contents/Developer/Toolchains/XcodeDefault.xctoolchain/usr/lib/swift/host/plugins/testing -enable-experimental-feature DebugDescriptionMacro -sdk /Applications/Xcode-27.0.0-Release.Candidate.app/Contents/Developer/Platforms/WatchOS.platform/Developer/SDKs/WatchOS27.0.sdk -target arm64-apple-watchos9.0 -g -module-cache-path /Users/admin/builder/spi-builder-workspace/.derivedData/ModuleCache.noindex -Xfrontend -serialize-debugging-options -enable-testing -index-store-path /Users/admin/builder/spi-builder-workspace/.derivedData/Index.noindex/DataStore -Xcc -D_LIBCPP_HARDENING_MODE\=_LIBCPP_HARDENING_MODE_DEBUG -swift-version 5 -I /Users/admin/builder/spi-builder-workspace/.derivedData/Build/Products/Debug-watchos -Isystem /Applications/Xcode-27.0.0-Release.Candidate.app/Contents/Developer/Platforms/WatchOS.platform/Developer/usr/lib -F /Users/admin/builder/spi-builder-workspace/.derivedData/Build/Products/Debug-watchos -F /Applications/Xcode-27.0.0-Release.Candidate.app/Contents/Developer/Platforms/WatchOS.platform/Developer/Library/Frameworks -F /Applications/Xcode-27.0.0-Release.Candidate.app/Contents/Developer/Platforms/WatchOS.platform/Developer/SDKs/WatchOS27.0.sdk/Developer/Library/Frameworks -Xfrontend -load-plugin-executable -Xfrontend /Users/admin/builder/spi-builder-workspace/.derivedData/Build/Products/Debug/NiceInitMacros\#NiceInitMacros -c -j10 -enable-batch-mode -incremental -Xcc -ivfsstatcache -Xcc /Users/admin/builder/spi-builder-workspace/.derivedData/SDKStatCaches.noindex/watchos27.0-24R360-e829b21a6f8c9b70876ba0858053c04477534ef55a1706bf4c1112bbb242f0a2.sdkstatcache -output-file-map /Users/admin/builder/spi-builder-workspace/.derivedData/Build/Intermediates.noindex/NiceComponents.build/Debug-watchos/NiceInit-t.build/Objects-normal/arm64/NiceInit-OutputFileMap.json -save-temps -no-color-diagnostics -explicit-module-build -module-cache-path /Users/admin/builder/spi-builder-workspace/.derivedData/Build/Intermediates.noindex/SwiftExplicitPrecompiledModules -clang-scanner-module-cache-path /Users/admin/builder/spi-builder-workspace/.derivedData/ModuleCache.noindex -sdk-module-cache-path /Users/admin/builder/spi-builder-workspace/.derivedData/SDKExplicitPrecompiledModules -emit-dependencies -emit-module -emit-module-path /Users/admin/builder/spi-builder-workspace/.derivedData/Build/Intermediates.noindex/NiceComponents.build/Debug-watchos/NiceInit-t.build/Objects-normal/arm64/NiceInit.swiftmodule -serialize-diagnostics -dependency-scan-serialize-diagnostics-path /Users/admin/builder/spi-builder-workspace/.derivedData/Build/Intermediates.noindex/NiceComponents.build/Debug-watchos/NiceInit-t.build/Objects-normal/arm64/NiceInit-dependency-scan.dia -validate-clang-modules-once -clang-build-session-file /Users/admin/builder/spi-builder-workspace/.derivedData/ModuleCache.noindex/Session.modulevalidation -Xcc -fmodules-prune-interval\=86400 -Xcc -fmodules-prune-after\=345600 -package-name spi_builder_workspace -emit-const-values -const-gather-protocols-list /Users/admin/builder/spi-builder-workspace/.derivedData/Build/Intermediates.noindex/NiceComponents.build/Debug-watchos/NiceInit-t.build/Objects-normal/arm64/NiceInit_const_extract_protocols.json -Xcc -I/Users/admin/builder/spi-builder-workspace/.derivedData/Build/Products/Debug-watchos/include -Xcc -I/Users/admin/builder/spi-builder-workspace/.derivedData/Build/Intermediates.noindex/NiceComponents.build/Debug-watchos/NiceInit-t.build/DerivedSources-normal/arm64 -Xcc -I/Users/admin/builder/spi-builder-workspace/.derivedData/Build/Intermediates.noindex/NiceComponents.build/Debug-watchos/NiceInit-t.build/DerivedSources/arm64 -Xcc -I/Users/admin/builder/spi-builder-workspace/.derivedData/Build/Intermediates.noindex/NiceComponents.build/Debug-watchos/NiceInit-t.build/DerivedSources -Xcc -DSWIFT_PACKAGE -Xcc -DDEBUG\=1 -emit-objc-header -emit-objc-header-path /Users/admin/builder/spi-builder-workspace/.derivedData/Build/Intermediates.noindex/NiceComponents.build/Debug-watchos/NiceInit-t.build/Objects-normal/arm64/NiceInit-Swift.h -working-directory /Users/admin/builder/spi-builder-workspace/.swiftpm/xcode -experimental-emit-module-separately -disable-cmo
SwiftDriver NiceInit normal arm64_32 com.apple.xcode.tools.swift.compiler (in target 'NiceInit' from project 'NiceComponents')
cd /Users/admin/builder/spi-builder-workspace/.swiftpm/xcode
builtin-SwiftDriver -- /Applications/Xcode-27.0.0-Release.Candidate.app/Contents/Developer/Toolchains/XcodeDefault.xctoolchain/usr/bin/swiftc -parse-as-library -module-name NiceInit -Onone @/Users/admin/builder/spi-builder-workspace/.derivedData/Build/Intermediates.noindex/NiceComponents.build/Debug-watchos/NiceInit-t.build/Objects-normal/arm64_32/NiceInit.SwiftFileList -DSWIFT_PACKAGE -DDEBUG -DSWIFT_MODULE_RESOURCE_BUNDLE_UNAVAILABLE -DXcode -plugin-path /Applications/Xcode-27.0.0-Release.Candidate.app/Contents/Developer/Toolchains/XcodeDefault.xctoolchain/usr/lib/swift/host/plugins/testing -enable-experimental-feature DebugDescriptionMacro -sdk /Applications/Xcode-27.0.0-Release.Candidate.app/Contents/Developer/Platforms/WatchOS.platform/Developer/SDKs/WatchOS27.0.sdk -target arm64_32-apple-watchos9.0 -g -module-cache-path /Users/admin/builder/spi-builder-workspace/.derivedData/ModuleCache.noindex -Xfrontend -serialize-debugging-options -enable-testing -index-store-path /Users/admin/builder/spi-builder-workspace/.derivedData/Index.noindex/DataStore -Xcc -D_LIBCPP_HARDENING_MODE\=_LIBCPP_HARDENING_MODE_DEBUG -swift-version 5 -I /Users/admin/builder/spi-builder-workspace/.derivedData/Build/Products/Debug-watchos -Isystem /Applications/Xcode-27.0.0-Release.Candidate.app/Contents/Developer/Platforms/WatchOS.platform/Developer/usr/lib -F /Users/admin/builder/spi-builder-workspace/.derivedData/Build/Products/Debug-watchos -F /Applications/Xcode-27.0.0-Release.Candidate.app/Contents/Developer/Platforms/WatchOS.platform/Developer/Library/Frameworks -F /Applications/Xcode-27.0.0-Release.Candidate.app/Contents/Developer/Platforms/WatchOS.platform/Developer/SDKs/WatchOS27.0.sdk/Developer/Library/Frameworks -Xfrontend -load-plugin-executable -Xfrontend /Users/admin/builder/spi-builder-workspace/.derivedData/Build/Products/Debug/NiceInitMacros\#NiceInitMacros -c -j10 -enable-batch-mode -incremental -Xcc -ivfsstatcache -Xcc /Users/admin/builder/spi-builder-workspace/.derivedData/SDKStatCaches.noindex/watchos27.0-24R360-e829b21a6f8c9b70876ba0858053c04477534ef55a1706bf4c1112bbb242f0a2.sdkstatcache -output-file-map /Users/admin/builder/spi-builder-workspace/.derivedData/Build/Intermediates.noindex/NiceComponents.build/Debug-watchos/NiceInit-t.build/Objects-normal/arm64_32/NiceInit-OutputFileMap.json -save-temps -no-color-diagnostics -explicit-module-build -module-cache-path /Users/admin/builder/spi-builder-workspace/.derivedData/Build/Intermediates.noindex/SwiftExplicitPrecompiledModules -clang-scanner-module-cache-path /Users/admin/builder/spi-builder-workspace/.derivedData/ModuleCache.noindex -sdk-module-cache-path /Users/admin/builder/spi-builder-workspace/.derivedData/SDKExplicitPrecompiledModules -emit-dependencies -emit-module -emit-module-path /Users/admin/builder/spi-builder-workspace/.derivedData/Build/Intermediates.noindex/NiceComponents.build/Debug-watchos/NiceInit-t.build/Objects-normal/arm64_32/NiceInit.swiftmodule -serialize-diagnostics -dependency-scan-serialize-diagnostics-path /Users/admin/builder/spi-builder-workspace/.derivedData/Build/Intermediates.noindex/NiceComponents.build/Debug-watchos/NiceInit-t.build/Objects-normal/arm64_32/NiceInit-dependency-scan.dia -validate-clang-modules-once -clang-build-session-file /Users/admin/builder/spi-builder-workspace/.derivedData/ModuleCache.noindex/Session.modulevalidation -Xcc -fmodules-prune-interval\=86400 -Xcc -fmodules-prune-after\=345600 -package-name spi_builder_workspace -emit-const-values -const-gather-protocols-list /Users/admin/builder/spi-builder-workspace/.derivedData/Build/Intermediates.noindex/NiceComponents.build/Debug-watchos/NiceInit-t.build/Objects-normal/arm64_32/NiceInit_const_extract_protocols.json -Xcc -I/Users/admin/builder/spi-builder-workspace/.derivedData/Build/Products/Debug-watchos/include -Xcc -I/Users/admin/builder/spi-builder-workspace/.derivedData/Build/Intermediates.noindex/NiceComponents.build/Debug-watchos/NiceInit-t.build/DerivedSources-normal/arm64_32 -Xcc -I/Users/admin/builder/spi-builder-workspace/.derivedData/Build/Intermediates.noindex/NiceComponents.build/Debug-watchos/NiceInit-t.build/DerivedSources/arm64_32 -Xcc -I/Users/admin/builder/spi-builder-workspace/.derivedData/Build/Intermediates.noindex/NiceComponents.build/Debug-watchos/NiceInit-t.build/DerivedSources -Xcc -DSWIFT_PACKAGE -Xcc -DDEBUG\=1 -emit-objc-header -emit-objc-header-path /Users/admin/builder/spi-builder-workspace/.derivedData/Build/Intermediates.noindex/NiceComponents.build/Debug-watchos/NiceInit-t.build/Objects-normal/arm64_32/NiceInit-Swift.h -working-directory /Users/admin/builder/spi-builder-workspace/.swiftpm/xcode -experimental-emit-module-separately -disable-cmo
SwiftEmitModule normal arm64_32 Emitting\ module\ for\ NiceInit (in target 'NiceInit' from project 'NiceComponents')
SwiftCompile normal arm64_32 (in target 'NiceInit' from project 'NiceComponents')
cd /Users/admin/builder/spi-builder-workspace/.swiftpm/xcode
SwiftCompile normal arm64_32 Compiling\ NiceInit.swift /Users/admin/builder/spi-builder-workspace/Sources/NiceInit/NiceInit.swift (in target 'NiceInit' from project 'NiceComponents')
SwiftCompile normal arm64_32 /Users/admin/builder/spi-builder-workspace/Sources/NiceInit/NiceInit.swift (in target 'NiceInit' from project 'NiceComponents')
cd /Users/admin/builder/spi-builder-workspace/.swiftpm/xcode
builtin-SwiftPerFileCompile NiceInit.swift
SwiftEmitModule normal arm64 Emitting\ module\ for\ NiceInit (in target 'NiceInit' from project 'NiceComponents')
SwiftCompile normal arm64 (in target 'NiceInit' from project 'NiceComponents')
cd /Users/admin/builder/spi-builder-workspace/.swiftpm/xcode
SwiftCompile normal arm64 Compiling\ NiceInit.swift /Users/admin/builder/spi-builder-workspace/Sources/NiceInit/NiceInit.swift (in target 'NiceInit' from project 'NiceComponents')
SwiftCompile normal arm64 /Users/admin/builder/spi-builder-workspace/Sources/NiceInit/NiceInit.swift (in target 'NiceInit' from project 'NiceComponents')
cd /Users/admin/builder/spi-builder-workspace/.swiftpm/xcode
builtin-SwiftPerFileCompile NiceInit.swift
SwiftDriverJobDiscovery normal arm64 Emitting module for NiceInit (in target 'NiceInit' from project 'NiceComponents')
SwiftDriver\ Compilation\ Requirements NiceInit normal arm64 com.apple.xcode.tools.swift.compiler (in target 'NiceInit' from project 'NiceComponents')
cd /Users/admin/builder/spi-builder-workspace/.swiftpm/xcode
builtin-Swift-Compilation-Requirements -- /Applications/Xcode-27.0.0-Release.Candidate.app/Contents/Developer/Toolchains/XcodeDefault.xctoolchain/usr/bin/swiftc -parse-as-library -module-name NiceInit -Onone @/Users/admin/builder/spi-builder-workspace/.derivedData/Build/Intermediates.noindex/NiceComponents.build/Debug-watchos/NiceInit-t.build/Objects-normal/arm64/NiceInit.SwiftFileList -DSWIFT_PACKAGE -DDEBUG -DSWIFT_MODULE_RESOURCE_BUNDLE_UNAVAILABLE -DXcode -plugin-path /Applications/Xcode-27.0.0-Release.Candidate.app/Contents/Developer/Toolchains/XcodeDefault.xctoolchain/usr/lib/swift/host/plugins/testing -enable-experimental-feature DebugDescriptionMacro -sdk /Applications/Xcode-27.0.0-Release.Candidate.app/Contents/Developer/Platforms/WatchOS.platform/Developer/SDKs/WatchOS27.0.sdk -target arm64-apple-watchos9.0 -g -module-cache-path /Users/admin/builder/spi-builder-workspace/.derivedData/ModuleCache.noindex -Xfrontend -serialize-debugging-options -enable-testing -index-store-path /Users/admin/builder/spi-builder-workspace/.derivedData/Index.noindex/DataStore -Xcc -D_LIBCPP_HARDENING_MODE\=_LIBCPP_HARDENING_MODE_DEBUG -swift-version 5 -I /Users/admin/builder/spi-builder-workspace/.derivedData/Build/Products/Debug-watchos -Isystem /Applications/Xcode-27.0.0-Release.Candidate.app/Contents/Developer/Platforms/WatchOS.platform/Developer/usr/lib -F /Users/admin/builder/spi-builder-workspace/.derivedData/Build/Products/Debug-watchos -F /Applications/Xcode-27.0.0-Release.Candidate.app/Contents/Developer/Platforms/WatchOS.platform/Developer/Library/Frameworks -F /Applications/Xcode-27.0.0-Release.Candidate.app/Contents/Developer/Platforms/WatchOS.platform/Developer/SDKs/WatchOS27.0.sdk/Developer/Library/Frameworks -Xfrontend -load-plugin-executable -Xfrontend /Users/admin/builder/spi-builder-workspace/.derivedData/Build/Products/Debug/NiceInitMacros\#NiceInitMacros -c -j10 -enable-batch-mode -incremental -Xcc -ivfsstatcache -Xcc /Users/admin/builder/spi-builder-workspace/.derivedData/SDKStatCaches.noindex/watchos27.0-24R360-e829b21a6f8c9b70876ba0858053c04477534ef55a1706bf4c1112bbb242f0a2.sdkstatcache -output-file-map /Users/admin/builder/spi-builder-workspace/.derivedData/Build/Intermediates.noindex/NiceComponents.build/Debug-watchos/NiceInit-t.build/Objects-normal/arm64/NiceInit-OutputFileMap.json -save-temps -no-color-diagnostics -explicit-module-build -module-cache-path /Users/admin/builder/spi-builder-workspace/.derivedData/Build/Intermediates.noindex/SwiftExplicitPrecompiledModules -clang-scanner-module-cache-path /Users/admin/builder/spi-builder-workspace/.derivedData/ModuleCache.noindex -sdk-module-cache-path /Users/admin/builder/spi-builder-workspace/.derivedData/SDKExplicitPrecompiledModules -emit-dependencies -emit-module -emit-module-path /Users/admin/builder/spi-builder-workspace/.derivedData/Build/Intermediates.noindex/NiceComponents.build/Debug-watchos/NiceInit-t.build/Objects-normal/arm64/NiceInit.swiftmodule -serialize-diagnostics -dependency-scan-serialize-diagnostics-path /Users/admin/builder/spi-builder-workspace/.derivedData/Build/Intermediates.noindex/NiceComponents.build/Debug-watchos/NiceInit-t.build/Objects-normal/arm64/NiceInit-dependency-scan.dia -validate-clang-modules-once -clang-build-session-file /Users/admin/builder/spi-builder-workspace/.derivedData/ModuleCache.noindex/Session.modulevalidation -Xcc -fmodules-prune-interval\=86400 -Xcc -fmodules-prune-after\=345600 -package-name spi_builder_workspace -emit-const-values -const-gather-protocols-list /Users/admin/builder/spi-builder-workspace/.derivedData/Build/Intermediates.noindex/NiceComponents.build/Debug-watchos/NiceInit-t.build/Objects-normal/arm64/NiceInit_const_extract_protocols.json -Xcc -I/Users/admin/builder/spi-builder-workspace/.derivedData/Build/Products/Debug-watchos/include -Xcc -I/Users/admin/builder/spi-builder-workspace/.derivedData/Build/Intermediates.noindex/NiceComponents.build/Debug-watchos/NiceInit-t.build/DerivedSources-normal/arm64 -Xcc -I/Users/admin/builder/spi-builder-workspace/.derivedData/Build/Intermediates.noindex/NiceComponents.build/Debug-watchos/NiceInit-t.build/DerivedSources/arm64 -Xcc -I/Users/admin/builder/spi-builder-workspace/.derivedData/Build/Intermediates.noindex/NiceComponents.build/Debug-watchos/NiceInit-t.build/DerivedSources -Xcc -DSWIFT_PACKAGE -Xcc -DDEBUG\=1 -emit-objc-header -emit-objc-header-path /Users/admin/builder/spi-builder-workspace/.derivedData/Build/Intermediates.noindex/NiceComponents.build/Debug-watchos/NiceInit-t.build/Objects-normal/arm64/NiceInit-Swift.h -working-directory /Users/admin/builder/spi-builder-workspace/.swiftpm/xcode -experimental-emit-module-separately -disable-cmo
SwiftDriverJobDiscovery normal arm64_32 Emitting module for NiceInit (in target 'NiceInit' from project 'NiceComponents')
SwiftDriver\ Compilation\ Requirements NiceInit normal arm64_32 com.apple.xcode.tools.swift.compiler (in target 'NiceInit' from project 'NiceComponents')
cd /Users/admin/builder/spi-builder-workspace/.swiftpm/xcode
builtin-Swift-Compilation-Requirements -- /Applications/Xcode-27.0.0-Release.Candidate.app/Contents/Developer/Toolchains/XcodeDefault.xctoolchain/usr/bin/swiftc -parse-as-library -module-name NiceInit -Onone @/Users/admin/builder/spi-builder-workspace/.derivedData/Build/Intermediates.noindex/NiceComponents.build/Debug-watchos/NiceInit-t.build/Objects-normal/arm64_32/NiceInit.SwiftFileList -DSWIFT_PACKAGE -DDEBUG -DSWIFT_MODULE_RESOURCE_BUNDLE_UNAVAILABLE -DXcode -plugin-path /Applications/Xcode-27.0.0-Release.Candidate.app/Contents/Developer/Toolchains/XcodeDefault.xctoolchain/usr/lib/swift/host/plugins/testing -enable-experimental-feature DebugDescriptionMacro -sdk /Applications/Xcode-27.0.0-Release.Candidate.app/Contents/Developer/Platforms/WatchOS.platform/Developer/SDKs/WatchOS27.0.sdk -target arm64_32-apple-watchos9.0 -g -module-cache-path /Users/admin/builder/spi-builder-workspace/.derivedData/ModuleCache.noindex -Xfrontend -serialize-debugging-options -enable-testing -index-store-path /Users/admin/builder/spi-builder-workspace/.derivedData/Index.noindex/DataStore -Xcc -D_LIBCPP_HARDENING_MODE\=_LIBCPP_HARDENING_MODE_DEBUG -swift-version 5 -I /Users/admin/builder/spi-builder-workspace/.derivedData/Build/Products/Debug-watchos -Isystem /Applications/Xcode-27.0.0-Release.Candidate.app/Contents/Developer/Platforms/WatchOS.platform/Developer/usr/lib -F /Users/admin/builder/spi-builder-workspace/.derivedData/Build/Products/Debug-watchos -F /Applications/Xcode-27.0.0-Release.Candidate.app/Contents/Developer/Platforms/WatchOS.platform/Developer/Library/Frameworks -F /Applications/Xcode-27.0.0-Release.Candidate.app/Contents/Developer/Platforms/WatchOS.platform/Developer/SDKs/WatchOS27.0.sdk/Developer/Library/Frameworks -Xfrontend -load-plugin-executable -Xfrontend /Users/admin/builder/spi-builder-workspace/.derivedData/Build/Products/Debug/NiceInitMacros\#NiceInitMacros -c -j10 -enable-batch-mode -incremental -Xcc -ivfsstatcache -Xcc /Users/admin/builder/spi-builder-workspace/.derivedData/SDKStatCaches.noindex/watchos27.0-24R360-e829b21a6f8c9b70876ba0858053c04477534ef55a1706bf4c1112bbb242f0a2.sdkstatcache -output-file-map /Users/admin/builder/spi-builder-workspace/.derivedData/Build/Intermediates.noindex/NiceComponents.build/Debug-watchos/NiceInit-t.build/Objects-normal/arm64_32/NiceInit-OutputFileMap.json -save-temps -no-color-diagnostics -explicit-module-build -module-cache-path /Users/admin/builder/spi-builder-workspace/.derivedData/Build/Intermediates.noindex/SwiftExplicitPrecompiledModules -clang-scanner-module-cache-path /Users/admin/builder/spi-builder-workspace/.derivedData/ModuleCache.noindex -sdk-module-cache-path /Users/admin/builder/spi-builder-workspace/.derivedData/SDKExplicitPrecompiledModules -emit-dependencies -emit-module -emit-module-path /Users/admin/builder/spi-builder-workspace/.derivedData/Build/Intermediates.noindex/NiceComponents.build/Debug-watchos/NiceInit-t.build/Objects-normal/arm64_32/NiceInit.swiftmodule -serialize-diagnostics -dependency-scan-serialize-diagnostics-path /Users/admin/builder/spi-builder-workspace/.derivedData/Build/Intermediates.noindex/NiceComponents.build/Debug-watchos/NiceInit-t.build/Objects-normal/arm64_32/NiceInit-dependency-scan.dia -validate-clang-modules-once -clang-build-session-file /Users/admin/builder/spi-builder-workspace/.derivedData/ModuleCache.noindex/Session.modulevalidation -Xcc -fmodules-prune-interval\=86400 -Xcc -fmodules-prune-after\=345600 -package-name spi_builder_workspace -emit-const-values -const-gather-protocols-list /Users/admin/builder/spi-builder-workspace/.derivedData/Build/Intermediates.noindex/NiceComponents.build/Debug-watchos/NiceInit-t.build/Objects-normal/arm64_32/NiceInit_const_extract_protocols.json -Xcc -I/Users/admin/builder/spi-builder-workspace/.derivedData/Build/Products/Debug-watchos/include -Xcc -I/Users/admin/builder/spi-builder-workspace/.derivedData/Build/Intermediates.noindex/NiceComponents.build/Debug-watchos/NiceInit-t.build/DerivedSources-normal/arm64_32 -Xcc -I/Users/admin/builder/spi-builder-workspace/.derivedData/Build/Intermediates.noindex/NiceComponents.build/Debug-watchos/NiceInit-t.build/DerivedSources/arm64_32 -Xcc -I/Users/admin/builder/spi-builder-workspace/.derivedData/Build/Intermediates.noindex/NiceComponents.build/Debug-watchos/NiceInit-t.build/DerivedSources -Xcc -DSWIFT_PACKAGE -Xcc -DDEBUG\=1 -emit-objc-header -emit-objc-header-path /Users/admin/builder/spi-builder-workspace/.derivedData/Build/Intermediates.noindex/NiceComponents.build/Debug-watchos/NiceInit-t.build/Objects-normal/arm64_32/NiceInit-Swift.h -working-directory /Users/admin/builder/spi-builder-workspace/.swiftpm/xcode -experimental-emit-module-separately -disable-cmo
SwiftDriverJobDiscovery normal arm64_32 Compiling NiceInit.swift (in target 'NiceInit' from project 'NiceComponents')
SwiftDriverJobDiscovery normal arm64 Compiling NiceInit.swift (in target 'NiceInit' from project 'NiceComponents')
SwiftDriver\ Compilation NiceInit normal arm64 com.apple.xcode.tools.swift.compiler (in target 'NiceInit' from project 'NiceComponents')
cd /Users/admin/builder/spi-builder-workspace/.swiftpm/xcode
builtin-Swift-Compilation -- /Applications/Xcode-27.0.0-Release.Candidate.app/Contents/Developer/Toolchains/XcodeDefault.xctoolchain/usr/bin/swiftc -parse-as-library -module-name NiceInit -Onone @/Users/admin/builder/spi-builder-workspace/.derivedData/Build/Intermediates.noindex/NiceComponents.build/Debug-watchos/NiceInit-t.build/Objects-normal/arm64/NiceInit.SwiftFileList -DSWIFT_PACKAGE -DDEBUG -DSWIFT_MODULE_RESOURCE_BUNDLE_UNAVAILABLE -DXcode -plugin-path /Applications/Xcode-27.0.0-Release.Candidate.app/Contents/Developer/Toolchains/XcodeDefault.xctoolchain/usr/lib/swift/host/plugins/testing -enable-experimental-feature DebugDescriptionMacro -sdk /Applications/Xcode-27.0.0-Release.Candidate.app/Contents/Developer/Platforms/WatchOS.platform/Developer/SDKs/WatchOS27.0.sdk -target arm64-apple-watchos9.0 -g -module-cache-path /Users/admin/builder/spi-builder-workspace/.derivedData/ModuleCache.noindex -Xfrontend -serialize-debugging-options -enable-testing -index-store-path /Users/admin/builder/spi-builder-workspace/.derivedData/Index.noindex/DataStore -Xcc -D_LIBCPP_HARDENING_MODE\=_LIBCPP_HARDENING_MODE_DEBUG -swift-version 5 -I /Users/admin/builder/spi-builder-workspace/.derivedData/Build/Products/Debug-watchos -Isystem /Applications/Xcode-27.0.0-Release.Candidate.app/Contents/Developer/Platforms/WatchOS.platform/Developer/usr/lib -F /Users/admin/builder/spi-builder-workspace/.derivedData/Build/Products/Debug-watchos -F /Applications/Xcode-27.0.0-Release.Candidate.app/Contents/Developer/Platforms/WatchOS.platform/Developer/Library/Frameworks -F /Applications/Xcode-27.0.0-Release.Candidate.app/Contents/Developer/Platforms/WatchOS.platform/Developer/SDKs/WatchOS27.0.sdk/Developer/Library/Frameworks -Xfrontend -load-plugin-executable -Xfrontend /Users/admin/builder/spi-builder-workspace/.derivedData/Build/Products/Debug/NiceInitMacros\#NiceInitMacros -c -j10 -enable-batch-mode -incremental -Xcc -ivfsstatcache -Xcc /Users/admin/builder/spi-builder-workspace/.derivedData/SDKStatCaches.noindex/watchos27.0-24R360-e829b21a6f8c9b70876ba0858053c04477534ef55a1706bf4c1112bbb242f0a2.sdkstatcache -output-file-map /Users/admin/builder/spi-builder-workspace/.derivedData/Build/Intermediates.noindex/NiceComponents.build/Debug-watchos/NiceInit-t.build/Objects-normal/arm64/NiceInit-OutputFileMap.json -save-temps -no-color-diagnostics -explicit-module-build -module-cache-path /Users/admin/builder/spi-builder-workspace/.derivedData/Build/Intermediates.noindex/SwiftExplicitPrecompiledModules -clang-scanner-module-cache-path /Users/admin/builder/spi-builder-workspace/.derivedData/ModuleCache.noindex -sdk-module-cache-path /Users/admin/builder/spi-builder-workspace/.derivedData/SDKExplicitPrecompiledModules -emit-dependencies -emit-module -emit-module-path /Users/admin/builder/spi-builder-workspace/.derivedData/Build/Intermediates.noindex/NiceComponents.build/Debug-watchos/NiceInit-t.build/Objects-normal/arm64/NiceInit.swiftmodule -serialize-diagnostics -dependency-scan-serialize-diagnostics-path /Users/admin/builder/spi-builder-workspace/.derivedData/Build/Intermediates.noindex/NiceComponents.build/Debug-watchos/NiceInit-t.build/Objects-normal/arm64/NiceInit-dependency-scan.dia -validate-clang-modules-once -clang-build-session-file /Users/admin/builder/spi-builder-workspace/.derivedData/ModuleCache.noindex/Session.modulevalidation -Xcc -fmodules-prune-interval\=86400 -Xcc -fmodules-prune-after\=345600 -package-name spi_builder_workspace -emit-const-values -const-gather-protocols-list /Users/admin/builder/spi-builder-workspace/.derivedData/Build/Intermediates.noindex/NiceComponents.build/Debug-watchos/NiceInit-t.build/Objects-normal/arm64/NiceInit_const_extract_protocols.json -Xcc -I/Users/admin/builder/spi-builder-workspace/.derivedData/Build/Products/Debug-watchos/include -Xcc -I/Users/admin/builder/spi-builder-workspace/.derivedData/Build/Intermediates.noindex/NiceComponents.build/Debug-watchos/NiceInit-t.build/DerivedSources-normal/arm64 -Xcc -I/Users/admin/builder/spi-builder-workspace/.derivedData/Build/Intermediates.noindex/NiceComponents.build/Debug-watchos/NiceInit-t.build/DerivedSources/arm64 -Xcc -I/Users/admin/builder/spi-builder-workspace/.derivedData/Build/Intermediates.noindex/NiceComponents.build/Debug-watchos/NiceInit-t.build/DerivedSources -Xcc -DSWIFT_PACKAGE -Xcc -DDEBUG\=1 -emit-objc-header -emit-objc-header-path /Users/admin/builder/spi-builder-workspace/.derivedData/Build/Intermediates.noindex/NiceComponents.build/Debug-watchos/NiceInit-t.build/Objects-normal/arm64/NiceInit-Swift.h -working-directory /Users/admin/builder/spi-builder-workspace/.swiftpm/xcode -experimental-emit-module-separately -disable-cmo
SwiftDriver\ Compilation NiceInit normal arm64_32 com.apple.xcode.tools.swift.compiler (in target 'NiceInit' from project 'NiceComponents')
cd /Users/admin/builder/spi-builder-workspace/.swiftpm/xcode
builtin-Swift-Compilation -- /Applications/Xcode-27.0.0-Release.Candidate.app/Contents/Developer/Toolchains/XcodeDefault.xctoolchain/usr/bin/swiftc -parse-as-library -module-name NiceInit -Onone @/Users/admin/builder/spi-builder-workspace/.derivedData/Build/Intermediates.noindex/NiceComponents.build/Debug-watchos/NiceInit-t.build/Objects-normal/arm64_32/NiceInit.SwiftFileList -DSWIFT_PACKAGE -DDEBUG -DSWIFT_MODULE_RESOURCE_BUNDLE_UNAVAILABLE -DXcode -plugin-path /Applications/Xcode-27.0.0-Release.Candidate.app/Contents/Developer/Toolchains/XcodeDefault.xctoolchain/usr/lib/swift/host/plugins/testing -enable-experimental-feature DebugDescriptionMacro -sdk /Applications/Xcode-27.0.0-Release.Candidate.app/Contents/Developer/Platforms/WatchOS.platform/Developer/SDKs/WatchOS27.0.sdk -target arm64_32-apple-watchos9.0 -g -module-cache-path /Users/admin/builder/spi-builder-workspace/.derivedData/ModuleCache.noindex -Xfrontend -serialize-debugging-options -enable-testing -index-store-path /Users/admin/builder/spi-builder-workspace/.derivedData/Index.noindex/DataStore -Xcc -D_LIBCPP_HARDENING_MODE\=_LIBCPP_HARDENING_MODE_DEBUG -swift-version 5 -I /Users/admin/builder/spi-builder-workspace/.derivedData/Build/Products/Debug-watchos -Isystem /Applications/Xcode-27.0.0-Release.Candidate.app/Contents/Developer/Platforms/WatchOS.platform/Developer/usr/lib -F /Users/admin/builder/spi-builder-workspace/.derivedData/Build/Products/Debug-watchos -F /Applications/Xcode-27.0.0-Release.Candidate.app/Contents/Developer/Platforms/WatchOS.platform/Developer/Library/Frameworks -F /Applications/Xcode-27.0.0-Release.Candidate.app/Contents/Developer/Platforms/WatchOS.platform/Developer/SDKs/WatchOS27.0.sdk/Developer/Library/Frameworks -Xfrontend -load-plugin-executable -Xfrontend /Users/admin/builder/spi-builder-workspace/.derivedData/Build/Products/Debug/NiceInitMacros\#NiceInitMacros -c -j10 -enable-batch-mode -incremental -Xcc -ivfsstatcache -Xcc /Users/admin/builder/spi-builder-workspace/.derivedData/SDKStatCaches.noindex/watchos27.0-24R360-e829b21a6f8c9b70876ba0858053c04477534ef55a1706bf4c1112bbb242f0a2.sdkstatcache -output-file-map /Users/admin/builder/spi-builder-workspace/.derivedData/Build/Intermediates.noindex/NiceComponents.build/Debug-watchos/NiceInit-t.build/Objects-normal/arm64_32/NiceInit-OutputFileMap.json -save-temps -no-color-diagnostics -explicit-module-build -module-cache-path /Users/admin/builder/spi-builder-workspace/.derivedData/Build/Intermediates.noindex/SwiftExplicitPrecompiledModules -clang-scanner-module-cache-path /Users/admin/builder/spi-builder-workspace/.derivedData/ModuleCache.noindex -sdk-module-cache-path /Users/admin/builder/spi-builder-workspace/.derivedData/SDKExplicitPrecompiledModules -emit-dependencies -emit-module -emit-module-path /Users/admin/builder/spi-builder-workspace/.derivedData/Build/Intermediates.noindex/NiceComponents.build/Debug-watchos/NiceInit-t.build/Objects-normal/arm64_32/NiceInit.swiftmodule -serialize-diagnostics -dependency-scan-serialize-diagnostics-path /Users/admin/builder/spi-builder-workspace/.derivedData/Build/Intermediates.noindex/NiceComponents.build/Debug-watchos/NiceInit-t.build/Objects-normal/arm64_32/NiceInit-dependency-scan.dia -validate-clang-modules-once -clang-build-session-file /Users/admin/builder/spi-builder-workspace/.derivedData/ModuleCache.noindex/Session.modulevalidation -Xcc -fmodules-prune-interval\=86400 -Xcc -fmodules-prune-after\=345600 -package-name spi_builder_workspace -emit-const-values -const-gather-protocols-list /Users/admin/builder/spi-builder-workspace/.derivedData/Build/Intermediates.noindex/NiceComponents.build/Debug-watchos/NiceInit-t.build/Objects-normal/arm64_32/NiceInit_const_extract_protocols.json -Xcc -I/Users/admin/builder/spi-builder-workspace/.derivedData/Build/Products/Debug-watchos/include -Xcc -I/Users/admin/builder/spi-builder-workspace/.derivedData/Build/Intermediates.noindex/NiceComponents.build/Debug-watchos/NiceInit-t.build/DerivedSources-normal/arm64_32 -Xcc -I/Users/admin/builder/spi-builder-workspace/.derivedData/Build/Intermediates.noindex/NiceComponents.build/Debug-watchos/NiceInit-t.build/DerivedSources/arm64_32 -Xcc -I/Users/admin/builder/spi-builder-workspace/.derivedData/Build/Intermediates.noindex/NiceComponents.build/Debug-watchos/NiceInit-t.build/DerivedSources -Xcc -DSWIFT_PACKAGE -Xcc -DDEBUG\=1 -emit-objc-header -emit-objc-header-path /Users/admin/builder/spi-builder-workspace/.derivedData/Build/Intermediates.noindex/NiceComponents.build/Debug-watchos/NiceInit-t.build/Objects-normal/arm64_32/NiceInit-Swift.h -working-directory /Users/admin/builder/spi-builder-workspace/.swiftpm/xcode -experimental-emit-module-separately -disable-cmo
SwiftMergeGeneratedHeaders /Users/admin/builder/spi-builder-workspace/.derivedData/Build/Intermediates.noindex/GeneratedModuleMaps-watchos/NiceInit-Swift.h /Users/admin/builder/spi-builder-workspace/.derivedData/Build/Intermediates.noindex/NiceComponents.build/Debug-watchos/NiceInit-t.build/Objects-normal/arm64/NiceInit-Swift.h /Users/admin/builder/spi-builder-workspace/.derivedData/Build/Intermediates.noindex/NiceComponents.build/Debug-watchos/NiceInit-t.build/Objects-normal/arm64_32/NiceInit-Swift.h (in target 'NiceInit' from project 'NiceComponents')
cd /Users/admin/builder/spi-builder-workspace
builtin-swiftHeaderTool -arch arm64 /Users/admin/builder/spi-builder-workspace/.derivedData/Build/Intermediates.noindex/NiceComponents.build/Debug-watchos/NiceInit-t.build/Objects-normal/arm64/NiceInit-Swift.h -arch arm64_32 /Users/admin/builder/spi-builder-workspace/.derivedData/Build/Intermediates.noindex/NiceComponents.build/Debug-watchos/NiceInit-t.build/Objects-normal/arm64_32/NiceInit-Swift.h -o /Users/admin/builder/spi-builder-workspace/.derivedData/Build/Intermediates.noindex/GeneratedModuleMaps-watchos/NiceInit-Swift.h
Copy /Users/admin/builder/spi-builder-workspace/.derivedData/Build/Products/Debug-watchos/NiceInit.swiftmodule/arm64_32-apple-watchos.swiftdoc /Users/admin/builder/spi-builder-workspace/.derivedData/Build/Intermediates.noindex/NiceComponents.build/Debug-watchos/NiceInit-t.build/Objects-normal/arm64_32/NiceInit.swiftdoc (in target 'NiceInit' from project 'NiceComponents')
cd /Users/admin/builder/spi-builder-workspace
builtin-copy -exclude .DS_Store -exclude CVS -exclude .svn -exclude .git -exclude .hg -resolve-src-symlinks -rename /Users/admin/builder/spi-builder-workspace/.derivedData/Build/Intermediates.noindex/NiceComponents.build/Debug-watchos/NiceInit-t.build/Objects-normal/arm64_32/NiceInit.swiftdoc /Users/admin/builder/spi-builder-workspace/.derivedData/Build/Products/Debug-watchos/NiceInit.swiftmodule/arm64_32-apple-watchos.swiftdoc
Copy /Users/admin/builder/spi-builder-workspace/.derivedData/Build/Products/Debug-watchos/NiceInit.swiftmodule/arm64-apple-watchos.swiftmodule /Users/admin/builder/spi-builder-workspace/.derivedData/Build/Intermediates.noindex/NiceComponents.build/Debug-watchos/NiceInit-t.build/Objects-normal/arm64/NiceInit.swiftmodule (in target 'NiceInit' from project 'NiceComponents')
cd /Users/admin/builder/spi-builder-workspace
builtin-copy -exclude .DS_Store -exclude CVS -exclude .svn -exclude .git -exclude .hg -resolve-src-symlinks -rename /Users/admin/builder/spi-builder-workspace/.derivedData/Build/Intermediates.noindex/NiceComponents.build/Debug-watchos/NiceInit-t.build/Objects-normal/arm64/NiceInit.swiftmodule /Users/admin/builder/spi-builder-workspace/.derivedData/Build/Products/Debug-watchos/NiceInit.swiftmodule/arm64-apple-watchos.swiftmodule
Copy /Users/admin/builder/spi-builder-workspace/.derivedData/Build/Products/Debug-watchos/NiceInit.swiftmodule/arm64-apple-watchos.swiftdoc /Users/admin/builder/spi-builder-workspace/.derivedData/Build/Intermediates.noindex/NiceComponents.build/Debug-watchos/NiceInit-t.build/Objects-normal/arm64/NiceInit.swiftdoc (in target 'NiceInit' from project 'NiceComponents')
cd /Users/admin/builder/spi-builder-workspace
builtin-copy -exclude .DS_Store -exclude CVS -exclude .svn -exclude .git -exclude .hg -resolve-src-symlinks -rename /Users/admin/builder/spi-builder-workspace/.derivedData/Build/Intermediates.noindex/NiceComponents.build/Debug-watchos/NiceInit-t.build/Objects-normal/arm64/NiceInit.swiftdoc /Users/admin/builder/spi-builder-workspace/.derivedData/Build/Products/Debug-watchos/NiceInit.swiftmodule/arm64-apple-watchos.swiftdoc
Copy /Users/admin/builder/spi-builder-workspace/.derivedData/Build/Products/Debug-watchos/NiceInit.swiftmodule/arm64_32-apple-watchos.abi.json /Users/admin/builder/spi-builder-workspace/.derivedData/Build/Intermediates.noindex/NiceComponents.build/Debug-watchos/NiceInit-t.build/Objects-normal/arm64_32/NiceInit.abi.json (in target 'NiceInit' from project 'NiceComponents')
cd /Users/admin/builder/spi-builder-workspace
builtin-copy -exclude .DS_Store -exclude CVS -exclude .svn -exclude .git -exclude .hg -resolve-src-symlinks -rename /Users/admin/builder/spi-builder-workspace/.derivedData/Build/Intermediates.noindex/NiceComponents.build/Debug-watchos/NiceInit-t.build/Objects-normal/arm64_32/NiceInit.abi.json /Users/admin/builder/spi-builder-workspace/.derivedData/Build/Products/Debug-watchos/NiceInit.swiftmodule/arm64_32-apple-watchos.abi.json
Copy /Users/admin/builder/spi-builder-workspace/.derivedData/Build/Products/Debug-watchos/NiceInit.swiftmodule/arm64_32-apple-watchos.swiftmodule /Users/admin/builder/spi-builder-workspace/.derivedData/Build/Intermediates.noindex/NiceComponents.build/Debug-watchos/NiceInit-t.build/Objects-normal/arm64_32/NiceInit.swiftmodule (in target 'NiceInit' from project 'NiceComponents')
cd /Users/admin/builder/spi-builder-workspace
builtin-copy -exclude .DS_Store -exclude CVS -exclude .svn -exclude .git -exclude .hg -resolve-src-symlinks -rename /Users/admin/builder/spi-builder-workspace/.derivedData/Build/Intermediates.noindex/NiceComponents.build/Debug-watchos/NiceInit-t.build/Objects-normal/arm64_32/NiceInit.swiftmodule /Users/admin/builder/spi-builder-workspace/.derivedData/Build/Products/Debug-watchos/NiceInit.swiftmodule/arm64_32-apple-watchos.swiftmodule
Copy /Users/admin/builder/spi-builder-workspace/.derivedData/Build/Products/Debug-watchos/NiceInit.swiftmodule/arm64-apple-watchos.abi.json /Users/admin/builder/spi-builder-workspace/.derivedData/Build/Intermediates.noindex/NiceComponents.build/Debug-watchos/NiceInit-t.build/Objects-normal/arm64/NiceInit.abi.json (in target 'NiceInit' from project 'NiceComponents')
cd /Users/admin/builder/spi-builder-workspace
builtin-copy -exclude .DS_Store -exclude CVS -exclude .svn -exclude .git -exclude .hg -resolve-src-symlinks -rename /Users/admin/builder/spi-builder-workspace/.derivedData/Build/Intermediates.noindex/NiceComponents.build/Debug-watchos/NiceInit-t.build/Objects-normal/arm64/NiceInit.abi.json /Users/admin/builder/spi-builder-workspace/.derivedData/Build/Products/Debug-watchos/NiceInit.swiftmodule/arm64-apple-watchos.abi.json
Copy /Users/admin/builder/spi-builder-workspace/.derivedData/Build/Products/Debug-watchos/NiceInit.swiftmodule/Project/arm64-apple-watchos.swiftsourceinfo /Users/admin/builder/spi-builder-workspace/.derivedData/Build/Intermediates.noindex/NiceComponents.build/Debug-watchos/NiceInit-t.build/Objects-normal/arm64/NiceInit.swiftsourceinfo (in target 'NiceInit' from project 'NiceComponents')
cd /Users/admin/builder/spi-builder-workspace
builtin-copy -exclude .DS_Store -exclude CVS -exclude .svn -exclude .git -exclude .hg -resolve-src-symlinks -rename /Users/admin/builder/spi-builder-workspace/.derivedData/Build/Intermediates.noindex/NiceComponents.build/Debug-watchos/NiceInit-t.build/Objects-normal/arm64/NiceInit.swiftsourceinfo /Users/admin/builder/spi-builder-workspace/.derivedData/Build/Products/Debug-watchos/NiceInit.swiftmodule/Project/arm64-apple-watchos.swiftsourceinfo
Copy /Users/admin/builder/spi-builder-workspace/.derivedData/Build/Products/Debug-watchos/NiceInit.swiftmodule/Project/arm64_32-apple-watchos.swiftsourceinfo /Users/admin/builder/spi-builder-workspace/.derivedData/Build/Intermediates.noindex/NiceComponents.build/Debug-watchos/NiceInit-t.build/Objects-normal/arm64_32/NiceInit.swiftsourceinfo (in target 'NiceInit' from project 'NiceComponents')
cd /Users/admin/builder/spi-builder-workspace
builtin-copy -exclude .DS_Store -exclude CVS -exclude .svn -exclude .git -exclude .hg -resolve-src-symlinks -rename /Users/admin/builder/spi-builder-workspace/.derivedData/Build/Intermediates.noindex/NiceComponents.build/Debug-watchos/NiceInit-t.build/Objects-normal/arm64_32/NiceInit.swiftsourceinfo /Users/admin/builder/spi-builder-workspace/.derivedData/Build/Products/Debug-watchos/NiceInit.swiftmodule/Project/arm64_32-apple-watchos.swiftsourceinfo
Ld /Users/admin/builder/spi-builder-workspace/.derivedData/Build/Intermediates.noindex/NiceComponents.build/Debug-watchos/NiceInit-t.build/Objects-normal/arm64_32/Binary/NiceInit.o normal arm64_32 (in target 'NiceInit' from project 'NiceComponents')
cd /Users/admin/builder/spi-builder-workspace
/Applications/Xcode-27.0.0-Release.Candidate.app/Contents/Developer/Toolchains/XcodeDefault.xctoolchain/usr/bin/clang -Xlinker -reproducible -target arm64_32-apple-watchos9.0 -r -isysroot /Applications/Xcode-27.0.0-Release.Candidate.app/Contents/Developer/Platforms/WatchOS.platform/Developer/SDKs/WatchOS27.0.sdk -O0 -Xlinker -no_warn_duplicate_libraries -F/Users/admin/builder/spi-builder-workspace/.derivedData/Build/Intermediates.noindex/EagerLinkingTBDs/Debug-watchos -F/Users/admin/builder/spi-builder-workspace/.derivedData/Build/Products/Debug-watchos -iframework /Applications/Xcode-27.0.0-Release.Candidate.app/Contents/Developer/Platforms/WatchOS.platform/Developer/Library/Frameworks -iframework /Applications/Xcode-27.0.0-Release.Candidate.app/Contents/Developer/Platforms/WatchOS.platform/Developer/SDKs/WatchOS27.0.sdk/Developer/Library/Frameworks -filelist /Users/admin/builder/spi-builder-workspace/.derivedData/Build/Intermediates.noindex/NiceComponents.build/Debug-watchos/NiceInit-t.build/Objects-normal/arm64_32/NiceInit.LinkFileList -nostdlib -Xlinker -object_path_lto -Xlinker /Users/admin/builder/spi-builder-workspace/.derivedData/Build/Intermediates.noindex/NiceComponents.build/Debug-watchos/NiceInit-t.build/Objects-normal/arm64_32/NiceInit_lto.o -Xlinker -no_deduplicate -Xlinker -dependency_info -Xlinker /Users/admin/builder/spi-builder-workspace/.derivedData/Build/Intermediates.noindex/NiceComponents.build/Debug-watchos/NiceInit-t.build/Objects-normal/arm64_32/NiceInit_dependency_info.dat -fobjc-link-runtime -L/Applications/Xcode-27.0.0-Release.Candidate.app/Contents/Developer/Toolchains/XcodeDefault.xctoolchain/usr/lib/swift/watchos -L/usr/lib/swift -Xlinker -add_ast_path -Xlinker /Users/admin/builder/spi-builder-workspace/.derivedData/Build/Intermediates.noindex/NiceComponents.build/Debug-watchos/NiceInit-t.build/Objects-normal/arm64_32/NiceInit.swiftmodule -o /Users/admin/builder/spi-builder-workspace/.derivedData/Build/Intermediates.noindex/NiceComponents.build/Debug-watchos/NiceInit-t.build/Objects-normal/arm64_32/Binary/NiceInit.o
Ld /Users/admin/builder/spi-builder-workspace/.derivedData/Build/Intermediates.noindex/NiceComponents.build/Debug-watchos/NiceInit-t.build/Objects-normal/arm64/Binary/NiceInit.o normal arm64 (in target 'NiceInit' from project 'NiceComponents')
cd /Users/admin/builder/spi-builder-workspace
/Applications/Xcode-27.0.0-Release.Candidate.app/Contents/Developer/Toolchains/XcodeDefault.xctoolchain/usr/bin/clang -Xlinker -reproducible -target arm64-apple-watchos9.0 -r -isysroot /Applications/Xcode-27.0.0-Release.Candidate.app/Contents/Developer/Platforms/WatchOS.platform/Developer/SDKs/WatchOS27.0.sdk -O0 -Xlinker -no_warn_duplicate_libraries -F/Users/admin/builder/spi-builder-workspace/.derivedData/Build/Intermediates.noindex/EagerLinkingTBDs/Debug-watchos -F/Users/admin/builder/spi-builder-workspace/.derivedData/Build/Products/Debug-watchos -iframework /Applications/Xcode-27.0.0-Release.Candidate.app/Contents/Developer/Platforms/WatchOS.platform/Developer/Library/Frameworks -iframework /Applications/Xcode-27.0.0-Release.Candidate.app/Contents/Developer/Platforms/WatchOS.platform/Developer/SDKs/WatchOS27.0.sdk/Developer/Library/Frameworks -filelist /Users/admin/builder/spi-builder-workspace/.derivedData/Build/Intermediates.noindex/NiceComponents.build/Debug-watchos/NiceInit-t.build/Objects-normal/arm64/NiceInit.LinkFileList -nostdlib -Xlinker -object_path_lto -Xlinker /Users/admin/builder/spi-builder-workspace/.derivedData/Build/Intermediates.noindex/NiceComponents.build/Debug-watchos/NiceInit-t.build/Objects-normal/arm64/NiceInit_lto.o -Xlinker -no_deduplicate -Xlinker -dependency_info -Xlinker /Users/admin/builder/spi-builder-workspace/.derivedData/Build/Intermediates.noindex/NiceComponents.build/Debug-watchos/NiceInit-t.build/Objects-normal/arm64/NiceInit_dependency_info.dat -fobjc-link-runtime -L/Applications/Xcode-27.0.0-Release.Candidate.app/Contents/Developer/Toolchains/XcodeDefault.xctoolchain/usr/lib/swift/watchos -L/usr/lib/swift -Xlinker -add_ast_path -Xlinker /Users/admin/builder/spi-builder-workspace/.derivedData/Build/Intermediates.noindex/NiceComponents.build/Debug-watchos/NiceInit-t.build/Objects-normal/arm64/NiceInit.swiftmodule -o /Users/admin/builder/spi-builder-workspace/.derivedData/Build/Intermediates.noindex/NiceComponents.build/Debug-watchos/NiceInit-t.build/Objects-normal/arm64/Binary/NiceInit.o
GenerateAssetSymbols /Users/admin/builder/spi-builder-workspace/Sources/NiceComponents/Helper/Colors.xcassets (in target 'NiceComponents' from project 'NiceComponents')
cd /Users/admin/builder/spi-builder-workspace
/Applications/Xcode-27.0.0-Release.Candidate.app/Contents/Developer/usr/bin/actool /Users/admin/builder/spi-builder-workspace/Sources/NiceComponents/Helper/Colors.xcassets --compile /Users/admin/builder/spi-builder-workspace/.derivedData/Build/Products/Debug-watchos --output-format human-readable-text --notices --warnings --export-dependency-info /Users/admin/builder/spi-builder-workspace/.derivedData/Build/Intermediates.noindex/NiceComponents.build/Debug-watchos/NiceComponents-t.build/assetcatalog_dependencies --output-partial-info-plist /Users/admin/builder/spi-builder-workspace/.derivedData/Build/Intermediates.noindex/NiceComponents.build/Debug-watchos/NiceComponents-t.build/assetcatalog_generated_info.plist --compress-pngs --enable-on-demand-resources NO --development-region en --target-device watch --minimum-deployment-target 9.0 --platform watchos --bundle-identifier spi-builder-workspace.NiceComponents --generate-swift-asset-symbol-extensions NO --generate-swift-asset-symbols /Users/admin/builder/spi-builder-workspace/.derivedData/Build/Intermediates.noindex/NiceComponents.build/Debug-watchos/NiceComponents-t.build/DerivedSources/GeneratedAssetSymbols.swift --generate-objc-asset-symbols /Users/admin/builder/spi-builder-workspace/.derivedData/Build/Intermediates.noindex/NiceComponents.build/Debug-watchos/NiceComponents-t.build/DerivedSources/GeneratedAssetSymbols.h --generate-asset-symbol-index /Users/admin/builder/spi-builder-workspace/.derivedData/Build/Intermediates.noindex/NiceComponents.build/Debug-watchos/NiceComponents-t.build/DerivedSources/GeneratedAssetSymbols-Index.plist
/* com.apple.actool.compilation-results */
/Users/admin/builder/spi-builder-workspace/.derivedData/Build/Intermediates.noindex/NiceComponents.build/Debug-watchos/NiceComponents-t.build/DerivedSources/GeneratedAssetSymbols-Index.plist
/Users/admin/builder/spi-builder-workspace/.derivedData/Build/Intermediates.noindex/NiceComponents.build/Debug-watchos/NiceComponents-t.build/DerivedSources/GeneratedAssetSymbols.h
/Users/admin/builder/spi-builder-workspace/.derivedData/Build/Intermediates.noindex/NiceComponents.build/Debug-watchos/NiceComponents-t.build/DerivedSources/GeneratedAssetSymbols.swift
SwiftDriver NiceComponents normal arm64 com.apple.xcode.tools.swift.compiler (in target 'NiceComponents' from project 'NiceComponents')
cd /Users/admin/builder/spi-builder-workspace/.swiftpm/xcode
builtin-SwiftDriver -- /Applications/Xcode-27.0.0-Release.Candidate.app/Contents/Developer/Toolchains/XcodeDefault.xctoolchain/usr/bin/swiftc -parse-as-library -module-name NiceComponents -Onone @/Users/admin/builder/spi-builder-workspace/.derivedData/Build/Intermediates.noindex/NiceComponents.build/Debug-watchos/NiceComponents-t.build/Objects-normal/arm64/NiceComponents.SwiftFileList -DSWIFT_PACKAGE -DDEBUG -DSWIFT_MODULE_RESOURCE_BUNDLE_AVAILABLE -DXcode -plugin-path /Applications/Xcode-27.0.0-Release.Candidate.app/Contents/Developer/Toolchains/XcodeDefault.xctoolchain/usr/lib/swift/host/plugins/testing -enable-experimental-feature DebugDescriptionMacro -sdk /Applications/Xcode-27.0.0-Release.Candidate.app/Contents/Developer/Platforms/WatchOS.platform/Developer/SDKs/WatchOS27.0.sdk -target arm64-apple-watchos9.0 -g -module-cache-path /Users/admin/builder/spi-builder-workspace/.derivedData/ModuleCache.noindex -Xfrontend -serialize-debugging-options -enable-testing -index-store-path /Users/admin/builder/spi-builder-workspace/.derivedData/Index.noindex/DataStore -Xcc -D_LIBCPP_HARDENING_MODE\=_LIBCPP_HARDENING_MODE_DEBUG -swift-version 5 -I /Users/admin/builder/spi-builder-workspace/.derivedData/Build/Products/Debug-watchos -Isystem /Applications/Xcode-27.0.0-Release.Candidate.app/Contents/Developer/Platforms/WatchOS.platform/Developer/usr/lib -F /Users/admin/builder/spi-builder-workspace/.derivedData/Build/Products/Debug-watchos/PackageFrameworks -F /Users/admin/builder/spi-builder-workspace/.derivedData/Build/Products/Debug-watchos -F /Applications/Xcode-27.0.0-Release.Candidate.app/Contents/Developer/Platforms/WatchOS.platform/Developer/Library/Frameworks -F /Applications/Xcode-27.0.0-Release.Candidate.app/Contents/Developer/Platforms/WatchOS.platform/Developer/SDKs/WatchOS27.0.sdk/Developer/Library/Frameworks -Xfrontend -load-plugin-executable -Xfrontend /Users/admin/builder/spi-builder-workspace/.derivedData/Build/Products/Debug/NiceInitMacros\#NiceInitMacros -c -j10 -enable-batch-mode -incremental -Xcc -ivfsstatcache -Xcc /Users/admin/builder/spi-builder-workspace/.derivedData/SDKStatCaches.noindex/watchos27.0-24R360-e829b21a6f8c9b70876ba0858053c04477534ef55a1706bf4c1112bbb242f0a2.sdkstatcache -output-file-map /Users/admin/builder/spi-builder-workspace/.derivedData/Build/Intermediates.noindex/NiceComponents.build/Debug-watchos/NiceComponents-t.build/Objects-normal/arm64/NiceComponents-OutputFileMap.json -save-temps -no-color-diagnostics -explicit-module-build -module-cache-path /Users/admin/builder/spi-builder-workspace/.derivedData/Build/Intermediates.noindex/SwiftExplicitPrecompiledModules -clang-scanner-module-cache-path /Users/admin/builder/spi-builder-workspace/.derivedData/ModuleCache.noindex -sdk-module-cache-path /Users/admin/builder/spi-builder-workspace/.derivedData/SDKExplicitPrecompiledModules -emit-dependencies -emit-module -emit-module-path /Users/admin/builder/spi-builder-workspace/.derivedData/Build/Intermediates.noindex/NiceComponents.build/Debug-watchos/NiceComponents-t.build/Objects-normal/arm64/NiceComponents.swiftmodule -serialize-diagnostics -dependency-scan-serialize-diagnostics-path /Users/admin/builder/spi-builder-workspace/.derivedData/Build/Intermediates.noindex/NiceComponents.build/Debug-watchos/NiceComponents-t.build/Objects-normal/arm64/NiceComponents-dependency-scan.dia -validate-clang-modules-once -clang-build-session-file /Users/admin/builder/spi-builder-workspace/.derivedData/ModuleCache.noindex/Session.modulevalidation -Xcc -fmodules-prune-interval\=86400 -Xcc -fmodules-prune-after\=345600 -package-name spi_builder_workspace -emit-const-values -const-gather-protocols-list /Users/admin/builder/spi-builder-workspace/.derivedData/Build/Intermediates.noindex/NiceComponents.build/Debug-watchos/NiceComponents-t.build/Objects-normal/arm64/NiceComponents_const_extract_protocols.json -Xcc -I/Users/admin/builder/spi-builder-workspace/.derivedData/Build/Products/Debug-watchos/include -Xcc -I/Users/admin/builder/spi-builder-workspace/.derivedData/Build/Intermediates.noindex/NiceComponents.build/Debug-watchos/NiceComponents-t.build/DerivedSources-normal/arm64 -Xcc -I/Users/admin/builder/spi-builder-workspace/.derivedData/Build/Intermediates.noindex/NiceComponents.build/Debug-watchos/NiceComponents-t.build/DerivedSources/arm64 -Xcc -I/Users/admin/builder/spi-builder-workspace/.derivedData/Build/Intermediates.noindex/NiceComponents.build/Debug-watchos/NiceComponents-t.build/DerivedSources -Xcc -DSWIFT_PACKAGE -Xcc -DDEBUG\=1 -emit-objc-header -emit-objc-header-path /Users/admin/builder/spi-builder-workspace/.derivedData/Build/Intermediates.noindex/NiceComponents.build/Debug-watchos/NiceComponents-t.build/Objects-normal/arm64/NiceComponents-Swift.h -working-directory /Users/admin/builder/spi-builder-workspace/.swiftpm/xcode -experimental-emit-module-separately -disable-cmo
SwiftDriver NiceComponents normal arm64_32 com.apple.xcode.tools.swift.compiler (in target 'NiceComponents' from project 'NiceComponents')
cd /Users/admin/builder/spi-builder-workspace/.swiftpm/xcode
builtin-SwiftDriver -- /Applications/Xcode-27.0.0-Release.Candidate.app/Contents/Developer/Toolchains/XcodeDefault.xctoolchain/usr/bin/swiftc -parse-as-library -module-name NiceComponents -Onone @/Users/admin/builder/spi-builder-workspace/.derivedData/Build/Intermediates.noindex/NiceComponents.build/Debug-watchos/NiceComponents-t.build/Objects-normal/arm64_32/NiceComponents.SwiftFileList -DSWIFT_PACKAGE -DDEBUG -DSWIFT_MODULE_RESOURCE_BUNDLE_AVAILABLE -DXcode -plugin-path /Applications/Xcode-27.0.0-Release.Candidate.app/Contents/Developer/Toolchains/XcodeDefault.xctoolchain/usr/lib/swift/host/plugins/testing -enable-experimental-feature DebugDescriptionMacro -sdk /Applications/Xcode-27.0.0-Release.Candidate.app/Contents/Developer/Platforms/WatchOS.platform/Developer/SDKs/WatchOS27.0.sdk -target arm64_32-apple-watchos9.0 -g -module-cache-path /Users/admin/builder/spi-builder-workspace/.derivedData/ModuleCache.noindex -Xfrontend -serialize-debugging-options -enable-testing -index-store-path /Users/admin/builder/spi-builder-workspace/.derivedData/Index.noindex/DataStore -Xcc -D_LIBCPP_HARDENING_MODE\=_LIBCPP_HARDENING_MODE_DEBUG -swift-version 5 -I /Users/admin/builder/spi-builder-workspace/.derivedData/Build/Products/Debug-watchos -Isystem /Applications/Xcode-27.0.0-Release.Candidate.app/Contents/Developer/Platforms/WatchOS.platform/Developer/usr/lib -F /Users/admin/builder/spi-builder-workspace/.derivedData/Build/Products/Debug-watchos/PackageFrameworks -F /Users/admin/builder/spi-builder-workspace/.derivedData/Build/Products/Debug-watchos -F /Applications/Xcode-27.0.0-Release.Candidate.app/Contents/Developer/Platforms/WatchOS.platform/Developer/Library/Frameworks -F /Applications/Xcode-27.0.0-Release.Candidate.app/Contents/Developer/Platforms/WatchOS.platform/Developer/SDKs/WatchOS27.0.sdk/Developer/Library/Frameworks -Xfrontend -load-plugin-executable -Xfrontend /Users/admin/builder/spi-builder-workspace/.derivedData/Build/Products/Debug/NiceInitMacros\#NiceInitMacros -c -j10 -enable-batch-mode -incremental -Xcc -ivfsstatcache -Xcc /Users/admin/builder/spi-builder-workspace/.derivedData/SDKStatCaches.noindex/watchos27.0-24R360-e829b21a6f8c9b70876ba0858053c04477534ef55a1706bf4c1112bbb242f0a2.sdkstatcache -output-file-map /Users/admin/builder/spi-builder-workspace/.derivedData/Build/Intermediates.noindex/NiceComponents.build/Debug-watchos/NiceComponents-t.build/Objects-normal/arm64_32/NiceComponents-OutputFileMap.json -save-temps -no-color-diagnostics -explicit-module-build -module-cache-path /Users/admin/builder/spi-builder-workspace/.derivedData/Build/Intermediates.noindex/SwiftExplicitPrecompiledModules -clang-scanner-module-cache-path /Users/admin/builder/spi-builder-workspace/.derivedData/ModuleCache.noindex -sdk-module-cache-path /Users/admin/builder/spi-builder-workspace/.derivedData/SDKExplicitPrecompiledModules -emit-dependencies -emit-module -emit-module-path /Users/admin/builder/spi-builder-workspace/.derivedData/Build/Intermediates.noindex/NiceComponents.build/Debug-watchos/NiceComponents-t.build/Objects-normal/arm64_32/NiceComponents.swiftmodule -serialize-diagnostics -dependency-scan-serialize-diagnostics-path /Users/admin/builder/spi-builder-workspace/.derivedData/Build/Intermediates.noindex/NiceComponents.build/Debug-watchos/NiceComponents-t.build/Objects-normal/arm64_32/NiceComponents-dependency-scan.dia -validate-clang-modules-once -clang-build-session-file /Users/admin/builder/spi-builder-workspace/.derivedData/ModuleCache.noindex/Session.modulevalidation -Xcc -fmodules-prune-interval\=86400 -Xcc -fmodules-prune-after\=345600 -package-name spi_builder_workspace -emit-const-values -const-gather-protocols-list /Users/admin/builder/spi-builder-workspace/.derivedData/Build/Intermediates.noindex/NiceComponents.build/Debug-watchos/NiceComponents-t.build/Objects-normal/arm64_32/NiceComponents_const_extract_protocols.json -Xcc -I/Users/admin/builder/spi-builder-workspace/.derivedData/Build/Products/Debug-watchos/include -Xcc -I/Users/admin/builder/spi-builder-workspace/.derivedData/Build/Intermediates.noindex/NiceComponents.build/Debug-watchos/NiceComponents-t.build/DerivedSources-normal/arm64_32 -Xcc -I/Users/admin/builder/spi-builder-workspace/.derivedData/Build/Intermediates.noindex/NiceComponents.build/Debug-watchos/NiceComponents-t.build/DerivedSources/arm64_32 -Xcc -I/Users/admin/builder/spi-builder-workspace/.derivedData/Build/Intermediates.noindex/NiceComponents.build/Debug-watchos/NiceComponents-t.build/DerivedSources -Xcc -DSWIFT_PACKAGE -Xcc -DDEBUG\=1 -emit-objc-header -emit-objc-header-path /Users/admin/builder/spi-builder-workspace/.derivedData/Build/Intermediates.noindex/NiceComponents.build/Debug-watchos/NiceComponents-t.build/Objects-normal/arm64_32/NiceComponents-Swift.h -working-directory /Users/admin/builder/spi-builder-workspace/.swiftpm/xcode -experimental-emit-module-separately -disable-cmo
CreateUniversalBinary /Users/admin/builder/spi-builder-workspace/.derivedData/Build/Products/Debug-watchos/NiceInit.o normal arm64\ arm64_32 (in target 'NiceInit' from project 'NiceComponents')
cd /Users/admin/builder/spi-builder-workspace
/Applications/Xcode-27.0.0-Release.Candidate.app/Contents/Developer/Toolchains/XcodeDefault.xctoolchain/usr/bin/lipo -create /Users/admin/builder/spi-builder-workspace/.derivedData/Build/Intermediates.noindex/NiceComponents.build/Debug-watchos/NiceInit-t.build/Objects-normal/arm64/Binary/NiceInit.o /Users/admin/builder/spi-builder-workspace/.derivedData/Build/Intermediates.noindex/NiceComponents.build/Debug-watchos/NiceInit-t.build/Objects-normal/arm64_32/Binary/NiceInit.o -output /Users/admin/builder/spi-builder-workspace/.derivedData/Build/Products/Debug-watchos/NiceInit.o
ExtractAppIntentsMetadata (in target 'NiceInit' from project 'NiceComponents')
cd /Users/admin/builder/spi-builder-workspace
/Applications/Xcode-27.0.0-Release.Candidate.app/Contents/Developer/Toolchains/XcodeDefault.xctoolchain/usr/bin/appintentsmetadataprocessor --toolchain-dir /var/run/com.apple.security.cryptexd/mnt/com.apple.MobileAsset.MetalToolchain-v27.1.266.1.furW7n/Metal.xctoolchain --module-name NiceInit --sdk-root /Applications/Xcode-27.0.0-Release.Candidate.app/Contents/Developer/Platforms/WatchOS.platform/Developer/SDKs/WatchOS27.0.sdk --xcode-version 27A266a --platform-family watchOS --deployment-target 9.0 --bundle-identifier spi-builder-workspace.NiceInit --output /Users/admin/builder/spi-builder-workspace/.derivedData/Build/Products/Debug-watchos/NiceInit.appintents --target-triple arm64-apple-watchos9.0 --target-triple arm64_32-apple-watchos9.0 --binary-file /Users/admin/builder/spi-builder-workspace/.derivedData/Build/Products/Debug-watchos/NiceInit.o --dependency-file /Users/admin/builder/spi-builder-workspace/.derivedData/Build/Intermediates.noindex/NiceComponents.build/Debug-watchos/NiceInit-t.build/Objects-normal/arm64/NiceInit_dependency_info.dat --dependency-file /Users/admin/builder/spi-builder-workspace/.derivedData/Build/Intermediates.noindex/NiceComponents.build/Debug-watchos/NiceInit-t.build/Objects-normal/arm64_32/NiceInit_dependency_info.dat --stringsdata-file /Users/admin/builder/spi-builder-workspace/.derivedData/Build/Intermediates.noindex/NiceComponents.build/Debug-watchos/NiceInit-t.build/Objects-normal/arm64/ExtractedAppShortcutsMetadata.stringsdata --stringsdata-file /Users/admin/builder/spi-builder-workspace/.derivedData/Build/Intermediates.noindex/NiceComponents.build/Debug-watchos/NiceInit-t.build/Objects-normal/arm64_32/ExtractedAppShortcutsMetadata.stringsdata --source-file-list /Users/admin/builder/spi-builder-workspace/.derivedData/Build/Intermediates.noindex/NiceComponents.build/Debug-watchos/NiceInit-t.build/Objects-normal/arm64/NiceInit.SwiftFileList --source-file-list /Users/admin/builder/spi-builder-workspace/.derivedData/Build/Intermediates.noindex/NiceComponents.build/Debug-watchos/NiceInit-t.build/Objects-normal/arm64_32/NiceInit.SwiftFileList --metadata-file-list /Users/admin/builder/spi-builder-workspace/.derivedData/Build/Intermediates.noindex/NiceComponents.build/Debug-watchos/NiceInit-t.build/NiceInit.DependencyMetadataFileList --static-metadata-file-list /Users/admin/builder/spi-builder-workspace/.derivedData/Build/Intermediates.noindex/NiceComponents.build/Debug-watchos/NiceInit-t.build/NiceInit.DependencyStaticMetadataFileList --swift-const-vals-list /Users/admin/builder/spi-builder-workspace/.derivedData/Build/Intermediates.noindex/NiceComponents.build/Debug-watchos/NiceInit-t.build/Objects-normal/arm64/NiceInit.SwiftConstValuesFileList --swift-const-vals-list /Users/admin/builder/spi-builder-workspace/.derivedData/Build/Intermediates.noindex/NiceComponents.build/Debug-watchos/NiceInit-t.build/Objects-normal/arm64_32/NiceInit.SwiftConstValuesFileList --force --compile-time-extraction --deployment-aware-processing --no-app-shortcuts-localization
2026-09-24 00:36:46.628 appintentsmetadataprocessor[1319:7413] Starting appintentsmetadataprocessor export
2026-09-24 00:36:46.695 appintentsmetadataprocessor[1319:7413] Extracted no relevant App Intents symbols, skipping writing output
SwiftCompile normal arm64 Compiling\ ButtonStyle+Styles.swift,\ NiceButtonColorStyle.swift,\ NiceButtonStyle.swift /Users/admin/builder/spi-builder-workspace/Sources/NiceComponents/Button/Style/ButtonStyle+Styles.swift /Users/admin/builder/spi-builder-workspace/Sources/NiceComponents/Button/Style/NiceButtonColorStyle.swift /Users/admin/builder/spi-builder-workspace/Sources/NiceComponents/Button/Style/NiceButtonStyle.swift (in target 'NiceComponents' from project 'NiceComponents')
SwiftCompile normal arm64 /Users/admin/builder/spi-builder-workspace/Sources/NiceComponents/Button/Style/ButtonStyle+Styles.swift (in target 'NiceComponents' from project 'NiceComponents')
cd /Users/admin/builder/spi-builder-workspace/.swiftpm/xcode
builtin-SwiftPerFileCompile ButtonStyle+Styles.swift
SwiftCompile normal arm64 /Users/admin/builder/spi-builder-workspace/Sources/NiceComponents/Button/Style/NiceButtonColorStyle.swift (in target 'NiceComponents' from project 'NiceComponents')
cd /Users/admin/builder/spi-builder-workspace/.swiftpm/xcode
builtin-SwiftPerFileCompile NiceButtonColorStyle.swift
SwiftCompile normal arm64 /Users/admin/builder/spi-builder-workspace/Sources/NiceComponents/Button/Style/NiceButtonStyle.swift (in target 'NiceComponents' from project 'NiceComponents')
cd /Users/admin/builder/spi-builder-workspace/.swiftpm/xcode
builtin-SwiftPerFileCompile NiceButtonStyle.swift
SwiftCompile normal arm64 Compiling\ NiceShadowModifier.swift,\ NiceTextField.swift,\ Config.swift /Users/admin/builder/spi-builder-workspace/Sources/NiceComponents/Components/NiceShadowModifier.swift /Users/admin/builder/spi-builder-workspace/Sources/NiceComponents/Components/NiceTextField.swift /Users/admin/builder/spi-builder-workspace/Sources/NiceComponents/Config.swift (in target 'NiceComponents' from project 'NiceComponents')
/Users/admin/builder/spi-builder-workspace/Sources/NiceComponents/Components/NiceTextField.swift:17:29: error: 'UITextContentType' is unavailable in watchOS
15 |
16 | /// Identifies the semantic meaning of the text content, aiding in content-specific keyboard layout. Defaults to `nil`.
17 | public let contentType: UITextContentType?
| `- error: 'UITextContentType' is unavailable in watchOS
18 |
19 | /// Specifies the keyboard type that appears when the text field is in focus. Defaults to `.default`.
/Applications/Xcode-27.0.0-Release.Candidate.app/Contents/Developer/Platforms/WatchOS.platform/Developer/SDKs/WatchOS27.0.sdk/System/Library/Frameworks/UIKit.framework/Headers/UITextInputTraits.h:228:20: note: 'UITextContentType' has been explicitly marked unavailable here
226 | } API_AVAILABLE(ios(18.0), visionos(2.4)) API_UNAVAILABLE(tvos, watchos);
227 |
228 | typedef NSString * UITextContentType NS_TYPED_ENUM API_UNAVAILABLE(watchos);
| `- note: 'UITextContentType' has been explicitly marked unavailable here
229 |
230 | UIKIT_EXTERN API_AVAILABLE(ios(12.0)) API_UNAVAILABLE(watchos) NS_SWIFT_UI_ACTOR
/Users/admin/builder/spi-builder-workspace/Sources/NiceComponents/Components/NiceTextField.swift:20:30: error: 'UIKeyboardType' is unavailable in watchOS
18 |
19 | /// Specifies the keyboard type that appears when the text field is in focus. Defaults to `.default`.
20 | public let keyboardType: UIKeyboardType
| `- error: 'UIKeyboardType' is unavailable in watchOS
21 |
22 | /// Determines whether the text field is for secure text entry. Defaults to `false`.
/Applications/Xcode-27.0.0-Release.Candidate.app/Contents/Developer/Platforms/WatchOS.platform/Developer/SDKs/WatchOS27.0.sdk/System/Library/Frameworks/UIKit.framework/Headers/UITextInputTraits.h:127:28: note: 'UIKeyboardType' has been explicitly marked unavailable here
125 | // type if UIKeyboardTypeNumberPad is not supported).
126 | //
127 | typedef NS_ENUM(NSInteger, UIKeyboardType) {
| `- note: 'UIKeyboardType' has been explicitly marked unavailable here
128 | UIKeyboardTypeDefault, // Default type for the current input method.
129 | UIKeyboardTypeASCIICapable, // Displays a keyboard which can enter ASCII characters
/Users/admin/builder/spi-builder-workspace/Sources/NiceComponents/Components/NiceTextField.swift:50:22: error: 'UITextContentType' is unavailable in watchOS
48 | _ text: Binding<String>,
49 | style: NiceButtonStyle? = nil,
50 | contentType: UITextContentType? = nil,
| `- error: 'UITextContentType' is unavailable in watchOS
51 | isSecure: Bool = false,
52 | keyboardType: UIKeyboardType = .default,
/Applications/Xcode-27.0.0-Release.Candidate.app/Contents/Developer/Platforms/WatchOS.platform/Developer/SDKs/WatchOS27.0.sdk/System/Library/Frameworks/UIKit.framework/Headers/UITextInputTraits.h:228:20: note: 'UITextContentType' has been explicitly marked unavailable here
226 | } API_AVAILABLE(ios(18.0), visionos(2.4)) API_UNAVAILABLE(tvos, watchos);
227 |
228 | typedef NSString * UITextContentType NS_TYPED_ENUM API_UNAVAILABLE(watchos);
| `- note: 'UITextContentType' has been explicitly marked unavailable here
229 |
230 | UIKIT_EXTERN API_AVAILABLE(ios(12.0)) API_UNAVAILABLE(watchos) NS_SWIFT_UI_ACTOR
/Users/admin/builder/spi-builder-workspace/Sources/NiceComponents/Components/NiceTextField.swift:52:23: error: 'UIKeyboardType' is unavailable in watchOS
50 | contentType: UITextContentType? = nil,
51 | isSecure: Bool = false,
52 | keyboardType: UIKeyboardType = .default,
| `- error: 'UIKeyboardType' is unavailable in watchOS
53 | placeholder: String = "",
54 | placeholderStyle: NiceTextStyle? = nil,
/Applications/Xcode-27.0.0-Release.Candidate.app/Contents/Developer/Platforms/WatchOS.platform/Developer/SDKs/WatchOS27.0.sdk/System/Library/Frameworks/UIKit.framework/Headers/UITextInputTraits.h:127:28: note: 'UIKeyboardType' has been explicitly marked unavailable here
125 | // type if UIKeyboardTypeNumberPad is not supported).
126 | //
127 | typedef NS_ENUM(NSInteger, UIKeyboardType) {
| `- note: 'UIKeyboardType' has been explicitly marked unavailable here
128 | UIKeyboardTypeDefault, // Default type for the current input method.
129 | UIKeyboardTypeASCIICapable, // Displays a keyboard which can enter ASCII characters
SwiftCompile normal arm64 /Users/admin/builder/spi-builder-workspace/Sources/NiceComponents/Components/NiceShadowModifier.swift (in target 'NiceComponents' from project 'NiceComponents')
cd /Users/admin/builder/spi-builder-workspace/.swiftpm/xcode
builtin-SwiftPerFileCompile NiceShadowModifier.swift
SwiftCompile normal arm64 /Users/admin/builder/spi-builder-workspace/Sources/NiceComponents/Components/NiceTextField.swift (in target 'NiceComponents' from project 'NiceComponents')
cd /Users/admin/builder/spi-builder-workspace/.swiftpm/xcode
builtin-SwiftPerFileCompile NiceTextField.swift
SwiftCompile normal arm64 /Users/admin/builder/spi-builder-workspace/Sources/NiceComponents/Config.swift (in target 'NiceComponents' from project 'NiceComponents')
cd /Users/admin/builder/spi-builder-workspace/.swiftpm/xcode
builtin-SwiftPerFileCompile Config.swift
SwiftCompile normal arm64 Compiling\ resource_bundle_accessor.swift,\ NiceButton.swift,\ NiceButtonImage.swift /Users/admin/builder/spi-builder-workspace/.derivedData/Build/Intermediates.noindex/NiceComponents.build/Debug-watchos/NiceComponents-t.build/DerivedSources/resource_bundle_accessor.swift /Users/admin/builder/spi-builder-workspace/Sources/NiceComponents/Button/NiceButton.swift /Users/admin/builder/spi-builder-workspace/Sources/NiceComponents/Button/NiceButtonImage.swift (in target 'NiceComponents' from project 'NiceComponents')
/Users/admin/builder/spi-builder-workspace/Sources/NiceComponents/Button/NiceButtonImage.swift:87:23: error: 'UIActivityIndicatorView' is unavailable in watchOS
85 | fallbackImage: String? = nil,
86 | contentMode: SwiftUI.ContentMode = .fill,
87 | loadingStyle: UIActivityIndicatorView.Style? = nil,
| `- error: 'UIActivityIndicatorView' is unavailable in watchOS
88 | imageAlignment: Alignment = .center,
89 | offset: CGFloat = 8
/Applications/Xcode-27.0.0-Release.Candidate.app/Contents/Developer/Platforms/WatchOS.platform/Developer/SDKs/WatchOS27.0.sdk/System/Library/Frameworks/UIKit.framework/Headers/UIActivityIndicatorView.h:24:12: note: 'UIActivityIndicatorView' has been explicitly marked unavailable here
22 |
23 | UIKIT_EXTERN API_AVAILABLE(ios(2.0)) API_UNAVAILABLE(watchos) NS_SWIFT_UI_ACTOR
24 | @interface UIActivityIndicatorView : UIView <NSCoding>
| `- note: 'UIActivityIndicatorView' has been explicitly marked unavailable here
25 |
26 | - (instancetype)initWithActivityIndicatorStyle:(UIActivityIndicatorViewStyle)style NS_DESIGNATED_INITIALIZER; // sizes the view according to the style
Failed frontend command:
/Applications/Xcode-27.0.0-Release.Candidate.app/Contents/Developer/Toolchains/XcodeDefault.xctoolchain/usr/bin/swift-frontend -frontend -c -primary-file /Users/admin/builder/spi-builder-workspace/.derivedData/Build/Intermediates.noindex/NiceComponents.build/Debug-watchos/NiceComponents-t.build/DerivedSources/resource_bundle_accessor.swift -primary-file /Users/admin/builder/spi-builder-workspace/Sources/NiceComponents/Button/NiceButton.swift -primary-file /Users/admin/builder/spi-builder-workspace/Sources/NiceComponents/Button/NiceButtonImage.swift /Users/admin/builder/spi-builder-workspace/Sources/NiceComponents/Button/Style/ButtonStyle+Styles.swift /Users/admin/builder/spi-builder-workspace/Sources/NiceComponents/Button/Style/NiceButtonColorStyle.swift /Users/admin/builder/spi-builder-workspace/Sources/NiceComponents/Button/Style/NiceButtonStyle.swift /Users/admin/builder/spi-builder-workspace/Sources/NiceComponents/Color/NiceColorStyle.swift /Users/admin/builder/spi-builder-workspace/Sources/NiceComponents/Color/NiceColorTheme.swift /Users/admin/builder/spi-builder-workspace/Sources/NiceComponents/Components/Divider/NiceDivider.swift /Users/admin/builder/spi-builder-workspace/Sources/NiceComponents/Components/Divider/NiceDividerStyle.swift /Users/admin/builder/spi-builder-workspace/Sources/NiceComponents/Components/ErrorView.swift /Users/admin/builder/spi-builder-workspace/Sources/NiceComponents/Components/NiceImage.swift /Users/admin/builder/spi-builder-workspace/Sources/NiceComponents/Components/NiceShadowModifier.swift /Users/admin/builder/spi-builder-workspace/Sources/NiceComponents/Components/NiceTextField.swift /Users/admin/builder/spi-builder-workspace/Sources/NiceComponents/Config.swift /Users/admin/builder/spi-builder-workspace/Sources/NiceComponents/Helper/Color+Hex.swift /Users/admin/builder/spi-builder-workspace/Sources/NiceComponents/Helper/DynamicTypeSize+Max.swift /Users/admin/builder/spi-builder-workspace/Sources/NiceComponents/Helper/Font+NiceTextStyle.swift /Users/admin/builder/spi-builder-workspace/Sources/NiceComponents/Helper/NiceBorderStyle.swift /Users/admin/builder/spi-builder-workspace/Sources/NiceComponents/Helper/NiceSpacing.swift /Users/admin/builder/spi-builder-workspace/Sources/NiceComponents/Helper/ScaledFont.swift /Users/admin/builder/spi-builder-workspace/Sources/NiceComponents/Text/NiceText+Styles.swift /Users/admin/builder/spi-builder-workspace/Sources/NiceComponents/Text/NiceText+ViewModifier.swift /Users/admin/builder/spi-builder-workspace/Sources/NiceComponents/Text/NiceText.swift /Users/admin/builder/spi-builder-workspace/Sources/NiceComponents/Text/NiceTextStyle.swift /Users/admin/builder/spi-builder-workspace/.derivedData/Build/Intermediates.noindex/NiceComponents.build/Debug-watchos/NiceComponents-t.build/DerivedSources/GeneratedAssetSymbols.swift -supplementary-output-file-map /Users/admin/builder/spi-builder-workspace/.derivedData/Build/Intermediates.noindex/NiceComponents.build/Debug-watchos/NiceComponents-t.build/Objects-normal/arm64/supplementaryOutputs-62 -target arm64-apple-watchos9.0 -module-can-import-version DeveloperToolsSupport 24.0.24 24.0.24 -module-can-import-version SwiftUI 8.0.84.1 8.0.84 -module-can-import-version UIKit 9127.0.84.1 9127.0.84 -disable-cross-import-overlay-search -load-resolved-plugin /Applications/Xcode-27.0.0-Release.Candidate.app/Contents/Developer/Platforms/WatchOS.platform/Developer/usr/lib/swift/host/plugins/libFoundationMacros.dylib\#/Applications/Xcode-27.0.0-Release.Candidate.app/Contents/Developer/Platforms/WatchOS.platform/Developer/usr/bin/swift-plugin-server\#FoundationMacros -load-resolved-plugin \#/Users/admin/builder/spi-builder-workspace/.derivedData/Build/Products/Debug/NiceInitMacros\#NiceInitMacros -load-resolved-plugin /Applications/Xcode-27.0.0-Release.Candidate.app/Contents/Developer/Platforms/WatchOS.platform/Developer/usr/lib/swift/host/plugins/libObservationMacros.dylib\#/Applications/Xcode-27.0.0-Release.Candidate.app/Contents/Developer/Platforms/WatchOS.platform/Developer/usr/bin/swift-plugin-server\#ObservationMacros -load-resolved-plugin /Applications/Xcode-27.0.0-Release.Candidate.app/Contents/Developer/Platforms/WatchOS.platform/Developer/usr/lib/swift/host/plugins/libPreviewsMacros.dylib\#/Applications/Xcode-27.0.0-Release.Candidate.app/Contents/Developer/Platforms/WatchOS.platform/Developer/usr/bin/swift-plugin-server\#PreviewsMacros -load-resolved-plugin /Applications/Xcode-27.0.0-Release.Candidate.app/Contents/Developer/Platforms/WatchOS.platform/Developer/usr/lib/swift/host/plugins/libSwiftMacros.dylib\#/Applications/Xcode-27.0.0-Release.Candidate.app/Contents/Developer/Platforms/WatchOS.platform/Developer/usr/bin/swift-plugin-server\#SwiftMacros -load-resolved-plugin /Applications/Xcode-27.0.0-Release.Candidate.app/Contents/Developer/Platforms/WatchOS.platform/Developer/usr/lib/swift/host/plugins/libSwiftUIMacros.dylib\#/Applications/Xcode-27.0.0-Release.Candidate.app/Contents/Developer/Platforms/WatchOS.platform/Developer/usr/bin/swift-plugin-server\#SwiftUIMacros -disable-implicit-swift-modules -Xcc -fno-implicit-modules -Xcc -fno-implicit-module-maps -explicit-swift-module-map-file /Users/admin/builder/spi-builder-workspace/.derivedData/Build/Intermediates.noindex/NiceComponents.build/Debug-watchos/NiceComponents-t.build/Objects-normal/arm64/NiceComponents-dependencies-2.json -Xllvm -aarch64-use-tbi -enable-objc-interop -stack-check -sdk /Applications/Xcode-27.0.0-Release.Candidate.app/Contents/Developer/Platforms/WatchOS.platform/Developer/SDKs/WatchOS27.0.sdk -I /Users/admin/builder/spi-builder-workspace/.derivedData/Build/Products/Debug-watchos -Isystem /Applications/Xcode-27.0.0-Release.Candidate.app/Contents/Developer/Platforms/WatchOS.platform/Developer/usr/lib -F /Users/admin/builder/spi-builder-workspace/.derivedData/Build/Products/Debug-watchos/PackageFrameworks -F /Users/admin/builder/spi-builder-workspace/.derivedData/Build/Products/Debug-watchos -F /Applications/Xcode-27.0.0-Release.Candidate.app/Contents/Developer/Platforms/WatchOS.platform/Developer/Library/Frameworks -F /Applications/Xcode-27.0.0-Release.Candidate.app/Contents/Developer/Platforms/WatchOS.platform/Developer/SDKs/WatchOS27.0.sdk/Developer/Library/Frameworks -module-cache-path /Users/admin/builder/spi-builder-workspace/.derivedData/Build/Intermediates.noindex/SwiftExplicitPrecompiledModules -no-color-diagnostics -Xcc -fno-color-diagnostics -enable-testing -g -debug-info-format\=dwarf -dwarf-version\=4 -swift-version 5 -Onone -D SWIFT_PACKAGE -D DEBUG -D SWIFT_MODULE_RESOURCE_BUNDLE_AVAILABLE -D Xcode -serialize-debugging-options -load-plugin-executable /Users/admin/builder/spi-builder-workspace/.derivedData/Build/Products/Debug/NiceInitMacros\#NiceInitMacros -enable-experimental-feature DebugDescriptionMacro -empty-abi-descriptor -validate-clang-modules-once -clang-build-session-file /Users/admin/builder/spi-builder-workspace/.derivedData/ModuleCache.noindex/Session.modulevalidation -Xcc -working-directory -Xcc /Users/admin/builder/spi-builder-workspace/.swiftpm/xcode -enable-anonymous-context-mangled-names -file-compilation-dir /Users/admin/builder/spi-builder-workspace/.swiftpm/xcode -Xcc -D_LIBCPP_HARDENING_MODE\=_LIBCPP_HARDENING_MODE_DEBUG -Xcc -ivfsstatcache -Xcc /Users/admin/builder/spi-builder-workspace/.derivedData/SDKStatCaches.noindex/watchos27.0-24R360-e829b21a6f8c9b70876ba0858053c04477534ef55a1706bf4c1112bbb242f0a2.sdkstatcache -Xcc -fmodules-prune-interval\=86400 -Xcc -fmodules-prune-after\=345600 -Xcc -I/Users/admin/builder/spi-builder-workspace/.derivedData/Build/Products/Debug-watchos/include -Xcc -I/Users/admin/builder/spi-builder-workspace/.derivedData/Build/Intermediates.noindex/NiceComponents.build/Debug-watchos/NiceComponents-t.build/DerivedSources-normal/arm64 -Xcc -I/Users/admin/builder/spi-builder-workspace/.derivedData/Build/Intermediates.noindex/NiceComponents.build/Debug-watchos/NiceComponents-t.build/DerivedSources/arm64 -Xcc -I/Users/admin/builder/spi-builder-workspace/.derivedData/Build/Intermediates.noindex/NiceComponents.build/Debug-watchos/NiceComponents-t.build/DerivedSources -Xcc -DSWIFT_PACKAGE -Xcc -DDEBUG\=1 -no-auto-bridging-header-chaining -module-name NiceComponents -package-name spi_builder_workspace -const-gather-protocols-file /Users/admin/builder/spi-builder-workspace/.derivedData/Build/Intermediates.noindex/NiceComponents.build/Debug-watchos/NiceComponents-t.build/Objects-normal/arm64/NiceComponents_const_extract_protocols.json -disable-clang-spi -clang-target arm64-apple-watchos27.0 -target-sdk-version 27.0 -target-sdk-name watchos27.0 -in-process-plugin-server-path /Applications/Xcode-27.0.0-Release.Candidate.app/Contents/Developer/Toolchains/XcodeDefault.xctoolchain/usr/lib/swift/host/libSwiftInProcPluginServer.dylib -parse-as-library -o /Users/admin/builder/spi-builder-workspace/.derivedData/Build/Intermediates.noindex/NiceComponents.build/Debug-watchos/NiceComponents-t.build/Objects-normal/arm64/resource_bundle_accessor.o -o /Users/admin/builder/spi-builder-workspace/.derivedData/Build/Intermediates.noindex/NiceComponents.build/Debug-watchos/NiceComponents-t.build/Objects-normal/arm64/NiceButton.o -o /Users/admin/builder/spi-builder-workspace/.derivedData/Build/Intermediates.noindex/NiceComponents.build/Debug-watchos/NiceComponents-t.build/Objects-normal/arm64/NiceButtonImage.o -debug-module-path /Users/admin/builder/spi-builder-workspace/.derivedData/Build/Intermediates.noindex/NiceComponents.build/Debug-watchos/NiceComponents-t.build/Objects-normal/arm64/NiceComponents.swiftmodule -index-unit-output-path /NiceComponents.build/Debug-watchos/NiceComponents-t.build/Objects-normal/arm64/resource_bundle_accessor.o -index-unit-output-path /NiceComponents.build/Debug-watchos/NiceComponents-t.build/Objects-normal/arm64/NiceButton.o -index-unit-output-path /NiceComponents.build/Debug-watchos/NiceComponents-t.build/Objects-normal/arm64/NiceButtonImage.o -index-store-path /Users/admin/builder/spi-builder-workspace/.derivedData/Index.noindex/DataStore -index-system-modules
SwiftCompile normal arm64 /Users/admin/builder/spi-builder-workspace/.derivedData/Build/Intermediates.noindex/NiceComponents.build/Debug-watchos/NiceComponents-t.build/DerivedSources/resource_bundle_accessor.swift (in target 'NiceComponents' from project 'NiceComponents')
cd /Users/admin/builder/spi-builder-workspace/.swiftpm/xcode
builtin-SwiftPerFileCompile resource_bundle_accessor.swift
SwiftCompile normal arm64 /Users/admin/builder/spi-builder-workspace/Sources/NiceComponents/Button/NiceButton.swift (in target 'NiceComponents' from project 'NiceComponents')
cd /Users/admin/builder/spi-builder-workspace/.swiftpm/xcode
builtin-SwiftPerFileCompile NiceButton.swift
SwiftCompile normal arm64 /Users/admin/builder/spi-builder-workspace/Sources/NiceComponents/Button/NiceButtonImage.swift (in target 'NiceComponents' from project 'NiceComponents')
cd /Users/admin/builder/spi-builder-workspace/.swiftpm/xcode
builtin-SwiftPerFileCompile NiceButtonImage.swift
SwiftCompile normal arm64 Compiling\ NiceTextStyle.swift,\ GeneratedAssetSymbols.swift /Users/admin/builder/spi-builder-workspace/Sources/NiceComponents/Text/NiceTextStyle.swift /Users/admin/builder/spi-builder-workspace/.derivedData/Build/Intermediates.noindex/NiceComponents.build/Debug-watchos/NiceComponents-t.build/DerivedSources/GeneratedAssetSymbols.swift (in target 'NiceComponents' from project 'NiceComponents')
SwiftCompile normal arm64 /Users/admin/builder/spi-builder-workspace/Sources/NiceComponents/Text/NiceTextStyle.swift (in target 'NiceComponents' from project 'NiceComponents')
cd /Users/admin/builder/spi-builder-workspace/.swiftpm/xcode
builtin-SwiftPerFileCompile NiceTextStyle.swift
SwiftCompile normal arm64 /Users/admin/builder/spi-builder-workspace/.derivedData/Build/Intermediates.noindex/NiceComponents.build/Debug-watchos/NiceComponents-t.build/DerivedSources/GeneratedAssetSymbols.swift (in target 'NiceComponents' from project 'NiceComponents')
cd /Users/admin/builder/spi-builder-workspace/.swiftpm/xcode
builtin-SwiftPerFileCompile GeneratedAssetSymbols.swift
SwiftEmitModule normal arm64 Emitting\ module\ for\ NiceComponents (in target 'NiceComponents' from project 'NiceComponents')
SwiftCompile normal arm64 (in target 'NiceComponents' from project 'NiceComponents')
cd /Users/admin/builder/spi-builder-workspace/.swiftpm/xcode
SwiftCompile normal arm64 Compiling\ ScaledFont.swift,\ NiceText+Styles.swift /Users/admin/builder/spi-builder-workspace/Sources/NiceComponents/Helper/ScaledFont.swift /Users/admin/builder/spi-builder-workspace/Sources/NiceComponents/Text/NiceText+Styles.swift (in target 'NiceComponents' from project 'NiceComponents')
SwiftCompile normal arm64 /Users/admin/builder/spi-builder-workspace/Sources/NiceComponents/Helper/ScaledFont.swift (in target 'NiceComponents' from project 'NiceComponents')
cd /Users/admin/builder/spi-builder-workspace/.swiftpm/xcode
builtin-SwiftPerFileCompile ScaledFont.swift
SwiftCompile normal arm64 /Users/admin/builder/spi-builder-workspace/Sources/NiceComponents/Text/NiceText+Styles.swift (in target 'NiceComponents' from project 'NiceComponents')
cd /Users/admin/builder/spi-builder-workspace/.swiftpm/xcode
builtin-SwiftPerFileCompile NiceText+Styles.swift
SwiftCompile normal arm64 Compiling\ Color+Hex.swift,\ DynamicTypeSize+Max.swift,\ Font+NiceTextStyle.swift /Users/admin/builder/spi-builder-workspace/Sources/NiceComponents/Helper/Color+Hex.swift /Users/admin/builder/spi-builder-workspace/Sources/NiceComponents/Helper/DynamicTypeSize+Max.swift /Users/admin/builder/spi-builder-workspace/Sources/NiceComponents/Helper/Font+NiceTextStyle.swift (in target 'NiceComponents' from project 'NiceComponents')
SwiftCompile normal arm64 /Users/admin/builder/spi-builder-workspace/Sources/NiceComponents/Helper/Color+Hex.swift (in target 'NiceComponents' from project 'NiceComponents')
cd /Users/admin/builder/spi-builder-workspace/.swiftpm/xcode
builtin-SwiftPerFileCompile Color+Hex.swift
SwiftCompile normal arm64 /Users/admin/builder/spi-builder-workspace/Sources/NiceComponents/Helper/DynamicTypeSize+Max.swift (in target 'NiceComponents' from project 'NiceComponents')
cd /Users/admin/builder/spi-builder-workspace/.swiftpm/xcode
builtin-SwiftPerFileCompile DynamicTypeSize+Max.swift
SwiftCompile normal arm64 /Users/admin/builder/spi-builder-workspace/Sources/NiceComponents/Helper/Font+NiceTextStyle.swift (in target 'NiceComponents' from project 'NiceComponents')
cd /Users/admin/builder/spi-builder-workspace/.swiftpm/xcode
builtin-SwiftPerFileCompile Font+NiceTextStyle.swift
SwiftCompile normal arm64 Compiling\ NiceBorderStyle.swift,\ NiceSpacing.swift /Users/admin/builder/spi-builder-workspace/Sources/NiceComponents/Helper/NiceBorderStyle.swift /Users/admin/builder/spi-builder-workspace/Sources/NiceComponents/Helper/NiceSpacing.swift (in target 'NiceComponents' from project 'NiceComponents')
SwiftCompile normal arm64 /Users/admin/builder/spi-builder-workspace/Sources/NiceComponents/Helper/NiceBorderStyle.swift (in target 'NiceComponents' from project 'NiceComponents')
cd /Users/admin/builder/spi-builder-workspace/.swiftpm/xcode
builtin-SwiftPerFileCompile NiceBorderStyle.swift
SwiftCompile normal arm64 /Users/admin/builder/spi-builder-workspace/Sources/NiceComponents/Helper/NiceSpacing.swift (in target 'NiceComponents' from project 'NiceComponents')
cd /Users/admin/builder/spi-builder-workspace/.swiftpm/xcode
builtin-SwiftPerFileCompile NiceSpacing.swift
SwiftCompile normal arm64 Compiling\ NiceColorStyle.swift,\ NiceColorTheme.swift,\ NiceDivider.swift /Users/admin/builder/spi-builder-workspace/Sources/NiceComponents/Color/NiceColorStyle.swift /Users/admin/builder/spi-builder-workspace/Sources/NiceComponents/Color/NiceColorTheme.swift /Users/admin/builder/spi-builder-workspace/Sources/NiceComponents/Components/Divider/NiceDivider.swift (in target 'NiceComponents' from project 'NiceComponents')
SwiftCompile normal arm64 /Users/admin/builder/spi-builder-workspace/Sources/NiceComponents/Color/NiceColorStyle.swift (in target 'NiceComponents' from project 'NiceComponents')
cd /Users/admin/builder/spi-builder-workspace/.swiftpm/xcode
builtin-SwiftPerFileCompile NiceColorStyle.swift
SwiftCompile normal arm64 /Users/admin/builder/spi-builder-workspace/Sources/NiceComponents/Color/NiceColorTheme.swift (in target 'NiceComponents' from project 'NiceComponents')
cd /Users/admin/builder/spi-builder-workspace/.swiftpm/xcode
builtin-SwiftPerFileCompile NiceColorTheme.swift
SwiftCompile normal arm64 /Users/admin/builder/spi-builder-workspace/Sources/NiceComponents/Components/Divider/NiceDivider.swift (in target 'NiceComponents' from project 'NiceComponents')
cd /Users/admin/builder/spi-builder-workspace/.swiftpm/xcode
builtin-SwiftPerFileCompile NiceDivider.swift
SwiftEmitModule normal arm64_32 Emitting\ module\ for\ NiceComponents (in target 'NiceComponents' from project 'NiceComponents')
SwiftCompile normal arm64_32 (in target 'NiceComponents' from project 'NiceComponents')
cd /Users/admin/builder/spi-builder-workspace/.swiftpm/xcode
SwiftCompile normal arm64_32 Compiling\ NiceTextStyle.swift,\ GeneratedAssetSymbols.swift /Users/admin/builder/spi-builder-workspace/Sources/NiceComponents/Text/NiceTextStyle.swift /Users/admin/builder/spi-builder-workspace/.derivedData/Build/Intermediates.noindex/NiceComponents.build/Debug-watchos/NiceComponents-t.build/DerivedSources/GeneratedAssetSymbols.swift (in target 'NiceComponents' from project 'NiceComponents')
SwiftCompile normal arm64_32 /Users/admin/builder/spi-builder-workspace/Sources/NiceComponents/Text/NiceTextStyle.swift (in target 'NiceComponents' from project 'NiceComponents')
cd /Users/admin/builder/spi-builder-workspace/.swiftpm/xcode
builtin-SwiftPerFileCompile NiceTextStyle.swift
SwiftCompile normal arm64_32 /Users/admin/builder/spi-builder-workspace/.derivedData/Build/Intermediates.noindex/NiceComponents.build/Debug-watchos/NiceComponents-t.build/DerivedSources/GeneratedAssetSymbols.swift (in target 'NiceComponents' from project 'NiceComponents')
cd /Users/admin/builder/spi-builder-workspace/.swiftpm/xcode
builtin-SwiftPerFileCompile GeneratedAssetSymbols.swift
SwiftDriverJobDiscovery normal arm64 Compiling NiceBorderStyle.swift, NiceSpacing.swift (in target 'NiceComponents' from project 'NiceComponents')
SwiftCompile normal arm64_32 Compiling\ Color+Hex.swift,\ DynamicTypeSize+Max.swift,\ Font+NiceTextStyle.swift /Users/admin/builder/spi-builder-workspace/Sources/NiceComponents/Helper/Color+Hex.swift /Users/admin/builder/spi-builder-workspace/Sources/NiceComponents/Helper/DynamicTypeSize+Max.swift /Users/admin/builder/spi-builder-workspace/Sources/NiceComponents/Helper/Font+NiceTextStyle.swift (in target 'NiceComponents' from project 'NiceComponents')
SwiftCompile normal arm64_32 /Users/admin/builder/spi-builder-workspace/Sources/NiceComponents/Helper/Color+Hex.swift (in target 'NiceComponents' from project 'NiceComponents')
cd /Users/admin/builder/spi-builder-workspace/.swiftpm/xcode
builtin-SwiftPerFileCompile Color+Hex.swift
SwiftCompile normal arm64_32 /Users/admin/builder/spi-builder-workspace/Sources/NiceComponents/Helper/DynamicTypeSize+Max.swift (in target 'NiceComponents' from project 'NiceComponents')
cd /Users/admin/builder/spi-builder-workspace/.swiftpm/xcode
builtin-SwiftPerFileCompile DynamicTypeSize+Max.swift
SwiftCompile normal arm64_32 /Users/admin/builder/spi-builder-workspace/Sources/NiceComponents/Helper/Font+NiceTextStyle.swift (in target 'NiceComponents' from project 'NiceComponents')
cd /Users/admin/builder/spi-builder-workspace/.swiftpm/xcode
builtin-SwiftPerFileCompile Font+NiceTextStyle.swift
SwiftDriverJobDiscovery normal arm64 Compiling Color+Hex.swift, DynamicTypeSize+Max.swift, Font+NiceTextStyle.swift (in target 'NiceComponents' from project 'NiceComponents')
SwiftCompile normal arm64_32 Compiling\ NiceBorderStyle.swift,\ NiceSpacing.swift /Users/admin/builder/spi-builder-workspace/Sources/NiceComponents/Helper/NiceBorderStyle.swift /Users/admin/builder/spi-builder-workspace/Sources/NiceComponents/Helper/NiceSpacing.swift (in target 'NiceComponents' from project 'NiceComponents')
SwiftCompile normal arm64_32 /Users/admin/builder/spi-builder-workspace/Sources/NiceComponents/Helper/NiceBorderStyle.swift (in target 'NiceComponents' from project 'NiceComponents')
cd /Users/admin/builder/spi-builder-workspace/.swiftpm/xcode
builtin-SwiftPerFileCompile NiceBorderStyle.swift
SwiftCompile normal arm64_32 /Users/admin/builder/spi-builder-workspace/Sources/NiceComponents/Helper/NiceSpacing.swift (in target 'NiceComponents' from project 'NiceComponents')
cd /Users/admin/builder/spi-builder-workspace/.swiftpm/xcode
builtin-SwiftPerFileCompile NiceSpacing.swift
SwiftDriverJobDiscovery normal arm64 Compiling NiceTextStyle.swift, GeneratedAssetSymbols.swift (in target 'NiceComponents' from project 'NiceComponents')
SwiftCompile normal arm64_32 Compiling\ ButtonStyle+Styles.swift,\ NiceButtonColorStyle.swift,\ NiceButtonStyle.swift /Users/admin/builder/spi-builder-workspace/Sources/NiceComponents/Button/Style/ButtonStyle+Styles.swift /Users/admin/builder/spi-builder-workspace/Sources/NiceComponents/Button/Style/NiceButtonColorStyle.swift /Users/admin/builder/spi-builder-workspace/Sources/NiceComponents/Button/Style/NiceButtonStyle.swift (in target 'NiceComponents' from project 'NiceComponents')
SwiftCompile normal arm64_32 /Users/admin/builder/spi-builder-workspace/Sources/NiceComponents/Button/Style/ButtonStyle+Styles.swift (in target 'NiceComponents' from project 'NiceComponents')
cd /Users/admin/builder/spi-builder-workspace/.swiftpm/xcode
builtin-SwiftPerFileCompile ButtonStyle+Styles.swift
SwiftCompile normal arm64_32 /Users/admin/builder/spi-builder-workspace/Sources/NiceComponents/Button/Style/NiceButtonColorStyle.swift (in target 'NiceComponents' from project 'NiceComponents')
cd /Users/admin/builder/spi-builder-workspace/.swiftpm/xcode
builtin-SwiftPerFileCompile NiceButtonColorStyle.swift
SwiftCompile normal arm64_32 /Users/admin/builder/spi-builder-workspace/Sources/NiceComponents/Button/Style/NiceButtonStyle.swift (in target 'NiceComponents' from project 'NiceComponents')
cd /Users/admin/builder/spi-builder-workspace/.swiftpm/xcode
builtin-SwiftPerFileCompile NiceButtonStyle.swift
SwiftDriverJobDiscovery normal arm64 Compiling ScaledFont.swift, NiceText+Styles.swift (in target 'NiceComponents' from project 'NiceComponents')
SwiftCompile normal arm64_32 Compiling\ NiceShadowModifier.swift,\ NiceTextField.swift,\ Config.swift /Users/admin/builder/spi-builder-workspace/Sources/NiceComponents/Components/NiceShadowModifier.swift /Users/admin/builder/spi-builder-workspace/Sources/NiceComponents/Components/NiceTextField.swift /Users/admin/builder/spi-builder-workspace/Sources/NiceComponents/Config.swift (in target 'NiceComponents' from project 'NiceComponents')
SwiftCompile normal arm64_32 /Users/admin/builder/spi-builder-workspace/Sources/NiceComponents/Components/NiceShadowModifier.swift (in target 'NiceComponents' from project 'NiceComponents')
cd /Users/admin/builder/spi-builder-workspace/.swiftpm/xcode
builtin-SwiftPerFileCompile NiceShadowModifier.swift
SwiftCompile normal arm64_32 /Users/admin/builder/spi-builder-workspace/Sources/NiceComponents/Components/NiceTextField.swift (in target 'NiceComponents' from project 'NiceComponents')
cd /Users/admin/builder/spi-builder-workspace/.swiftpm/xcode
builtin-SwiftPerFileCompile NiceTextField.swift
SwiftCompile normal arm64_32 /Users/admin/builder/spi-builder-workspace/Sources/NiceComponents/Config.swift (in target 'NiceComponents' from project 'NiceComponents')
cd /Users/admin/builder/spi-builder-workspace/.swiftpm/xcode
builtin-SwiftPerFileCompile Config.swift
PruneExplicitPrecompiledModules /Users/admin/builder/spi-builder-workspace/.derivedData/Build/Intermediates.noindex/ExplicitPrecompiledModules
PruneExplicitPrecompiledModules /Users/admin/builder/spi-builder-workspace/.derivedData/Build/Intermediates.noindex/SwiftExplicitPrecompiledModules
PruneExplicitPrecompiledModules /Users/admin/builder/spi-builder-workspace/.derivedData/SDKExplicitPrecompiledModules
2026-09-24 00:36:14.294 xcodebuild[738:4490] [MT] IDERunDestination: Supported platforms for the buildables in the current scheme is empty.
** BUILD FAILED **
The following build commands failed:
SwiftCompile normal arm64 Compiling\ resource_bundle_accessor.swift,\ NiceButton.swift,\ NiceButtonImage.swift /Users/admin/builder/spi-builder-workspace/.derivedData/Build/Intermediates.noindex/NiceComponents.build/Debug-watchos/NiceComponents-t.build/DerivedSources/resource_bundle_accessor.swift /Users/admin/builder/spi-builder-workspace/Sources/NiceComponents/Button/NiceButton.swift /Users/admin/builder/spi-builder-workspace/Sources/NiceComponents/Button/NiceButtonImage.swift (in target 'NiceComponents' from project 'NiceComponents')
SwiftCompile normal arm64 /Users/admin/builder/spi-builder-workspace/Sources/NiceComponents/Button/NiceButtonImage.swift (in target 'NiceComponents' from project 'NiceComponents')
Building workspace NiceComponents with scheme NiceComponents-Package
(3 failures)
Command line invocation:
/Applications/Xcode-27.0.0-Release.Candidate.app/Contents/Developer/usr/bin/xcodebuild -IDEClonedSourcePackagesDirPathOverride=/Users/admin/builder/spi-builder-workspace/.dependencies -resolvePackageDependencies
Resolve Package Graph
Resolved source packages:
NiceComponents: /Users/admin/builder/spi-builder-workspace
Kingfisher: https://github.com/onevcat/Kingfisher.git @ 7.12.0
swift-syntax: https://github.com/apple/swift-syntax.git @ 509.1.1
resolved source packages: NiceComponents, Kingfisher, swift-syntax
2026-09-24 00:36:49.226 xcodebuild[1348:7672] [MT] IDERunDestination: Supported platforms for the buildables in the current scheme is empty.
{
"dependencies" : [
{
"identity" : "kingfisher",
"requirement" : {
"range" : [
{
"lower_bound" : "7.6.1",
"upper_bound" : "8.0.0"
}
]
},
"type" : "sourceControl",
"url" : "https://github.com/onevcat/Kingfisher.git"
},
{
"identity" : "swift-syntax",
"requirement" : {
"range" : [
{
"lower_bound" : "509.0.0",
"upper_bound" : "510.0.0"
}
]
},
"type" : "sourceControl",
"url" : "https://github.com/apple/swift-syntax.git"
}
],
"manifest_display_name" : "NiceComponents",
"name" : "NiceComponents",
"path" : "/Users/admin/builder/spi-builder-workspace",
"platforms" : [
{
"name" : "ios",
"version" : "15.0"
},
{
"name" : "macos",
"version" : "10.15"
}
],
"products" : [
{
"name" : "NiceComponents",
"targets" : [
"NiceComponents"
],
"type" : {
"library" : [
"automatic"
]
}
},
{
"name" : "NiceInit",
"targets" : [
"NiceInit"
],
"type" : {
"library" : [
"automatic"
]
}
},
{
"name" : "NiceInitMacros",
"targets" : [
"NiceInitMacros"
],
"type" : {
"macro" : null
}
}
],
"targets" : [
{
"c99name" : "NiceInitMacros",
"module_type" : "SwiftTarget",
"name" : "NiceInitMacros",
"path" : "Sources/NiceInitMacros",
"product_dependencies" : [
"SwiftSyntaxMacros",
"SwiftCompilerPlugin"
],
"product_memberships" : [
"NiceComponents",
"NiceInit",
"NiceInitMacros"
],
"sources" : [
"NiceInitMacro.swift"
],
"type" : "macro"
},
{
"c99name" : "NiceInit",
"module_type" : "SwiftTarget",
"name" : "NiceInit",
"path" : "Sources/NiceInit",
"product_memberships" : [
"NiceComponents",
"NiceInit"
],
"sources" : [
"NiceInit.swift"
],
"target_dependencies" : [
"NiceInitMacros"
],
"type" : "library"
},
{
"c99name" : "NiceComponents",
"module_type" : "SwiftTarget",
"name" : "NiceComponents",
"path" : "Sources/NiceComponents",
"product_dependencies" : [
"Kingfisher"
],
"product_memberships" : [
"NiceComponents"
],
"sources" : [
"Button/NiceButton.swift",
"Button/NiceButtonImage.swift",
"Button/Style/ButtonStyle+Styles.swift",
"Button/Style/NiceButtonColorStyle.swift",
"Button/Style/NiceButtonStyle.swift",
"Color/NiceColorStyle.swift",
"Color/NiceColorTheme.swift",
"Components/Divider/NiceDivider.swift",
"Components/Divider/NiceDividerStyle.swift",
"Components/ErrorView.swift",
"Components/NiceImage.swift",
"Components/NiceShadowModifier.swift",
"Components/NiceTextField.swift",
"Config.swift",
"Helper/Color+Hex.swift",
"Helper/DynamicTypeSize+Max.swift",
"Helper/Font+NiceTextStyle.swift",
"Helper/NiceBorderStyle.swift",
"Helper/NiceSpacing.swift",
"Helper/ScaledFont.swift",
"Text/NiceText+Styles.swift",
"Text/NiceText+ViewModifier.swift",
"Text/NiceText.swift",
"Text/NiceTextStyle.swift"
],
"target_dependencies" : [
"NiceInit"
],
"type" : "library"
}
],
"tools_version" : "5.9"
}
{
"workspace" : {
"name" : "NiceComponents",
"schemes" : [
"NiceComponents",
"NiceComponents-Package",
"NiceInit"
]
}
}
2026-09-24 00:36:50.827 xcodebuild[1357:7758] [MT] IDERunDestination: Supported platforms for the buildables in the current scheme is empty.
Running build ...
env DEVELOPER_DIR=/Applications/Xcode-27.0.0-Release.Candidate.app xcrun xcodebuild -IDEClonedSourcePackagesDirPathOverride=$PWD/.dependencies -skipMacroValidation -skipPackagePluginValidation -derivedDataPath $PWD/.derivedData build -scheme NiceComponents-Package -destination generic/platform=watchOS
Command line invocation:
/Applications/Xcode-27.0.0-Release.Candidate.app/Contents/Developer/usr/bin/xcodebuild -IDEClonedSourcePackagesDirPathOverride=/Users/admin/builder/spi-builder-workspace/.dependencies -skipMacroValidation -skipPackagePluginValidation -derivedDataPath /Users/admin/builder/spi-builder-workspace/.derivedData build -scheme NiceComponents-Package -destination generic/platform=watchOS
Resolve Package Graph
Resolved source packages:
NiceComponents: /Users/admin/builder/spi-builder-workspace
swift-syntax: https://github.com/apple/swift-syntax.git @ 509.1.1
Kingfisher: https://github.com/onevcat/Kingfisher.git @ 7.12.0
ComputePackagePrebuildTargetDependencyGraph
Prepare packages
CreateBuildRequest
SendProjectDescription
CreateBuildOperation
ComputeTargetDependencyGraph
note: Building targets in dependency order
note: Target dependency graph (23 targets)
Target 'NiceInit-product' in project 'NiceComponents'
➜ Explicit dependency on target 'NiceInit' in project 'NiceComponents'
➜ Explicit dependency on target 'NiceInitMacros' in project 'NiceComponents'
Target 'NiceComponents-product' in project 'NiceComponents'
➜ Explicit dependency on target 'NiceComponents' in project 'NiceComponents'
➜ Explicit dependency on target 'NiceComponents_NiceComponents' in project 'NiceComponents'
➜ Explicit dependency on target 'NiceInitMacros' in project 'NiceComponents'
➜ Explicit dependency on target 'NiceInit' in project 'NiceComponents'
➜ Explicit dependency on target 'Kingfisher-product' in project 'Kingfisher'
Target 'NiceComponents' in project 'NiceComponents'
➜ Explicit dependency on target 'NiceComponents_NiceComponents' in project 'NiceComponents'
➜ Explicit dependency on target 'NiceInitMacros' in project 'NiceComponents'
➜ Explicit dependency on target 'NiceInit' in project 'NiceComponents'
➜ Explicit dependency on target 'Kingfisher-product' in project 'Kingfisher'
Target 'Kingfisher-product' in project 'Kingfisher'
➜ Explicit dependency on target 'Kingfisher' in project 'Kingfisher'
➜ Explicit dependency on target 'Kingfisher_Kingfisher' in project 'Kingfisher'
Target 'Kingfisher' in project 'Kingfisher'
➜ Explicit dependency on target 'Kingfisher_Kingfisher' in project 'Kingfisher'
Target 'Kingfisher_Kingfisher' in project 'Kingfisher' (no dependencies)
Target 'NiceInit' in project 'NiceComponents'
➜ Explicit dependency on target 'NiceInitMacros' in project 'NiceComponents'
Target 'NiceInitMacros' in project 'NiceComponents'
➜ Explicit dependency on target 'SwiftSyntaxMacros-product' in project 'swift-syntax'
➜ Explicit dependency on target 'SwiftCompilerPlugin-product' in project 'swift-syntax'
Target 'SwiftCompilerPlugin-product' in project 'swift-syntax'
➜ Explicit dependency on target 'SwiftCompilerPlugin' in project 'swift-syntax'
➜ Explicit dependency on target 'SwiftSyntax509' in project 'swift-syntax'
➜ Explicit dependency on target 'SwiftSyntax' in project 'swift-syntax'
➜ Explicit dependency on target 'SwiftDiagnostics' in project 'swift-syntax'
➜ Explicit dependency on target 'SwiftParser' in project 'swift-syntax'
➜ Explicit dependency on target 'SwiftOperators' in project 'swift-syntax'
➜ Explicit dependency on target 'SwiftBasicFormat' in project 'swift-syntax'
➜ Explicit dependency on target 'SwiftParserDiagnostics' in project 'swift-syntax'
➜ Explicit dependency on target 'SwiftSyntaxBuilder' in project 'swift-syntax'
➜ Explicit dependency on target 'SwiftSyntaxMacros' in project 'swift-syntax'
➜ Explicit dependency on target 'SwiftSyntaxMacroExpansion' in project 'swift-syntax'
➜ Explicit dependency on target 'SwiftCompilerPluginMessageHandling' in project 'swift-syntax'
Target 'SwiftCompilerPlugin' in project 'swift-syntax'
➜ Explicit dependency on target 'SwiftSyntax509' in project 'swift-syntax'
➜ Explicit dependency on target 'SwiftSyntax' in project 'swift-syntax'
➜ Explicit dependency on target 'SwiftDiagnostics' in project 'swift-syntax'
➜ Explicit dependency on target 'SwiftParser' in project 'swift-syntax'
➜ Explicit dependency on target 'SwiftOperators' in project 'swift-syntax'
➜ Explicit dependency on target 'SwiftBasicFormat' in project 'swift-syntax'
➜ Explicit dependency on target 'SwiftParserDiagnostics' in project 'swift-syntax'
➜ Explicit dependency on target 'SwiftSyntaxBuilder' in project 'swift-syntax'
➜ Explicit dependency on target 'SwiftSyntaxMacros' in project 'swift-syntax'
➜ Explicit dependency on target 'SwiftSyntaxMacroExpansion' in project 'swift-syntax'
➜ Explicit dependency on target 'SwiftCompilerPluginMessageHandling' in project 'swift-syntax'
Target 'SwiftCompilerPluginMessageHandling' in project 'swift-syntax'
➜ Explicit dependency on target 'SwiftSyntax509' in project 'swift-syntax'
➜ Explicit dependency on target 'SwiftSyntax' in project 'swift-syntax'
➜ Explicit dependency on target 'SwiftDiagnostics' in project 'swift-syntax'
➜ Explicit dependency on target 'SwiftParser' in project 'swift-syntax'
➜ Explicit dependency on target 'SwiftOperators' in project 'swift-syntax'
➜ Explicit dependency on target 'SwiftBasicFormat' in project 'swift-syntax'
➜ Explicit dependency on target 'SwiftParserDiagnostics' in project 'swift-syntax'
➜ Explicit dependency on target 'SwiftSyntaxBuilder' in project 'swift-syntax'
➜ Explicit dependency on target 'SwiftSyntaxMacros' in project 'swift-syntax'
➜ Explicit dependency on target 'SwiftSyntaxMacroExpansion' in project 'swift-syntax'
Target 'SwiftSyntaxMacroExpansion' in project 'swift-syntax'
➜ Explicit dependency on target 'SwiftSyntax509' in project 'swift-syntax'
➜ Explicit dependency on target 'SwiftSyntax' in project 'swift-syntax'
➜ Explicit dependency on target 'SwiftBasicFormat' in project 'swift-syntax'
➜ Explicit dependency on target 'SwiftParser' in project 'swift-syntax'
➜ Explicit dependency on target 'SwiftDiagnostics' in project 'swift-syntax'
➜ Explicit dependency on target 'SwiftParserDiagnostics' in project 'swift-syntax'
➜ Explicit dependency on target 'SwiftSyntaxBuilder' in project 'swift-syntax'
➜ Explicit dependency on target 'SwiftSyntaxMacros' in project 'swift-syntax'
➜ Explicit dependency on target 'SwiftOperators' in project 'swift-syntax'
Target 'SwiftOperators' in project 'swift-syntax'
➜ Explicit dependency on target 'SwiftSyntax509' in project 'swift-syntax'
➜ Explicit dependency on target 'SwiftSyntax' in project 'swift-syntax'
➜ Explicit dependency on target 'SwiftDiagnostics' in project 'swift-syntax'
➜ Explicit dependency on target 'SwiftParser' in project 'swift-syntax'
Target 'SwiftSyntaxMacros-product' in project 'swift-syntax'
➜ Explicit dependency on target 'SwiftSyntaxMacros' in project 'swift-syntax'
➜ Explicit dependency on target 'SwiftSyntax509' in project 'swift-syntax'
➜ Explicit dependency on target 'SwiftSyntax' in project 'swift-syntax'
➜ Explicit dependency on target 'SwiftDiagnostics' in project 'swift-syntax'
➜ Explicit dependency on target 'SwiftParser' in project 'swift-syntax'
➜ Explicit dependency on target 'SwiftBasicFormat' in project 'swift-syntax'
➜ Explicit dependency on target 'SwiftParserDiagnostics' in project 'swift-syntax'
➜ Explicit dependency on target 'SwiftSyntaxBuilder' in project 'swift-syntax'
Target 'SwiftSyntaxMacros' in project 'swift-syntax'
➜ Explicit dependency on target 'SwiftSyntax509' in project 'swift-syntax'
➜ Explicit dependency on target 'SwiftSyntax' in project 'swift-syntax'
➜ Explicit dependency on target 'SwiftDiagnostics' in project 'swift-syntax'
➜ Explicit dependency on target 'SwiftParser' in project 'swift-syntax'
➜ Explicit dependency on target 'SwiftBasicFormat' in project 'swift-syntax'
➜ Explicit dependency on target 'SwiftParserDiagnostics' in project 'swift-syntax'
➜ Explicit dependency on target 'SwiftSyntaxBuilder' in project 'swift-syntax'
Target 'SwiftSyntaxBuilder' in project 'swift-syntax'
➜ Explicit dependency on target 'SwiftSyntax509' in project 'swift-syntax'
➜ Explicit dependency on target 'SwiftSyntax' in project 'swift-syntax'
➜ Explicit dependency on target 'SwiftBasicFormat' in project 'swift-syntax'
➜ Explicit dependency on target 'SwiftParser' in project 'swift-syntax'
➜ Explicit dependency on target 'SwiftDiagnostics' in project 'swift-syntax'
➜ Explicit dependency on target 'SwiftParserDiagnostics' in project 'swift-syntax'
Target 'SwiftParserDiagnostics' in project 'swift-syntax'
➜ Explicit dependency on target 'SwiftSyntax509' in project 'swift-syntax'
➜ Explicit dependency on target 'SwiftSyntax' in project 'swift-syntax'
➜ Explicit dependency on target 'SwiftBasicFormat' in project 'swift-syntax'
➜ Explicit dependency on target 'SwiftDiagnostics' in project 'swift-syntax'
➜ Explicit dependency on target 'SwiftParser' in project 'swift-syntax'
Target 'SwiftBasicFormat' in project 'swift-syntax'
➜ Explicit dependency on target 'SwiftSyntax509' in project 'swift-syntax'
➜ Explicit dependency on target 'SwiftSyntax' in project 'swift-syntax'
Target 'SwiftParser' in project 'swift-syntax'
➜ Explicit dependency on target 'SwiftSyntax509' in project 'swift-syntax'
➜ Explicit dependency on target 'SwiftSyntax' in project 'swift-syntax'
Target 'SwiftDiagnostics' in project 'swift-syntax'
➜ Explicit dependency on target 'SwiftSyntax509' in project 'swift-syntax'
➜ Explicit dependency on target 'SwiftSyntax' in project 'swift-syntax'
Target 'SwiftSyntax' in project 'swift-syntax'
➜ Explicit dependency on target 'SwiftSyntax509' in project 'swift-syntax'
Target 'SwiftSyntax509' in project 'swift-syntax' (no dependencies)
Target 'NiceComponents_NiceComponents' in project 'NiceComponents' (no dependencies)
GatherProvisioningInputs
CreateBuildDescription
ClangStatCache /Applications/Xcode-27.0.0-Release.Candidate.app/Contents/Developer/Toolchains/XcodeDefault.xctoolchain/usr/bin/clang-stat-cache /Applications/Xcode-27.0.0-Release.Candidate.app/Contents/Developer/Platforms/WatchOS.platform/Developer/SDKs/WatchOS27.0.sdk /Users/admin/builder/spi-builder-workspace/.derivedData/SDKStatCaches.noindex/watchos27.0-24R360-e829b21a6f8c9b70876ba0858053c04477534ef55a1706bf4c1112bbb242f0a2.sdkstatcache
cd /Users/admin/builder/spi-builder-workspace/.swiftpm/xcode
/Applications/Xcode-27.0.0-Release.Candidate.app/Contents/Developer/Toolchains/XcodeDefault.xctoolchain/usr/bin/clang-stat-cache /Applications/Xcode-27.0.0-Release.Candidate.app/Contents/Developer/Platforms/WatchOS.platform/Developer/SDKs/WatchOS27.0.sdk -o /Users/admin/builder/spi-builder-workspace/.derivedData/SDKStatCaches.noindex/watchos27.0-24R360-e829b21a6f8c9b70876ba0858053c04477534ef55a1706bf4c1112bbb242f0a2.sdkstatcache
ClangStatCache /Applications/Xcode-27.0.0-Release.Candidate.app/Contents/Developer/Toolchains/XcodeDefault.xctoolchain/usr/bin/clang-stat-cache /Applications/Xcode-27.0.0-Release.Candidate.app/Contents/Developer/Platforms/MacOSX.platform/Developer/SDKs/MacOSX27.0.sdk /Users/admin/builder/spi-builder-workspace/.derivedData/SDKStatCaches.noindex/macosx27.0-26A425-e829b21a6f8c9b70876ba0858053c0446a22442a12e9d48fe1a705f55a1adfc4.sdkstatcache
cd /Users/admin/builder/spi-builder-workspace/.swiftpm/xcode
/Applications/Xcode-27.0.0-Release.Candidate.app/Contents/Developer/Toolchains/XcodeDefault.xctoolchain/usr/bin/clang-stat-cache /Applications/Xcode-27.0.0-Release.Candidate.app/Contents/Developer/Platforms/MacOSX.platform/Developer/SDKs/MacOSX27.0.sdk -o /Users/admin/builder/spi-builder-workspace/.derivedData/SDKStatCaches.noindex/macosx27.0-26A425-e829b21a6f8c9b70876ba0858053c0446a22442a12e9d48fe1a705f55a1adfc4.sdkstatcache
SwiftDriver NiceComponents normal arm64 com.apple.xcode.tools.swift.compiler (in target 'NiceComponents' from project 'NiceComponents')
cd /Users/admin/builder/spi-builder-workspace/.swiftpm/xcode
builtin-SwiftDriver -- /Applications/Xcode-27.0.0-Release.Candidate.app/Contents/Developer/Toolchains/XcodeDefault.xctoolchain/usr/bin/swiftc -parse-as-library -module-name NiceComponents -Onone @/Users/admin/builder/spi-builder-workspace/.derivedData/Build/Intermediates.noindex/NiceComponents.build/Debug-watchos/NiceComponents-t.build/Objects-normal/arm64/NiceComponents.SwiftFileList -DSWIFT_PACKAGE -DDEBUG -DSWIFT_MODULE_RESOURCE_BUNDLE_AVAILABLE -DXcode -plugin-path /Applications/Xcode-27.0.0-Release.Candidate.app/Contents/Developer/Toolchains/XcodeDefault.xctoolchain/usr/lib/swift/host/plugins/testing -enable-experimental-feature DebugDescriptionMacro -sdk /Applications/Xcode-27.0.0-Release.Candidate.app/Contents/Developer/Platforms/WatchOS.platform/Developer/SDKs/WatchOS27.0.sdk -target arm64-apple-watchos9.0 -g -module-cache-path /Users/admin/builder/spi-builder-workspace/.derivedData/ModuleCache.noindex -Xfrontend -serialize-debugging-options -enable-testing -index-store-path /Users/admin/builder/spi-builder-workspace/.derivedData/Index.noindex/DataStore -Xcc -D_LIBCPP_HARDENING_MODE\=_LIBCPP_HARDENING_MODE_DEBUG -swift-version 5 -I /Users/admin/builder/spi-builder-workspace/.derivedData/Build/Products/Debug-watchos -Isystem /Applications/Xcode-27.0.0-Release.Candidate.app/Contents/Developer/Platforms/WatchOS.platform/Developer/usr/lib -F /Users/admin/builder/spi-builder-workspace/.derivedData/Build/Products/Debug-watchos/PackageFrameworks -F /Users/admin/builder/spi-builder-workspace/.derivedData/Build/Products/Debug-watchos -F /Applications/Xcode-27.0.0-Release.Candidate.app/Contents/Developer/Platforms/WatchOS.platform/Developer/Library/Frameworks -F /Applications/Xcode-27.0.0-Release.Candidate.app/Contents/Developer/Platforms/WatchOS.platform/Developer/SDKs/WatchOS27.0.sdk/Developer/Library/Frameworks -Xfrontend -load-plugin-executable -Xfrontend /Users/admin/builder/spi-builder-workspace/.derivedData/Build/Products/Debug/NiceInitMacros\#NiceInitMacros -c -j10 -enable-batch-mode -incremental -Xcc -ivfsstatcache -Xcc /Users/admin/builder/spi-builder-workspace/.derivedData/SDKStatCaches.noindex/watchos27.0-24R360-e829b21a6f8c9b70876ba0858053c04477534ef55a1706bf4c1112bbb242f0a2.sdkstatcache -output-file-map /Users/admin/builder/spi-builder-workspace/.derivedData/Build/Intermediates.noindex/NiceComponents.build/Debug-watchos/NiceComponents-t.build/Objects-normal/arm64/NiceComponents-OutputFileMap.json -save-temps -no-color-diagnostics -explicit-module-build -module-cache-path /Users/admin/builder/spi-builder-workspace/.derivedData/Build/Intermediates.noindex/SwiftExplicitPrecompiledModules -clang-scanner-module-cache-path /Users/admin/builder/spi-builder-workspace/.derivedData/ModuleCache.noindex -sdk-module-cache-path /Users/admin/builder/spi-builder-workspace/.derivedData/SDKExplicitPrecompiledModules -emit-dependencies -emit-module -emit-module-path /Users/admin/builder/spi-builder-workspace/.derivedData/Build/Intermediates.noindex/NiceComponents.build/Debug-watchos/NiceComponents-t.build/Objects-normal/arm64/NiceComponents.swiftmodule -serialize-diagnostics -dependency-scan-serialize-diagnostics-path /Users/admin/builder/spi-builder-workspace/.derivedData/Build/Intermediates.noindex/NiceComponents.build/Debug-watchos/NiceComponents-t.build/Objects-normal/arm64/NiceComponents-dependency-scan.dia -validate-clang-modules-once -clang-build-session-file /Users/admin/builder/spi-builder-workspace/.derivedData/ModuleCache.noindex/Session.modulevalidation -Xcc -fmodules-prune-interval\=86400 -Xcc -fmodules-prune-after\=345600 -package-name spi_builder_workspace -emit-const-values -const-gather-protocols-list /Users/admin/builder/spi-builder-workspace/.derivedData/Build/Intermediates.noindex/NiceComponents.build/Debug-watchos/NiceComponents-t.build/Objects-normal/arm64/NiceComponents_const_extract_protocols.json -Xcc -I/Users/admin/builder/spi-builder-workspace/.derivedData/Build/Products/Debug-watchos/include -Xcc -I/Users/admin/builder/spi-builder-workspace/.derivedData/Build/Intermediates.noindex/NiceComponents.build/Debug-watchos/NiceComponents-t.build/DerivedSources-normal/arm64 -Xcc -I/Users/admin/builder/spi-builder-workspace/.derivedData/Build/Intermediates.noindex/NiceComponents.build/Debug-watchos/NiceComponents-t.build/DerivedSources/arm64 -Xcc -I/Users/admin/builder/spi-builder-workspace/.derivedData/Build/Intermediates.noindex/NiceComponents.build/Debug-watchos/NiceComponents-t.build/DerivedSources -Xcc -DSWIFT_PACKAGE -Xcc -DDEBUG\=1 -emit-objc-header -emit-objc-header-path /Users/admin/builder/spi-builder-workspace/.derivedData/Build/Intermediates.noindex/NiceComponents.build/Debug-watchos/NiceComponents-t.build/Objects-normal/arm64/NiceComponents-Swift.h -working-directory /Users/admin/builder/spi-builder-workspace/.swiftpm/xcode -experimental-emit-module-separately -disable-cmo
SwiftDriver NiceComponents normal arm64_32 com.apple.xcode.tools.swift.compiler (in target 'NiceComponents' from project 'NiceComponents')
cd /Users/admin/builder/spi-builder-workspace/.swiftpm/xcode
builtin-SwiftDriver -- /Applications/Xcode-27.0.0-Release.Candidate.app/Contents/Developer/Toolchains/XcodeDefault.xctoolchain/usr/bin/swiftc -parse-as-library -module-name NiceComponents -Onone @/Users/admin/builder/spi-builder-workspace/.derivedData/Build/Intermediates.noindex/NiceComponents.build/Debug-watchos/NiceComponents-t.build/Objects-normal/arm64_32/NiceComponents.SwiftFileList -DSWIFT_PACKAGE -DDEBUG -DSWIFT_MODULE_RESOURCE_BUNDLE_AVAILABLE -DXcode -plugin-path /Applications/Xcode-27.0.0-Release.Candidate.app/Contents/Developer/Toolchains/XcodeDefault.xctoolchain/usr/lib/swift/host/plugins/testing -enable-experimental-feature DebugDescriptionMacro -sdk /Applications/Xcode-27.0.0-Release.Candidate.app/Contents/Developer/Platforms/WatchOS.platform/Developer/SDKs/WatchOS27.0.sdk -target arm64_32-apple-watchos9.0 -g -module-cache-path /Users/admin/builder/spi-builder-workspace/.derivedData/ModuleCache.noindex -Xfrontend -serialize-debugging-options -enable-testing -index-store-path /Users/admin/builder/spi-builder-workspace/.derivedData/Index.noindex/DataStore -Xcc -D_LIBCPP_HARDENING_MODE\=_LIBCPP_HARDENING_MODE_DEBUG -swift-version 5 -I /Users/admin/builder/spi-builder-workspace/.derivedData/Build/Products/Debug-watchos -Isystem /Applications/Xcode-27.0.0-Release.Candidate.app/Contents/Developer/Platforms/WatchOS.platform/Developer/usr/lib -F /Users/admin/builder/spi-builder-workspace/.derivedData/Build/Products/Debug-watchos/PackageFrameworks -F /Users/admin/builder/spi-builder-workspace/.derivedData/Build/Products/Debug-watchos -F /Applications/Xcode-27.0.0-Release.Candidate.app/Contents/Developer/Platforms/WatchOS.platform/Developer/Library/Frameworks -F /Applications/Xcode-27.0.0-Release.Candidate.app/Contents/Developer/Platforms/WatchOS.platform/Developer/SDKs/WatchOS27.0.sdk/Developer/Library/Frameworks -Xfrontend -load-plugin-executable -Xfrontend /Users/admin/builder/spi-builder-workspace/.derivedData/Build/Products/Debug/NiceInitMacros\#NiceInitMacros -c -j10 -enable-batch-mode -incremental -Xcc -ivfsstatcache -Xcc /Users/admin/builder/spi-builder-workspace/.derivedData/SDKStatCaches.noindex/watchos27.0-24R360-e829b21a6f8c9b70876ba0858053c04477534ef55a1706bf4c1112bbb242f0a2.sdkstatcache -output-file-map /Users/admin/builder/spi-builder-workspace/.derivedData/Build/Intermediates.noindex/NiceComponents.build/Debug-watchos/NiceComponents-t.build/Objects-normal/arm64_32/NiceComponents-OutputFileMap.json -save-temps -no-color-diagnostics -explicit-module-build -module-cache-path /Users/admin/builder/spi-builder-workspace/.derivedData/Build/Intermediates.noindex/SwiftExplicitPrecompiledModules -clang-scanner-module-cache-path /Users/admin/builder/spi-builder-workspace/.derivedData/ModuleCache.noindex -sdk-module-cache-path /Users/admin/builder/spi-builder-workspace/.derivedData/SDKExplicitPrecompiledModules -emit-dependencies -emit-module -emit-module-path /Users/admin/builder/spi-builder-workspace/.derivedData/Build/Intermediates.noindex/NiceComponents.build/Debug-watchos/NiceComponents-t.build/Objects-normal/arm64_32/NiceComponents.swiftmodule -serialize-diagnostics -dependency-scan-serialize-diagnostics-path /Users/admin/builder/spi-builder-workspace/.derivedData/Build/Intermediates.noindex/NiceComponents.build/Debug-watchos/NiceComponents-t.build/Objects-normal/arm64_32/NiceComponents-dependency-scan.dia -validate-clang-modules-once -clang-build-session-file /Users/admin/builder/spi-builder-workspace/.derivedData/ModuleCache.noindex/Session.modulevalidation -Xcc -fmodules-prune-interval\=86400 -Xcc -fmodules-prune-after\=345600 -package-name spi_builder_workspace -emit-const-values -const-gather-protocols-list /Users/admin/builder/spi-builder-workspace/.derivedData/Build/Intermediates.noindex/NiceComponents.build/Debug-watchos/NiceComponents-t.build/Objects-normal/arm64_32/NiceComponents_const_extract_protocols.json -Xcc -I/Users/admin/builder/spi-builder-workspace/.derivedData/Build/Products/Debug-watchos/include -Xcc -I/Users/admin/builder/spi-builder-workspace/.derivedData/Build/Intermediates.noindex/NiceComponents.build/Debug-watchos/NiceComponents-t.build/DerivedSources-normal/arm64_32 -Xcc -I/Users/admin/builder/spi-builder-workspace/.derivedData/Build/Intermediates.noindex/NiceComponents.build/Debug-watchos/NiceComponents-t.build/DerivedSources/arm64_32 -Xcc -I/Users/admin/builder/spi-builder-workspace/.derivedData/Build/Intermediates.noindex/NiceComponents.build/Debug-watchos/NiceComponents-t.build/DerivedSources -Xcc -DSWIFT_PACKAGE -Xcc -DDEBUG\=1 -emit-objc-header -emit-objc-header-path /Users/admin/builder/spi-builder-workspace/.derivedData/Build/Intermediates.noindex/NiceComponents.build/Debug-watchos/NiceComponents-t.build/Objects-normal/arm64_32/NiceComponents-Swift.h -working-directory /Users/admin/builder/spi-builder-workspace/.swiftpm/xcode -experimental-emit-module-separately -disable-cmo
SwiftCompile normal arm64 Compiling\ resource_bundle_accessor.swift,\ NiceButton.swift /Users/admin/builder/spi-builder-workspace/.derivedData/Build/Intermediates.noindex/NiceComponents.build/Debug-watchos/NiceComponents-t.build/DerivedSources/resource_bundle_accessor.swift /Users/admin/builder/spi-builder-workspace/Sources/NiceComponents/Button/NiceButton.swift (in target 'NiceComponents' from project 'NiceComponents')
SwiftCompile normal arm64 /Users/admin/builder/spi-builder-workspace/.derivedData/Build/Intermediates.noindex/NiceComponents.build/Debug-watchos/NiceComponents-t.build/DerivedSources/resource_bundle_accessor.swift (in target 'NiceComponents' from project 'NiceComponents')
cd /Users/admin/builder/spi-builder-workspace/.swiftpm/xcode
builtin-SwiftPerFileCompile resource_bundle_accessor.swift
SwiftCompile normal arm64 /Users/admin/builder/spi-builder-workspace/Sources/NiceComponents/Button/NiceButton.swift (in target 'NiceComponents' from project 'NiceComponents')
cd /Users/admin/builder/spi-builder-workspace/.swiftpm/xcode
builtin-SwiftPerFileCompile NiceButton.swift
SwiftCompile normal arm64 Compiling\ NiceButtonImage.swift,\ ButtonStyle+Styles.swift /Users/admin/builder/spi-builder-workspace/Sources/NiceComponents/Button/NiceButtonImage.swift /Users/admin/builder/spi-builder-workspace/Sources/NiceComponents/Button/Style/ButtonStyle+Styles.swift (in target 'NiceComponents' from project 'NiceComponents')
/Users/admin/builder/spi-builder-workspace/Sources/NiceComponents/Button/NiceButtonImage.swift:87:23: error: 'UIActivityIndicatorView' is unavailable in watchOS
85 | fallbackImage: String? = nil,
86 | contentMode: SwiftUI.ContentMode = .fill,
87 | loadingStyle: UIActivityIndicatorView.Style? = nil,
| `- error: 'UIActivityIndicatorView' is unavailable in watchOS
88 | imageAlignment: Alignment = .center,
89 | offset: CGFloat = 8
/Applications/Xcode-27.0.0-Release.Candidate.app/Contents/Developer/Platforms/WatchOS.platform/Developer/SDKs/WatchOS27.0.sdk/System/Library/Frameworks/UIKit.framework/Headers/UIActivityIndicatorView.h:24:12: note: 'UIActivityIndicatorView' has been explicitly marked unavailable here
22 |
23 | UIKIT_EXTERN API_AVAILABLE(ios(2.0)) API_UNAVAILABLE(watchos) NS_SWIFT_UI_ACTOR
24 | @interface UIActivityIndicatorView : UIView <NSCoding>
| `- note: 'UIActivityIndicatorView' has been explicitly marked unavailable here
25 |
26 | - (instancetype)initWithActivityIndicatorStyle:(UIActivityIndicatorViewStyle)style NS_DESIGNATED_INITIALIZER; // sizes the view according to the style
Failed frontend command:
/Applications/Xcode-27.0.0-Release.Candidate.app/Contents/Developer/Toolchains/XcodeDefault.xctoolchain/usr/bin/swift-frontend -frontend -c /Users/admin/builder/spi-builder-workspace/.derivedData/Build/Intermediates.noindex/NiceComponents.build/Debug-watchos/NiceComponents-t.build/DerivedSources/resource_bundle_accessor.swift /Users/admin/builder/spi-builder-workspace/Sources/NiceComponents/Button/NiceButton.swift -primary-file /Users/admin/builder/spi-builder-workspace/Sources/NiceComponents/Button/NiceButtonImage.swift -primary-file /Users/admin/builder/spi-builder-workspace/Sources/NiceComponents/Button/Style/ButtonStyle+Styles.swift /Users/admin/builder/spi-builder-workspace/Sources/NiceComponents/Button/Style/NiceButtonColorStyle.swift /Users/admin/builder/spi-builder-workspace/Sources/NiceComponents/Button/Style/NiceButtonStyle.swift /Users/admin/builder/spi-builder-workspace/Sources/NiceComponents/Color/NiceColorStyle.swift /Users/admin/builder/spi-builder-workspace/Sources/NiceComponents/Color/NiceColorTheme.swift /Users/admin/builder/spi-builder-workspace/Sources/NiceComponents/Components/Divider/NiceDivider.swift /Users/admin/builder/spi-builder-workspace/Sources/NiceComponents/Components/Divider/NiceDividerStyle.swift /Users/admin/builder/spi-builder-workspace/Sources/NiceComponents/Components/ErrorView.swift /Users/admin/builder/spi-builder-workspace/Sources/NiceComponents/Components/NiceImage.swift /Users/admin/builder/spi-builder-workspace/Sources/NiceComponents/Components/NiceShadowModifier.swift /Users/admin/builder/spi-builder-workspace/Sources/NiceComponents/Components/NiceTextField.swift /Users/admin/builder/spi-builder-workspace/Sources/NiceComponents/Config.swift /Users/admin/builder/spi-builder-workspace/Sources/NiceComponents/Helper/Color+Hex.swift /Users/admin/builder/spi-builder-workspace/Sources/NiceComponents/Helper/DynamicTypeSize+Max.swift /Users/admin/builder/spi-builder-workspace/Sources/NiceComponents/Helper/Font+NiceTextStyle.swift /Users/admin/builder/spi-builder-workspace/Sources/NiceComponents/Helper/NiceBorderStyle.swift /Users/admin/builder/spi-builder-workspace/Sources/NiceComponents/Helper/NiceSpacing.swift /Users/admin/builder/spi-builder-workspace/Sources/NiceComponents/Helper/ScaledFont.swift /Users/admin/builder/spi-builder-workspace/Sources/NiceComponents/Text/NiceText+Styles.swift /Users/admin/builder/spi-builder-workspace/Sources/NiceComponents/Text/NiceText+ViewModifier.swift /Users/admin/builder/spi-builder-workspace/Sources/NiceComponents/Text/NiceText.swift /Users/admin/builder/spi-builder-workspace/Sources/NiceComponents/Text/NiceTextStyle.swift /Users/admin/builder/spi-builder-workspace/.derivedData/Build/Intermediates.noindex/NiceComponents.build/Debug-watchos/NiceComponents-t.build/DerivedSources/GeneratedAssetSymbols.swift -emit-dependencies-path /Users/admin/builder/spi-builder-workspace/.derivedData/Build/Intermediates.noindex/NiceComponents.build/Debug-watchos/NiceComponents-t.build/Objects-normal/arm64/NiceButtonImage.d -emit-const-values-path /Users/admin/builder/spi-builder-workspace/.derivedData/Build/Intermediates.noindex/NiceComponents.build/Debug-watchos/NiceComponents-t.build/Objects-normal/arm64/NiceButtonImage.swiftconstvalues -emit-reference-dependencies-path /Users/admin/builder/spi-builder-workspace/.derivedData/Build/Intermediates.noindex/NiceComponents.build/Debug-watchos/NiceComponents-t.build/Objects-normal/arm64/NiceButtonImage.swiftdeps -serialize-diagnostics-path /Users/admin/builder/spi-builder-workspace/.derivedData/Build/Intermediates.noindex/NiceComponents.build/Debug-watchos/NiceComponents-t.build/Objects-normal/arm64/NiceButtonImage.dia -emit-dependencies-path /Users/admin/builder/spi-builder-workspace/.derivedData/Build/Intermediates.noindex/NiceComponents.build/Debug-watchos/NiceComponents-t.build/Objects-normal/arm64/ButtonStyle+Styles.d -emit-const-values-path /Users/admin/builder/spi-builder-workspace/.derivedData/Build/Intermediates.noindex/NiceComponents.build/Debug-watchos/NiceComponents-t.build/Objects-normal/arm64/ButtonStyle+Styles.swiftconstvalues -emit-reference-dependencies-path /Users/admin/builder/spi-builder-workspace/.derivedData/Build/Intermediates.noindex/NiceComponents.build/Debug-watchos/NiceComponents-t.build/Objects-normal/arm64/ButtonStyle+Styles.swiftdeps -serialize-diagnostics-path /Users/admin/builder/spi-builder-workspace/.derivedData/Build/Intermediates.noindex/NiceComponents.build/Debug-watchos/NiceComponents-t.build/Objects-normal/arm64/ButtonStyle+Styles.dia -target arm64-apple-watchos9.0 -module-can-import-version DeveloperToolsSupport 24.0.24 24.0.24 -module-can-import-version SwiftUI 8.0.84.1 8.0.84 -module-can-import-version UIKit 9127.0.84.1 9127.0.84 -disable-cross-import-overlay-search -load-resolved-plugin /Applications/Xcode-27.0.0-Release.Candidate.app/Contents/Developer/Platforms/WatchOS.platform/Developer/usr/lib/swift/host/plugins/libFoundationMacros.dylib\#/Applications/Xcode-27.0.0-Release.Candidate.app/Contents/Developer/Platforms/WatchOS.platform/Developer/usr/bin/swift-plugin-server\#FoundationMacros -load-resolved-plugin \#/Users/admin/builder/spi-builder-workspace/.derivedData/Build/Products/Debug/NiceInitMacros\#NiceInitMacros -load-resolved-plugin /Applications/Xcode-27.0.0-Release.Candidate.app/Contents/Developer/Platforms/WatchOS.platform/Developer/usr/lib/swift/host/plugins/libObservationMacros.dylib\#/Applications/Xcode-27.0.0-Release.Candidate.app/Contents/Developer/Platforms/WatchOS.platform/Developer/usr/bin/swift-plugin-server\#ObservationMacros -load-resolved-plugin /Applications/Xcode-27.0.0-Release.Candidate.app/Contents/Developer/Platforms/WatchOS.platform/Developer/usr/lib/swift/host/plugins/libPreviewsMacros.dylib\#/Applications/Xcode-27.0.0-Release.Candidate.app/Contents/Developer/Platforms/WatchOS.platform/Developer/usr/bin/swift-plugin-server\#PreviewsMacros -load-resolved-plugin /Applications/Xcode-27.0.0-Release.Candidate.app/Contents/Developer/Platforms/WatchOS.platform/Developer/usr/lib/swift/host/plugins/libSwiftMacros.dylib\#/Applications/Xcode-27.0.0-Release.Candidate.app/Contents/Developer/Platforms/WatchOS.platform/Developer/usr/bin/swift-plugin-server\#SwiftMacros -load-resolved-plugin /Applications/Xcode-27.0.0-Release.Candidate.app/Contents/Developer/Platforms/WatchOS.platform/Developer/usr/lib/swift/host/plugins/libSwiftUIMacros.dylib\#/Applications/Xcode-27.0.0-Release.Candidate.app/Contents/Developer/Platforms/WatchOS.platform/Developer/usr/bin/swift-plugin-server\#SwiftUIMacros -disable-implicit-swift-modules -Xcc -fno-implicit-modules -Xcc -fno-implicit-module-maps -explicit-swift-module-map-file /Users/admin/builder/spi-builder-workspace/.derivedData/Build/Intermediates.noindex/NiceComponents.build/Debug-watchos/NiceComponents-t.build/Objects-normal/arm64/NiceComponents-dependencies-1.json -Xllvm -aarch64-use-tbi -enable-objc-interop -stack-check -sdk /Applications/Xcode-27.0.0-Release.Candidate.app/Contents/Developer/Platforms/WatchOS.platform/Developer/SDKs/WatchOS27.0.sdk -I /Users/admin/builder/spi-builder-workspace/.derivedData/Build/Products/Debug-watchos -Isystem /Applications/Xcode-27.0.0-Release.Candidate.app/Contents/Developer/Platforms/WatchOS.platform/Developer/usr/lib -F /Users/admin/builder/spi-builder-workspace/.derivedData/Build/Products/Debug-watchos/PackageFrameworks -F /Users/admin/builder/spi-builder-workspace/.derivedData/Build/Products/Debug-watchos -F /Applications/Xcode-27.0.0-Release.Candidate.app/Contents/Developer/Platforms/WatchOS.platform/Developer/Library/Frameworks -F /Applications/Xcode-27.0.0-Release.Candidate.app/Contents/Developer/Platforms/WatchOS.platform/Developer/SDKs/WatchOS27.0.sdk/Developer/Library/Frameworks -module-cache-path /Users/admin/builder/spi-builder-workspace/.derivedData/Build/Intermediates.noindex/SwiftExplicitPrecompiledModules -no-color-diagnostics -Xcc -fno-color-diagnostics -enable-testing -g -debug-info-format\=dwarf -dwarf-version\=4 -swift-version 5 -Onone -D SWIFT_PACKAGE -D DEBUG -D SWIFT_MODULE_RESOURCE_BUNDLE_AVAILABLE -D Xcode -serialize-debugging-options -load-plugin-executable /Users/admin/builder/spi-builder-workspace/.derivedData/Build/Products/Debug/NiceInitMacros\#NiceInitMacros -enable-experimental-feature DebugDescriptionMacro -empty-abi-descriptor -validate-clang-modules-once -clang-build-session-file /Users/admin/builder/spi-builder-workspace/.derivedData/ModuleCache.noindex/Session.modulevalidation -Xcc -working-directory -Xcc /Users/admin/builder/spi-builder-workspace/.swiftpm/xcode -enable-anonymous-context-mangled-names -file-compilation-dir /Users/admin/builder/spi-builder-workspace/.swiftpm/xcode -Xcc -D_LIBCPP_HARDENING_MODE\=_LIBCPP_HARDENING_MODE_DEBUG -Xcc -ivfsstatcache -Xcc /Users/admin/builder/spi-builder-workspace/.derivedData/SDKStatCaches.noindex/watchos27.0-24R360-e829b21a6f8c9b70876ba0858053c04477534ef55a1706bf4c1112bbb242f0a2.sdkstatcache -Xcc -fmodules-prune-interval\=86400 -Xcc -fmodules-prune-after\=345600 -Xcc -I/Users/admin/builder/spi-builder-workspace/.derivedData/Build/Products/Debug-watchos/include -Xcc -I/Users/admin/builder/spi-builder-workspace/.derivedData/Build/Intermediates.noindex/NiceComponents.build/Debug-watchos/NiceComponents-t.build/DerivedSources-normal/arm64 -Xcc -I/Users/admin/builder/spi-builder-workspace/.derivedData/Build/Intermediates.noindex/NiceComponents.build/Debug-watchos/NiceComponents-t.build/DerivedSources/arm64 -Xcc -I/Users/admin/builder/spi-builder-workspace/.derivedData/Build/Intermediates.noindex/NiceComponents.build/Debug-watchos/NiceComponents-t.build/DerivedSources -Xcc -DSWIFT_PACKAGE -Xcc -DDEBUG\=1 -no-auto-bridging-header-chaining -module-name NiceComponents -package-name spi_builder_workspace -const-gather-protocols-file /Users/admin/builder/spi-builder-workspace/.derivedData/Build/Intermediates.noindex/NiceComponents.build/Debug-watchos/NiceComponents-t.build/Objects-normal/arm64/NiceComponents_const_extract_protocols.json -disable-clang-spi -clang-target arm64-apple-watchos27.0 -target-sdk-version 27.0 -target-sdk-name watchos27.0 -in-process-plugin-server-path /Applications/Xcode-27.0.0-Release.Candidate.app/Contents/Developer/Toolchains/XcodeDefault.xctoolchain/usr/lib/swift/host/libSwiftInProcPluginServer.dylib -parse-as-library -o /Users/admin/builder/spi-builder-workspace/.derivedData/Build/Intermediates.noindex/NiceComponents.build/Debug-watchos/NiceComponents-t.build/Objects-normal/arm64/NiceButtonImage.o -o /Users/admin/builder/spi-builder-workspace/.derivedData/Build/Intermediates.noindex/NiceComponents.build/Debug-watchos/NiceComponents-t.build/Objects-normal/arm64/ButtonStyle+Styles.o -debug-module-path /Users/admin/builder/spi-builder-workspace/.derivedData/Build/Intermediates.noindex/NiceComponents.build/Debug-watchos/NiceComponents-t.build/Objects-normal/arm64/NiceComponents.swiftmodule -index-unit-output-path /NiceComponents.build/Debug-watchos/NiceComponents-t.build/Objects-normal/arm64/NiceButtonImage.o -index-unit-output-path /NiceComponents.build/Debug-watchos/NiceComponents-t.build/Objects-normal/arm64/ButtonStyle+Styles.o -index-store-path /Users/admin/builder/spi-builder-workspace/.derivedData/Index.noindex/DataStore -index-system-modules
SwiftCompile normal arm64 /Users/admin/builder/spi-builder-workspace/Sources/NiceComponents/Button/NiceButtonImage.swift (in target 'NiceComponents' from project 'NiceComponents')
cd /Users/admin/builder/spi-builder-workspace/.swiftpm/xcode
builtin-SwiftPerFileCompile NiceButtonImage.swift
SwiftCompile normal arm64 /Users/admin/builder/spi-builder-workspace/Sources/NiceComponents/Button/Style/ButtonStyle+Styles.swift (in target 'NiceComponents' from project 'NiceComponents')
cd /Users/admin/builder/spi-builder-workspace/.swiftpm/xcode
builtin-SwiftPerFileCompile ButtonStyle+Styles.swift
SwiftCompile normal arm64 Compiling\ NiceColorStyle.swift,\ NiceColorTheme.swift /Users/admin/builder/spi-builder-workspace/Sources/NiceComponents/Color/NiceColorStyle.swift /Users/admin/builder/spi-builder-workspace/Sources/NiceComponents/Color/NiceColorTheme.swift (in target 'NiceComponents' from project 'NiceComponents')
SwiftCompile normal arm64 /Users/admin/builder/spi-builder-workspace/Sources/NiceComponents/Color/NiceColorStyle.swift (in target 'NiceComponents' from project 'NiceComponents')
cd /Users/admin/builder/spi-builder-workspace/.swiftpm/xcode
builtin-SwiftPerFileCompile NiceColorStyle.swift
SwiftCompile normal arm64 /Users/admin/builder/spi-builder-workspace/Sources/NiceComponents/Color/NiceColorTheme.swift (in target 'NiceComponents' from project 'NiceComponents')
cd /Users/admin/builder/spi-builder-workspace/.swiftpm/xcode
builtin-SwiftPerFileCompile NiceColorTheme.swift
SwiftCompile normal arm64 Compiling\ NiceButtonColorStyle.swift,\ NiceButtonStyle.swift /Users/admin/builder/spi-builder-workspace/Sources/NiceComponents/Button/Style/NiceButtonColorStyle.swift /Users/admin/builder/spi-builder-workspace/Sources/NiceComponents/Button/Style/NiceButtonStyle.swift (in target 'NiceComponents' from project 'NiceComponents')
SwiftCompile normal arm64 /Users/admin/builder/spi-builder-workspace/Sources/NiceComponents/Button/Style/NiceButtonColorStyle.swift (in target 'NiceComponents' from project 'NiceComponents')
cd /Users/admin/builder/spi-builder-workspace/.swiftpm/xcode
builtin-SwiftPerFileCompile NiceButtonColorStyle.swift
SwiftCompile normal arm64 /Users/admin/builder/spi-builder-workspace/Sources/NiceComponents/Button/Style/NiceButtonStyle.swift (in target 'NiceComponents' from project 'NiceComponents')
cd /Users/admin/builder/spi-builder-workspace/.swiftpm/xcode
builtin-SwiftPerFileCompile NiceButtonStyle.swift
SwiftCompile normal arm64 Compiling\ NiceDivider.swift,\ NiceDividerStyle.swift /Users/admin/builder/spi-builder-workspace/Sources/NiceComponents/Components/Divider/NiceDivider.swift /Users/admin/builder/spi-builder-workspace/Sources/NiceComponents/Components/Divider/NiceDividerStyle.swift (in target 'NiceComponents' from project 'NiceComponents')
SwiftCompile normal arm64 /Users/admin/builder/spi-builder-workspace/Sources/NiceComponents/Components/Divider/NiceDivider.swift (in target 'NiceComponents' from project 'NiceComponents')
cd /Users/admin/builder/spi-builder-workspace/.swiftpm/xcode
builtin-SwiftPerFileCompile NiceDivider.swift
SwiftCompile normal arm64 /Users/admin/builder/spi-builder-workspace/Sources/NiceComponents/Components/Divider/NiceDividerStyle.swift (in target 'NiceComponents' from project 'NiceComponents')
cd /Users/admin/builder/spi-builder-workspace/.swiftpm/xcode
builtin-SwiftPerFileCompile NiceDividerStyle.swift
SwiftEmitModule normal arm64 Emitting\ module\ for\ NiceComponents (in target 'NiceComponents' from project 'NiceComponents')
SwiftCompile normal arm64 (in target 'NiceComponents' from project 'NiceComponents')
cd /Users/admin/builder/spi-builder-workspace/.swiftpm/xcode
SwiftCompile normal arm64 Compiling\ ErrorView.swift,\ NiceImage.swift /Users/admin/builder/spi-builder-workspace/Sources/NiceComponents/Components/ErrorView.swift /Users/admin/builder/spi-builder-workspace/Sources/NiceComponents/Components/NiceImage.swift (in target 'NiceComponents' from project 'NiceComponents')
SwiftCompile normal arm64 /Users/admin/builder/spi-builder-workspace/Sources/NiceComponents/Components/ErrorView.swift (in target 'NiceComponents' from project 'NiceComponents')
cd /Users/admin/builder/spi-builder-workspace/.swiftpm/xcode
builtin-SwiftPerFileCompile ErrorView.swift
SwiftCompile normal arm64 /Users/admin/builder/spi-builder-workspace/Sources/NiceComponents/Components/NiceImage.swift (in target 'NiceComponents' from project 'NiceComponents')
cd /Users/admin/builder/spi-builder-workspace/.swiftpm/xcode
builtin-SwiftPerFileCompile NiceImage.swift
SwiftEmitModule normal arm64_32 Emitting\ module\ for\ NiceComponents (in target 'NiceComponents' from project 'NiceComponents')
SwiftCompile normal arm64_32 (in target 'NiceComponents' from project 'NiceComponents')
cd /Users/admin/builder/spi-builder-workspace/.swiftpm/xcode
SwiftCompile normal arm64_32 Compiling\ ButtonStyle+Styles.swift,\ NiceButtonColorStyle.swift,\ NiceButtonStyle.swift /Users/admin/builder/spi-builder-workspace/Sources/NiceComponents/Button/Style/ButtonStyle+Styles.swift /Users/admin/builder/spi-builder-workspace/Sources/NiceComponents/Button/Style/NiceButtonColorStyle.swift /Users/admin/builder/spi-builder-workspace/Sources/NiceComponents/Button/Style/NiceButtonStyle.swift (in target 'NiceComponents' from project 'NiceComponents')
SwiftCompile normal arm64_32 /Users/admin/builder/spi-builder-workspace/Sources/NiceComponents/Button/Style/ButtonStyle+Styles.swift (in target 'NiceComponents' from project 'NiceComponents')
cd /Users/admin/builder/spi-builder-workspace/.swiftpm/xcode
builtin-SwiftPerFileCompile ButtonStyle+Styles.swift
SwiftCompile normal arm64_32 /Users/admin/builder/spi-builder-workspace/Sources/NiceComponents/Button/Style/NiceButtonColorStyle.swift (in target 'NiceComponents' from project 'NiceComponents')
cd /Users/admin/builder/spi-builder-workspace/.swiftpm/xcode
builtin-SwiftPerFileCompile NiceButtonColorStyle.swift
SwiftCompile normal arm64_32 /Users/admin/builder/spi-builder-workspace/Sources/NiceComponents/Button/Style/NiceButtonStyle.swift (in target 'NiceComponents' from project 'NiceComponents')
cd /Users/admin/builder/spi-builder-workspace/.swiftpm/xcode
builtin-SwiftPerFileCompile NiceButtonStyle.swift
SwiftCompile normal arm64_32 Compiling\ NiceTextStyle.swift,\ GeneratedAssetSymbols.swift /Users/admin/builder/spi-builder-workspace/Sources/NiceComponents/Text/NiceTextStyle.swift /Users/admin/builder/spi-builder-workspace/.derivedData/Build/Intermediates.noindex/NiceComponents.build/Debug-watchos/NiceComponents-t.build/DerivedSources/GeneratedAssetSymbols.swift (in target 'NiceComponents' from project 'NiceComponents')
SwiftCompile normal arm64_32 /Users/admin/builder/spi-builder-workspace/Sources/NiceComponents/Text/NiceTextStyle.swift (in target 'NiceComponents' from project 'NiceComponents')
cd /Users/admin/builder/spi-builder-workspace/.swiftpm/xcode
builtin-SwiftPerFileCompile NiceTextStyle.swift
SwiftCompile normal arm64_32 /Users/admin/builder/spi-builder-workspace/.derivedData/Build/Intermediates.noindex/NiceComponents.build/Debug-watchos/NiceComponents-t.build/DerivedSources/GeneratedAssetSymbols.swift (in target 'NiceComponents' from project 'NiceComponents')
cd /Users/admin/builder/spi-builder-workspace/.swiftpm/xcode
builtin-SwiftPerFileCompile GeneratedAssetSymbols.swift
SwiftCompile normal arm64_32 Compiling\ NiceBorderStyle.swift,\ NiceSpacing.swift /Users/admin/builder/spi-builder-workspace/Sources/NiceComponents/Helper/NiceBorderStyle.swift /Users/admin/builder/spi-builder-workspace/Sources/NiceComponents/Helper/NiceSpacing.swift (in target 'NiceComponents' from project 'NiceComponents')
SwiftCompile normal arm64_32 /Users/admin/builder/spi-builder-workspace/Sources/NiceComponents/Helper/NiceBorderStyle.swift (in target 'NiceComponents' from project 'NiceComponents')
cd /Users/admin/builder/spi-builder-workspace/.swiftpm/xcode
builtin-SwiftPerFileCompile NiceBorderStyle.swift
SwiftCompile normal arm64_32 /Users/admin/builder/spi-builder-workspace/Sources/NiceComponents/Helper/NiceSpacing.swift (in target 'NiceComponents' from project 'NiceComponents')
cd /Users/admin/builder/spi-builder-workspace/.swiftpm/xcode
builtin-SwiftPerFileCompile NiceSpacing.swift
PruneExplicitPrecompiledModules /Users/admin/builder/spi-builder-workspace/.derivedData/Build/Intermediates.noindex/SwiftExplicitPrecompiledModules
PruneExplicitPrecompiledModules /Users/admin/builder/spi-builder-workspace/.derivedData/SDKExplicitPrecompiledModules
PruneExplicitPrecompiledModules /Users/admin/builder/spi-builder-workspace/.derivedData/Build/Intermediates.noindex/ExplicitPrecompiledModules
2026-09-24 00:36:52.190 xcodebuild[1359:7790] [MT] IDERunDestination: Supported platforms for the buildables in the current scheme is empty.
** BUILD FAILED **
The following build commands failed:
SwiftCompile normal arm64 Compiling\ NiceButtonImage.swift,\ ButtonStyle+Styles.swift /Users/admin/builder/spi-builder-workspace/Sources/NiceComponents/Button/NiceButtonImage.swift /Users/admin/builder/spi-builder-workspace/Sources/NiceComponents/Button/Style/ButtonStyle+Styles.swift (in target 'NiceComponents' from project 'NiceComponents')
SwiftCompile normal arm64 /Users/admin/builder/spi-builder-workspace/Sources/NiceComponents/Button/NiceButtonImage.swift (in target 'NiceComponents' from project 'NiceComponents')
Building workspace NiceComponents with scheme NiceComponents-Package
(3 failures)
BUILD FAILURE 6.4 watchOS