Build Information
Failed to build DTCoreText, reference main (81a439), with Swift 6.1 for watchOS using Xcode 16.3 on 19 Jul 2026 04:02:46 UTC.
Build Command
env DEVELOPER_DIR=/Applications/Xcode-16.3.0.app xcrun xcodebuild -IDEClonedSourcePackagesDirPathOverride=$PWD/.dependencies -skipMacroValidation -skipPackagePluginValidation -derivedDataPath $PWD/.derivedData build -scheme DTCoreText-Package -destination generic/platform=watchOSBuild Log
EmitSwiftModule normal arm64 (in target 'DTCoreText' from project 'DTCoreText' at path '/Users/admin/builder/spi-builder-workspace/Package.swift')
cd /Users/admin/builder/spi-builder-workspace/DTCoreText.xcodeproj
/Users/admin/builder/spi-builder-workspace/Sources/DTCoreText/NSAttributedString+DTCoreText.swift:73:65: error: cannot find type 'NSTextList' in scope
fileprivate func _textListsForParagraph(at location: Int) -> [NSTextList]? {
^~~~~~~~~~
/Users/admin/builder/spi-builder-workspace/Sources/DTCoreText/NSAttributedString+DTCoreText.swift:88:56: error: cannot find type 'NSTextList' in scope
fileprivate func _rangeOfTextListByParagraph(_ list: NSTextList, at location: Int) -> NSRange {
^~~~~~~~~~
/Users/admin/builder/spi-builder-workspace/Sources/DTCoreText/NSAttributedString+DTCoreText.swift:140:35: error: cannot find type 'NSTextList' in scope
public func itemNumber(in list: NSTextList, atIndex location: Int) -> Int {
^~~~~~~~~~
/Users/admin/builder/spi-builder-workspace/Sources/DTCoreText/NSAttributedString+DTCoreText.swift:277:39: error: cannot find type 'NSTextList' in scope
public func rangeOfTextList(_ list: NSTextList, atIndex location: Int) -> NSRange {
^~~~~~~~~~
PrecompileModule /Users/admin/builder/spi-builder-workspace/.derivedData/Build/Intermediates.noindex/ExplicitPrecompiledModules/libxml2-2KZWL4RCPSX3V7CNVFHOAY730.scan
cd /Users/admin/builder/spi-builder-workspace/DTCoreText.xcodeproj
builtin-precompileModule /Users/admin/builder/spi-builder-workspace/.derivedData/Build/Intermediates.noindex/ExplicitPrecompiledModules/libxml2-2KZWL4RCPSX3V7CNVFHOAY730.scan
SwiftDriverJobDiscovery normal arm64 Compiling HTMLParserEvent.swift (in target 'HTMLParser' from project 'XMLKit')
SwiftDriver\ Compilation HTMLParser normal arm64 com.apple.xcode.tools.swift.compiler (in target 'HTMLParser' from project 'XMLKit')
cd /Users/admin/builder/spi-builder-workspace/DTCoreText.xcodeproj
builtin-Swift-Compilation -- /Applications/Xcode-16.3.0.app/Contents/Developer/Toolchains/XcodeDefault.xctoolchain/usr/bin/swiftc -module-name HTMLParser -Onone -enforce-exclusivity\=checked @/Users/admin/builder/spi-builder-workspace/.derivedData/Build/Intermediates.noindex/XMLKit.build/Debug-watchos/HTMLParser.build/Objects-normal/arm64/HTMLParser.SwiftFileList -DSWIFT_PACKAGE -DDEBUG -stats-output-dir .stats -strict-concurrency\=complete -enable-upcoming-feature StrictConcurrency -enable-upcoming-feature DisableOutwardActorInference -enable-upcoming-feature GlobalActorIsolatedTypesUsability -enable-upcoming-feature InferSendableFromCaptures -plugin-path /Applications/Xcode-16.3.0.app/Contents/Developer/Toolchains/XcodeDefault.xctoolchain/usr/lib/swift/host/plugins/testing -enable-experimental-feature DebugDescriptionMacro -sdk /Applications/Xcode-16.3.0.app/Contents/Developer/Platforms/WatchOS.platform/Developer/SDKs/WatchOS11.4.sdk -target arm64-apple-watchos6.0 -g -module-cache-path /Users/admin/builder/spi-builder-workspace/.derivedData/ModuleCache.noindex -Xfrontend -serialize-debugging-options -enable-testing -suppress-warnings -index-store-path /Users/admin/builder/spi-builder-workspace/.derivedData/Index.noindex/DataStore -swift-version 6 -I /Users/admin/builder/spi-builder-workspace/.derivedData/Build/Products/Debug-watchos -I /Applications/Xcode-16.3.0.app/Contents/Developer/Platforms/WatchOS.platform/Developer/usr/lib -F /Users/admin/builder/spi-builder-workspace/.derivedData/Build/Products/Debug-watchos/PackageFrameworks -F /Users/admin/builder/spi-builder-workspace/.derivedData/Build/Products/Debug-watchos -F /Applications/Xcode-16.3.0.app/Contents/Developer/Platforms/WatchOS.platform/Developer/Library/Frameworks -F /Applications/Xcode-16.3.0.app/Contents/Developer/Platforms/WatchOS.platform/Developer/SDKs/WatchOS11.4.sdk/Developer/Library/Frameworks -c -j10 -enable-batch-mode -incremental -Xcc -ivfsstatcache -Xcc /Users/admin/builder/spi-builder-workspace/.derivedData/SDKStatCaches.noindex/watchos11.4-22T246-43efb940ff07ba2497b70ec94253f576.sdkstatcache -output-file-map /Users/admin/builder/spi-builder-workspace/.derivedData/Build/Intermediates.noindex/XMLKit.build/Debug-watchos/HTMLParser.build/Objects-normal/arm64/HTMLParser-OutputFileMap.json -use-frontend-parseable-output -save-temps -no-color-diagnostics -serialize-diagnostics -emit-dependencies -emit-module -emit-module-path /Users/admin/builder/spi-builder-workspace/.derivedData/Build/Intermediates.noindex/XMLKit.build/Debug-watchos/HTMLParser.build/Objects-normal/arm64/HTMLParser.swiftmodule -user-module-version 1.0.1 -validate-clang-modules-once -clang-build-session-file /Users/admin/builder/spi-builder-workspace/.derivedData/ModuleCache.noindex/Session.modulevalidation -package-name xmlkit -Xcc -I/Users/admin/builder/spi-builder-workspace/.derivedData/Build/Intermediates.noindex/XMLKit.build/Debug-watchos/HTMLParser.build/swift-overrides.hmap -emit-const-values -Xfrontend -const-gather-protocols-file -Xfrontend /Users/admin/builder/spi-builder-workspace/.derivedData/Build/Intermediates.noindex/XMLKit.build/Debug-watchos/HTMLParser.build/Objects-normal/arm64/HTMLParser_const_extract_protocols.json -Xcc -I/Users/admin/builder/spi-builder-workspace/.dependencies/checkouts/XMLKit/Sources/CHTMLParser/include -Xcc -I/Users/admin/builder/spi-builder-workspace/.derivedData/Build/Products/Debug-watchos/include -Xcc -I/Users/admin/builder/spi-builder-workspace/.derivedData/Build/Intermediates.noindex/XMLKit.build/Debug-watchos/HTMLParser.build/DerivedSources-normal/arm64 -Xcc -I/Users/admin/builder/spi-builder-workspace/.derivedData/Build/Intermediates.noindex/XMLKit.build/Debug-watchos/HTMLParser.build/DerivedSources/arm64 -Xcc -I/Users/admin/builder/spi-builder-workspace/.derivedData/Build/Intermediates.noindex/XMLKit.build/Debug-watchos/HTMLParser.build/DerivedSources -Xcc -DSWIFT_PACKAGE -Xcc -DDEBUG\=1 -emit-objc-header -emit-objc-header-path /Users/admin/builder/spi-builder-workspace/.derivedData/Build/Intermediates.noindex/XMLKit.build/Debug-watchos/HTMLParser.build/Objects-normal/arm64/HTMLParser-Swift.h -working-directory /Users/admin/builder/spi-builder-workspace/DTCoreText.xcodeproj -experimental-emit-module-separately -disable-cmo
CompileC /Users/admin/builder/spi-builder-workspace/.derivedData/Build/Intermediates.noindex/XMLKit.build/Debug-watchos/CHTMLParser.build/Objects-normal/arm64_32/HTMLParserBridge.o /Users/admin/builder/spi-builder-workspace/.dependencies/checkouts/XMLKit/Sources/CHTMLParser/HTMLParserBridge.c normal arm64_32 c com.apple.compilers.llvm.clang.1_0.compiler (in target 'CHTMLParser' from project 'XMLKit')
cd /Users/admin/builder/spi-builder-workspace/DTCoreText.xcodeproj
Using response file: /Users/admin/builder/spi-builder-workspace/.derivedData/Build/Intermediates.noindex/XMLKit.build/Debug-watchos/CHTMLParser.build/Objects-normal/arm64_32/7187679823f38a2a940e0043cdf9d637-common-args.resp
/Applications/Xcode-16.3.0.app/Contents/Developer/Toolchains/XcodeDefault.xctoolchain/usr/bin/clang -x c -ivfsstatcache /Users/admin/builder/spi-builder-workspace/.derivedData/SDKStatCaches.noindex/watchos11.4-22T246-43efb940ff07ba2497b70ec94253f576.sdkstatcache -fmessage-length\=0 -fdiagnostics-show-note-include-stack -fmacro-backtrace-limit\=0 -fno-color-diagnostics -fmodules-prune-interval\=86400 -fmodules-prune-after\=345600 -fbuild-session-file\=/Users/admin/builder/spi-builder-workspace/.derivedData/ModuleCache.noindex/Session.modulevalidation -fmodules-validate-once-per-build-session -Wnon-modular-include-in-framework-module -Werror\=non-modular-include-in-framework-module -Wno-trigraphs -Wno-missing-field-initializers -Wno-missing-prototypes -Wno-return-type -Wno-missing-braces -Wparentheses -Wswitch -Wno-unused-function -Wno-unused-label -Wno-unused-parameter -Wno-unused-variable -Wunused-value -Wno-empty-body -Wno-uninitialized -Wno-unknown-pragmas -w -Wno-shadow -Wno-four-char-constants -Wno-conversion -Wno-constant-conversion -Wno-int-conversion -Wno-bool-conversion -Wno-enum-conversion -Wno-float-conversion -Wno-non-literal-null-conversion -Wno-objc-literal-conversion -Wno-shorten-64-to-32 -Wpointer-sign -Wno-newline-eof -Wno-implicit-fallthrough -fstrict-aliasing -Wdeprecated-declarations -Wno-sign-conversion -Wno-infinite-recursion -Wno-comma -Wno-block-capture-autoreleasing -Wno-strict-prototypes -Wno-semicolon-before-method-body -index-store-path /Users/admin/builder/spi-builder-workspace/.derivedData/Index.noindex/DataStore @/Users/admin/builder/spi-builder-workspace/.derivedData/Build/Intermediates.noindex/XMLKit.build/Debug-watchos/CHTMLParser.build/Objects-normal/arm64_32/7187679823f38a2a940e0043cdf9d637-common-args.resp -MMD -MT dependencies -MF /Users/admin/builder/spi-builder-workspace/.derivedData/Build/Intermediates.noindex/XMLKit.build/Debug-watchos/CHTMLParser.build/Objects-normal/arm64_32/HTMLParserBridge.d --serialize-diagnostics /Users/admin/builder/spi-builder-workspace/.derivedData/Build/Intermediates.noindex/XMLKit.build/Debug-watchos/CHTMLParser.build/Objects-normal/arm64_32/HTMLParserBridge.dia -c /Users/admin/builder/spi-builder-workspace/.dependencies/checkouts/XMLKit/Sources/CHTMLParser/HTMLParserBridge.c -o /Users/admin/builder/spi-builder-workspace/.derivedData/Build/Intermediates.noindex/XMLKit.build/Debug-watchos/CHTMLParser.build/Objects-normal/arm64_32/HTMLParserBridge.o -index-unit-output-path /XMLKit.build/Debug-watchos/CHTMLParser.build/Objects-normal/arm64_32/HTMLParserBridge.o
SwiftCompile normal arm64 Compiling\ ListItemHTMLElement.swift,\ NSAttributedString+DTCoreText.swift,\ NSAttributedString+Debug.swift,\ NSAttributedString+HTML.swift,\ NSAttributedString+HTMLArchiving.swift,\ NSAttributedString+HTMLWriter.swift,\ NSAttributedString+SmallCaps.swift,\ NSAttributedStringRunDelegates.swift,\ NSCharacterSet+HTML.swift /Users/admin/builder/spi-builder-workspace/Sources/DTCoreText/ListItemHTMLElement.swift /Users/admin/builder/spi-builder-workspace/Sources/DTCoreText/NSAttributedString+DTCoreText.swift /Users/admin/builder/spi-builder-workspace/Sources/DTCoreText/NSAttributedString+Debug.swift /Users/admin/builder/spi-builder-workspace/Sources/DTCoreText/NSAttributedString+HTML.swift /Users/admin/builder/spi-builder-workspace/Sources/DTCoreText/NSAttributedString+HTMLArchiving.swift /Users/admin/builder/spi-builder-workspace/Sources/DTCoreText/NSAttributedString+HTMLWriter.swift /Users/admin/builder/spi-builder-workspace/Sources/DTCoreText/NSAttributedString+SmallCaps.swift /Users/admin/builder/spi-builder-workspace/Sources/DTCoreText/NSAttributedStringRunDelegates.swift /Users/admin/builder/spi-builder-workspace/Sources/DTCoreText/NSCharacterSet+HTML.swift (in target 'DTCoreText' from project 'DTCoreText' at path '/Users/admin/builder/spi-builder-workspace/Package.swift')
<unknown>:0: warning: upcoming feature 'InferSendableFromCaptures' is already enabled as of Swift version 6
<unknown>:0: warning: upcoming feature 'GlobalActorIsolatedTypesUsability' is already enabled as of Swift version 6
<unknown>:0: warning: upcoming feature 'DisableOutwardActorInference' is already enabled as of Swift version 6
SwiftCompile normal arm64 /Users/admin/builder/spi-builder-workspace/Sources/DTCoreText/ListItemHTMLElement.swift (in target 'DTCoreText' from project 'DTCoreText' at path '/Users/admin/builder/spi-builder-workspace/Package.swift')
cd /Users/admin/builder/spi-builder-workspace/DTCoreText.xcodeproj
SwiftCompile normal arm64 /Users/admin/builder/spi-builder-workspace/Sources/DTCoreText/NSAttributedString+DTCoreText.swift (in target 'DTCoreText' from project 'DTCoreText' at path '/Users/admin/builder/spi-builder-workspace/Package.swift')
cd /Users/admin/builder/spi-builder-workspace/DTCoreText.xcodeproj
SwiftCompile normal arm64 /Users/admin/builder/spi-builder-workspace/Sources/DTCoreText/NSAttributedString+Debug.swift (in target 'DTCoreText' from project 'DTCoreText' at path '/Users/admin/builder/spi-builder-workspace/Package.swift')
cd /Users/admin/builder/spi-builder-workspace/DTCoreText.xcodeproj
SwiftCompile normal arm64 /Users/admin/builder/spi-builder-workspace/Sources/DTCoreText/NSAttributedString+HTML.swift (in target 'DTCoreText' from project 'DTCoreText' at path '/Users/admin/builder/spi-builder-workspace/Package.swift')
cd /Users/admin/builder/spi-builder-workspace/DTCoreText.xcodeproj
SwiftCompile normal arm64 /Users/admin/builder/spi-builder-workspace/Sources/DTCoreText/NSAttributedString+HTMLArchiving.swift (in target 'DTCoreText' from project 'DTCoreText' at path '/Users/admin/builder/spi-builder-workspace/Package.swift')
cd /Users/admin/builder/spi-builder-workspace/DTCoreText.xcodeproj
SwiftCompile normal arm64 /Users/admin/builder/spi-builder-workspace/Sources/DTCoreText/NSAttributedString+HTMLWriter.swift (in target 'DTCoreText' from project 'DTCoreText' at path '/Users/admin/builder/spi-builder-workspace/Package.swift')
cd /Users/admin/builder/spi-builder-workspace/DTCoreText.xcodeproj
SwiftCompile normal arm64 /Users/admin/builder/spi-builder-workspace/Sources/DTCoreText/NSAttributedString+SmallCaps.swift (in target 'DTCoreText' from project 'DTCoreText' at path '/Users/admin/builder/spi-builder-workspace/Package.swift')
cd /Users/admin/builder/spi-builder-workspace/DTCoreText.xcodeproj
SwiftCompile normal arm64 /Users/admin/builder/spi-builder-workspace/Sources/DTCoreText/NSAttributedStringRunDelegates.swift (in target 'DTCoreText' from project 'DTCoreText' at path '/Users/admin/builder/spi-builder-workspace/Package.swift')
cd /Users/admin/builder/spi-builder-workspace/DTCoreText.xcodeproj
SwiftCompile normal arm64 /Users/admin/builder/spi-builder-workspace/Sources/DTCoreText/NSCharacterSet+HTML.swift (in target 'DTCoreText' from project 'DTCoreText' at path '/Users/admin/builder/spi-builder-workspace/Package.swift')
cd /Users/admin/builder/spi-builder-workspace/DTCoreText.xcodeproj
Ld /Users/admin/builder/spi-builder-workspace/.derivedData/Build/Intermediates.noindex/XMLKit.build/Debug-watchos/CHTMLParser.build/Objects-normal/arm64_32/Binary/CHTMLParser.o normal arm64_32 (in target 'CHTMLParser' from project 'XMLKit')
cd /Users/admin/builder/spi-builder-workspace/.dependencies/checkouts/XMLKit
/Applications/Xcode-16.3.0.app/Contents/Developer/Toolchains/XcodeDefault.xctoolchain/usr/bin/clang -Xlinker -reproducible -target arm64_32-apple-watchos6.0 -r -isysroot /Applications/Xcode-16.3.0.app/Contents/Developer/Platforms/WatchOS.platform/Developer/SDKs/WatchOS11.4.sdk -O0 -w -L/Users/admin/builder/spi-builder-workspace/.derivedData/Build/Intermediates.noindex/EagerLinkingTBDs/Debug-watchos -L/Users/admin/builder/spi-builder-workspace/.derivedData/Build/Products/Debug-watchos -L/Applications/Xcode-16.3.0.app/Contents/Developer/Platforms/WatchOS.platform/Developer/usr/lib -F/Users/admin/builder/spi-builder-workspace/.derivedData/Build/Intermediates.noindex/EagerLinkingTBDs/Debug-watchos -F/Users/admin/builder/spi-builder-workspace/.derivedData/Build/Products/Debug-watchos -iframework /Applications/Xcode-16.3.0.app/Contents/Developer/Platforms/WatchOS.platform/Developer/Library/Frameworks -iframework /Applications/Xcode-16.3.0.app/Contents/Developer/Platforms/WatchOS.platform/Developer/SDKs/WatchOS11.4.sdk/Developer/Library/Frameworks -filelist /Users/admin/builder/spi-builder-workspace/.derivedData/Build/Intermediates.noindex/XMLKit.build/Debug-watchos/CHTMLParser.build/Objects-normal/arm64_32/CHTMLParser.LinkFileList -nostdlib -Xlinker -object_path_lto -Xlinker /Users/admin/builder/spi-builder-workspace/.derivedData/Build/Intermediates.noindex/XMLKit.build/Debug-watchos/CHTMLParser.build/Objects-normal/arm64_32/CHTMLParser_lto.o -rdynamic -Xlinker -no_deduplicate -Xlinker -dependency_info -Xlinker /Users/admin/builder/spi-builder-workspace/.derivedData/Build/Intermediates.noindex/XMLKit.build/Debug-watchos/CHTMLParser.build/Objects-normal/arm64_32/CHTMLParser_dependency_info.dat -o /Users/admin/builder/spi-builder-workspace/.derivedData/Build/Intermediates.noindex/XMLKit.build/Debug-watchos/CHTMLParser.build/Objects-normal/arm64_32/Binary/CHTMLParser.o
CompileC /Users/admin/builder/spi-builder-workspace/.derivedData/Build/Intermediates.noindex/XMLKit.build/Debug-watchos/CHTMLParser.build/Objects-normal/arm64/HTMLParserBridge.o /Users/admin/builder/spi-builder-workspace/.dependencies/checkouts/XMLKit/Sources/CHTMLParser/HTMLParserBridge.c normal arm64 c com.apple.compilers.llvm.clang.1_0.compiler (in target 'CHTMLParser' from project 'XMLKit')
cd /Users/admin/builder/spi-builder-workspace/DTCoreText.xcodeproj
Using response file: /Users/admin/builder/spi-builder-workspace/.derivedData/Build/Intermediates.noindex/XMLKit.build/Debug-watchos/CHTMLParser.build/Objects-normal/arm64/7187679823f38a2a940e0043cdf9d637-common-args.resp
/Applications/Xcode-16.3.0.app/Contents/Developer/Toolchains/XcodeDefault.xctoolchain/usr/bin/clang -x c -ivfsstatcache /Users/admin/builder/spi-builder-workspace/.derivedData/SDKStatCaches.noindex/watchos11.4-22T246-43efb940ff07ba2497b70ec94253f576.sdkstatcache -fmessage-length\=0 -fdiagnostics-show-note-include-stack -fmacro-backtrace-limit\=0 -fno-color-diagnostics -fmodules-prune-interval\=86400 -fmodules-prune-after\=345600 -fbuild-session-file\=/Users/admin/builder/spi-builder-workspace/.derivedData/ModuleCache.noindex/Session.modulevalidation -fmodules-validate-once-per-build-session -Wnon-modular-include-in-framework-module -Werror\=non-modular-include-in-framework-module -Wno-trigraphs -Wno-missing-field-initializers -Wno-missing-prototypes -Wno-return-type -Wno-missing-braces -Wparentheses -Wswitch -Wno-unused-function -Wno-unused-label -Wno-unused-parameter -Wno-unused-variable -Wunused-value -Wno-empty-body -Wno-uninitialized -Wno-unknown-pragmas -w -Wno-shadow -Wno-four-char-constants -Wno-conversion -Wno-constant-conversion -Wno-int-conversion -Wno-bool-conversion -Wno-enum-conversion -Wno-float-conversion -Wno-non-literal-null-conversion -Wno-objc-literal-conversion -Wshorten-64-to-32 -Wpointer-sign -Wno-newline-eof -Wno-implicit-fallthrough -fstrict-aliasing -Wdeprecated-declarations -Wno-sign-conversion -Wno-infinite-recursion -Wno-comma -Wno-block-capture-autoreleasing -Wno-strict-prototypes -Wno-semicolon-before-method-body -index-store-path /Users/admin/builder/spi-builder-workspace/.derivedData/Index.noindex/DataStore @/Users/admin/builder/spi-builder-workspace/.derivedData/Build/Intermediates.noindex/XMLKit.build/Debug-watchos/CHTMLParser.build/Objects-normal/arm64/7187679823f38a2a940e0043cdf9d637-common-args.resp -MMD -MT dependencies -MF /Users/admin/builder/spi-builder-workspace/.derivedData/Build/Intermediates.noindex/XMLKit.build/Debug-watchos/CHTMLParser.build/Objects-normal/arm64/HTMLParserBridge.d --serialize-diagnostics /Users/admin/builder/spi-builder-workspace/.derivedData/Build/Intermediates.noindex/XMLKit.build/Debug-watchos/CHTMLParser.build/Objects-normal/arm64/HTMLParserBridge.dia -c /Users/admin/builder/spi-builder-workspace/.dependencies/checkouts/XMLKit/Sources/CHTMLParser/HTMLParserBridge.c -o /Users/admin/builder/spi-builder-workspace/.derivedData/Build/Intermediates.noindex/XMLKit.build/Debug-watchos/CHTMLParser.build/Objects-normal/arm64/HTMLParserBridge.o -index-unit-output-path /XMLKit.build/Debug-watchos/CHTMLParser.build/Objects-normal/arm64/HTMLParserBridge.o
SwiftCompile normal arm64 Compiling\ resource_bundle_accessor.swift,\ AccessibilityElement.swift,\ AccessibilityViewProxy.swift,\ AccessibilityViewProxyDelegate.swift,\ AnchorHTMLElement.swift,\ AttributedLabel.swift,\ AttributedString+DTCoreText.swift,\ AttributedTextCell.swift,\ AttributedTextContentView.swift /Users/admin/builder/spi-builder-workspace/.derivedData/Build/Intermediates.noindex/DTCoreText.build/Debug-watchos/DTCoreText.build/DerivedSources/resource_bundle_accessor.swift /Users/admin/builder/spi-builder-workspace/Sources/DTCoreText/AccessibilityElement.swift /Users/admin/builder/spi-builder-workspace/Sources/DTCoreText/AccessibilityViewProxy.swift /Users/admin/builder/spi-builder-workspace/Sources/DTCoreText/AccessibilityViewProxyDelegate.swift /Users/admin/builder/spi-builder-workspace/Sources/DTCoreText/AnchorHTMLElement.swift /Users/admin/builder/spi-builder-workspace/Sources/DTCoreText/AttributedLabel.swift /Users/admin/builder/spi-builder-workspace/Sources/DTCoreText/AttributedString+DTCoreText.swift /Users/admin/builder/spi-builder-workspace/Sources/DTCoreText/AttributedTextCell.swift /Users/admin/builder/spi-builder-workspace/Sources/DTCoreText/AttributedTextContentView.swift (in target 'DTCoreText' from project 'DTCoreText' at path '/Users/admin/builder/spi-builder-workspace/Package.swift')
<unknown>:0: warning: upcoming feature 'InferSendableFromCaptures' is already enabled as of Swift version 6
<unknown>:0: warning: upcoming feature 'GlobalActorIsolatedTypesUsability' is already enabled as of Swift version 6
<unknown>:0: warning: upcoming feature 'DisableOutwardActorInference' is already enabled as of Swift version 6
SwiftCompile normal arm64 /Users/admin/builder/spi-builder-workspace/.derivedData/Build/Intermediates.noindex/DTCoreText.build/Debug-watchos/DTCoreText.build/DerivedSources/resource_bundle_accessor.swift (in target 'DTCoreText' from project 'DTCoreText' at path '/Users/admin/builder/spi-builder-workspace/Package.swift')
cd /Users/admin/builder/spi-builder-workspace/DTCoreText.xcodeproj
SwiftCompile normal arm64 /Users/admin/builder/spi-builder-workspace/Sources/DTCoreText/AccessibilityElement.swift (in target 'DTCoreText' from project 'DTCoreText' at path '/Users/admin/builder/spi-builder-workspace/Package.swift')
cd /Users/admin/builder/spi-builder-workspace/DTCoreText.xcodeproj
SwiftCompile normal arm64 /Users/admin/builder/spi-builder-workspace/Sources/DTCoreText/AccessibilityViewProxy.swift (in target 'DTCoreText' from project 'DTCoreText' at path '/Users/admin/builder/spi-builder-workspace/Package.swift')
cd /Users/admin/builder/spi-builder-workspace/DTCoreText.xcodeproj
SwiftCompile normal arm64 /Users/admin/builder/spi-builder-workspace/Sources/DTCoreText/AccessibilityViewProxyDelegate.swift (in target 'DTCoreText' from project 'DTCoreText' at path '/Users/admin/builder/spi-builder-workspace/Package.swift')
cd /Users/admin/builder/spi-builder-workspace/DTCoreText.xcodeproj
SwiftCompile normal arm64 /Users/admin/builder/spi-builder-workspace/Sources/DTCoreText/AnchorHTMLElement.swift (in target 'DTCoreText' from project 'DTCoreText' at path '/Users/admin/builder/spi-builder-workspace/Package.swift')
cd /Users/admin/builder/spi-builder-workspace/DTCoreText.xcodeproj
SwiftCompile normal arm64 /Users/admin/builder/spi-builder-workspace/Sources/DTCoreText/AttributedLabel.swift (in target 'DTCoreText' from project 'DTCoreText' at path '/Users/admin/builder/spi-builder-workspace/Package.swift')
cd /Users/admin/builder/spi-builder-workspace/DTCoreText.xcodeproj
SwiftCompile normal arm64 /Users/admin/builder/spi-builder-workspace/Sources/DTCoreText/AttributedString+DTCoreText.swift (in target 'DTCoreText' from project 'DTCoreText' at path '/Users/admin/builder/spi-builder-workspace/Package.swift')
cd /Users/admin/builder/spi-builder-workspace/DTCoreText.xcodeproj
SwiftCompile normal arm64 /Users/admin/builder/spi-builder-workspace/Sources/DTCoreText/AttributedTextCell.swift (in target 'DTCoreText' from project 'DTCoreText' at path '/Users/admin/builder/spi-builder-workspace/Package.swift')
cd /Users/admin/builder/spi-builder-workspace/DTCoreText.xcodeproj
SwiftCompile normal arm64 /Users/admin/builder/spi-builder-workspace/Sources/DTCoreText/AttributedTextContentView.swift (in target 'DTCoreText' from project 'DTCoreText' at path '/Users/admin/builder/spi-builder-workspace/Package.swift')
cd /Users/admin/builder/spi-builder-workspace/DTCoreText.xcodeproj
Ld /Users/admin/builder/spi-builder-workspace/.derivedData/Build/Intermediates.noindex/XMLKit.build/Debug-watchos/CHTMLParser.build/Objects-normal/arm64/Binary/CHTMLParser.o normal arm64 (in target 'CHTMLParser' from project 'XMLKit')
cd /Users/admin/builder/spi-builder-workspace/.dependencies/checkouts/XMLKit
/Applications/Xcode-16.3.0.app/Contents/Developer/Toolchains/XcodeDefault.xctoolchain/usr/bin/clang -Xlinker -reproducible -target arm64-apple-watchos6.0 -r -isysroot /Applications/Xcode-16.3.0.app/Contents/Developer/Platforms/WatchOS.platform/Developer/SDKs/WatchOS11.4.sdk -O0 -w -L/Users/admin/builder/spi-builder-workspace/.derivedData/Build/Intermediates.noindex/EagerLinkingTBDs/Debug-watchos -L/Users/admin/builder/spi-builder-workspace/.derivedData/Build/Products/Debug-watchos -L/Applications/Xcode-16.3.0.app/Contents/Developer/Platforms/WatchOS.platform/Developer/usr/lib -F/Users/admin/builder/spi-builder-workspace/.derivedData/Build/Intermediates.noindex/EagerLinkingTBDs/Debug-watchos -F/Users/admin/builder/spi-builder-workspace/.derivedData/Build/Products/Debug-watchos -iframework /Applications/Xcode-16.3.0.app/Contents/Developer/Platforms/WatchOS.platform/Developer/Library/Frameworks -iframework /Applications/Xcode-16.3.0.app/Contents/Developer/Platforms/WatchOS.platform/Developer/SDKs/WatchOS11.4.sdk/Developer/Library/Frameworks -filelist /Users/admin/builder/spi-builder-workspace/.derivedData/Build/Intermediates.noindex/XMLKit.build/Debug-watchos/CHTMLParser.build/Objects-normal/arm64/CHTMLParser.LinkFileList -nostdlib -Xlinker -object_path_lto -Xlinker /Users/admin/builder/spi-builder-workspace/.derivedData/Build/Intermediates.noindex/XMLKit.build/Debug-watchos/CHTMLParser.build/Objects-normal/arm64/CHTMLParser_lto.o -rdynamic -Xlinker -no_deduplicate -Xlinker -dependency_info -Xlinker /Users/admin/builder/spi-builder-workspace/.derivedData/Build/Intermediates.noindex/XMLKit.build/Debug-watchos/CHTMLParser.build/Objects-normal/arm64/CHTMLParser_dependency_info.dat -o /Users/admin/builder/spi-builder-workspace/.derivedData/Build/Intermediates.noindex/XMLKit.build/Debug-watchos/CHTMLParser.build/Objects-normal/arm64/Binary/CHTMLParser.o
SwiftDriverJobDiscovery normal arm64_32 Compiling HTMLParser.swift (in target 'HTMLParser' from project 'XMLKit')
SwiftDriver\ Compilation HTMLParser normal arm64_32 com.apple.xcode.tools.swift.compiler (in target 'HTMLParser' from project 'XMLKit')
cd /Users/admin/builder/spi-builder-workspace/DTCoreText.xcodeproj
builtin-Swift-Compilation -- /Applications/Xcode-16.3.0.app/Contents/Developer/Toolchains/XcodeDefault.xctoolchain/usr/bin/swiftc -module-name HTMLParser -Onone -enforce-exclusivity\=checked @/Users/admin/builder/spi-builder-workspace/.derivedData/Build/Intermediates.noindex/XMLKit.build/Debug-watchos/HTMLParser.build/Objects-normal/arm64_32/HTMLParser.SwiftFileList -DSWIFT_PACKAGE -DDEBUG -stats-output-dir .stats -strict-concurrency\=complete -enable-upcoming-feature StrictConcurrency -enable-upcoming-feature DisableOutwardActorInference -enable-upcoming-feature GlobalActorIsolatedTypesUsability -enable-upcoming-feature InferSendableFromCaptures -plugin-path /Applications/Xcode-16.3.0.app/Contents/Developer/Toolchains/XcodeDefault.xctoolchain/usr/lib/swift/host/plugins/testing -enable-experimental-feature DebugDescriptionMacro -sdk /Applications/Xcode-16.3.0.app/Contents/Developer/Platforms/WatchOS.platform/Developer/SDKs/WatchOS11.4.sdk -target arm64_32-apple-watchos6.0 -g -module-cache-path /Users/admin/builder/spi-builder-workspace/.derivedData/ModuleCache.noindex -Xfrontend -serialize-debugging-options -enable-testing -suppress-warnings -index-store-path /Users/admin/builder/spi-builder-workspace/.derivedData/Index.noindex/DataStore -swift-version 6 -I /Users/admin/builder/spi-builder-workspace/.derivedData/Build/Products/Debug-watchos -I /Applications/Xcode-16.3.0.app/Contents/Developer/Platforms/WatchOS.platform/Developer/usr/lib -F /Users/admin/builder/spi-builder-workspace/.derivedData/Build/Products/Debug-watchos/PackageFrameworks -F /Users/admin/builder/spi-builder-workspace/.derivedData/Build/Products/Debug-watchos -F /Applications/Xcode-16.3.0.app/Contents/Developer/Platforms/WatchOS.platform/Developer/Library/Frameworks -F /Applications/Xcode-16.3.0.app/Contents/Developer/Platforms/WatchOS.platform/Developer/SDKs/WatchOS11.4.sdk/Developer/Library/Frameworks -c -j10 -enable-batch-mode -incremental -Xcc -ivfsstatcache -Xcc /Users/admin/builder/spi-builder-workspace/.derivedData/SDKStatCaches.noindex/watchos11.4-22T246-43efb940ff07ba2497b70ec94253f576.sdkstatcache -output-file-map /Users/admin/builder/spi-builder-workspace/.derivedData/Build/Intermediates.noindex/XMLKit.build/Debug-watchos/HTMLParser.build/Objects-normal/arm64_32/HTMLParser-OutputFileMap.json -use-frontend-parseable-output -save-temps -no-color-diagnostics -serialize-diagnostics -emit-dependencies -emit-module -emit-module-path /Users/admin/builder/spi-builder-workspace/.derivedData/Build/Intermediates.noindex/XMLKit.build/Debug-watchos/HTMLParser.build/Objects-normal/arm64_32/HTMLParser.swiftmodule -user-module-version 1.0.1 -validate-clang-modules-once -clang-build-session-file /Users/admin/builder/spi-builder-workspace/.derivedData/ModuleCache.noindex/Session.modulevalidation -package-name xmlkit -Xcc -I/Users/admin/builder/spi-builder-workspace/.derivedData/Build/Intermediates.noindex/XMLKit.build/Debug-watchos/HTMLParser.build/swift-overrides.hmap -emit-const-values -Xfrontend -const-gather-protocols-file -Xfrontend /Users/admin/builder/spi-builder-workspace/.derivedData/Build/Intermediates.noindex/XMLKit.build/Debug-watchos/HTMLParser.build/Objects-normal/arm64_32/HTMLParser_const_extract_protocols.json -Xcc -I/Users/admin/builder/spi-builder-workspace/.dependencies/checkouts/XMLKit/Sources/CHTMLParser/include -Xcc -I/Users/admin/builder/spi-builder-workspace/.derivedData/Build/Products/Debug-watchos/include -Xcc -I/Users/admin/builder/spi-builder-workspace/.derivedData/Build/Intermediates.noindex/XMLKit.build/Debug-watchos/HTMLParser.build/DerivedSources-normal/arm64_32 -Xcc -I/Users/admin/builder/spi-builder-workspace/.derivedData/Build/Intermediates.noindex/XMLKit.build/Debug-watchos/HTMLParser.build/DerivedSources/arm64_32 -Xcc -I/Users/admin/builder/spi-builder-workspace/.derivedData/Build/Intermediates.noindex/XMLKit.build/Debug-watchos/HTMLParser.build/DerivedSources -Xcc -DSWIFT_PACKAGE -Xcc -DDEBUG\=1 -emit-objc-header -emit-objc-header-path /Users/admin/builder/spi-builder-workspace/.derivedData/Build/Intermediates.noindex/XMLKit.build/Debug-watchos/HTMLParser.build/Objects-normal/arm64_32/HTMLParser-Swift.h -working-directory /Users/admin/builder/spi-builder-workspace/DTCoreText.xcodeproj -experimental-emit-module-separately -disable-cmo
SwiftDriverJobDiscovery normal armv7k Compiling HTMLParser.swift (in target 'HTMLParser' from project 'XMLKit')
SwiftCompile normal arm64 Compiling\ TextBlock.swift,\ TextBlockConverter.swift,\ TextHTMLElement.swift,\ TextTable.swift,\ TextTableBlock.swift,\ TiledLayerWithoutFade.swift,\ UIFont+DTCoreText.swift,\ VideoTextAttachment.swift /Users/admin/builder/spi-builder-workspace/Sources/DTCoreText/TextBlock.swift /Users/admin/builder/spi-builder-workspace/Sources/DTCoreText/TextBlockConverter.swift /Users/admin/builder/spi-builder-workspace/Sources/DTCoreText/TextHTMLElement.swift /Users/admin/builder/spi-builder-workspace/Sources/DTCoreText/TextTable.swift /Users/admin/builder/spi-builder-workspace/Sources/DTCoreText/TextTableBlock.swift /Users/admin/builder/spi-builder-workspace/Sources/DTCoreText/TiledLayerWithoutFade.swift /Users/admin/builder/spi-builder-workspace/Sources/DTCoreText/UIFont+DTCoreText.swift /Users/admin/builder/spi-builder-workspace/Sources/DTCoreText/VideoTextAttachment.swift (in target 'DTCoreText' from project 'DTCoreText' at path '/Users/admin/builder/spi-builder-workspace/Package.swift')
<unknown>:0: warning: upcoming feature 'InferSendableFromCaptures' is already enabled as of Swift version 6
<unknown>:0: warning: upcoming feature 'GlobalActorIsolatedTypesUsability' is already enabled as of Swift version 6
<unknown>:0: warning: upcoming feature 'DisableOutwardActorInference' is already enabled as of Swift version 6
SwiftCompile normal arm64 /Users/admin/builder/spi-builder-workspace/Sources/DTCoreText/TextBlock.swift (in target 'DTCoreText' from project 'DTCoreText' at path '/Users/admin/builder/spi-builder-workspace/Package.swift')
cd /Users/admin/builder/spi-builder-workspace/DTCoreText.xcodeproj
SwiftCompile normal arm64 /Users/admin/builder/spi-builder-workspace/Sources/DTCoreText/TextBlockConverter.swift (in target 'DTCoreText' from project 'DTCoreText' at path '/Users/admin/builder/spi-builder-workspace/Package.swift')
cd /Users/admin/builder/spi-builder-workspace/DTCoreText.xcodeproj
SwiftCompile normal arm64 /Users/admin/builder/spi-builder-workspace/Sources/DTCoreText/TextHTMLElement.swift (in target 'DTCoreText' from project 'DTCoreText' at path '/Users/admin/builder/spi-builder-workspace/Package.swift')
cd /Users/admin/builder/spi-builder-workspace/DTCoreText.xcodeproj
SwiftCompile normal arm64 /Users/admin/builder/spi-builder-workspace/Sources/DTCoreText/TextTable.swift (in target 'DTCoreText' from project 'DTCoreText' at path '/Users/admin/builder/spi-builder-workspace/Package.swift')
cd /Users/admin/builder/spi-builder-workspace/DTCoreText.xcodeproj
SwiftCompile normal arm64 /Users/admin/builder/spi-builder-workspace/Sources/DTCoreText/TextTableBlock.swift (in target 'DTCoreText' from project 'DTCoreText' at path '/Users/admin/builder/spi-builder-workspace/Package.swift')
cd /Users/admin/builder/spi-builder-workspace/DTCoreText.xcodeproj
SwiftCompile normal arm64 /Users/admin/builder/spi-builder-workspace/Sources/DTCoreText/TiledLayerWithoutFade.swift (in target 'DTCoreText' from project 'DTCoreText' at path '/Users/admin/builder/spi-builder-workspace/Package.swift')
cd /Users/admin/builder/spi-builder-workspace/DTCoreText.xcodeproj
SwiftCompile normal arm64 /Users/admin/builder/spi-builder-workspace/Sources/DTCoreText/UIFont+DTCoreText.swift (in target 'DTCoreText' from project 'DTCoreText' at path '/Users/admin/builder/spi-builder-workspace/Package.swift')
cd /Users/admin/builder/spi-builder-workspace/DTCoreText.xcodeproj
SwiftCompile normal arm64 /Users/admin/builder/spi-builder-workspace/Sources/DTCoreText/VideoTextAttachment.swift (in target 'DTCoreText' from project 'DTCoreText' at path '/Users/admin/builder/spi-builder-workspace/Package.swift')
cd /Users/admin/builder/spi-builder-workspace/DTCoreText.xcodeproj
SwiftDriver\ Compilation HTMLParser normal armv7k com.apple.xcode.tools.swift.compiler (in target 'HTMLParser' from project 'XMLKit')
cd /Users/admin/builder/spi-builder-workspace/DTCoreText.xcodeproj
builtin-Swift-Compilation -- /Applications/Xcode-16.3.0.app/Contents/Developer/Toolchains/XcodeDefault.xctoolchain/usr/bin/swiftc -module-name HTMLParser -Onone -enforce-exclusivity\=checked @/Users/admin/builder/spi-builder-workspace/.derivedData/Build/Intermediates.noindex/XMLKit.build/Debug-watchos/HTMLParser.build/Objects-normal/armv7k/HTMLParser.SwiftFileList -DSWIFT_PACKAGE -DDEBUG -stats-output-dir .stats -strict-concurrency\=complete -enable-upcoming-feature StrictConcurrency -enable-upcoming-feature DisableOutwardActorInference -enable-upcoming-feature GlobalActorIsolatedTypesUsability -enable-upcoming-feature InferSendableFromCaptures -plugin-path /Applications/Xcode-16.3.0.app/Contents/Developer/Toolchains/XcodeDefault.xctoolchain/usr/lib/swift/host/plugins/testing -enable-experimental-feature DebugDescriptionMacro -sdk /Applications/Xcode-16.3.0.app/Contents/Developer/Platforms/WatchOS.platform/Developer/SDKs/WatchOS11.4.sdk -target armv7k-apple-watchos6.0 -g -module-cache-path /Users/admin/builder/spi-builder-workspace/.derivedData/ModuleCache.noindex -Xfrontend -serialize-debugging-options -enable-testing -suppress-warnings -index-store-path /Users/admin/builder/spi-builder-workspace/.derivedData/Index.noindex/DataStore -swift-version 6 -I /Users/admin/builder/spi-builder-workspace/.derivedData/Build/Products/Debug-watchos -I /Applications/Xcode-16.3.0.app/Contents/Developer/Platforms/WatchOS.platform/Developer/usr/lib -F /Users/admin/builder/spi-builder-workspace/.derivedData/Build/Products/Debug-watchos/PackageFrameworks -F /Users/admin/builder/spi-builder-workspace/.derivedData/Build/Products/Debug-watchos -F /Applications/Xcode-16.3.0.app/Contents/Developer/Platforms/WatchOS.platform/Developer/Library/Frameworks -F /Applications/Xcode-16.3.0.app/Contents/Developer/Platforms/WatchOS.platform/Developer/SDKs/WatchOS11.4.sdk/Developer/Library/Frameworks -c -j10 -enable-batch-mode -incremental -Xcc -ivfsstatcache -Xcc /Users/admin/builder/spi-builder-workspace/.derivedData/SDKStatCaches.noindex/watchos11.4-22T246-43efb940ff07ba2497b70ec94253f576.sdkstatcache -output-file-map /Users/admin/builder/spi-builder-workspace/.derivedData/Build/Intermediates.noindex/XMLKit.build/Debug-watchos/HTMLParser.build/Objects-normal/armv7k/HTMLParser-OutputFileMap.json -use-frontend-parseable-output -save-temps -no-color-diagnostics -serialize-diagnostics -emit-dependencies -emit-module -emit-module-path /Users/admin/builder/spi-builder-workspace/.derivedData/Build/Intermediates.noindex/XMLKit.build/Debug-watchos/HTMLParser.build/Objects-normal/armv7k/HTMLParser.swiftmodule -user-module-version 1.0.1 -validate-clang-modules-once -clang-build-session-file /Users/admin/builder/spi-builder-workspace/.derivedData/ModuleCache.noindex/Session.modulevalidation -package-name xmlkit -Xcc -I/Users/admin/builder/spi-builder-workspace/.derivedData/Build/Intermediates.noindex/XMLKit.build/Debug-watchos/HTMLParser.build/swift-overrides.hmap -emit-const-values -Xfrontend -const-gather-protocols-file -Xfrontend /Users/admin/builder/spi-builder-workspace/.derivedData/Build/Intermediates.noindex/XMLKit.build/Debug-watchos/HTMLParser.build/Objects-normal/armv7k/HTMLParser_const_extract_protocols.json -Xcc -I/Users/admin/builder/spi-builder-workspace/.dependencies/checkouts/XMLKit/Sources/CHTMLParser/include -Xcc -I/Users/admin/builder/spi-builder-workspace/.derivedData/Build/Products/Debug-watchos/include -Xcc -I/Users/admin/builder/spi-builder-workspace/.derivedData/Build/Intermediates.noindex/XMLKit.build/Debug-watchos/HTMLParser.build/DerivedSources-normal/armv7k -Xcc -I/Users/admin/builder/spi-builder-workspace/.derivedData/Build/Intermediates.noindex/XMLKit.build/Debug-watchos/HTMLParser.build/DerivedSources/armv7k -Xcc -I/Users/admin/builder/spi-builder-workspace/.derivedData/Build/Intermediates.noindex/XMLKit.build/Debug-watchos/HTMLParser.build/DerivedSources -Xcc -DSWIFT_PACKAGE -Xcc -DDEBUG\=1 -emit-objc-header -emit-objc-header-path /Users/admin/builder/spi-builder-workspace/.derivedData/Build/Intermediates.noindex/XMLKit.build/Debug-watchos/HTMLParser.build/Objects-normal/armv7k/HTMLParser-Swift.h -working-directory /Users/admin/builder/spi-builder-workspace/DTCoreText.xcodeproj -experimental-emit-module-separately -disable-cmo
CreateUniversalBinary /Users/admin/builder/spi-builder-workspace/.derivedData/Build/Products/Debug-watchos/CHTMLParser.o normal arm64\ armv7k\ arm64_32 (in target 'CHTMLParser' from project 'XMLKit')
cd /Users/admin/builder/spi-builder-workspace/.dependencies/checkouts/XMLKit
/Applications/Xcode-16.3.0.app/Contents/Developer/Toolchains/XcodeDefault.xctoolchain/usr/bin/lipo -create /Users/admin/builder/spi-builder-workspace/.derivedData/Build/Intermediates.noindex/XMLKit.build/Debug-watchos/CHTMLParser.build/Objects-normal/arm64/Binary/CHTMLParser.o /Users/admin/builder/spi-builder-workspace/.derivedData/Build/Intermediates.noindex/XMLKit.build/Debug-watchos/CHTMLParser.build/Objects-normal/armv7k/Binary/CHTMLParser.o /Users/admin/builder/spi-builder-workspace/.derivedData/Build/Intermediates.noindex/XMLKit.build/Debug-watchos/CHTMLParser.build/Objects-normal/arm64_32/Binary/CHTMLParser.o -output /Users/admin/builder/spi-builder-workspace/.derivedData/Build/Products/Debug-watchos/CHTMLParser.o
SwiftCompile normal arm64 Compiling\ CoreTextLayoutFrame.swift,\ CoreTextLayoutFrameDrawingOptions.swift,\ CoreTextLayoutLine.swift,\ CoreTextLayouter.swift,\ CoreTextParagraphStyle.swift,\ DTAttributedTextContentViewDelegate.swift,\ DTAttributedTextContentViewRelayoutMask.swift,\ DTColorFunctions.swift,\ DTCoreTextConstants.swift /Users/admin/builder/spi-builder-workspace/Sources/DTCoreText/CoreTextLayoutFrame.swift /Users/admin/builder/spi-builder-workspace/Sources/DTCoreText/CoreTextLayoutFrameDrawingOptions.swift /Users/admin/builder/spi-builder-workspace/Sources/DTCoreText/CoreTextLayoutLine.swift /Users/admin/builder/spi-builder-workspace/Sources/DTCoreText/CoreTextLayouter.swift /Users/admin/builder/spi-builder-workspace/Sources/DTCoreText/CoreTextParagraphStyle.swift /Users/admin/builder/spi-builder-workspace/Sources/DTCoreText/DTAttributedTextContentViewDelegate.swift /Users/admin/builder/spi-builder-workspace/Sources/DTCoreText/DTAttributedTextContentViewRelayoutMask.swift /Users/admin/builder/spi-builder-workspace/Sources/DTCoreText/DTColorFunctions.swift /Users/admin/builder/spi-builder-workspace/Sources/DTCoreText/DTCoreTextConstants.swift (in target 'DTCoreText' from project 'DTCoreText' at path '/Users/admin/builder/spi-builder-workspace/Package.swift')
<unknown>:0: warning: upcoming feature 'InferSendableFromCaptures' is already enabled as of Swift version 6
<unknown>:0: warning: upcoming feature 'GlobalActorIsolatedTypesUsability' is already enabled as of Swift version 6
<unknown>:0: warning: upcoming feature 'DisableOutwardActorInference' is already enabled as of Swift version 6
SwiftCompile normal arm64 /Users/admin/builder/spi-builder-workspace/Sources/DTCoreText/CoreTextLayoutFrame.swift (in target 'DTCoreText' from project 'DTCoreText' at path '/Users/admin/builder/spi-builder-workspace/Package.swift')
cd /Users/admin/builder/spi-builder-workspace/DTCoreText.xcodeproj
SwiftCompile normal arm64 /Users/admin/builder/spi-builder-workspace/Sources/DTCoreText/CoreTextLayoutFrameDrawingOptions.swift (in target 'DTCoreText' from project 'DTCoreText' at path '/Users/admin/builder/spi-builder-workspace/Package.swift')
cd /Users/admin/builder/spi-builder-workspace/DTCoreText.xcodeproj
SwiftCompile normal arm64 /Users/admin/builder/spi-builder-workspace/Sources/DTCoreText/CoreTextLayoutLine.swift (in target 'DTCoreText' from project 'DTCoreText' at path '/Users/admin/builder/spi-builder-workspace/Package.swift')
cd /Users/admin/builder/spi-builder-workspace/DTCoreText.xcodeproj
SwiftCompile normal arm64 /Users/admin/builder/spi-builder-workspace/Sources/DTCoreText/CoreTextLayouter.swift (in target 'DTCoreText' from project 'DTCoreText' at path '/Users/admin/builder/spi-builder-workspace/Package.swift')
cd /Users/admin/builder/spi-builder-workspace/DTCoreText.xcodeproj
SwiftCompile normal arm64 /Users/admin/builder/spi-builder-workspace/Sources/DTCoreText/CoreTextParagraphStyle.swift (in target 'DTCoreText' from project 'DTCoreText' at path '/Users/admin/builder/spi-builder-workspace/Package.swift')
cd /Users/admin/builder/spi-builder-workspace/DTCoreText.xcodeproj
SwiftCompile normal arm64 /Users/admin/builder/spi-builder-workspace/Sources/DTCoreText/DTAttributedTextContentViewDelegate.swift (in target 'DTCoreText' from project 'DTCoreText' at path '/Users/admin/builder/spi-builder-workspace/Package.swift')
cd /Users/admin/builder/spi-builder-workspace/DTCoreText.xcodeproj
SwiftCompile normal arm64 /Users/admin/builder/spi-builder-workspace/Sources/DTCoreText/DTAttributedTextContentViewRelayoutMask.swift (in target 'DTCoreText' from project 'DTCoreText' at path '/Users/admin/builder/spi-builder-workspace/Package.swift')
cd /Users/admin/builder/spi-builder-workspace/DTCoreText.xcodeproj
SwiftCompile normal arm64 /Users/admin/builder/spi-builder-workspace/Sources/DTCoreText/DTColorFunctions.swift (in target 'DTCoreText' from project 'DTCoreText' at path '/Users/admin/builder/spi-builder-workspace/Package.swift')
cd /Users/admin/builder/spi-builder-workspace/DTCoreText.xcodeproj
SwiftCompile normal arm64 /Users/admin/builder/spi-builder-workspace/Sources/DTCoreText/DTCoreTextConstants.swift (in target 'DTCoreText' from project 'DTCoreText' at path '/Users/admin/builder/spi-builder-workspace/Package.swift')
cd /Users/admin/builder/spi-builder-workspace/DTCoreText.xcodeproj
SwiftCompile normal arm64_32 Compiling\ HTMLParserTextNode.swift,\ HTMLWriter.swift,\ HorizontalRuleHTMLElement.swift,\ IframeTextAttachment.swift,\ ImageTextAttachment.swift,\ LayoutFrameAccessibilityElementGenerator.swift,\ LazyImageView.swift,\ LazyImageViewDelegate.swift,\ LinkButton.swift /Users/admin/builder/spi-builder-workspace/Sources/DTCoreText/HTMLParserTextNode.swift /Users/admin/builder/spi-builder-workspace/Sources/DTCoreText/HTMLWriter.swift /Users/admin/builder/spi-builder-workspace/Sources/DTCoreText/HorizontalRuleHTMLElement.swift /Users/admin/builder/spi-builder-workspace/Sources/DTCoreText/IframeTextAttachment.swift /Users/admin/builder/spi-builder-workspace/Sources/DTCoreText/ImageTextAttachment.swift /Users/admin/builder/spi-builder-workspace/Sources/DTCoreText/LayoutFrameAccessibilityElementGenerator.swift /Users/admin/builder/spi-builder-workspace/Sources/DTCoreText/LazyImageView.swift /Users/admin/builder/spi-builder-workspace/Sources/DTCoreText/LazyImageViewDelegate.swift /Users/admin/builder/spi-builder-workspace/Sources/DTCoreText/LinkButton.swift (in target 'DTCoreText' from project 'DTCoreText' at path '/Users/admin/builder/spi-builder-workspace/Package.swift')
Command SwiftCompile failed with a nonzero exit code
** BUILD FAILED **
The following build commands failed:
SwiftEmitModule normal arm64 Emitting\ module\ for\ DTCoreText (in target 'DTCoreText' from project 'DTCoreText' at path '/Users/admin/builder/spi-builder-workspace/Package.swift')
EmitSwiftModule normal arm64 (in target 'DTCoreText' from project 'DTCoreText' at path '/Users/admin/builder/spi-builder-workspace/Package.swift')
SwiftCompile normal arm64_32 Compiling\ HTMLParserTextNode.swift,\ HTMLWriter.swift,\ HorizontalRuleHTMLElement.swift,\ IframeTextAttachment.swift,\ ImageTextAttachment.swift,\ LayoutFrameAccessibilityElementGenerator.swift,\ LazyImageView.swift,\ LazyImageViewDelegate.swift,\ LinkButton.swift /Users/admin/builder/spi-builder-workspace/Sources/DTCoreText/HTMLParserTextNode.swift /Users/admin/builder/spi-builder-workspace/Sources/DTCoreText/HTMLWriter.swift /Users/admin/builder/spi-builder-workspace/Sources/DTCoreText/HorizontalRuleHTMLElement.swift /Users/admin/builder/spi-builder-workspace/Sources/DTCoreText/IframeTextAttachment.swift /Users/admin/builder/spi-builder-workspace/Sources/DTCoreText/ImageTextAttachment.swift /Users/admin/builder/spi-builder-workspace/Sources/DTCoreText/LayoutFrameAccessibilityElementGenerator.swift /Users/admin/builder/spi-builder-workspace/Sources/DTCoreText/LazyImageView.swift /Users/admin/builder/spi-builder-workspace/Sources/DTCoreText/LazyImageViewDelegate.swift /Users/admin/builder/spi-builder-workspace/Sources/DTCoreText/LinkButton.swift (in target 'DTCoreText' from project 'DTCoreText' at path '/Users/admin/builder/spi-builder-workspace/Package.swift')
Building project DTCoreText with scheme DTCoreText-Package
(4 failures)
Command line invocation:
/Applications/Xcode-16.3.0.app/Contents/Developer/usr/bin/xcodebuild -IDEClonedSourcePackagesDirPathOverride=/Users/admin/builder/spi-builder-workspace/.dependencies -resolvePackageDependencies
Resolve Package Graph
Resolved source packages:
DTCoreText: /Users/admin/builder/spi-builder-workspace
XMLKit: https://github.com/Cocoanetics/XMLKit.git @ 1.0.1
resolved source packages: DTCoreText, XMLKit
{
"dependencies" : [
{
"identity" : "xmlkit",
"requirement" : {
"range" : [
{
"lower_bound" : "1.0.0",
"upper_bound" : "2.0.0"
}
]
},
"type" : "sourceControl",
"url" : "https://github.com/Cocoanetics/XMLKit.git"
}
],
"manifest_display_name" : "DTCoreText",
"name" : "DTCoreText",
"path" : "/Users/admin/builder/spi-builder-workspace",
"platforms" : [
{
"name" : "ios",
"version" : "16.0"
},
{
"name" : "macos",
"version" : "13.0"
},
{
"name" : "tvos",
"version" : "16.0"
}
],
"products" : [
{
"name" : "DTCoreText",
"targets" : [
"DTCoreText"
],
"type" : {
"library" : [
"automatic"
]
}
}
],
"targets" : [
{
"c99name" : "DTCoreTextTests",
"module_type" : "SwiftTarget",
"name" : "DTCoreTextTests",
"path" : "Tests/DTCoreTextTests",
"resources" : [
{
"path" : "/Users/admin/builder/spi-builder-workspace/Tests/DTCoreTextTests/Resources/AppleConverted.html",
"rule" : {
"copy" : {
}
}
},
{
"path" : "/Users/admin/builder/spi-builder-workspace/Tests/DTCoreTextTests/Resources/CSSCascading.html",
"rule" : {
"copy" : {
}
}
},
{
"path" : "/Users/admin/builder/spi-builder-workspace/Tests/DTCoreTextTests/Resources/CSSCascading.plist",
"rule" : {
"copy" : {
}
}
},
{
"path" : "/Users/admin/builder/spi-builder-workspace/Tests/DTCoreTextTests/Resources/CSSOOMCrash.html",
"rule" : {
"copy" : {
}
}
},
{
"path" : "/Users/admin/builder/spi-builder-workspace/Tests/DTCoreTextTests/Resources/CSSOOMCrash.plist",
"rule" : {
"copy" : {
}
}
},
{
"path" : "/Users/admin/builder/spi-builder-workspace/Tests/DTCoreTextTests/Resources/CustomFont.plist",
"rule" : {
"copy" : {
}
}
},
{
"path" : "/Users/admin/builder/spi-builder-workspace/Tests/DTCoreTextTests/Resources/Emoji.html",
"rule" : {
"copy" : {
}
}
},
{
"path" : "/Users/admin/builder/spi-builder-workspace/Tests/DTCoreTextTests/Resources/EmptyLinesAndFontAttribute.html",
"rule" : {
"copy" : {
}
}
},
{
"path" : "/Users/admin/builder/spi-builder-workspace/Tests/DTCoreTextTests/Resources/Empty_and_Unclosed_Paragraphs.html",
"rule" : {
"copy" : {
}
}
},
{
"path" : "/Users/admin/builder/spi-builder-workspace/Tests/DTCoreTextTests/Resources/KeepMeTogether.html",
"rule" : {
"copy" : {
}
}
},
{
"path" : "/Users/admin/builder/spi-builder-workspace/Tests/DTCoreTextTests/Resources/ListItemBulletColorAndFont.html",
"rule" : {
"copy" : {
}
}
},
{
"path" : "/Users/admin/builder/spi-builder-workspace/Tests/DTCoreTextTests/Resources/ListTest.plist",
"rule" : {
"copy" : {
}
}
},
{
"path" : "/Users/admin/builder/spi-builder-workspace/Tests/DTCoreTextTests/Resources/MalformedURL.html",
"rule" : {
"copy" : {
}
}
},
{
"path" : "/Users/admin/builder/spi-builder-workspace/Tests/DTCoreTextTests/Resources/NavTag.html",
"rule" : {
"copy" : {
}
}
},
{
"path" : "/Users/admin/builder/spi-builder-workspace/Tests/DTCoreTextTests/Resources/NavTag.plist",
"rule" : {
"copy" : {
}
}
},
{
"path" : "/Users/admin/builder/spi-builder-workspace/Tests/DTCoreTextTests/Resources/Oliver.jpg",
"rule" : {
"copy" : {
}
}
},
{
"path" : "/Users/admin/builder/spi-builder-workspace/Tests/DTCoreTextTests/Resources/Oliver@2x.jpg",
"rule" : {
"copy" : {
}
}
},
{
"path" : "/Users/admin/builder/spi-builder-workspace/Tests/DTCoreTextTests/Resources/PreWhitespace.html",
"rule" : {
"copy" : {
}
}
},
{
"path" : "/Users/admin/builder/spi-builder-workspace/Tests/DTCoreTextTests/Resources/PreWhitespace.plist",
"rule" : {
"copy" : {
}
}
},
{
"path" : "/Users/admin/builder/spi-builder-workspace/Tests/DTCoreTextTests/Resources/RTL.html",
"rule" : {
"copy" : {
}
}
},
{
"path" : "/Users/admin/builder/spi-builder-workspace/Tests/DTCoreTextTests/Resources/RetinaDataURL.html",
"rule" : {
"copy" : {
}
}
},
{
"path" : "/Users/admin/builder/spi-builder-workspace/Tests/DTCoreTextTests/Resources/SpaceBetweenUnderlines.html",
"rule" : {
"copy" : {
}
}
},
{
"path" : "/Users/admin/builder/spi-builder-workspace/Tests/DTCoreTextTests/Resources/Video.plist",
"rule" : {
"copy" : {
}
}
},
{
"path" : "/Users/admin/builder/spi-builder-workspace/Tests/DTCoreTextTests/Resources/WarAndPeace.plist",
"rule" : {
"copy" : {
}
}
},
{
"path" : "/Users/admin/builder/spi-builder-workspace/Tests/DTCoreTextTests/Resources/WhitespaceFollowingImagePromotedToParagraph.html",
"rule" : {
"copy" : {
}
}
}
],
"sources" : [
"AttributedStringDTCoreTextTests.swift",
"AttributedStringHTMLTests.swift",
"AttributedStringSwiftUITests.swift",
"CSSStylesheetPrivateTests.swift",
"CSSStylesheetTests.swift",
"ColorHTMLTests.swift",
"DTTextListTests.swift",
"DictionaryDTCoreTextTests.swift",
"FloatLayoutTests.swift",
"FontDescriptorTests.swift",
"HTMLAttributedStringBuilderTests.swift",
"HTMLElementTests.swift",
"HTMLWriterTests.swift",
"LayoutFrameTests.swift",
"MutableAttributedStringHTMLTests.swift",
"NativeListStorageTests.swift",
"ParagraphStyleTests.swift",
"RomanNumeralsTests.swift",
"ShadowAttributeTests.swift",
"StringCSSTests.swift",
"StringHTMLTests.swift",
"StringParagraphTests.swift",
"TableIdentityStressTests.swift",
"TableLayoutTests.swift",
"TableParsingTests.swift",
"TableRenderPreviewTests.swift",
"TableWritingTests.swift",
"TestHelpers.swift",
"TextBlockAppKitParityTests.swift",
"TextBlockTests.swift",
"TextBlockUIKitParityTests.swift",
"TextTableTests.swift"
],
"target_dependencies" : [
"DTCoreText"
],
"type" : "test"
},
{
"c99name" : "DTCoreText",
"module_type" : "SwiftTarget",
"name" : "DTCoreText",
"path" : "Sources/DTCoreText",
"product_dependencies" : [
"HTMLParser"
],
"product_memberships" : [
"DTCoreText"
],
"resources" : [
{
"path" : "/Users/admin/builder/spi-builder-workspace/Sources/DTCoreText/default.css",
"rule" : {
"copy" : {
}
}
}
],
"sources" : [
"AccessibilityElement.swift",
"AccessibilityViewProxy.swift",
"AccessibilityViewProxyDelegate.swift",
"AnchorHTMLElement.swift",
"AttributedLabel.swift",
"AttributedString+DTCoreText.swift",
"AttributedTextCell.swift",
"AttributedTextContentView.swift",
"AttributedTextView.swift",
"BreakHTMLElement.swift",
"BuilderState+Tables.swift",
"BuilderState.swift",
"CSSStylesheet.swift",
"CTLineUtils.swift",
"CoreTextFontCollection.swift",
"CoreTextFontDescriptor.swift",
"CoreTextGlyphRun.swift",
"CoreTextLayoutFrame.swift",
"CoreTextLayoutFrameDrawingOptions.swift",
"CoreTextLayoutLine.swift",
"CoreTextLayouter.swift",
"CoreTextParagraphStyle.swift",
"DTAttributedTextContentViewDelegate.swift",
"DTAttributedTextContentViewRelayoutMask.swift",
"DTColorFunctions.swift",
"DTCoreTextConstants.swift",
"DTCoreTextFunctions.swift",
"DTCoreTextLayoutFrame+Cursor.swift",
"DTCoreTextLayoutFrameLinePositioningOptions.swift",
"DTEdgeInsets.swift",
"DTHTMLElementClearStyle.swift",
"DTHTMLElementDisplayStyle.swift",
"DTHTMLElementFloatStyle.swift",
"DTHTMLElementFontVariant.swift",
"DTImage+HTML.swift",
"DTTextList.swift",
"DTTextListCustomMarker.swift",
"DTTextListPosition.swift",
"DictationPlaceholderTextAttachment.swift",
"DictationPlaceholderView.swift",
"Dictionary+DTCoreText.swift",
"HTMLAttributedStringBuilder.swift",
"HTMLElement.swift",
"HTMLParserNode.swift",
"HTMLParserTextNode.swift",
"HTMLWriter.swift",
"HorizontalRuleHTMLElement.swift",
"IframeTextAttachment.swift",
"ImageTextAttachment.swift",
"LayoutFrameAccessibilityElementGenerator.swift",
"LazyImageView.swift",
"LazyImageViewDelegate.swift",
"LinkButton.swift",
"ListItemHTMLElement.swift",
"NSAttributedString+DTCoreText.swift",
"NSAttributedString+Debug.swift",
"NSAttributedString+HTML.swift",
"NSAttributedString+HTMLArchiving.swift",
"NSAttributedString+HTMLWriter.swift",
"NSAttributedString+SmallCaps.swift",
"NSAttributedStringRunDelegates.swift",
"NSCharacterSet+HTML.swift",
"NSCoder+DTCompatibility.swift",
"NSDictionary+DTCoreText.swift",
"NSMutableAttributedString+HTML.swift",
"NSMutableString+HTML.swift",
"NSNumber+RomanNumerals.swift",
"NSScanner+HTML.swift",
"NSString+CSS.swift",
"NSString+HTML.swift",
"NSString+Paragraphs.swift",
"ObjectTextAttachment.swift",
"String+CSS.swift",
"StylesheetHTMLElement.swift",
"TextAttachment.swift",
"TextAttachmentDrawing.swift",
"TextAttachmentHTMLElement.swift",
"TextAttachmentHTMLPersistence.swift",
"TextAttachmentVerticalAlignment.swift",
"TextBlock.swift",
"TextBlockConverter.swift",
"TextHTMLElement.swift",
"TextTable.swift",
"TextTableBlock.swift",
"TiledLayerWithoutFade.swift",
"UIFont+DTCoreText.swift",
"VideoTextAttachment.swift"
],
"type" : "library"
}
],
"tools_version" : "6.1"
}
{
"project" : {
"configurations" : [
"Debug",
"Coverage",
"Release"
],
"name" : "DTCoreText",
"schemes" : [
"DemoApp",
"Documentation",
"DTCoreText (iOS)",
"DTCoreText (Mac)",
"DTCoreText (tvOS)",
"DTCoreText-Package",
"DTCoreTextTests",
"UnitTest"
],
"targets" : [
"DemoApp",
"Documentation"
]
}
}
Running build ...
env DEVELOPER_DIR=/Applications/Xcode-16.3.0.app xcrun xcodebuild -IDEClonedSourcePackagesDirPathOverride=$PWD/.dependencies -skipMacroValidation -skipPackagePluginValidation -derivedDataPath $PWD/.derivedData build -scheme DTCoreText-Package -destination generic/platform=watchOS
Command line invocation:
/Applications/Xcode-16.3.0.app/Contents/Developer/usr/bin/xcodebuild -IDEClonedSourcePackagesDirPathOverride=/Users/admin/builder/spi-builder-workspace/.dependencies -skipMacroValidation -skipPackagePluginValidation -derivedDataPath /Users/admin/builder/spi-builder-workspace/.derivedData build -scheme DTCoreText-Package -destination generic/platform=watchOS
Resolve Package Graph
Resolved source packages:
DTCoreText: /Users/admin/builder/spi-builder-workspace
XMLKit: https://github.com/Cocoanetics/XMLKit.git @ 1.0.1
ComputePackagePrebuildTargetDependencyGraph
Prepare packages
CreateBuildRequest
SendProjectDescription
CreateBuildOperation
ComputeTargetDependencyGraph
note: Building targets in dependency order
note: Target dependency graph (6 targets)
Target 'DTCoreText' in project 'DTCoreText'
➜ Explicit dependency on target 'DTCoreText' in project 'DTCoreText'
➜ Explicit dependency on target 'DTCoreText_DTCoreText' in project 'DTCoreText'
➜ Explicit dependency on target 'HTMLParser' in project 'XMLKit'
Target 'DTCoreText' in project 'DTCoreText'
➜ Explicit dependency on target 'DTCoreText_DTCoreText' in project 'DTCoreText'
➜ Explicit dependency on target 'HTMLParser' in project 'XMLKit'
Target 'HTMLParser' in project 'XMLKit'
➜ Explicit dependency on target 'HTMLParser' in project 'XMLKit'
➜ Explicit dependency on target 'CHTMLParser' in project 'XMLKit'
Target 'HTMLParser' in project 'XMLKit'
➜ Explicit dependency on target 'CHTMLParser' in project 'XMLKit'
Target 'CHTMLParser' in project 'XMLKit' (no dependencies)
Target 'DTCoreText_DTCoreText' in project 'DTCoreText' (no dependencies)
GatherProvisioningInputs
CreateBuildDescription
ExecuteExternalTool /Applications/Xcode-16.3.0.app/Contents/Developer/Toolchains/XcodeDefault.xctoolchain/usr/bin/clang -v -E -dM -arch arm64 -isysroot /Applications/Xcode-16.3.0.app/Contents/Developer/Platforms/WatchOS.platform/Developer/SDKs/WatchOS11.4.sdk -x c -c /dev/null
ExecuteExternalTool /Applications/Xcode-16.3.0.app/Contents/Developer/Toolchains/XcodeDefault.xctoolchain/usr/bin/swiftc --version
ExecuteExternalTool /Applications/Xcode-16.3.0.app/Contents/Developer/Toolchains/XcodeDefault.xctoolchain/usr/bin/clang -v -E -dM -isysroot /Applications/Xcode-16.3.0.app/Contents/Developer/Platforms/WatchOS.platform/Developer/SDKs/WatchOS11.4.sdk -x c -c /dev/null
ExecuteExternalTool /Applications/Xcode-16.3.0.app/Contents/Developer/Toolchains/XcodeDefault.xctoolchain/usr/bin/ld -version_details
ExecuteExternalTool /Applications/Xcode-16.3.0.app/Contents/Developer/Toolchains/XcodeDefault.xctoolchain/usr/bin/clang -v -E -dM -arch armv7k -isysroot /Applications/Xcode-16.3.0.app/Contents/Developer/Platforms/WatchOS.platform/Developer/SDKs/WatchOS11.4.sdk -x c -c /dev/null
ExecuteExternalTool /Applications/Xcode-16.3.0.app/Contents/Developer/Toolchains/XcodeDefault.xctoolchain/usr/bin/clang -v -E -dM -arch arm64_32 -isysroot /Applications/Xcode-16.3.0.app/Contents/Developer/Platforms/WatchOS.platform/Developer/SDKs/WatchOS11.4.sdk -x c -c /dev/null
ReadFileContents /Applications/Xcode-16.3.0.app/Contents/Developer/Toolchains/XcodeDefault.xctoolchain/usr/share/docc/features.json
Build description signature: c9ec7aa74df3c92a6a43c4053737a384
Build description path: /Users/admin/builder/spi-builder-workspace/.derivedData/Build/Intermediates.noindex/XCBuildData/c9ec7aa74df3c92a6a43c4053737a384.xcbuilddata
ClangStatCache /Applications/Xcode-16.3.0.app/Contents/Developer/Toolchains/XcodeDefault.xctoolchain/usr/bin/clang-stat-cache /Applications/Xcode-16.3.0.app/Contents/Developer/Platforms/WatchOS.platform/Developer/SDKs/WatchOS11.4.sdk /Users/admin/builder/spi-builder-workspace/.derivedData/SDKStatCaches.noindex/watchos11.4-22T246-43efb940ff07ba2497b70ec94253f576.sdkstatcache
cd /Users/admin/builder/spi-builder-workspace/DTCoreText.xcodeproj
/Applications/Xcode-16.3.0.app/Contents/Developer/Toolchains/XcodeDefault.xctoolchain/usr/bin/clang-stat-cache /Applications/Xcode-16.3.0.app/Contents/Developer/Platforms/WatchOS.platform/Developer/SDKs/WatchOS11.4.sdk -o /Users/admin/builder/spi-builder-workspace/.derivedData/SDKStatCaches.noindex/watchos11.4-22T246-43efb940ff07ba2497b70ec94253f576.sdkstatcache
ProcessInfoPlistFile /Users/admin/builder/spi-builder-workspace/.derivedData/Build/Products/Debug-watchos/DTCoreText_DTCoreText.bundle/Info.plist /Users/admin/builder/spi-builder-workspace/.derivedData/Build/Intermediates.noindex/DTCoreText.build/Debug-watchos/DTCoreText_DTCoreText.build/empty-DTCoreText_DTCoreText.plist (in target 'DTCoreText_DTCoreText' from project 'DTCoreText' at path '/Users/admin/builder/spi-builder-workspace/Package.swift')
cd /Users/admin/builder/spi-builder-workspace
builtin-infoPlistUtility /Users/admin/builder/spi-builder-workspace/.derivedData/Build/Intermediates.noindex/DTCoreText.build/Debug-watchos/DTCoreText_DTCoreText.build/empty-DTCoreText_DTCoreText.plist -producttype com.apple.product-type.bundle -expandbuildsettings -format binary -platform watchos -o /Users/admin/builder/spi-builder-workspace/.derivedData/Build/Products/Debug-watchos/DTCoreText_DTCoreText.bundle/Info.plist
SwiftDriver HTMLParser normal arm64_32 com.apple.xcode.tools.swift.compiler (in target 'HTMLParser' from project 'XMLKit')
cd /Users/admin/builder/spi-builder-workspace/DTCoreText.xcodeproj
builtin-SwiftDriver -- /Applications/Xcode-16.3.0.app/Contents/Developer/Toolchains/XcodeDefault.xctoolchain/usr/bin/swiftc -module-name HTMLParser -Onone -enforce-exclusivity\=checked @/Users/admin/builder/spi-builder-workspace/.derivedData/Build/Intermediates.noindex/XMLKit.build/Debug-watchos/HTMLParser.build/Objects-normal/arm64_32/HTMLParser.SwiftFileList -DSWIFT_PACKAGE -DDEBUG -DXcode -plugin-path /Applications/Xcode-16.3.0.app/Contents/Developer/Toolchains/XcodeDefault.xctoolchain/usr/lib/swift/host/plugins/testing -enable-experimental-feature DebugDescriptionMacro -sdk /Applications/Xcode-16.3.0.app/Contents/Developer/Platforms/WatchOS.platform/Developer/SDKs/WatchOS11.4.sdk -target arm64_32-apple-watchos6.0 -g -module-cache-path /Users/admin/builder/spi-builder-workspace/.derivedData/ModuleCache.noindex -Xfrontend -serialize-debugging-options -enable-testing -suppress-warnings -index-store-path /Users/admin/builder/spi-builder-workspace/.derivedData/Index.noindex/DataStore -swift-version 6 -I /Users/admin/builder/spi-builder-workspace/.derivedData/Build/Products/Debug-watchos -I /Applications/Xcode-16.3.0.app/Contents/Developer/Platforms/WatchOS.platform/Developer/usr/lib -F /Users/admin/builder/spi-builder-workspace/.derivedData/Build/Products/Debug-watchos/PackageFrameworks -F /Users/admin/builder/spi-builder-workspace/.derivedData/Build/Products/Debug-watchos -F /Applications/Xcode-16.3.0.app/Contents/Developer/Platforms/WatchOS.platform/Developer/Library/Frameworks -F /Applications/Xcode-16.3.0.app/Contents/Developer/Platforms/WatchOS.platform/Developer/SDKs/WatchOS11.4.sdk/Developer/Library/Frameworks -c -j10 -enable-batch-mode -incremental -Xcc -ivfsstatcache -Xcc /Users/admin/builder/spi-builder-workspace/.derivedData/SDKStatCaches.noindex/watchos11.4-22T246-43efb940ff07ba2497b70ec94253f576.sdkstatcache -output-file-map /Users/admin/builder/spi-builder-workspace/.derivedData/Build/Intermediates.noindex/XMLKit.build/Debug-watchos/HTMLParser.build/Objects-normal/arm64_32/HTMLParser-OutputFileMap.json -use-frontend-parseable-output -save-temps -no-color-diagnostics -serialize-diagnostics -emit-dependencies -emit-module -emit-module-path /Users/admin/builder/spi-builder-workspace/.derivedData/Build/Intermediates.noindex/XMLKit.build/Debug-watchos/HTMLParser.build/Objects-normal/arm64_32/HTMLParser.swiftmodule -user-module-version 1.0.1 -validate-clang-modules-once -clang-build-session-file /Users/admin/builder/spi-builder-workspace/.derivedData/ModuleCache.noindex/Session.modulevalidation -package-name xmlkit -Xcc -I/Users/admin/builder/spi-builder-workspace/.derivedData/Build/Intermediates.noindex/XMLKit.build/Debug-watchos/HTMLParser.build/swift-overrides.hmap -emit-const-values -Xfrontend -const-gather-protocols-file -Xfrontend /Users/admin/builder/spi-builder-workspace/.derivedData/Build/Intermediates.noindex/XMLKit.build/Debug-watchos/HTMLParser.build/Objects-normal/arm64_32/HTMLParser_const_extract_protocols.json -Xcc -I/Users/admin/builder/spi-builder-workspace/.dependencies/checkouts/XMLKit/Sources/CHTMLParser/include -Xcc -I/Users/admin/builder/spi-builder-workspace/.derivedData/Build/Products/Debug-watchos/include -Xcc -I/Users/admin/builder/spi-builder-workspace/.derivedData/Build/Intermediates.noindex/XMLKit.build/Debug-watchos/HTMLParser.build/DerivedSources-normal/arm64_32 -Xcc -I/Users/admin/builder/spi-builder-workspace/.derivedData/Build/Intermediates.noindex/XMLKit.build/Debug-watchos/HTMLParser.build/DerivedSources/arm64_32 -Xcc -I/Users/admin/builder/spi-builder-workspace/.derivedData/Build/Intermediates.noindex/XMLKit.build/Debug-watchos/HTMLParser.build/DerivedSources -Xcc -DSWIFT_PACKAGE -Xcc -DDEBUG\=1 -emit-objc-header -emit-objc-header-path /Users/admin/builder/spi-builder-workspace/.derivedData/Build/Intermediates.noindex/XMLKit.build/Debug-watchos/HTMLParser.build/Objects-normal/arm64_32/HTMLParser-Swift.h -working-directory /Users/admin/builder/spi-builder-workspace/DTCoreText.xcodeproj -experimental-emit-module-separately -disable-cmo
SwiftDriver HTMLParser normal arm64 com.apple.xcode.tools.swift.compiler (in target 'HTMLParser' from project 'XMLKit')
cd /Users/admin/builder/spi-builder-workspace/DTCoreText.xcodeproj
builtin-SwiftDriver -- /Applications/Xcode-16.3.0.app/Contents/Developer/Toolchains/XcodeDefault.xctoolchain/usr/bin/swiftc -module-name HTMLParser -Onone -enforce-exclusivity\=checked @/Users/admin/builder/spi-builder-workspace/.derivedData/Build/Intermediates.noindex/XMLKit.build/Debug-watchos/HTMLParser.build/Objects-normal/arm64/HTMLParser.SwiftFileList -DSWIFT_PACKAGE -DDEBUG -DXcode -plugin-path /Applications/Xcode-16.3.0.app/Contents/Developer/Toolchains/XcodeDefault.xctoolchain/usr/lib/swift/host/plugins/testing -enable-experimental-feature DebugDescriptionMacro -sdk /Applications/Xcode-16.3.0.app/Contents/Developer/Platforms/WatchOS.platform/Developer/SDKs/WatchOS11.4.sdk -target arm64-apple-watchos6.0 -g -module-cache-path /Users/admin/builder/spi-builder-workspace/.derivedData/ModuleCache.noindex -Xfrontend -serialize-debugging-options -enable-testing -suppress-warnings -index-store-path /Users/admin/builder/spi-builder-workspace/.derivedData/Index.noindex/DataStore -swift-version 6 -I /Users/admin/builder/spi-builder-workspace/.derivedData/Build/Products/Debug-watchos -I /Applications/Xcode-16.3.0.app/Contents/Developer/Platforms/WatchOS.platform/Developer/usr/lib -F /Users/admin/builder/spi-builder-workspace/.derivedData/Build/Products/Debug-watchos/PackageFrameworks -F /Users/admin/builder/spi-builder-workspace/.derivedData/Build/Products/Debug-watchos -F /Applications/Xcode-16.3.0.app/Contents/Developer/Platforms/WatchOS.platform/Developer/Library/Frameworks -F /Applications/Xcode-16.3.0.app/Contents/Developer/Platforms/WatchOS.platform/Developer/SDKs/WatchOS11.4.sdk/Developer/Library/Frameworks -c -j10 -enable-batch-mode -incremental -Xcc -ivfsstatcache -Xcc /Users/admin/builder/spi-builder-workspace/.derivedData/SDKStatCaches.noindex/watchos11.4-22T246-43efb940ff07ba2497b70ec94253f576.sdkstatcache -output-file-map /Users/admin/builder/spi-builder-workspace/.derivedData/Build/Intermediates.noindex/XMLKit.build/Debug-watchos/HTMLParser.build/Objects-normal/arm64/HTMLParser-OutputFileMap.json -use-frontend-parseable-output -save-temps -no-color-diagnostics -serialize-diagnostics -emit-dependencies -emit-module -emit-module-path /Users/admin/builder/spi-builder-workspace/.derivedData/Build/Intermediates.noindex/XMLKit.build/Debug-watchos/HTMLParser.build/Objects-normal/arm64/HTMLParser.swiftmodule -user-module-version 1.0.1 -validate-clang-modules-once -clang-build-session-file /Users/admin/builder/spi-builder-workspace/.derivedData/ModuleCache.noindex/Session.modulevalidation -package-name xmlkit -Xcc -I/Users/admin/builder/spi-builder-workspace/.derivedData/Build/Intermediates.noindex/XMLKit.build/Debug-watchos/HTMLParser.build/swift-overrides.hmap -emit-const-values -Xfrontend -const-gather-protocols-file -Xfrontend /Users/admin/builder/spi-builder-workspace/.derivedData/Build/Intermediates.noindex/XMLKit.build/Debug-watchos/HTMLParser.build/Objects-normal/arm64/HTMLParser_const_extract_protocols.json -Xcc -I/Users/admin/builder/spi-builder-workspace/.dependencies/checkouts/XMLKit/Sources/CHTMLParser/include -Xcc -I/Users/admin/builder/spi-builder-workspace/.derivedData/Build/Products/Debug-watchos/include -Xcc -I/Users/admin/builder/spi-builder-workspace/.derivedData/Build/Intermediates.noindex/XMLKit.build/Debug-watchos/HTMLParser.build/DerivedSources-normal/arm64 -Xcc -I/Users/admin/builder/spi-builder-workspace/.derivedData/Build/Intermediates.noindex/XMLKit.build/Debug-watchos/HTMLParser.build/DerivedSources/arm64 -Xcc -I/Users/admin/builder/spi-builder-workspace/.derivedData/Build/Intermediates.noindex/XMLKit.build/Debug-watchos/HTMLParser.build/DerivedSources -Xcc -DSWIFT_PACKAGE -Xcc -DDEBUG\=1 -emit-objc-header -emit-objc-header-path /Users/admin/builder/spi-builder-workspace/.derivedData/Build/Intermediates.noindex/XMLKit.build/Debug-watchos/HTMLParser.build/Objects-normal/arm64/HTMLParser-Swift.h -working-directory /Users/admin/builder/spi-builder-workspace/DTCoreText.xcodeproj -experimental-emit-module-separately -disable-cmo
SwiftDriver HTMLParser normal armv7k com.apple.xcode.tools.swift.compiler (in target 'HTMLParser' from project 'XMLKit')
cd /Users/admin/builder/spi-builder-workspace/DTCoreText.xcodeproj
builtin-SwiftDriver -- /Applications/Xcode-16.3.0.app/Contents/Developer/Toolchains/XcodeDefault.xctoolchain/usr/bin/swiftc -module-name HTMLParser -Onone -enforce-exclusivity\=checked @/Users/admin/builder/spi-builder-workspace/.derivedData/Build/Intermediates.noindex/XMLKit.build/Debug-watchos/HTMLParser.build/Objects-normal/armv7k/HTMLParser.SwiftFileList -DSWIFT_PACKAGE -DDEBUG -DXcode -plugin-path /Applications/Xcode-16.3.0.app/Contents/Developer/Toolchains/XcodeDefault.xctoolchain/usr/lib/swift/host/plugins/testing -enable-experimental-feature DebugDescriptionMacro -sdk /Applications/Xcode-16.3.0.app/Contents/Developer/Platforms/WatchOS.platform/Developer/SDKs/WatchOS11.4.sdk -target armv7k-apple-watchos6.0 -g -module-cache-path /Users/admin/builder/spi-builder-workspace/.derivedData/ModuleCache.noindex -Xfrontend -serialize-debugging-options -enable-testing -suppress-warnings -index-store-path /Users/admin/builder/spi-builder-workspace/.derivedData/Index.noindex/DataStore -swift-version 6 -I /Users/admin/builder/spi-builder-workspace/.derivedData/Build/Products/Debug-watchos -I /Applications/Xcode-16.3.0.app/Contents/Developer/Platforms/WatchOS.platform/Developer/usr/lib -F /Users/admin/builder/spi-builder-workspace/.derivedData/Build/Products/Debug-watchos/PackageFrameworks -F /Users/admin/builder/spi-builder-workspace/.derivedData/Build/Products/Debug-watchos -F /Applications/Xcode-16.3.0.app/Contents/Developer/Platforms/WatchOS.platform/Developer/Library/Frameworks -F /Applications/Xcode-16.3.0.app/Contents/Developer/Platforms/WatchOS.platform/Developer/SDKs/WatchOS11.4.sdk/Developer/Library/Frameworks -c -j10 -enable-batch-mode -incremental -Xcc -ivfsstatcache -Xcc /Users/admin/builder/spi-builder-workspace/.derivedData/SDKStatCaches.noindex/watchos11.4-22T246-43efb940ff07ba2497b70ec94253f576.sdkstatcache -output-file-map /Users/admin/builder/spi-builder-workspace/.derivedData/Build/Intermediates.noindex/XMLKit.build/Debug-watchos/HTMLParser.build/Objects-normal/armv7k/HTMLParser-OutputFileMap.json -use-frontend-parseable-output -save-temps -no-color-diagnostics -serialize-diagnostics -emit-dependencies -emit-module -emit-module-path /Users/admin/builder/spi-builder-workspace/.derivedData/Build/Intermediates.noindex/XMLKit.build/Debug-watchos/HTMLParser.build/Objects-normal/armv7k/HTMLParser.swiftmodule -user-module-version 1.0.1 -validate-clang-modules-once -clang-build-session-file /Users/admin/builder/spi-builder-workspace/.derivedData/ModuleCache.noindex/Session.modulevalidation -package-name xmlkit -Xcc -I/Users/admin/builder/spi-builder-workspace/.derivedData/Build/Intermediates.noindex/XMLKit.build/Debug-watchos/HTMLParser.build/swift-overrides.hmap -emit-const-values -Xfrontend -const-gather-protocols-file -Xfrontend /Users/admin/builder/spi-builder-workspace/.derivedData/Build/Intermediates.noindex/XMLKit.build/Debug-watchos/HTMLParser.build/Objects-normal/armv7k/HTMLParser_const_extract_protocols.json -Xcc -I/Users/admin/builder/spi-builder-workspace/.dependencies/checkouts/XMLKit/Sources/CHTMLParser/include -Xcc -I/Users/admin/builder/spi-builder-workspace/.derivedData/Build/Products/Debug-watchos/include -Xcc -I/Users/admin/builder/spi-builder-workspace/.derivedData/Build/Intermediates.noindex/XMLKit.build/Debug-watchos/HTMLParser.build/DerivedSources-normal/armv7k -Xcc -I/Users/admin/builder/spi-builder-workspace/.derivedData/Build/Intermediates.noindex/XMLKit.build/Debug-watchos/HTMLParser.build/DerivedSources/armv7k -Xcc -I/Users/admin/builder/spi-builder-workspace/.derivedData/Build/Intermediates.noindex/XMLKit.build/Debug-watchos/HTMLParser.build/DerivedSources -Xcc -DSWIFT_PACKAGE -Xcc -DDEBUG\=1 -emit-objc-header -emit-objc-header-path /Users/admin/builder/spi-builder-workspace/.derivedData/Build/Intermediates.noindex/XMLKit.build/Debug-watchos/HTMLParser.build/Objects-normal/armv7k/HTMLParser-Swift.h -working-directory /Users/admin/builder/spi-builder-workspace/DTCoreText.xcodeproj -experimental-emit-module-separately -disable-cmo
RegisterExecutionPolicyException /Users/admin/builder/spi-builder-workspace/.derivedData/Build/Products/Debug-watchos/CHTMLParser.o (in target 'CHTMLParser' from project 'XMLKit')
cd /Users/admin/builder/spi-builder-workspace/.dependencies/checkouts/XMLKit
builtin-RegisterExecutionPolicyException /Users/admin/builder/spi-builder-workspace/.derivedData/Build/Products/Debug-watchos/CHTMLParser.o
SwiftCompile normal arm64 Compiling\ HTMLParser.swift /Users/admin/builder/spi-builder-workspace/.dependencies/checkouts/XMLKit/Sources/HTMLParser/HTMLParser.swift (in target 'HTMLParser' from project 'XMLKit')
SwiftCompile normal arm64 /Users/admin/builder/spi-builder-workspace/.dependencies/checkouts/XMLKit/Sources/HTMLParser/HTMLParser.swift (in target 'HTMLParser' from project 'XMLKit')
cd /Users/admin/builder/spi-builder-workspace/DTCoreText.xcodeproj
SwiftEmitModule normal armv7k Emitting\ module\ for\ HTMLParser (in target 'HTMLParser' from project 'XMLKit')
EmitSwiftModule normal armv7k (in target 'HTMLParser' from project 'XMLKit')
cd /Users/admin/builder/spi-builder-workspace/DTCoreText.xcodeproj
SwiftEmitModule normal arm64 Emitting\ module\ for\ HTMLParser (in target 'HTMLParser' from project 'XMLKit')
EmitSwiftModule normal arm64 (in target 'HTMLParser' from project 'XMLKit')
cd /Users/admin/builder/spi-builder-workspace/DTCoreText.xcodeproj
SwiftCompile normal arm64_32 Compiling\ HTMLParserDelegateAdapter.swift /Users/admin/builder/spi-builder-workspace/.dependencies/checkouts/XMLKit/Sources/HTMLParser/HTMLParserDelegateAdapter.swift (in target 'HTMLParser' from project 'XMLKit')
SwiftCompile normal arm64_32 /Users/admin/builder/spi-builder-workspace/.dependencies/checkouts/XMLKit/Sources/HTMLParser/HTMLParserDelegateAdapter.swift (in target 'HTMLParser' from project 'XMLKit')
cd /Users/admin/builder/spi-builder-workspace/DTCoreText.xcodeproj
SwiftCompile normal arm64 Compiling\ HTMLParserEvent.swift /Users/admin/builder/spi-builder-workspace/.dependencies/checkouts/XMLKit/Sources/HTMLParser/HTMLParserEvent.swift (in target 'HTMLParser' from project 'XMLKit')
SwiftCompile normal arm64 /Users/admin/builder/spi-builder-workspace/.dependencies/checkouts/XMLKit/Sources/HTMLParser/HTMLParserEvent.swift (in target 'HTMLParser' from project 'XMLKit')
cd /Users/admin/builder/spi-builder-workspace/DTCoreText.xcodeproj
SwiftEmitModule normal arm64_32 Emitting\ module\ for\ HTMLParser (in target 'HTMLParser' from project 'XMLKit')
EmitSwiftModule normal arm64_32 (in target 'HTMLParser' from project 'XMLKit')
cd /Users/admin/builder/spi-builder-workspace/DTCoreText.xcodeproj
SwiftCompile normal armv7k Compiling\ HTMLParser.swift /Users/admin/builder/spi-builder-workspace/.dependencies/checkouts/XMLKit/Sources/HTMLParser/HTMLParser.swift (in target 'HTMLParser' from project 'XMLKit')
SwiftCompile normal armv7k /Users/admin/builder/spi-builder-workspace/.dependencies/checkouts/XMLKit/Sources/HTMLParser/HTMLParser.swift (in target 'HTMLParser' from project 'XMLKit')
cd /Users/admin/builder/spi-builder-workspace/DTCoreText.xcodeproj
SwiftCompile normal arm64_32 Compiling\ HTMLParser.swift /Users/admin/builder/spi-builder-workspace/.dependencies/checkouts/XMLKit/Sources/HTMLParser/HTMLParser.swift (in target 'HTMLParser' from project 'XMLKit')
SwiftCompile normal arm64_32 /Users/admin/builder/spi-builder-workspace/.dependencies/checkouts/XMLKit/Sources/HTMLParser/HTMLParser.swift (in target 'HTMLParser' from project 'XMLKit')
cd /Users/admin/builder/spi-builder-workspace/DTCoreText.xcodeproj
SwiftCompile normal arm64 Compiling\ HTMLParserDelegate.swift /Users/admin/builder/spi-builder-workspace/.dependencies/checkouts/XMLKit/Sources/HTMLParser/HTMLParserDelegate.swift (in target 'HTMLParser' from project 'XMLKit')
SwiftCompile normal arm64 /Users/admin/builder/spi-builder-workspace/.dependencies/checkouts/XMLKit/Sources/HTMLParser/HTMLParserDelegate.swift (in target 'HTMLParser' from project 'XMLKit')
cd /Users/admin/builder/spi-builder-workspace/DTCoreText.xcodeproj
SwiftCompile normal armv7k Compiling\ HTMLParserDelegate.swift /Users/admin/builder/spi-builder-workspace/.dependencies/checkouts/XMLKit/Sources/HTMLParser/HTMLParserDelegate.swift (in target 'HTMLParser' from project 'XMLKit')
SwiftCompile normal armv7k /Users/admin/builder/spi-builder-workspace/.dependencies/checkouts/XMLKit/Sources/HTMLParser/HTMLParserDelegate.swift (in target 'HTMLParser' from project 'XMLKit')
cd /Users/admin/builder/spi-builder-workspace/DTCoreText.xcodeproj
SwiftCompile normal arm64_32 Compiling\ HTMLParserDelegate.swift /Users/admin/builder/spi-builder-workspace/.dependencies/checkouts/XMLKit/Sources/HTMLParser/HTMLParserDelegate.swift (in target 'HTMLParser' from project 'XMLKit')
SwiftCompile normal arm64_32 /Users/admin/builder/spi-builder-workspace/.dependencies/checkouts/XMLKit/Sources/HTMLParser/HTMLParserDelegate.swift (in target 'HTMLParser' from project 'XMLKit')
cd /Users/admin/builder/spi-builder-workspace/DTCoreText.xcodeproj
SwiftDriverJobDiscovery normal arm64 Compiling HTMLParserDelegate.swift (in target 'HTMLParser' from project 'XMLKit')
SwiftCompile normal arm64_32 Compiling\ HTMLParserEvent.swift /Users/admin/builder/spi-builder-workspace/.dependencies/checkouts/XMLKit/Sources/HTMLParser/HTMLParserEvent.swift (in target 'HTMLParser' from project 'XMLKit')
SwiftCompile normal arm64_32 /Users/admin/builder/spi-builder-workspace/.dependencies/checkouts/XMLKit/Sources/HTMLParser/HTMLParserEvent.swift (in target 'HTMLParser' from project 'XMLKit')
cd /Users/admin/builder/spi-builder-workspace/DTCoreText.xcodeproj
SwiftDriverJobDiscovery normal armv7k Compiling HTMLParserDelegate.swift (in target 'HTMLParser' from project 'XMLKit')
SwiftCompile normal arm64 Compiling\ HTMLParserDelegateAdapter.swift /Users/admin/builder/spi-builder-workspace/.dependencies/checkouts/XMLKit/Sources/HTMLParser/HTMLParserDelegateAdapter.swift (in target 'HTMLParser' from project 'XMLKit')
SwiftCompile normal arm64 /Users/admin/builder/spi-builder-workspace/.dependencies/checkouts/XMLKit/Sources/HTMLParser/HTMLParserDelegateAdapter.swift (in target 'HTMLParser' from project 'XMLKit')
cd /Users/admin/builder/spi-builder-workspace/DTCoreText.xcodeproj
SwiftDriverJobDiscovery normal arm64 Compiling HTMLParserEvent.swift (in target 'HTMLParser' from project 'XMLKit')
SwiftCompile normal armv7k Compiling\ HTMLParserDelegateAdapter.swift /Users/admin/builder/spi-builder-workspace/.dependencies/checkouts/XMLKit/Sources/HTMLParser/HTMLParserDelegateAdapter.swift (in target 'HTMLParser' from project 'XMLKit')
SwiftCompile normal armv7k /Users/admin/builder/spi-builder-workspace/.dependencies/checkouts/XMLKit/Sources/HTMLParser/HTMLParserDelegateAdapter.swift (in target 'HTMLParser' from project 'XMLKit')
cd /Users/admin/builder/spi-builder-workspace/DTCoreText.xcodeproj
SwiftDriverJobDiscovery normal arm64_32 Compiling HTMLParserDelegateAdapter.swift (in target 'HTMLParser' from project 'XMLKit')
SwiftCompile normal armv7k Compiling\ HTMLParserEvent.swift /Users/admin/builder/spi-builder-workspace/.dependencies/checkouts/XMLKit/Sources/HTMLParser/HTMLParserEvent.swift (in target 'HTMLParser' from project 'XMLKit')
SwiftCompile normal armv7k /Users/admin/builder/spi-builder-workspace/.dependencies/checkouts/XMLKit/Sources/HTMLParser/HTMLParserEvent.swift (in target 'HTMLParser' from project 'XMLKit')
cd /Users/admin/builder/spi-builder-workspace/DTCoreText.xcodeproj
SwiftDriverJobDiscovery normal arm64 Emitting module for HTMLParser (in target 'HTMLParser' from project 'XMLKit')
SwiftDriver\ Compilation\ Requirements HTMLParser normal arm64 com.apple.xcode.tools.swift.compiler (in target 'HTMLParser' from project 'XMLKit')
cd /Users/admin/builder/spi-builder-workspace/DTCoreText.xcodeproj
builtin-Swift-Compilation-Requirements -- /Applications/Xcode-16.3.0.app/Contents/Developer/Toolchains/XcodeDefault.xctoolchain/usr/bin/swiftc -module-name HTMLParser -Onone -enforce-exclusivity\=checked @/Users/admin/builder/spi-builder-workspace/.derivedData/Build/Intermediates.noindex/XMLKit.build/Debug-watchos/HTMLParser.build/Objects-normal/arm64/HTMLParser.SwiftFileList -DSWIFT_PACKAGE -DDEBUG -DXcode -plugin-path /Applications/Xcode-16.3.0.app/Contents/Developer/Toolchains/XcodeDefault.xctoolchain/usr/lib/swift/host/plugins/testing -enable-experimental-feature DebugDescriptionMacro -sdk /Applications/Xcode-16.3.0.app/Contents/Developer/Platforms/WatchOS.platform/Developer/SDKs/WatchOS11.4.sdk -target arm64-apple-watchos6.0 -g -module-cache-path /Users/admin/builder/spi-builder-workspace/.derivedData/ModuleCache.noindex -Xfrontend -serialize-debugging-options -enable-testing -suppress-warnings -index-store-path /Users/admin/builder/spi-builder-workspace/.derivedData/Index.noindex/DataStore -swift-version 6 -I /Users/admin/builder/spi-builder-workspace/.derivedData/Build/Products/Debug-watchos -I /Applications/Xcode-16.3.0.app/Contents/Developer/Platforms/WatchOS.platform/Developer/usr/lib -F /Users/admin/builder/spi-builder-workspace/.derivedData/Build/Products/Debug-watchos/PackageFrameworks -F /Users/admin/builder/spi-builder-workspace/.derivedData/Build/Products/Debug-watchos -F /Applications/Xcode-16.3.0.app/Contents/Developer/Platforms/WatchOS.platform/Developer/Library/Frameworks -F /Applications/Xcode-16.3.0.app/Contents/Developer/Platforms/WatchOS.platform/Developer/SDKs/WatchOS11.4.sdk/Developer/Library/Frameworks -c -j10 -enable-batch-mode -incremental -Xcc -ivfsstatcache -Xcc /Users/admin/builder/spi-builder-workspace/.derivedData/SDKStatCaches.noindex/watchos11.4-22T246-43efb940ff07ba2497b70ec94253f576.sdkstatcache -output-file-map /Users/admin/builder/spi-builder-workspace/.derivedData/Build/Intermediates.noindex/XMLKit.build/Debug-watchos/HTMLParser.build/Objects-normal/arm64/HTMLParser-OutputFileMap.json -use-frontend-parseable-output -save-temps -no-color-diagnostics -serialize-diagnostics -emit-dependencies -emit-module -emit-module-path /Users/admin/builder/spi-builder-workspace/.derivedData/Build/Intermediates.noindex/XMLKit.build/Debug-watchos/HTMLParser.build/Objects-normal/arm64/HTMLParser.swiftmodule -user-module-version 1.0.1 -validate-clang-modules-once -clang-build-session-file /Users/admin/builder/spi-builder-workspace/.derivedData/ModuleCache.noindex/Session.modulevalidation -package-name xmlkit -Xcc -I/Users/admin/builder/spi-builder-workspace/.derivedData/Build/Intermediates.noindex/XMLKit.build/Debug-watchos/HTMLParser.build/swift-overrides.hmap -emit-const-values -Xfrontend -const-gather-protocols-file -Xfrontend /Users/admin/builder/spi-builder-workspace/.derivedData/Build/Intermediates.noindex/XMLKit.build/Debug-watchos/HTMLParser.build/Objects-normal/arm64/HTMLParser_const_extract_protocols.json -Xcc -I/Users/admin/builder/spi-builder-workspace/.dependencies/checkouts/XMLKit/Sources/CHTMLParser/include -Xcc -I/Users/admin/builder/spi-builder-workspace/.derivedData/Build/Products/Debug-watchos/include -Xcc -I/Users/admin/builder/spi-builder-workspace/.derivedData/Build/Intermediates.noindex/XMLKit.build/Debug-watchos/HTMLParser.build/DerivedSources-normal/arm64 -Xcc -I/Users/admin/builder/spi-builder-workspace/.derivedData/Build/Intermediates.noindex/XMLKit.build/Debug-watchos/HTMLParser.build/DerivedSources/arm64 -Xcc -I/Users/admin/builder/spi-builder-workspace/.derivedData/Build/Intermediates.noindex/XMLKit.build/Debug-watchos/HTMLParser.build/DerivedSources -Xcc -DSWIFT_PACKAGE -Xcc -DDEBUG\=1 -emit-objc-header -emit-objc-header-path /Users/admin/builder/spi-builder-workspace/.derivedData/Build/Intermediates.noindex/XMLKit.build/Debug-watchos/HTMLParser.build/Objects-normal/arm64/HTMLParser-Swift.h -working-directory /Users/admin/builder/spi-builder-workspace/DTCoreText.xcodeproj -experimental-emit-module-separately -disable-cmo
SwiftDriverJobDiscovery normal armv7k Emitting module for HTMLParser (in target 'HTMLParser' from project 'XMLKit')
SwiftDriver\ Compilation\ Requirements HTMLParser normal armv7k com.apple.xcode.tools.swift.compiler (in target 'HTMLParser' from project 'XMLKit')
cd /Users/admin/builder/spi-builder-workspace/DTCoreText.xcodeproj
builtin-Swift-Compilation-Requirements -- /Applications/Xcode-16.3.0.app/Contents/Developer/Toolchains/XcodeDefault.xctoolchain/usr/bin/swiftc -module-name HTMLParser -Onone -enforce-exclusivity\=checked @/Users/admin/builder/spi-builder-workspace/.derivedData/Build/Intermediates.noindex/XMLKit.build/Debug-watchos/HTMLParser.build/Objects-normal/armv7k/HTMLParser.SwiftFileList -DSWIFT_PACKAGE -DDEBUG -DXcode -plugin-path /Applications/Xcode-16.3.0.app/Contents/Developer/Toolchains/XcodeDefault.xctoolchain/usr/lib/swift/host/plugins/testing -enable-experimental-feature DebugDescriptionMacro -sdk /Applications/Xcode-16.3.0.app/Contents/Developer/Platforms/WatchOS.platform/Developer/SDKs/WatchOS11.4.sdk -target armv7k-apple-watchos6.0 -g -module-cache-path /Users/admin/builder/spi-builder-workspace/.derivedData/ModuleCache.noindex -Xfrontend -serialize-debugging-options -enable-testing -suppress-warnings -index-store-path /Users/admin/builder/spi-builder-workspace/.derivedData/Index.noindex/DataStore -swift-version 6 -I /Users/admin/builder/spi-builder-workspace/.derivedData/Build/Products/Debug-watchos -I /Applications/Xcode-16.3.0.app/Contents/Developer/Platforms/WatchOS.platform/Developer/usr/lib -F /Users/admin/builder/spi-builder-workspace/.derivedData/Build/Products/Debug-watchos/PackageFrameworks -F /Users/admin/builder/spi-builder-workspace/.derivedData/Build/Products/Debug-watchos -F /Applications/Xcode-16.3.0.app/Contents/Developer/Platforms/WatchOS.platform/Developer/Library/Frameworks -F /Applications/Xcode-16.3.0.app/Contents/Developer/Platforms/WatchOS.platform/Developer/SDKs/WatchOS11.4.sdk/Developer/Library/Frameworks -c -j10 -enable-batch-mode -incremental -Xcc -ivfsstatcache -Xcc /Users/admin/builder/spi-builder-workspace/.derivedData/SDKStatCaches.noindex/watchos11.4-22T246-43efb940ff07ba2497b70ec94253f576.sdkstatcache -output-file-map /Users/admin/builder/spi-builder-workspace/.derivedData/Build/Intermediates.noindex/XMLKit.build/Debug-watchos/HTMLParser.build/Objects-normal/armv7k/HTMLParser-OutputFileMap.json -use-frontend-parseable-output -save-temps -no-color-diagnostics -serialize-diagnostics -emit-dependencies -emit-module -emit-module-path /Users/admin/builder/spi-builder-workspace/.derivedData/Build/Intermediates.noindex/XMLKit.build/Debug-watchos/HTMLParser.build/Objects-normal/armv7k/HTMLParser.swiftmodule -user-module-version 1.0.1 -validate-clang-modules-once -clang-build-session-file /Users/admin/builder/spi-builder-workspace/.derivedData/ModuleCache.noindex/Session.modulevalidation -package-name xmlkit -Xcc -I/Users/admin/builder/spi-builder-workspace/.derivedData/Build/Intermediates.noindex/XMLKit.build/Debug-watchos/HTMLParser.build/swift-overrides.hmap -emit-const-values -Xfrontend -const-gather-protocols-file -Xfrontend /Users/admin/builder/spi-builder-workspace/.derivedData/Build/Intermediates.noindex/XMLKit.build/Debug-watchos/HTMLParser.build/Objects-normal/armv7k/HTMLParser_const_extract_protocols.json -Xcc -I/Users/admin/builder/spi-builder-workspace/.dependencies/checkouts/XMLKit/Sources/CHTMLParser/include -Xcc -I/Users/admin/builder/spi-builder-workspace/.derivedData/Build/Products/Debug-watchos/include -Xcc -I/Users/admin/builder/spi-builder-workspace/.derivedData/Build/Intermediates.noindex/XMLKit.build/Debug-watchos/HTMLParser.build/DerivedSources-normal/armv7k -Xcc -I/Users/admin/builder/spi-builder-workspace/.derivedData/Build/Intermediates.noindex/XMLKit.build/Debug-watchos/HTMLParser.build/DerivedSources/armv7k -Xcc -I/Users/admin/builder/spi-builder-workspace/.derivedData/Build/Intermediates.noindex/XMLKit.build/Debug-watchos/HTMLParser.build/DerivedSources -Xcc -DSWIFT_PACKAGE -Xcc -DDEBUG\=1 -emit-objc-header -emit-objc-header-path /Users/admin/builder/spi-builder-workspace/.derivedData/Build/Intermediates.noindex/XMLKit.build/Debug-watchos/HTMLParser.build/Objects-normal/armv7k/HTMLParser-Swift.h -working-directory /Users/admin/builder/spi-builder-workspace/DTCoreText.xcodeproj -experimental-emit-module-separately -disable-cmo
Copy /Users/admin/builder/spi-builder-workspace/.derivedData/Build/Products/Debug-watchos/HTMLParser.swiftmodule/armv7k-apple-watchos.abi.json /Users/admin/builder/spi-builder-workspace/.derivedData/Build/Intermediates.noindex/XMLKit.build/Debug-watchos/HTMLParser.build/Objects-normal/armv7k/HTMLParser.abi.json (in target 'HTMLParser' from project 'XMLKit')
cd /Users/admin/builder/spi-builder-workspace/.dependencies/checkouts/XMLKit
builtin-copy -exclude .DS_Store -exclude CVS -exclude .svn -exclude .git -exclude .hg -resolve-src-symlinks -rename /Users/admin/builder/spi-builder-workspace/.derivedData/Build/Intermediates.noindex/XMLKit.build/Debug-watchos/HTMLParser.build/Objects-normal/armv7k/HTMLParser.abi.json /Users/admin/builder/spi-builder-workspace/.derivedData/Build/Products/Debug-watchos/HTMLParser.swiftmodule/armv7k-apple-watchos.abi.json
Copy /Users/admin/builder/spi-builder-workspace/.derivedData/Build/Products/Debug-watchos/HTMLParser.swiftmodule/arm64-apple-watchos.abi.json /Users/admin/builder/spi-builder-workspace/.derivedData/Build/Intermediates.noindex/XMLKit.build/Debug-watchos/HTMLParser.build/Objects-normal/arm64/HTMLParser.abi.json (in target 'HTMLParser' from project 'XMLKit')
cd /Users/admin/builder/spi-builder-workspace/.dependencies/checkouts/XMLKit
builtin-copy -exclude .DS_Store -exclude CVS -exclude .svn -exclude .git -exclude .hg -resolve-src-symlinks -rename /Users/admin/builder/spi-builder-workspace/.derivedData/Build/Intermediates.noindex/XMLKit.build/Debug-watchos/HTMLParser.build/Objects-normal/arm64/HTMLParser.abi.json /Users/admin/builder/spi-builder-workspace/.derivedData/Build/Products/Debug-watchos/HTMLParser.swiftmodule/arm64-apple-watchos.abi.json
SwiftDriverJobDiscovery normal arm64_32 Emitting module for HTMLParser (in target 'HTMLParser' from project 'XMLKit')
SwiftDriver\ Compilation\ Requirements HTMLParser normal arm64_32 com.apple.xcode.tools.swift.compiler (in target 'HTMLParser' from project 'XMLKit')
cd /Users/admin/builder/spi-builder-workspace/DTCoreText.xcodeproj
builtin-Swift-Compilation-Requirements -- /Applications/Xcode-16.3.0.app/Contents/Developer/Toolchains/XcodeDefault.xctoolchain/usr/bin/swiftc -module-name HTMLParser -Onone -enforce-exclusivity\=checked @/Users/admin/builder/spi-builder-workspace/.derivedData/Build/Intermediates.noindex/XMLKit.build/Debug-watchos/HTMLParser.build/Objects-normal/arm64_32/HTMLParser.SwiftFileList -DSWIFT_PACKAGE -DDEBUG -DXcode -plugin-path /Applications/Xcode-16.3.0.app/Contents/Developer/Toolchains/XcodeDefault.xctoolchain/usr/lib/swift/host/plugins/testing -enable-experimental-feature DebugDescriptionMacro -sdk /Applications/Xcode-16.3.0.app/Contents/Developer/Platforms/WatchOS.platform/Developer/SDKs/WatchOS11.4.sdk -target arm64_32-apple-watchos6.0 -g -module-cache-path /Users/admin/builder/spi-builder-workspace/.derivedData/ModuleCache.noindex -Xfrontend -serialize-debugging-options -enable-testing -suppress-warnings -index-store-path /Users/admin/builder/spi-builder-workspace/.derivedData/Index.noindex/DataStore -swift-version 6 -I /Users/admin/builder/spi-builder-workspace/.derivedData/Build/Products/Debug-watchos -I /Applications/Xcode-16.3.0.app/Contents/Developer/Platforms/WatchOS.platform/Developer/usr/lib -F /Users/admin/builder/spi-builder-workspace/.derivedData/Build/Products/Debug-watchos/PackageFrameworks -F /Users/admin/builder/spi-builder-workspace/.derivedData/Build/Products/Debug-watchos -F /Applications/Xcode-16.3.0.app/Contents/Developer/Platforms/WatchOS.platform/Developer/Library/Frameworks -F /Applications/Xcode-16.3.0.app/Contents/Developer/Platforms/WatchOS.platform/Developer/SDKs/WatchOS11.4.sdk/Developer/Library/Frameworks -c -j10 -enable-batch-mode -incremental -Xcc -ivfsstatcache -Xcc /Users/admin/builder/spi-builder-workspace/.derivedData/SDKStatCaches.noindex/watchos11.4-22T246-43efb940ff07ba2497b70ec94253f576.sdkstatcache -output-file-map /Users/admin/builder/spi-builder-workspace/.derivedData/Build/Intermediates.noindex/XMLKit.build/Debug-watchos/HTMLParser.build/Objects-normal/arm64_32/HTMLParser-OutputFileMap.json -use-frontend-parseable-output -save-temps -no-color-diagnostics -serialize-diagnostics -emit-dependencies -emit-module -emit-module-path /Users/admin/builder/spi-builder-workspace/.derivedData/Build/Intermediates.noindex/XMLKit.build/Debug-watchos/HTMLParser.build/Objects-normal/arm64_32/HTMLParser.swiftmodule -user-module-version 1.0.1 -validate-clang-modules-once -clang-build-session-file /Users/admin/builder/spi-builder-workspace/.derivedData/ModuleCache.noindex/Session.modulevalidation -package-name xmlkit -Xcc -I/Users/admin/builder/spi-builder-workspace/.derivedData/Build/Intermediates.noindex/XMLKit.build/Debug-watchos/HTMLParser.build/swift-overrides.hmap -emit-const-values -Xfrontend -const-gather-protocols-file -Xfrontend /Users/admin/builder/spi-builder-workspace/.derivedData/Build/Intermediates.noindex/XMLKit.build/Debug-watchos/HTMLParser.build/Objects-normal/arm64_32/HTMLParser_const_extract_protocols.json -Xcc -I/Users/admin/builder/spi-builder-workspace/.dependencies/checkouts/XMLKit/Sources/CHTMLParser/include -Xcc -I/Users/admin/builder/spi-builder-workspace/.derivedData/Build/Products/Debug-watchos/include -Xcc -I/Users/admin/builder/spi-builder-workspace/.derivedData/Build/Intermediates.noindex/XMLKit.build/Debug-watchos/HTMLParser.build/DerivedSources-normal/arm64_32 -Xcc -I/Users/admin/builder/spi-builder-workspace/.derivedData/Build/Intermediates.noindex/XMLKit.build/Debug-watchos/HTMLParser.build/DerivedSources/arm64_32 -Xcc -I/Users/admin/builder/spi-builder-workspace/.derivedData/Build/Intermediates.noindex/XMLKit.build/Debug-watchos/HTMLParser.build/DerivedSources -Xcc -DSWIFT_PACKAGE -Xcc -DDEBUG\=1 -emit-objc-header -emit-objc-header-path /Users/admin/builder/spi-builder-workspace/.derivedData/Build/Intermediates.noindex/XMLKit.build/Debug-watchos/HTMLParser.build/Objects-normal/arm64_32/HTMLParser-Swift.h -working-directory /Users/admin/builder/spi-builder-workspace/DTCoreText.xcodeproj -experimental-emit-module-separately -disable-cmo
Copy /Users/admin/builder/spi-builder-workspace/.derivedData/Build/Products/Debug-watchos/HTMLParser.swiftmodule/arm64_32-apple-watchos.abi.json /Users/admin/builder/spi-builder-workspace/.derivedData/Build/Intermediates.noindex/XMLKit.build/Debug-watchos/HTMLParser.build/Objects-normal/arm64_32/HTMLParser.abi.json (in target 'HTMLParser' from project 'XMLKit')
cd /Users/admin/builder/spi-builder-workspace/.dependencies/checkouts/XMLKit
builtin-copy -exclude .DS_Store -exclude CVS -exclude .svn -exclude .git -exclude .hg -resolve-src-symlinks -rename /Users/admin/builder/spi-builder-workspace/.derivedData/Build/Intermediates.noindex/XMLKit.build/Debug-watchos/HTMLParser.build/Objects-normal/arm64_32/HTMLParser.abi.json /Users/admin/builder/spi-builder-workspace/.derivedData/Build/Products/Debug-watchos/HTMLParser.swiftmodule/arm64_32-apple-watchos.abi.json
SwiftDriver DTCoreText normal arm64_32 com.apple.xcode.tools.swift.compiler (in target 'DTCoreText' from project 'DTCoreText' at path '/Users/admin/builder/spi-builder-workspace/Package.swift')
cd /Users/admin/builder/spi-builder-workspace/DTCoreText.xcodeproj
builtin-SwiftDriver -- /Applications/Xcode-16.3.0.app/Contents/Developer/Toolchains/XcodeDefault.xctoolchain/usr/bin/swiftc -module-name DTCoreText -Onone -enforce-exclusivity\=checked @/Users/admin/builder/spi-builder-workspace/.derivedData/Build/Intermediates.noindex/DTCoreText.build/Debug-watchos/DTCoreText.build/Objects-normal/arm64_32/DTCoreText.SwiftFileList -DSWIFT_PACKAGE -DDEBUG -DXcode -plugin-path /Applications/Xcode-16.3.0.app/Contents/Developer/Toolchains/XcodeDefault.xctoolchain/usr/lib/swift/host/plugins/testing -enable-experimental-feature DebugDescriptionMacro -sdk /Applications/Xcode-16.3.0.app/Contents/Developer/Platforms/WatchOS.platform/Developer/SDKs/WatchOS11.4.sdk -target arm64_32-apple-watchos9.0 -g -module-cache-path /Users/admin/builder/spi-builder-workspace/.derivedData/ModuleCache.noindex -Xfrontend -serialize-debugging-options -enable-testing -index-store-path /Users/admin/builder/spi-builder-workspace/.derivedData/Index.noindex/DataStore -swift-version 6 -I /Users/admin/builder/spi-builder-workspace/.derivedData/Build/Products/Debug-watchos -I /Applications/Xcode-16.3.0.app/Contents/Developer/Platforms/WatchOS.platform/Developer/usr/lib -F /Users/admin/builder/spi-builder-workspace/.derivedData/Build/Products/Debug-watchos/PackageFrameworks -F /Users/admin/builder/spi-builder-workspace/.derivedData/Build/Products/Debug-watchos/PackageFrameworks -F /Users/admin/builder/spi-builder-workspace/.derivedData/Build/Products/Debug-watchos -F /Applications/Xcode-16.3.0.app/Contents/Developer/Platforms/WatchOS.platform/Developer/Library/Frameworks -F /Applications/Xcode-16.3.0.app/Contents/Developer/Platforms/WatchOS.platform/Developer/SDKs/WatchOS11.4.sdk/Developer/Library/Frameworks -c -j10 -enable-batch-mode -incremental -Xcc -ivfsstatcache -Xcc /Users/admin/builder/spi-builder-workspace/.derivedData/SDKStatCaches.noindex/watchos11.4-22T246-43efb940ff07ba2497b70ec94253f576.sdkstatcache -output-file-map /Users/admin/builder/spi-builder-workspace/.derivedData/Build/Intermediates.noindex/DTCoreText.build/Debug-watchos/DTCoreText.build/Objects-normal/arm64_32/DTCoreText-OutputFileMap.json -use-frontend-parseable-output -save-temps -no-color-diagnostics -serialize-diagnostics -emit-dependencies -emit-module -emit-module-path /Users/admin/builder/spi-builder-workspace/.derivedData/Build/Intermediates.noindex/DTCoreText.build/Debug-watchos/DTCoreText.build/Objects-normal/arm64_32/DTCoreText.swiftmodule -validate-clang-modules-once -clang-build-session-file /Users/admin/builder/spi-builder-workspace/.derivedData/ModuleCache.noindex/Session.modulevalidation -package-name spi_builder_workspace -Xcc -I/Users/admin/builder/spi-builder-workspace/.derivedData/Build/Intermediates.noindex/DTCoreText.build/Debug-watchos/DTCoreText.build/swift-overrides.hmap -emit-const-values -Xfrontend -const-gather-protocols-file -Xfrontend /Users/admin/builder/spi-builder-workspace/.derivedData/Build/Intermediates.noindex/DTCoreText.build/Debug-watchos/DTCoreText.build/Objects-normal/arm64_32/DTCoreText_const_extract_protocols.json -Xcc -I/Users/admin/builder/spi-builder-workspace/.dependencies/checkouts/XMLKit/Sources/CHTMLParser/include -Xcc -I/Users/admin/builder/spi-builder-workspace/.derivedData/Build/Products/Debug-watchos/include -Xcc -I/Users/admin/builder/spi-builder-workspace/.derivedData/Build/Intermediates.noindex/DTCoreText.build/Debug-watchos/DTCoreText.build/DerivedSources-normal/arm64_32 -Xcc -I/Users/admin/builder/spi-builder-workspace/.derivedData/Build/Intermediates.noindex/DTCoreText.build/Debug-watchos/DTCoreText.build/DerivedSources/arm64_32 -Xcc -I/Users/admin/builder/spi-builder-workspace/.derivedData/Build/Intermediates.noindex/DTCoreText.build/Debug-watchos/DTCoreText.build/DerivedSources -Xcc -DSWIFT_PACKAGE -Xcc -DDEBUG\=1 -emit-objc-header -emit-objc-header-path /Users/admin/builder/spi-builder-workspace/.derivedData/Build/Intermediates.noindex/DTCoreText.build/Debug-watchos/DTCoreText.build/Objects-normal/arm64_32/DTCoreText-Swift.h -working-directory /Users/admin/builder/spi-builder-workspace/DTCoreText.xcodeproj -experimental-emit-module-separately -disable-cmo
SwiftDriver DTCoreText normal arm64 com.apple.xcode.tools.swift.compiler (in target 'DTCoreText' from project 'DTCoreText' at path '/Users/admin/builder/spi-builder-workspace/Package.swift')
cd /Users/admin/builder/spi-builder-workspace/DTCoreText.xcodeproj
builtin-SwiftDriver -- /Applications/Xcode-16.3.0.app/Contents/Developer/Toolchains/XcodeDefault.xctoolchain/usr/bin/swiftc -module-name DTCoreText -Onone -enforce-exclusivity\=checked @/Users/admin/builder/spi-builder-workspace/.derivedData/Build/Intermediates.noindex/DTCoreText.build/Debug-watchos/DTCoreText.build/Objects-normal/arm64/DTCoreText.SwiftFileList -DSWIFT_PACKAGE -DDEBUG -DXcode -plugin-path /Applications/Xcode-16.3.0.app/Contents/Developer/Toolchains/XcodeDefault.xctoolchain/usr/lib/swift/host/plugins/testing -enable-experimental-feature DebugDescriptionMacro -sdk /Applications/Xcode-16.3.0.app/Contents/Developer/Platforms/WatchOS.platform/Developer/SDKs/WatchOS11.4.sdk -target arm64-apple-watchos9.0 -g -module-cache-path /Users/admin/builder/spi-builder-workspace/.derivedData/ModuleCache.noindex -Xfrontend -serialize-debugging-options -enable-testing -index-store-path /Users/admin/builder/spi-builder-workspace/.derivedData/Index.noindex/DataStore -swift-version 6 -I /Users/admin/builder/spi-builder-workspace/.derivedData/Build/Products/Debug-watchos -I /Applications/Xcode-16.3.0.app/Contents/Developer/Platforms/WatchOS.platform/Developer/usr/lib -F /Users/admin/builder/spi-builder-workspace/.derivedData/Build/Products/Debug-watchos/PackageFrameworks -F /Users/admin/builder/spi-builder-workspace/.derivedData/Build/Products/Debug-watchos/PackageFrameworks -F /Users/admin/builder/spi-builder-workspace/.derivedData/Build/Products/Debug-watchos -F /Applications/Xcode-16.3.0.app/Contents/Developer/Platforms/WatchOS.platform/Developer/Library/Frameworks -F /Applications/Xcode-16.3.0.app/Contents/Developer/Platforms/WatchOS.platform/Developer/SDKs/WatchOS11.4.sdk/Developer/Library/Frameworks -c -j10 -enable-batch-mode -incremental -Xcc -ivfsstatcache -Xcc /Users/admin/builder/spi-builder-workspace/.derivedData/SDKStatCaches.noindex/watchos11.4-22T246-43efb940ff07ba2497b70ec94253f576.sdkstatcache -output-file-map /Users/admin/builder/spi-builder-workspace/.derivedData/Build/Intermediates.noindex/DTCoreText.build/Debug-watchos/DTCoreText.build/Objects-normal/arm64/DTCoreText-OutputFileMap.json -use-frontend-parseable-output -save-temps -no-color-diagnostics -serialize-diagnostics -emit-dependencies -emit-module -emit-module-path /Users/admin/builder/spi-builder-workspace/.derivedData/Build/Intermediates.noindex/DTCoreText.build/Debug-watchos/DTCoreText.build/Objects-normal/arm64/DTCoreText.swiftmodule -validate-clang-modules-once -clang-build-session-file /Users/admin/builder/spi-builder-workspace/.derivedData/ModuleCache.noindex/Session.modulevalidation -package-name spi_builder_workspace -Xcc -I/Users/admin/builder/spi-builder-workspace/.derivedData/Build/Intermediates.noindex/DTCoreText.build/Debug-watchos/DTCoreText.build/swift-overrides.hmap -emit-const-values -Xfrontend -const-gather-protocols-file -Xfrontend /Users/admin/builder/spi-builder-workspace/.derivedData/Build/Intermediates.noindex/DTCoreText.build/Debug-watchos/DTCoreText.build/Objects-normal/arm64/DTCoreText_const_extract_protocols.json -Xcc -I/Users/admin/builder/spi-builder-workspace/.dependencies/checkouts/XMLKit/Sources/CHTMLParser/include -Xcc -I/Users/admin/builder/spi-builder-workspace/.derivedData/Build/Products/Debug-watchos/include -Xcc -I/Users/admin/builder/spi-builder-workspace/.derivedData/Build/Intermediates.noindex/DTCoreText.build/Debug-watchos/DTCoreText.build/DerivedSources-normal/arm64 -Xcc -I/Users/admin/builder/spi-builder-workspace/.derivedData/Build/Intermediates.noindex/DTCoreText.build/Debug-watchos/DTCoreText.build/DerivedSources/arm64 -Xcc -I/Users/admin/builder/spi-builder-workspace/.derivedData/Build/Intermediates.noindex/DTCoreText.build/Debug-watchos/DTCoreText.build/DerivedSources -Xcc -DSWIFT_PACKAGE -Xcc -DDEBUG\=1 -emit-objc-header -emit-objc-header-path /Users/admin/builder/spi-builder-workspace/.derivedData/Build/Intermediates.noindex/DTCoreText.build/Debug-watchos/DTCoreText.build/Objects-normal/arm64/DTCoreText-Swift.h -working-directory /Users/admin/builder/spi-builder-workspace/DTCoreText.xcodeproj -experimental-emit-module-separately -disable-cmo
SwiftDriverJobDiscovery normal arm64_32 Compiling HTMLParserDelegate.swift (in target 'HTMLParser' from project 'XMLKit')
SwiftDriverJobDiscovery normal arm64 Compiling HTMLParser.swift (in target 'HTMLParser' from project 'XMLKit')
SwiftDriverJobDiscovery normal arm64 Compiling HTMLParserDelegateAdapter.swift (in target 'HTMLParser' from project 'XMLKit')
SwiftDriver\ Compilation HTMLParser normal arm64 com.apple.xcode.tools.swift.compiler (in target 'HTMLParser' from project 'XMLKit')
cd /Users/admin/builder/spi-builder-workspace/DTCoreText.xcodeproj
builtin-Swift-Compilation -- /Applications/Xcode-16.3.0.app/Contents/Developer/Toolchains/XcodeDefault.xctoolchain/usr/bin/swiftc -module-name HTMLParser -Onone -enforce-exclusivity\=checked @/Users/admin/builder/spi-builder-workspace/.derivedData/Build/Intermediates.noindex/XMLKit.build/Debug-watchos/HTMLParser.build/Objects-normal/arm64/HTMLParser.SwiftFileList -DSWIFT_PACKAGE -DDEBUG -DXcode -plugin-path /Applications/Xcode-16.3.0.app/Contents/Developer/Toolchains/XcodeDefault.xctoolchain/usr/lib/swift/host/plugins/testing -enable-experimental-feature DebugDescriptionMacro -sdk /Applications/Xcode-16.3.0.app/Contents/Developer/Platforms/WatchOS.platform/Developer/SDKs/WatchOS11.4.sdk -target arm64-apple-watchos6.0 -g -module-cache-path /Users/admin/builder/spi-builder-workspace/.derivedData/ModuleCache.noindex -Xfrontend -serialize-debugging-options -enable-testing -suppress-warnings -index-store-path /Users/admin/builder/spi-builder-workspace/.derivedData/Index.noindex/DataStore -swift-version 6 -I /Users/admin/builder/spi-builder-workspace/.derivedData/Build/Products/Debug-watchos -I /Applications/Xcode-16.3.0.app/Contents/Developer/Platforms/WatchOS.platform/Developer/usr/lib -F /Users/admin/builder/spi-builder-workspace/.derivedData/Build/Products/Debug-watchos/PackageFrameworks -F /Users/admin/builder/spi-builder-workspace/.derivedData/Build/Products/Debug-watchos -F /Applications/Xcode-16.3.0.app/Contents/Developer/Platforms/WatchOS.platform/Developer/Library/Frameworks -F /Applications/Xcode-16.3.0.app/Contents/Developer/Platforms/WatchOS.platform/Developer/SDKs/WatchOS11.4.sdk/Developer/Library/Frameworks -c -j10 -enable-batch-mode -incremental -Xcc -ivfsstatcache -Xcc /Users/admin/builder/spi-builder-workspace/.derivedData/SDKStatCaches.noindex/watchos11.4-22T246-43efb940ff07ba2497b70ec94253f576.sdkstatcache -output-file-map /Users/admin/builder/spi-builder-workspace/.derivedData/Build/Intermediates.noindex/XMLKit.build/Debug-watchos/HTMLParser.build/Objects-normal/arm64/HTMLParser-OutputFileMap.json -use-frontend-parseable-output -save-temps -no-color-diagnostics -serialize-diagnostics -emit-dependencies -emit-module -emit-module-path /Users/admin/builder/spi-builder-workspace/.derivedData/Build/Intermediates.noindex/XMLKit.build/Debug-watchos/HTMLParser.build/Objects-normal/arm64/HTMLParser.swiftmodule -user-module-version 1.0.1 -validate-clang-modules-once -clang-build-session-file /Users/admin/builder/spi-builder-workspace/.derivedData/ModuleCache.noindex/Session.modulevalidation -package-name xmlkit -Xcc -I/Users/admin/builder/spi-builder-workspace/.derivedData/Build/Intermediates.noindex/XMLKit.build/Debug-watchos/HTMLParser.build/swift-overrides.hmap -emit-const-values -Xfrontend -const-gather-protocols-file -Xfrontend /Users/admin/builder/spi-builder-workspace/.derivedData/Build/Intermediates.noindex/XMLKit.build/Debug-watchos/HTMLParser.build/Objects-normal/arm64/HTMLParser_const_extract_protocols.json -Xcc -I/Users/admin/builder/spi-builder-workspace/.dependencies/checkouts/XMLKit/Sources/CHTMLParser/include -Xcc -I/Users/admin/builder/spi-builder-workspace/.derivedData/Build/Products/Debug-watchos/include -Xcc -I/Users/admin/builder/spi-builder-workspace/.derivedData/Build/Intermediates.noindex/XMLKit.build/Debug-watchos/HTMLParser.build/DerivedSources-normal/arm64 -Xcc -I/Users/admin/builder/spi-builder-workspace/.derivedData/Build/Intermediates.noindex/XMLKit.build/Debug-watchos/HTMLParser.build/DerivedSources/arm64 -Xcc -I/Users/admin/builder/spi-builder-workspace/.derivedData/Build/Intermediates.noindex/XMLKit.build/Debug-watchos/HTMLParser.build/DerivedSources -Xcc -DSWIFT_PACKAGE -Xcc -DDEBUG\=1 -emit-objc-header -emit-objc-header-path /Users/admin/builder/spi-builder-workspace/.derivedData/Build/Intermediates.noindex/XMLKit.build/Debug-watchos/HTMLParser.build/Objects-normal/arm64/HTMLParser-Swift.h -working-directory /Users/admin/builder/spi-builder-workspace/DTCoreText.xcodeproj -experimental-emit-module-separately -disable-cmo
Ld /Users/admin/builder/spi-builder-workspace/.derivedData/Build/Intermediates.noindex/XMLKit.build/Debug-watchos/HTMLParser.build/Objects-normal/arm64/Binary/HTMLParser.o normal arm64 (in target 'HTMLParser' from project 'XMLKit')
cd /Users/admin/builder/spi-builder-workspace/.dependencies/checkouts/XMLKit
/Applications/Xcode-16.3.0.app/Contents/Developer/Toolchains/XcodeDefault.xctoolchain/usr/bin/clang -Xlinker -reproducible -target arm64-apple-watchos6.0 -r -isysroot /Applications/Xcode-16.3.0.app/Contents/Developer/Platforms/WatchOS.platform/Developer/SDKs/WatchOS11.4.sdk -O0 -w -L/Users/admin/builder/spi-builder-workspace/.derivedData/Build/Intermediates.noindex/EagerLinkingTBDs/Debug-watchos -L/Users/admin/builder/spi-builder-workspace/.derivedData/Build/Products/Debug-watchos -L/Applications/Xcode-16.3.0.app/Contents/Developer/Platforms/WatchOS.platform/Developer/usr/lib -F/Users/admin/builder/spi-builder-workspace/.derivedData/Build/Intermediates.noindex/EagerLinkingTBDs/Debug-watchos -F/Users/admin/builder/spi-builder-workspace/.derivedData/Build/Products/Debug-watchos/PackageFrameworks -F/Users/admin/builder/spi-builder-workspace/.derivedData/Build/Products/Debug-watchos -iframework /Applications/Xcode-16.3.0.app/Contents/Developer/Platforms/WatchOS.platform/Developer/Library/Frameworks -iframework /Applications/Xcode-16.3.0.app/Contents/Developer/Platforms/WatchOS.platform/Developer/SDKs/WatchOS11.4.sdk/Developer/Library/Frameworks -filelist /Users/admin/builder/spi-builder-workspace/.derivedData/Build/Intermediates.noindex/XMLKit.build/Debug-watchos/HTMLParser.build/Objects-normal/arm64/HTMLParser.LinkFileList -nostdlib -Xlinker -object_path_lto -Xlinker /Users/admin/builder/spi-builder-workspace/.derivedData/Build/Intermediates.noindex/XMLKit.build/Debug-watchos/HTMLParser.build/Objects-normal/arm64/HTMLParser_lto.o -rdynamic -Xlinker -no_deduplicate -Xlinker -dependency_info -Xlinker /Users/admin/builder/spi-builder-workspace/.derivedData/Build/Intermediates.noindex/XMLKit.build/Debug-watchos/HTMLParser.build/Objects-normal/arm64/HTMLParser_dependency_info.dat -fobjc-link-runtime -L/Applications/Xcode-16.3.0.app/Contents/Developer/Toolchains/XcodeDefault.xctoolchain/usr/lib/swift/watchos -L/usr/lib/swift -Xlinker -add_ast_path -Xlinker /Users/admin/builder/spi-builder-workspace/.derivedData/Build/Intermediates.noindex/XMLKit.build/Debug-watchos/HTMLParser.build/Objects-normal/arm64/HTMLParser.swiftmodule -o /Users/admin/builder/spi-builder-workspace/.derivedData/Build/Intermediates.noindex/XMLKit.build/Debug-watchos/HTMLParser.build/Objects-normal/arm64/Binary/HTMLParser.o
SwiftDriverJobDiscovery normal arm64_32 Compiling HTMLParserEvent.swift (in target 'HTMLParser' from project 'XMLKit')
SwiftDriverJobDiscovery normal armv7k Compiling HTMLParser.swift (in target 'HTMLParser' from project 'XMLKit')
SwiftDriverJobDiscovery normal arm64_32 Compiling HTMLParser.swift (in target 'HTMLParser' from project 'XMLKit')
SwiftDriver\ Compilation HTMLParser normal arm64_32 com.apple.xcode.tools.swift.compiler (in target 'HTMLParser' from project 'XMLKit')
cd /Users/admin/builder/spi-builder-workspace/DTCoreText.xcodeproj
builtin-Swift-Compilation -- /Applications/Xcode-16.3.0.app/Contents/Developer/Toolchains/XcodeDefault.xctoolchain/usr/bin/swiftc -module-name HTMLParser -Onone -enforce-exclusivity\=checked @/Users/admin/builder/spi-builder-workspace/.derivedData/Build/Intermediates.noindex/XMLKit.build/Debug-watchos/HTMLParser.build/Objects-normal/arm64_32/HTMLParser.SwiftFileList -DSWIFT_PACKAGE -DDEBUG -DXcode -plugin-path /Applications/Xcode-16.3.0.app/Contents/Developer/Toolchains/XcodeDefault.xctoolchain/usr/lib/swift/host/plugins/testing -enable-experimental-feature DebugDescriptionMacro -sdk /Applications/Xcode-16.3.0.app/Contents/Developer/Platforms/WatchOS.platform/Developer/SDKs/WatchOS11.4.sdk -target arm64_32-apple-watchos6.0 -g -module-cache-path /Users/admin/builder/spi-builder-workspace/.derivedData/ModuleCache.noindex -Xfrontend -serialize-debugging-options -enable-testing -suppress-warnings -index-store-path /Users/admin/builder/spi-builder-workspace/.derivedData/Index.noindex/DataStore -swift-version 6 -I /Users/admin/builder/spi-builder-workspace/.derivedData/Build/Products/Debug-watchos -I /Applications/Xcode-16.3.0.app/Contents/Developer/Platforms/WatchOS.platform/Developer/usr/lib -F /Users/admin/builder/spi-builder-workspace/.derivedData/Build/Products/Debug-watchos/PackageFrameworks -F /Users/admin/builder/spi-builder-workspace/.derivedData/Build/Products/Debug-watchos -F /Applications/Xcode-16.3.0.app/Contents/Developer/Platforms/WatchOS.platform/Developer/Library/Frameworks -F /Applications/Xcode-16.3.0.app/Contents/Developer/Platforms/WatchOS.platform/Developer/SDKs/WatchOS11.4.sdk/Developer/Library/Frameworks -c -j10 -enable-batch-mode -incremental -Xcc -ivfsstatcache -Xcc /Users/admin/builder/spi-builder-workspace/.derivedData/SDKStatCaches.noindex/watchos11.4-22T246-43efb940ff07ba2497b70ec94253f576.sdkstatcache -output-file-map /Users/admin/builder/spi-builder-workspace/.derivedData/Build/Intermediates.noindex/XMLKit.build/Debug-watchos/HTMLParser.build/Objects-normal/arm64_32/HTMLParser-OutputFileMap.json -use-frontend-parseable-output -save-temps -no-color-diagnostics -serialize-diagnostics -emit-dependencies -emit-module -emit-module-path /Users/admin/builder/spi-builder-workspace/.derivedData/Build/Intermediates.noindex/XMLKit.build/Debug-watchos/HTMLParser.build/Objects-normal/arm64_32/HTMLParser.swiftmodule -user-module-version 1.0.1 -validate-clang-modules-once -clang-build-session-file /Users/admin/builder/spi-builder-workspace/.derivedData/ModuleCache.noindex/Session.modulevalidation -package-name xmlkit -Xcc -I/Users/admin/builder/spi-builder-workspace/.derivedData/Build/Intermediates.noindex/XMLKit.build/Debug-watchos/HTMLParser.build/swift-overrides.hmap -emit-const-values -Xfrontend -const-gather-protocols-file -Xfrontend /Users/admin/builder/spi-builder-workspace/.derivedData/Build/Intermediates.noindex/XMLKit.build/Debug-watchos/HTMLParser.build/Objects-normal/arm64_32/HTMLParser_const_extract_protocols.json -Xcc -I/Users/admin/builder/spi-builder-workspace/.dependencies/checkouts/XMLKit/Sources/CHTMLParser/include -Xcc -I/Users/admin/builder/spi-builder-workspace/.derivedData/Build/Products/Debug-watchos/include -Xcc -I/Users/admin/builder/spi-builder-workspace/.derivedData/Build/Intermediates.noindex/XMLKit.build/Debug-watchos/HTMLParser.build/DerivedSources-normal/arm64_32 -Xcc -I/Users/admin/builder/spi-builder-workspace/.derivedData/Build/Intermediates.noindex/XMLKit.build/Debug-watchos/HTMLParser.build/DerivedSources/arm64_32 -Xcc -I/Users/admin/builder/spi-builder-workspace/.derivedData/Build/Intermediates.noindex/XMLKit.build/Debug-watchos/HTMLParser.build/DerivedSources -Xcc -DSWIFT_PACKAGE -Xcc -DDEBUG\=1 -emit-objc-header -emit-objc-header-path /Users/admin/builder/spi-builder-workspace/.derivedData/Build/Intermediates.noindex/XMLKit.build/Debug-watchos/HTMLParser.build/Objects-normal/arm64_32/HTMLParser-Swift.h -working-directory /Users/admin/builder/spi-builder-workspace/DTCoreText.xcodeproj -experimental-emit-module-separately -disable-cmo
SwiftDriverJobDiscovery normal armv7k Compiling HTMLParserDelegateAdapter.swift (in target 'HTMLParser' from project 'XMLKit')
SwiftEmitModule normal arm64_32 Emitting\ module\ for\ DTCoreText (in target 'DTCoreText' from project 'DTCoreText' at path '/Users/admin/builder/spi-builder-workspace/Package.swift')
EmitSwiftModule normal arm64_32 (in target 'DTCoreText' from project 'DTCoreText' at path '/Users/admin/builder/spi-builder-workspace/Package.swift')
cd /Users/admin/builder/spi-builder-workspace/DTCoreText.xcodeproj
/Users/admin/builder/spi-builder-workspace/Sources/DTCoreText/NSAttributedString+DTCoreText.swift:73:65: error: cannot find type 'NSTextList' in scope
fileprivate func _textListsForParagraph(at location: Int) -> [NSTextList]? {
^~~~~~~~~~
/Users/admin/builder/spi-builder-workspace/Sources/DTCoreText/NSAttributedString+DTCoreText.swift:88:56: error: cannot find type 'NSTextList' in scope
fileprivate func _rangeOfTextListByParagraph(_ list: NSTextList, at location: Int) -> NSRange {
^~~~~~~~~~
/Users/admin/builder/spi-builder-workspace/Sources/DTCoreText/NSAttributedString+DTCoreText.swift:140:35: error: cannot find type 'NSTextList' in scope
public func itemNumber(in list: NSTextList, atIndex location: Int) -> Int {
^~~~~~~~~~
/Users/admin/builder/spi-builder-workspace/Sources/DTCoreText/NSAttributedString+DTCoreText.swift:277:39: error: cannot find type 'NSTextList' in scope
public func rangeOfTextList(_ list: NSTextList, atIndex location: Int) -> NSRange {
^~~~~~~~~~
Failed frontend command:
/Applications/Xcode-16.3.0.app/Contents/Developer/Toolchains/XcodeDefault.xctoolchain/usr/bin/swift-frontend -frontend -emit-module -experimental-skip-non-inlinable-function-bodies-without-types /Users/admin/builder/spi-builder-workspace/.derivedData/Build/Intermediates.noindex/DTCoreText.build/Debug-watchos/DTCoreText.build/DerivedSources/resource_bundle_accessor.swift /Users/admin/builder/spi-builder-workspace/Sources/DTCoreText/AccessibilityElement.swift /Users/admin/builder/spi-builder-workspace/Sources/DTCoreText/AccessibilityViewProxy.swift /Users/admin/builder/spi-builder-workspace/Sources/DTCoreText/AccessibilityViewProxyDelegate.swift /Users/admin/builder/spi-builder-workspace/Sources/DTCoreText/AnchorHTMLElement.swift /Users/admin/builder/spi-builder-workspace/Sources/DTCoreText/AttributedLabel.swift /Users/admin/builder/spi-builder-workspace/Sources/DTCoreText/AttributedString+DTCoreText.swift /Users/admin/builder/spi-builder-workspace/Sources/DTCoreText/AttributedTextCell.swift /Users/admin/builder/spi-builder-workspace/Sources/DTCoreText/AttributedTextContentView.swift /Users/admin/builder/spi-builder-workspace/Sources/DTCoreText/AttributedTextView.swift /Users/admin/builder/spi-builder-workspace/Sources/DTCoreText/BreakHTMLElement.swift /Users/admin/builder/spi-builder-workspace/Sources/DTCoreText/BuilderState+Tables.swift /Users/admin/builder/spi-builder-workspace/Sources/DTCoreText/BuilderState.swift /Users/admin/builder/spi-builder-workspace/Sources/DTCoreText/CSSStylesheet.swift /Users/admin/builder/spi-builder-workspace/Sources/DTCoreText/CTLineUtils.swift /Users/admin/builder/spi-builder-workspace/Sources/DTCoreText/CoreTextFontCollection.swift /Users/admin/builder/spi-builder-workspace/Sources/DTCoreText/CoreTextFontDescriptor.swift /Users/admin/builder/spi-builder-workspace/Sources/DTCoreText/CoreTextGlyphRun.swift /Users/admin/builder/spi-builder-workspace/Sources/DTCoreText/CoreTextLayoutFrame.swift /Users/admin/builder/spi-builder-workspace/Sources/DTCoreText/CoreTextLayoutFrameDrawingOptions.swift /Users/admin/builder/spi-builder-workspace/Sources/DTCoreText/CoreTextLayoutLine.swift /Users/admin/builder/spi-builder-workspace/Sources/DTCoreText/CoreTextLayouter.swift /Users/admin/builder/spi-builder-workspace/Sources/DTCoreText/CoreTextParagraphStyle.swift /Users/admin/builder/spi-builder-workspace/Sources/DTCoreText/DTAttributedTextContentViewDelegate.swift /Users/admin/builder/spi-builder-workspace/Sources/DTCoreText/DTAttributedTextContentViewRelayoutMask.swift /Users/admin/builder/spi-builder-workspace/Sources/DTCoreText/DTColorFunctions.swift /Users/admin/builder/spi-builder-workspace/Sources/DTCoreText/DTCoreTextConstants.swift /Users/admin/builder/spi-builder-workspace/Sources/DTCoreText/DTCoreTextFunctions.swift /Users/admin/builder/spi-builder-workspace/Sources/DTCoreText/DTCoreTextLayoutFrame+Cursor.swift /Users/admin/builder/spi-builder-workspace/Sources/DTCoreText/DTCoreTextLayoutFrameLinePositioningOptions.swift /Users/admin/builder/spi-builder-workspace/Sources/DTCoreText/DTEdgeInsets.swift /Users/admin/builder/spi-builder-workspace/Sources/DTCoreText/DTHTMLElementClearStyle.swift /Users/admin/builder/spi-builder-workspace/Sources/DTCoreText/DTHTMLElementDisplayStyle.swift /Users/admin/builder/spi-builder-workspace/Sources/DTCoreText/DTHTMLElementFloatStyle.swift /Users/admin/builder/spi-builder-workspace/Sources/DTCoreText/DTHTMLElementFontVariant.swift /Users/admin/builder/spi-builder-workspace/Sources/DTCoreText/DTImage+HTML.swift /Users/admin/builder/spi-builder-workspace/Sources/DTCoreText/DTTextList.swift /Users/admin/builder/spi-builder-workspace/Sources/DTCoreText/DTTextListCustomMarker.swift /Users/admin/builder/spi-builder-workspace/Sources/DTCoreText/DTTextListPosition.swift /Users/admin/builder/spi-builder-workspace/Sources/DTCoreText/DictationPlaceholderTextAttachment.swift /Users/admin/builder/spi-builder-workspace/Sources/DTCoreText/DictationPlaceholderView.swift /Users/admin/builder/spi-builder-workspace/Sources/DTCoreText/Dictionary+DTCoreText.swift /Users/admin/builder/spi-builder-workspace/Sources/DTCoreText/HTMLAttributedStringBuilder.swift /Users/admin/builder/spi-builder-workspace/Sources/DTCoreText/HTMLElement.swift /Users/admin/builder/spi-builder-workspace/Sources/DTCoreText/HTMLParserNode.swift /Users/admin/builder/spi-builder-workspace/Sources/DTCoreText/HTMLParserTextNode.swift /Users/admin/builder/spi-builder-workspace/Sources/DTCoreText/HTMLWriter.swift /Users/admin/builder/spi-builder-workspace/Sources/DTCoreText/HorizontalRuleHTMLElement.swift /Users/admin/builder/spi-builder-workspace/Sources/DTCoreText/IframeTextAttachment.swift /Users/admin/builder/spi-builder-workspace/Sources/DTCoreText/ImageTextAttachment.swift /Users/admin/builder/spi-builder-workspace/Sources/DTCoreText/LayoutFrameAccessibilityElementGenerator.swift /Users/admin/builder/spi-builder-workspace/Sources/DTCoreText/LazyImageView.swift /Users/admin/builder/spi-builder-workspace/Sources/DTCoreText/LazyImageViewDelegate.swift /Users/admin/builder/spi-builder-workspace/Sources/DTCoreText/LinkButton.swift /Users/admin/builder/spi-builder-workspace/Sources/DTCoreText/ListItemHTMLElement.swift /Users/admin/builder/spi-builder-workspace/Sources/DTCoreText/NSAttributedString+DTCoreText.swift /Users/admin/builder/spi-builder-workspace/Sources/DTCoreText/NSAttributedString+Debug.swift /Users/admin/builder/spi-builder-workspace/Sources/DTCoreText/NSAttributedString+HTML.swift /Users/admin/builder/spi-builder-workspace/Sources/DTCoreText/NSAttributedString+HTMLArchiving.swift /Users/admin/builder/spi-builder-workspace/Sources/DTCoreText/NSAttributedString+HTMLWriter.swift /Users/admin/builder/spi-builder-workspace/Sources/DTCoreText/NSAttributedString+SmallCaps.swift /Users/admin/builder/spi-builder-workspace/Sources/DTCoreText/NSAttributedStringRunDelegates.swift /Users/admin/builder/spi-builder-workspace/Sources/DTCoreText/NSCharacterSet+HTML.swift /Users/admin/builder/spi-builder-workspace/Sources/DTCoreText/NSCoder+DTCompatibility.swift /Users/admin/builder/spi-builder-workspace/Sources/DTCoreText/NSDictionary+DTCoreText.swift /Users/admin/builder/spi-builder-workspace/Sources/DTCoreText/NSMutableAttributedString+HTML.swift /Users/admin/builder/spi-builder-workspace/Sources/DTCoreText/NSMutableString+HTML.swift /Users/admin/builder/spi-builder-workspace/Sources/DTCoreText/NSNumber+RomanNumerals.swift /Users/admin/builder/spi-builder-workspace/Sources/DTCoreText/NSScanner+HTML.swift /Users/admin/builder/spi-builder-workspace/Sources/DTCoreText/NSString+CSS.swift /Users/admin/builder/spi-builder-workspace/Sources/DTCoreText/NSString+HTML.swift /Users/admin/builder/spi-builder-workspace/Sources/DTCoreText/NSString+Paragraphs.swift /Users/admin/builder/spi-builder-workspace/Sources/DTCoreText/ObjectTextAttachment.swift /Users/admin/builder/spi-builder-workspace/Sources/DTCoreText/String+CSS.swift /Users/admin/builder/spi-builder-workspace/Sources/DTCoreText/StylesheetHTMLElement.swift /Users/admin/builder/spi-builder-workspace/Sources/DTCoreText/TextAttachment.swift /Users/admin/builder/spi-builder-workspace/Sources/DTCoreText/TextAttachmentDrawing.swift /Users/admin/builder/spi-builder-workspace/Sources/DTCoreText/TextAttachmentHTMLElement.swift /Users/admin/builder/spi-builder-workspace/Sources/DTCoreText/TextAttachmentHTMLPersistence.swift /Users/admin/builder/spi-builder-workspace/Sources/DTCoreText/TextAttachmentVerticalAlignment.swift /Users/admin/builder/spi-builder-workspace/Sources/DTCoreText/TextBlock.swift /Users/admin/builder/spi-builder-workspace/Sources/DTCoreText/TextBlockConverter.swift /Users/admin/builder/spi-builder-workspace/Sources/DTCoreText/TextHTMLElement.swift /Users/admin/builder/spi-builder-workspace/Sources/DTCoreText/TextTable.swift /Users/admin/builder/spi-builder-workspace/Sources/DTCoreText/TextTableBlock.swift /Users/admin/builder/spi-builder-workspace/Sources/DTCoreText/TiledLayerWithoutFade.swift /Users/admin/builder/spi-builder-workspace/Sources/DTCoreText/UIFont+DTCoreText.swift /Users/admin/builder/spi-builder-workspace/Sources/DTCoreText/VideoTextAttachment.swift -target arm64_32-apple-watchos9.0 -enable-objc-interop -sdk /Applications/Xcode-16.3.0.app/Contents/Developer/Platforms/WatchOS.platform/Developer/SDKs/WatchOS11.4.sdk -I /Users/admin/builder/spi-builder-workspace/.derivedData/Build/Products/Debug-watchos -I /Applications/Xcode-16.3.0.app/Contents/Developer/Platforms/WatchOS.platform/Developer/usr/lib -F /Users/admin/builder/spi-builder-workspace/.derivedData/Build/Products/Debug-watchos/PackageFrameworks -F /Users/admin/builder/spi-builder-workspace/.derivedData/Build/Products/Debug-watchos/PackageFrameworks -F /Users/admin/builder/spi-builder-workspace/.derivedData/Build/Products/Debug-watchos -F /Applications/Xcode-16.3.0.app/Contents/Developer/Platforms/WatchOS.platform/Developer/Library/Frameworks -F /Applications/Xcode-16.3.0.app/Contents/Developer/Platforms/WatchOS.platform/Developer/SDKs/WatchOS11.4.sdk/Developer/Library/Frameworks -no-color-diagnostics -enable-testing -g -debug-info-format\=dwarf -dwarf-version\=4 -module-cache-path /Users/admin/builder/spi-builder-workspace/.derivedData/ModuleCache.noindex -swift-version 6 -enforce-exclusivity\=checked -Onone -D SWIFT_PACKAGE -D DEBUG -D Xcode -serialize-debugging-options -const-gather-protocols-file /Users/admin/builder/spi-builder-workspace/.derivedData/Build/Intermediates.noindex/DTCoreText.build/Debug-watchos/DTCoreText.build/Objects-normal/arm64_32/DTCoreText_const_extract_protocols.json -enable-experimental-feature DebugDescriptionMacro -empty-abi-descriptor -plugin-path /Applications/Xcode-16.3.0.app/Contents/Developer/Toolchains/XcodeDefault.xctoolchain/usr/lib/swift/host/plugins/testing -validate-clang-modules-once -clang-build-session-file /Users/admin/builder/spi-builder-workspace/.derivedData/ModuleCache.noindex/Session.modulevalidation -Xcc -working-directory -Xcc /Users/admin/builder/spi-builder-workspace/DTCoreText.xcodeproj -resource-dir /Applications/Xcode-16.3.0.app/Contents/Developer/Toolchains/XcodeDefault.xctoolchain/usr/lib/swift -enable-anonymous-context-mangled-names -file-compilation-dir /Users/admin/builder/spi-builder-workspace/DTCoreText.xcodeproj -Xcc -ivfsstatcache -Xcc /Users/admin/builder/spi-builder-workspace/.derivedData/SDKStatCaches.noindex/watchos11.4-22T246-43efb940ff07ba2497b70ec94253f576.sdkstatcache -Xcc -I/Users/admin/builder/spi-builder-workspace/.derivedData/Build/Intermediates.noindex/DTCoreText.build/Debug-watchos/DTCoreText.build/swift-overrides.hmap -Xcc -I/Users/admin/builder/spi-builder-workspace/.dependencies/checkouts/XMLKit/Sources/CHTMLParser/include -Xcc -I/Users/admin/builder/spi-builder-workspace/.derivedData/Build/Products/Debug-watchos/include -Xcc -I/Users/admin/builder/spi-builder-workspace/.derivedData/Build/Intermediates.noindex/DTCoreText.build/Debug-watchos/DTCoreText.build/DerivedSources-normal/arm64_32 -Xcc -I/Users/admin/builder/spi-builder-workspace/.derivedData/Build/Intermediates.noindex/DTCoreText.build/Debug-watchos/DTCoreText.build/DerivedSources/arm64_32 -Xcc -I/Users/admin/builder/spi-builder-workspace/.derivedData/Build/Intermediates.noindex/DTCoreText.build/Debug-watchos/DTCoreText.build/DerivedSources -Xcc -DSWIFT_PACKAGE -Xcc -DDEBUG\=1 -module-name DTCoreText -package-name spi_builder_workspace -frontend-parseable-output -disable-clang-spi -target-sdk-version 11.4 -target-sdk-name watchos11.4 -external-plugin-path /Applications/Xcode-16.3.0.app/Contents/Developer/Platforms/WatchOS.platform/Developer/usr/lib/swift/host/plugins\#/Applications/Xcode-16.3.0.app/Contents/Developer/Platforms/WatchOS.platform/Developer/usr/bin/swift-plugin-server -external-plugin-path /Applications/Xcode-16.3.0.app/Contents/Developer/Platforms/WatchOS.platform/Developer/usr/local/lib/swift/host/plugins\#/Applications/Xcode-16.3.0.app/Contents/Developer/Platforms/WatchOS.platform/Developer/usr/bin/swift-plugin-server -in-process-plugin-server-path /Applications/Xcode-16.3.0.app/Contents/Developer/Toolchains/XcodeDefault.xctoolchain/usr/lib/swift/host/libSwiftInProcPluginServer.dylib -plugin-path /Applications/Xcode-16.3.0.app/Contents/Developer/Toolchains/XcodeDefault.xctoolchain/usr/lib/swift/host/plugins -plugin-path /Applications/Xcode-16.3.0.app/Contents/Developer/Toolchains/XcodeDefault.xctoolchain/usr/local/lib/swift/host/plugins -emit-module-doc-path /Users/admin/builder/spi-builder-workspace/.derivedData/Build/Intermediates.noindex/DTCoreText.build/Debug-watchos/DTCoreText.build/Objects-normal/arm64_32/DTCoreText.swiftdoc -emit-module-source-info-path /Users/admin/builder/spi-builder-workspace/.derivedData/Build/Intermediates.noindex/DTCoreText.build/Debug-watchos/DTCoreText.build/Objects-normal/arm64_32/DTCoreText.swiftsourceinfo -emit-objc-header-path /Users/admin/builder/spi-builder-workspace/.derivedData/Build/Intermediates.noindex/DTCoreText.build/Debug-watchos/DTCoreText.build/Objects-normal/arm64_32/DTCoreText-Swift.h -serialize-diagnostics-path /Users/admin/builder/spi-builder-workspace/.derivedData/Build/Intermediates.noindex/DTCoreText.build/Debug-watchos/DTCoreText.build/Objects-normal/arm64_32/DTCoreText-master-emit-module.dia -emit-dependencies-path /Users/admin/builder/spi-builder-workspace/.derivedData/Build/Intermediates.noindex/DTCoreText.build/Debug-watchos/DTCoreText.build/Objects-normal/arm64_32/DTCoreText-master-emit-module.d -o /Users/admin/builder/spi-builder-workspace/.derivedData/Build/Intermediates.noindex/DTCoreText.build/Debug-watchos/DTCoreText.build/Objects-normal/arm64_32/DTCoreText.swiftmodule -emit-abi-descriptor-path /Users/admin/builder/spi-builder-workspace/.derivedData/Build/Intermediates.noindex/DTCoreText.build/Debug-watchos/DTCoreText.build/Objects-normal/arm64_32/DTCoreText.abi.json
SwiftCompile normal arm64_32 Compiling\ resource_bundle_accessor.swift,\ AccessibilityElement.swift,\ AccessibilityViewProxy.swift,\ AccessibilityViewProxyDelegate.swift,\ AnchorHTMLElement.swift,\ AttributedLabel.swift,\ AttributedString+DTCoreText.swift,\ AttributedTextCell.swift,\ AttributedTextContentView.swift /Users/admin/builder/spi-builder-workspace/.derivedData/Build/Intermediates.noindex/DTCoreText.build/Debug-watchos/DTCoreText.build/DerivedSources/resource_bundle_accessor.swift /Users/admin/builder/spi-builder-workspace/Sources/DTCoreText/AccessibilityElement.swift /Users/admin/builder/spi-builder-workspace/Sources/DTCoreText/AccessibilityViewProxy.swift /Users/admin/builder/spi-builder-workspace/Sources/DTCoreText/AccessibilityViewProxyDelegate.swift /Users/admin/builder/spi-builder-workspace/Sources/DTCoreText/AnchorHTMLElement.swift /Users/admin/builder/spi-builder-workspace/Sources/DTCoreText/AttributedLabel.swift /Users/admin/builder/spi-builder-workspace/Sources/DTCoreText/AttributedString+DTCoreText.swift /Users/admin/builder/spi-builder-workspace/Sources/DTCoreText/AttributedTextCell.swift /Users/admin/builder/spi-builder-workspace/Sources/DTCoreText/AttributedTextContentView.swift (in target 'DTCoreText' from project 'DTCoreText' at path '/Users/admin/builder/spi-builder-workspace/Package.swift')
SwiftCompile normal arm64_32 /Users/admin/builder/spi-builder-workspace/.derivedData/Build/Intermediates.noindex/DTCoreText.build/Debug-watchos/DTCoreText.build/DerivedSources/resource_bundle_accessor.swift (in target 'DTCoreText' from project 'DTCoreText' at path '/Users/admin/builder/spi-builder-workspace/Package.swift')
cd /Users/admin/builder/spi-builder-workspace/DTCoreText.xcodeproj
SwiftCompile normal arm64_32 /Users/admin/builder/spi-builder-workspace/Sources/DTCoreText/AccessibilityElement.swift (in target 'DTCoreText' from project 'DTCoreText' at path '/Users/admin/builder/spi-builder-workspace/Package.swift')
cd /Users/admin/builder/spi-builder-workspace/DTCoreText.xcodeproj
SwiftCompile normal arm64_32 /Users/admin/builder/spi-builder-workspace/Sources/DTCoreText/AccessibilityViewProxy.swift (in target 'DTCoreText' from project 'DTCoreText' at path '/Users/admin/builder/spi-builder-workspace/Package.swift')
cd /Users/admin/builder/spi-builder-workspace/DTCoreText.xcodeproj
SwiftCompile normal arm64_32 /Users/admin/builder/spi-builder-workspace/Sources/DTCoreText/AccessibilityViewProxyDelegate.swift (in target 'DTCoreText' from project 'DTCoreText' at path '/Users/admin/builder/spi-builder-workspace/Package.swift')
cd /Users/admin/builder/spi-builder-workspace/DTCoreText.xcodeproj
SwiftCompile normal arm64_32 /Users/admin/builder/spi-builder-workspace/Sources/DTCoreText/AnchorHTMLElement.swift (in target 'DTCoreText' from project 'DTCoreText' at path '/Users/admin/builder/spi-builder-workspace/Package.swift')
cd /Users/admin/builder/spi-builder-workspace/DTCoreText.xcodeproj
SwiftCompile normal arm64_32 /Users/admin/builder/spi-builder-workspace/Sources/DTCoreText/AttributedLabel.swift (in target 'DTCoreText' from project 'DTCoreText' at path '/Users/admin/builder/spi-builder-workspace/Package.swift')
cd /Users/admin/builder/spi-builder-workspace/DTCoreText.xcodeproj
SwiftCompile normal arm64_32 /Users/admin/builder/spi-builder-workspace/Sources/DTCoreText/AttributedString+DTCoreText.swift (in target 'DTCoreText' from project 'DTCoreText' at path '/Users/admin/builder/spi-builder-workspace/Package.swift')
cd /Users/admin/builder/spi-builder-workspace/DTCoreText.xcodeproj
SwiftCompile normal arm64_32 /Users/admin/builder/spi-builder-workspace/Sources/DTCoreText/AttributedTextCell.swift (in target 'DTCoreText' from project 'DTCoreText' at path '/Users/admin/builder/spi-builder-workspace/Package.swift')
cd /Users/admin/builder/spi-builder-workspace/DTCoreText.xcodeproj
SwiftCompile normal arm64_32 /Users/admin/builder/spi-builder-workspace/Sources/DTCoreText/AttributedTextContentView.swift (in target 'DTCoreText' from project 'DTCoreText' at path '/Users/admin/builder/spi-builder-workspace/Package.swift')
cd /Users/admin/builder/spi-builder-workspace/DTCoreText.xcodeproj
SwiftCompile normal arm64_32 Compiling\ DTCoreTextFunctions.swift,\ DTCoreTextLayoutFrame+Cursor.swift,\ DTCoreTextLayoutFrameLinePositioningOptions.swift,\ DTEdgeInsets.swift,\ DTHTMLElementClearStyle.swift,\ DTHTMLElementDisplayStyle.swift,\ DTHTMLElementFloatStyle.swift,\ DTHTMLElementFontVariant.swift,\ DTImage+HTML.swift /Users/admin/builder/spi-builder-workspace/Sources/DTCoreText/DTCoreTextFunctions.swift /Users/admin/builder/spi-builder-workspace/Sources/DTCoreText/DTCoreTextLayoutFrame+Cursor.swift /Users/admin/builder/spi-builder-workspace/Sources/DTCoreText/DTCoreTextLayoutFrameLinePositioningOptions.swift /Users/admin/builder/spi-builder-workspace/Sources/DTCoreText/DTEdgeInsets.swift /Users/admin/builder/spi-builder-workspace/Sources/DTCoreText/DTHTMLElementClearStyle.swift /Users/admin/builder/spi-builder-workspace/Sources/DTCoreText/DTHTMLElementDisplayStyle.swift /Users/admin/builder/spi-builder-workspace/Sources/DTCoreText/DTHTMLElementFloatStyle.swift /Users/admin/builder/spi-builder-workspace/Sources/DTCoreText/DTHTMLElementFontVariant.swift /Users/admin/builder/spi-builder-workspace/Sources/DTCoreText/DTImage+HTML.swift (in target 'DTCoreText' from project 'DTCoreText' at path '/Users/admin/builder/spi-builder-workspace/Package.swift')
SwiftCompile normal arm64_32 /Users/admin/builder/spi-builder-workspace/Sources/DTCoreText/DTCoreTextFunctions.swift (in target 'DTCoreText' from project 'DTCoreText' at path '/Users/admin/builder/spi-builder-workspace/Package.swift')
cd /Users/admin/builder/spi-builder-workspace/DTCoreText.xcodeproj
SwiftCompile normal arm64_32 /Users/admin/builder/spi-builder-workspace/Sources/DTCoreText/DTCoreTextLayoutFrame+Cursor.swift (in target 'DTCoreText' from project 'DTCoreText' at path '/Users/admin/builder/spi-builder-workspace/Package.swift')
cd /Users/admin/builder/spi-builder-workspace/DTCoreText.xcodeproj
SwiftCompile normal arm64_32 /Users/admin/builder/spi-builder-workspace/Sources/DTCoreText/DTCoreTextLayoutFrameLinePositioningOptions.swift (in target 'DTCoreText' from project 'DTCoreText' at path '/Users/admin/builder/spi-builder-workspace/Package.swift')
cd /Users/admin/builder/spi-builder-workspace/DTCoreText.xcodeproj
SwiftCompile normal arm64_32 /Users/admin/builder/spi-builder-workspace/Sources/DTCoreText/DTEdgeInsets.swift (in target 'DTCoreText' from project 'DTCoreText' at path '/Users/admin/builder/spi-builder-workspace/Package.swift')
cd /Users/admin/builder/spi-builder-workspace/DTCoreText.xcodeproj
SwiftCompile normal arm64_32 /Users/admin/builder/spi-builder-workspace/Sources/DTCoreText/DTHTMLElementClearStyle.swift (in target 'DTCoreText' from project 'DTCoreText' at path '/Users/admin/builder/spi-builder-workspace/Package.swift')
cd /Users/admin/builder/spi-builder-workspace/DTCoreText.xcodeproj
SwiftCompile normal arm64_32 /Users/admin/builder/spi-builder-workspace/Sources/DTCoreText/DTHTMLElementDisplayStyle.swift (in target 'DTCoreText' from project 'DTCoreText' at path '/Users/admin/builder/spi-builder-workspace/Package.swift')
cd /Users/admin/builder/spi-builder-workspace/DTCoreText.xcodeproj
SwiftCompile normal arm64_32 /Users/admin/builder/spi-builder-workspace/Sources/DTCoreText/DTHTMLElementFloatStyle.swift (in target 'DTCoreText' from project 'DTCoreText' at path '/Users/admin/builder/spi-builder-workspace/Package.swift')
cd /Users/admin/builder/spi-builder-workspace/DTCoreText.xcodeproj
SwiftCompile normal arm64_32 /Users/admin/builder/spi-builder-workspace/Sources/DTCoreText/DTHTMLElementFontVariant.swift (in target 'DTCoreText' from project 'DTCoreText' at path '/Users/admin/builder/spi-builder-workspace/Package.swift')
cd /Users/admin/builder/spi-builder-workspace/DTCoreText.xcodeproj
SwiftCompile normal arm64_32 /Users/admin/builder/spi-builder-workspace/Sources/DTCoreText/DTImage+HTML.swift (in target 'DTCoreText' from project 'DTCoreText' at path '/Users/admin/builder/spi-builder-workspace/Package.swift')
cd /Users/admin/builder/spi-builder-workspace/DTCoreText.xcodeproj
SwiftCompile normal arm64_32 Compiling\ AttributedTextView.swift,\ BreakHTMLElement.swift,\ BuilderState+Tables.swift,\ BuilderState.swift,\ CSSStylesheet.swift,\ CTLineUtils.swift,\ CoreTextFontCollection.swift,\ CoreTextFontDescriptor.swift,\ CoreTextGlyphRun.swift /Users/admin/builder/spi-builder-workspace/Sources/DTCoreText/AttributedTextView.swift /Users/admin/builder/spi-builder-workspace/Sources/DTCoreText/BreakHTMLElement.swift /Users/admin/builder/spi-builder-workspace/Sources/DTCoreText/BuilderState+Tables.swift /Users/admin/builder/spi-builder-workspace/Sources/DTCoreText/BuilderState.swift /Users/admin/builder/spi-builder-workspace/Sources/DTCoreText/CSSStylesheet.swift /Users/admin/builder/spi-builder-workspace/Sources/DTCoreText/CTLineUtils.swift /Users/admin/builder/spi-builder-workspace/Sources/DTCoreText/CoreTextFontCollection.swift /Users/admin/builder/spi-builder-workspace/Sources/DTCoreText/CoreTextFontDescriptor.swift /Users/admin/builder/spi-builder-workspace/Sources/DTCoreText/CoreTextGlyphRun.swift (in target 'DTCoreText' from project 'DTCoreText' at path '/Users/admin/builder/spi-builder-workspace/Package.swift')
SwiftCompile normal arm64_32 /Users/admin/builder/spi-builder-workspace/Sources/DTCoreText/AttributedTextView.swift (in target 'DTCoreText' from project 'DTCoreText' at path '/Users/admin/builder/spi-builder-workspace/Package.swift')
cd /Users/admin/builder/spi-builder-workspace/DTCoreText.xcodeproj
SwiftCompile normal arm64_32 /Users/admin/builder/spi-builder-workspace/Sources/DTCoreText/BreakHTMLElement.swift (in target 'DTCoreText' from project 'DTCoreText' at path '/Users/admin/builder/spi-builder-workspace/Package.swift')
cd /Users/admin/builder/spi-builder-workspace/DTCoreText.xcodeproj
SwiftCompile normal arm64_32 /Users/admin/builder/spi-builder-workspace/Sources/DTCoreText/BuilderState+Tables.swift (in target 'DTCoreText' from project 'DTCoreText' at path '/Users/admin/builder/spi-builder-workspace/Package.swift')
cd /Users/admin/builder/spi-builder-workspace/DTCoreText.xcodeproj
SwiftCompile normal arm64_32 /Users/admin/builder/spi-builder-workspace/Sources/DTCoreText/BuilderState.swift (in target 'DTCoreText' from project 'DTCoreText' at path '/Users/admin/builder/spi-builder-workspace/Package.swift')
cd /Users/admin/builder/spi-builder-workspace/DTCoreText.xcodeproj
SwiftCompile normal arm64_32 /Users/admin/builder/spi-builder-workspace/Sources/DTCoreText/CSSStylesheet.swift (in target 'DTCoreText' from project 'DTCoreText' at path '/Users/admin/builder/spi-builder-workspace/Package.swift')
cd /Users/admin/builder/spi-builder-workspace/DTCoreText.xcodeproj
SwiftCompile normal arm64_32 /Users/admin/builder/spi-builder-workspace/Sources/DTCoreText/CTLineUtils.swift (in target 'DTCoreText' from project 'DTCoreText' at path '/Users/admin/builder/spi-builder-workspace/Package.swift')
cd /Users/admin/builder/spi-builder-workspace/DTCoreText.xcodeproj
SwiftCompile normal arm64_32 /Users/admin/builder/spi-builder-workspace/Sources/DTCoreText/CoreTextFontCollection.swift (in target 'DTCoreText' from project 'DTCoreText' at path '/Users/admin/builder/spi-builder-workspace/Package.swift')
cd /Users/admin/builder/spi-builder-workspace/DTCoreText.xcodeproj
SwiftCompile normal arm64_32 /Users/admin/builder/spi-builder-workspace/Sources/DTCoreText/CoreTextFontDescriptor.swift (in target 'DTCoreText' from project 'DTCoreText' at path '/Users/admin/builder/spi-builder-workspace/Package.swift')
cd /Users/admin/builder/spi-builder-workspace/DTCoreText.xcodeproj
SwiftCompile normal arm64_32 /Users/admin/builder/spi-builder-workspace/Sources/DTCoreText/CoreTextGlyphRun.swift (in target 'DTCoreText' from project 'DTCoreText' at path '/Users/admin/builder/spi-builder-workspace/Package.swift')
cd /Users/admin/builder/spi-builder-workspace/DTCoreText.xcodeproj
SwiftCompile normal arm64_32 Compiling\ CoreTextLayoutFrame.swift,\ CoreTextLayoutFrameDrawingOptions.swift,\ CoreTextLayoutLine.swift,\ CoreTextLayouter.swift,\ CoreTextParagraphStyle.swift,\ DTAttributedTextContentViewDelegate.swift,\ DTAttributedTextContentViewRelayoutMask.swift,\ DTColorFunctions.swift,\ DTCoreTextConstants.swift /Users/admin/builder/spi-builder-workspace/Sources/DTCoreText/CoreTextLayoutFrame.swift /Users/admin/builder/spi-builder-workspace/Sources/DTCoreText/CoreTextLayoutFrameDrawingOptions.swift /Users/admin/builder/spi-builder-workspace/Sources/DTCoreText/CoreTextLayoutLine.swift /Users/admin/builder/spi-builder-workspace/Sources/DTCoreText/CoreTextLayouter.swift /Users/admin/builder/spi-builder-workspace/Sources/DTCoreText/CoreTextParagraphStyle.swift /Users/admin/builder/spi-builder-workspace/Sources/DTCoreText/DTAttributedTextContentViewDelegate.swift /Users/admin/builder/spi-builder-workspace/Sources/DTCoreText/DTAttributedTextContentViewRelayoutMask.swift /Users/admin/builder/spi-builder-workspace/Sources/DTCoreText/DTColorFunctions.swift /Users/admin/builder/spi-builder-workspace/Sources/DTCoreText/DTCoreTextConstants.swift (in target 'DTCoreText' from project 'DTCoreText' at path '/Users/admin/builder/spi-builder-workspace/Package.swift')
SwiftCompile normal arm64_32 /Users/admin/builder/spi-builder-workspace/Sources/DTCoreText/CoreTextLayoutFrame.swift (in target 'DTCoreText' from project 'DTCoreText' at path '/Users/admin/builder/spi-builder-workspace/Package.swift')
cd /Users/admin/builder/spi-builder-workspace/DTCoreText.xcodeproj
SwiftCompile normal arm64_32 /Users/admin/builder/spi-builder-workspace/Sources/DTCoreText/CoreTextLayoutFrameDrawingOptions.swift (in target 'DTCoreText' from project 'DTCoreText' at path '/Users/admin/builder/spi-builder-workspace/Package.swift')
cd /Users/admin/builder/spi-builder-workspace/DTCoreText.xcodeproj
SwiftCompile normal arm64_32 /Users/admin/builder/spi-builder-workspace/Sources/DTCoreText/CoreTextLayoutLine.swift (in target 'DTCoreText' from project 'DTCoreText' at path '/Users/admin/builder/spi-builder-workspace/Package.swift')
cd /Users/admin/builder/spi-builder-workspace/DTCoreText.xcodeproj
SwiftCompile normal arm64_32 /Users/admin/builder/spi-builder-workspace/Sources/DTCoreText/CoreTextLayouter.swift (in target 'DTCoreText' from project 'DTCoreText' at path '/Users/admin/builder/spi-builder-workspace/Package.swift')
cd /Users/admin/builder/spi-builder-workspace/DTCoreText.xcodeproj
SwiftCompile normal arm64_32 /Users/admin/builder/spi-builder-workspace/Sources/DTCoreText/CoreTextParagraphStyle.swift (in target 'DTCoreText' from project 'DTCoreText' at path '/Users/admin/builder/spi-builder-workspace/Package.swift')
cd /Users/admin/builder/spi-builder-workspace/DTCoreText.xcodeproj
SwiftCompile normal arm64_32 /Users/admin/builder/spi-builder-workspace/Sources/DTCoreText/DTAttributedTextContentViewDelegate.swift (in target 'DTCoreText' from project 'DTCoreText' at path '/Users/admin/builder/spi-builder-workspace/Package.swift')
cd /Users/admin/builder/spi-builder-workspace/DTCoreText.xcodeproj
SwiftCompile normal arm64_32 /Users/admin/builder/spi-builder-workspace/Sources/DTCoreText/DTAttributedTextContentViewRelayoutMask.swift (in target 'DTCoreText' from project 'DTCoreText' at path '/Users/admin/builder/spi-builder-workspace/Package.swift')
cd /Users/admin/builder/spi-builder-workspace/DTCoreText.xcodeproj
SwiftCompile normal arm64_32 /Users/admin/builder/spi-builder-workspace/Sources/DTCoreText/DTColorFunctions.swift (in target 'DTCoreText' from project 'DTCoreText' at path '/Users/admin/builder/spi-builder-workspace/Package.swift')
cd /Users/admin/builder/spi-builder-workspace/DTCoreText.xcodeproj
SwiftCompile normal arm64_32 /Users/admin/builder/spi-builder-workspace/Sources/DTCoreText/DTCoreTextConstants.swift (in target 'DTCoreText' from project 'DTCoreText' at path '/Users/admin/builder/spi-builder-workspace/Package.swift')
cd /Users/admin/builder/spi-builder-workspace/DTCoreText.xcodeproj
SwiftCompile normal arm64_32 Compiling\ ListItemHTMLElement.swift,\ NSAttributedString+DTCoreText.swift,\ NSAttributedString+Debug.swift,\ NSAttributedString+HTML.swift,\ NSAttributedString+HTMLArchiving.swift,\ NSAttributedString+HTMLWriter.swift,\ NSAttributedString+SmallCaps.swift,\ NSAttributedStringRunDelegates.swift,\ NSCharacterSet+HTML.swift /Users/admin/builder/spi-builder-workspace/Sources/DTCoreText/ListItemHTMLElement.swift /Users/admin/builder/spi-builder-workspace/Sources/DTCoreText/NSAttributedString+DTCoreText.swift /Users/admin/builder/spi-builder-workspace/Sources/DTCoreText/NSAttributedString+Debug.swift /Users/admin/builder/spi-builder-workspace/Sources/DTCoreText/NSAttributedString+HTML.swift /Users/admin/builder/spi-builder-workspace/Sources/DTCoreText/NSAttributedString+HTMLArchiving.swift /Users/admin/builder/spi-builder-workspace/Sources/DTCoreText/NSAttributedString+HTMLWriter.swift /Users/admin/builder/spi-builder-workspace/Sources/DTCoreText/NSAttributedString+SmallCaps.swift /Users/admin/builder/spi-builder-workspace/Sources/DTCoreText/NSAttributedStringRunDelegates.swift /Users/admin/builder/spi-builder-workspace/Sources/DTCoreText/NSCharacterSet+HTML.swift (in target 'DTCoreText' from project 'DTCoreText' at path '/Users/admin/builder/spi-builder-workspace/Package.swift')
SwiftCompile normal arm64_32 /Users/admin/builder/spi-builder-workspace/Sources/DTCoreText/ListItemHTMLElement.swift (in target 'DTCoreText' from project 'DTCoreText' at path '/Users/admin/builder/spi-builder-workspace/Package.swift')
cd /Users/admin/builder/spi-builder-workspace/DTCoreText.xcodeproj
SwiftCompile normal arm64_32 /Users/admin/builder/spi-builder-workspace/Sources/DTCoreText/NSAttributedString+DTCoreText.swift (in target 'DTCoreText' from project 'DTCoreText' at path '/Users/admin/builder/spi-builder-workspace/Package.swift')
cd /Users/admin/builder/spi-builder-workspace/DTCoreText.xcodeproj
SwiftCompile normal arm64_32 /Users/admin/builder/spi-builder-workspace/Sources/DTCoreText/NSAttributedString+Debug.swift (in target 'DTCoreText' from project 'DTCoreText' at path '/Users/admin/builder/spi-builder-workspace/Package.swift')
cd /Users/admin/builder/spi-builder-workspace/DTCoreText.xcodeproj
SwiftCompile normal arm64_32 /Users/admin/builder/spi-builder-workspace/Sources/DTCoreText/NSAttributedString+HTML.swift (in target 'DTCoreText' from project 'DTCoreText' at path '/Users/admin/builder/spi-builder-workspace/Package.swift')
cd /Users/admin/builder/spi-builder-workspace/DTCoreText.xcodeproj
SwiftCompile normal arm64_32 /Users/admin/builder/spi-builder-workspace/Sources/DTCoreText/NSAttributedString+HTMLArchiving.swift (in target 'DTCoreText' from project 'DTCoreText' at path '/Users/admin/builder/spi-builder-workspace/Package.swift')
cd /Users/admin/builder/spi-builder-workspace/DTCoreText.xcodeproj
SwiftCompile normal arm64_32 /Users/admin/builder/spi-builder-workspace/Sources/DTCoreText/NSAttributedString+HTMLWriter.swift (in target 'DTCoreText' from project 'DTCoreText' at path '/Users/admin/builder/spi-builder-workspace/Package.swift')
cd /Users/admin/builder/spi-builder-workspace/DTCoreText.xcodeproj
SwiftCompile normal arm64_32 /Users/admin/builder/spi-builder-workspace/Sources/DTCoreText/NSAttributedString+SmallCaps.swift (in target 'DTCoreText' from project 'DTCoreText' at path '/Users/admin/builder/spi-builder-workspace/Package.swift')
cd /Users/admin/builder/spi-builder-workspace/DTCoreText.xcodeproj
SwiftCompile normal arm64_32 /Users/admin/builder/spi-builder-workspace/Sources/DTCoreText/NSAttributedStringRunDelegates.swift (in target 'DTCoreText' from project 'DTCoreText' at path '/Users/admin/builder/spi-builder-workspace/Package.swift')
cd /Users/admin/builder/spi-builder-workspace/DTCoreText.xcodeproj
SwiftCompile normal arm64_32 /Users/admin/builder/spi-builder-workspace/Sources/DTCoreText/NSCharacterSet+HTML.swift (in target 'DTCoreText' from project 'DTCoreText' at path '/Users/admin/builder/spi-builder-workspace/Package.swift')
cd /Users/admin/builder/spi-builder-workspace/DTCoreText.xcodeproj
SwiftEmitModule normal arm64 Emitting\ module\ for\ DTCoreText (in target 'DTCoreText' from project 'DTCoreText' at path '/Users/admin/builder/spi-builder-workspace/Package.swift')
EmitSwiftModule normal arm64 (in target 'DTCoreText' from project 'DTCoreText' at path '/Users/admin/builder/spi-builder-workspace/Package.swift')
cd /Users/admin/builder/spi-builder-workspace/DTCoreText.xcodeproj
SwiftCompile normal arm64 Compiling\ AttributedTextView.swift,\ BreakHTMLElement.swift,\ BuilderState+Tables.swift,\ BuilderState.swift,\ CSSStylesheet.swift,\ CTLineUtils.swift,\ CoreTextFontCollection.swift,\ CoreTextFontDescriptor.swift,\ CoreTextGlyphRun.swift /Users/admin/builder/spi-builder-workspace/Sources/DTCoreText/AttributedTextView.swift /Users/admin/builder/spi-builder-workspace/Sources/DTCoreText/BreakHTMLElement.swift /Users/admin/builder/spi-builder-workspace/Sources/DTCoreText/BuilderState+Tables.swift /Users/admin/builder/spi-builder-workspace/Sources/DTCoreText/BuilderState.swift /Users/admin/builder/spi-builder-workspace/Sources/DTCoreText/CSSStylesheet.swift /Users/admin/builder/spi-builder-workspace/Sources/DTCoreText/CTLineUtils.swift /Users/admin/builder/spi-builder-workspace/Sources/DTCoreText/CoreTextFontCollection.swift /Users/admin/builder/spi-builder-workspace/Sources/DTCoreText/CoreTextFontDescriptor.swift /Users/admin/builder/spi-builder-workspace/Sources/DTCoreText/CoreTextGlyphRun.swift (in target 'DTCoreText' from project 'DTCoreText' at path '/Users/admin/builder/spi-builder-workspace/Package.swift')
SwiftCompile normal arm64 /Users/admin/builder/spi-builder-workspace/Sources/DTCoreText/AttributedTextView.swift (in target 'DTCoreText' from project 'DTCoreText' at path '/Users/admin/builder/spi-builder-workspace/Package.swift')
cd /Users/admin/builder/spi-builder-workspace/DTCoreText.xcodeproj
SwiftCompile normal arm64 /Users/admin/builder/spi-builder-workspace/Sources/DTCoreText/BreakHTMLElement.swift (in target 'DTCoreText' from project 'DTCoreText' at path '/Users/admin/builder/spi-builder-workspace/Package.swift')
cd /Users/admin/builder/spi-builder-workspace/DTCoreText.xcodeproj
SwiftCompile normal arm64 /Users/admin/builder/spi-builder-workspace/Sources/DTCoreText/BuilderState+Tables.swift (in target 'DTCoreText' from project 'DTCoreText' at path '/Users/admin/builder/spi-builder-workspace/Package.swift')
cd /Users/admin/builder/spi-builder-workspace/DTCoreText.xcodeproj
SwiftCompile normal arm64 /Users/admin/builder/spi-builder-workspace/Sources/DTCoreText/BuilderState.swift (in target 'DTCoreText' from project 'DTCoreText' at path '/Users/admin/builder/spi-builder-workspace/Package.swift')
cd /Users/admin/builder/spi-builder-workspace/DTCoreText.xcodeproj
SwiftCompile normal arm64 /Users/admin/builder/spi-builder-workspace/Sources/DTCoreText/CSSStylesheet.swift (in target 'DTCoreText' from project 'DTCoreText' at path '/Users/admin/builder/spi-builder-workspace/Package.swift')
cd /Users/admin/builder/spi-builder-workspace/DTCoreText.xcodeproj
SwiftCompile normal arm64 /Users/admin/builder/spi-builder-workspace/Sources/DTCoreText/CTLineUtils.swift (in target 'DTCoreText' from project 'DTCoreText' at path '/Users/admin/builder/spi-builder-workspace/Package.swift')
cd /Users/admin/builder/spi-builder-workspace/DTCoreText.xcodeproj
SwiftCompile normal arm64 /Users/admin/builder/spi-builder-workspace/Sources/DTCoreText/CoreTextFontCollection.swift (in target 'DTCoreText' from project 'DTCoreText' at path '/Users/admin/builder/spi-builder-workspace/Package.swift')
cd /Users/admin/builder/spi-builder-workspace/DTCoreText.xcodeproj
SwiftCompile normal arm64 /Users/admin/builder/spi-builder-workspace/Sources/DTCoreText/CoreTextFontDescriptor.swift (in target 'DTCoreText' from project 'DTCoreText' at path '/Users/admin/builder/spi-builder-workspace/Package.swift')
cd /Users/admin/builder/spi-builder-workspace/DTCoreText.xcodeproj
SwiftCompile normal arm64 /Users/admin/builder/spi-builder-workspace/Sources/DTCoreText/CoreTextGlyphRun.swift (in target 'DTCoreText' from project 'DTCoreText' at path '/Users/admin/builder/spi-builder-workspace/Package.swift')
cd /Users/admin/builder/spi-builder-workspace/DTCoreText.xcodeproj
Ld /Users/admin/builder/spi-builder-workspace/.derivedData/Build/Intermediates.noindex/XMLKit.build/Debug-watchos/HTMLParser.build/Objects-normal/arm64_32/Binary/HTMLParser.o normal arm64_32 (in target 'HTMLParser' from project 'XMLKit')
cd /Users/admin/builder/spi-builder-workspace/.dependencies/checkouts/XMLKit
/Applications/Xcode-16.3.0.app/Contents/Developer/Toolchains/XcodeDefault.xctoolchain/usr/bin/clang -Xlinker -reproducible -target arm64_32-apple-watchos6.0 -r -isysroot /Applications/Xcode-16.3.0.app/Contents/Developer/Platforms/WatchOS.platform/Developer/SDKs/WatchOS11.4.sdk -O0 -w -L/Users/admin/builder/spi-builder-workspace/.derivedData/Build/Intermediates.noindex/EagerLinkingTBDs/Debug-watchos -L/Users/admin/builder/spi-builder-workspace/.derivedData/Build/Products/Debug-watchos -L/Applications/Xcode-16.3.0.app/Contents/Developer/Platforms/WatchOS.platform/Developer/usr/lib -F/Users/admin/builder/spi-builder-workspace/.derivedData/Build/Intermediates.noindex/EagerLinkingTBDs/Debug-watchos -F/Users/admin/builder/spi-builder-workspace/.derivedData/Build/Products/Debug-watchos/PackageFrameworks -F/Users/admin/builder/spi-builder-workspace/.derivedData/Build/Products/Debug-watchos -iframework /Applications/Xcode-16.3.0.app/Contents/Developer/Platforms/WatchOS.platform/Developer/Library/Frameworks -iframework /Applications/Xcode-16.3.0.app/Contents/Developer/Platforms/WatchOS.platform/Developer/SDKs/WatchOS11.4.sdk/Developer/Library/Frameworks -filelist /Users/admin/builder/spi-builder-workspace/.derivedData/Build/Intermediates.noindex/XMLKit.build/Debug-watchos/HTMLParser.build/Objects-normal/arm64_32/HTMLParser.LinkFileList -nostdlib -Xlinker -object_path_lto -Xlinker /Users/admin/builder/spi-builder-workspace/.derivedData/Build/Intermediates.noindex/XMLKit.build/Debug-watchos/HTMLParser.build/Objects-normal/arm64_32/HTMLParser_lto.o -rdynamic -Xlinker -no_deduplicate -Xlinker -dependency_info -Xlinker /Users/admin/builder/spi-builder-workspace/.derivedData/Build/Intermediates.noindex/XMLKit.build/Debug-watchos/HTMLParser.build/Objects-normal/arm64_32/HTMLParser_dependency_info.dat -fobjc-link-runtime -L/Applications/Xcode-16.3.0.app/Contents/Developer/Toolchains/XcodeDefault.xctoolchain/usr/lib/swift/watchos -L/usr/lib/swift -Xlinker -add_ast_path -Xlinker /Users/admin/builder/spi-builder-workspace/.derivedData/Build/Intermediates.noindex/XMLKit.build/Debug-watchos/HTMLParser.build/Objects-normal/arm64_32/HTMLParser.swiftmodule -o /Users/admin/builder/spi-builder-workspace/.derivedData/Build/Intermediates.noindex/XMLKit.build/Debug-watchos/HTMLParser.build/Objects-normal/arm64_32/Binary/HTMLParser.o
SwiftDriverJobDiscovery normal armv7k Compiling HTMLParserEvent.swift (in target 'HTMLParser' from project 'XMLKit')
SwiftDriver\ Compilation HTMLParser normal armv7k com.apple.xcode.tools.swift.compiler (in target 'HTMLParser' from project 'XMLKit')
cd /Users/admin/builder/spi-builder-workspace/DTCoreText.xcodeproj
builtin-Swift-Compilation -- /Applications/Xcode-16.3.0.app/Contents/Developer/Toolchains/XcodeDefault.xctoolchain/usr/bin/swiftc -module-name HTMLParser -Onone -enforce-exclusivity\=checked @/Users/admin/builder/spi-builder-workspace/.derivedData/Build/Intermediates.noindex/XMLKit.build/Debug-watchos/HTMLParser.build/Objects-normal/armv7k/HTMLParser.SwiftFileList -DSWIFT_PACKAGE -DDEBUG -DXcode -plugin-path /Applications/Xcode-16.3.0.app/Contents/Developer/Toolchains/XcodeDefault.xctoolchain/usr/lib/swift/host/plugins/testing -enable-experimental-feature DebugDescriptionMacro -sdk /Applications/Xcode-16.3.0.app/Contents/Developer/Platforms/WatchOS.platform/Developer/SDKs/WatchOS11.4.sdk -target armv7k-apple-watchos6.0 -g -module-cache-path /Users/admin/builder/spi-builder-workspace/.derivedData/ModuleCache.noindex -Xfrontend -serialize-debugging-options -enable-testing -suppress-warnings -index-store-path /Users/admin/builder/spi-builder-workspace/.derivedData/Index.noindex/DataStore -swift-version 6 -I /Users/admin/builder/spi-builder-workspace/.derivedData/Build/Products/Debug-watchos -I /Applications/Xcode-16.3.0.app/Contents/Developer/Platforms/WatchOS.platform/Developer/usr/lib -F /Users/admin/builder/spi-builder-workspace/.derivedData/Build/Products/Debug-watchos/PackageFrameworks -F /Users/admin/builder/spi-builder-workspace/.derivedData/Build/Products/Debug-watchos -F /Applications/Xcode-16.3.0.app/Contents/Developer/Platforms/WatchOS.platform/Developer/Library/Frameworks -F /Applications/Xcode-16.3.0.app/Contents/Developer/Platforms/WatchOS.platform/Developer/SDKs/WatchOS11.4.sdk/Developer/Library/Frameworks -c -j10 -enable-batch-mode -incremental -Xcc -ivfsstatcache -Xcc /Users/admin/builder/spi-builder-workspace/.derivedData/SDKStatCaches.noindex/watchos11.4-22T246-43efb940ff07ba2497b70ec94253f576.sdkstatcache -output-file-map /Users/admin/builder/spi-builder-workspace/.derivedData/Build/Intermediates.noindex/XMLKit.build/Debug-watchos/HTMLParser.build/Objects-normal/armv7k/HTMLParser-OutputFileMap.json -use-frontend-parseable-output -save-temps -no-color-diagnostics -serialize-diagnostics -emit-dependencies -emit-module -emit-module-path /Users/admin/builder/spi-builder-workspace/.derivedData/Build/Intermediates.noindex/XMLKit.build/Debug-watchos/HTMLParser.build/Objects-normal/armv7k/HTMLParser.swiftmodule -user-module-version 1.0.1 -validate-clang-modules-once -clang-build-session-file /Users/admin/builder/spi-builder-workspace/.derivedData/ModuleCache.noindex/Session.modulevalidation -package-name xmlkit -Xcc -I/Users/admin/builder/spi-builder-workspace/.derivedData/Build/Intermediates.noindex/XMLKit.build/Debug-watchos/HTMLParser.build/swift-overrides.hmap -emit-const-values -Xfrontend -const-gather-protocols-file -Xfrontend /Users/admin/builder/spi-builder-workspace/.derivedData/Build/Intermediates.noindex/XMLKit.build/Debug-watchos/HTMLParser.build/Objects-normal/armv7k/HTMLParser_const_extract_protocols.json -Xcc -I/Users/admin/builder/spi-builder-workspace/.dependencies/checkouts/XMLKit/Sources/CHTMLParser/include -Xcc -I/Users/admin/builder/spi-builder-workspace/.derivedData/Build/Products/Debug-watchos/include -Xcc -I/Users/admin/builder/spi-builder-workspace/.derivedData/Build/Intermediates.noindex/XMLKit.build/Debug-watchos/HTMLParser.build/DerivedSources-normal/armv7k -Xcc -I/Users/admin/builder/spi-builder-workspace/.derivedData/Build/Intermediates.noindex/XMLKit.build/Debug-watchos/HTMLParser.build/DerivedSources/armv7k -Xcc -I/Users/admin/builder/spi-builder-workspace/.derivedData/Build/Intermediates.noindex/XMLKit.build/Debug-watchos/HTMLParser.build/DerivedSources -Xcc -DSWIFT_PACKAGE -Xcc -DDEBUG\=1 -emit-objc-header -emit-objc-header-path /Users/admin/builder/spi-builder-workspace/.derivedData/Build/Intermediates.noindex/XMLKit.build/Debug-watchos/HTMLParser.build/Objects-normal/armv7k/HTMLParser-Swift.h -working-directory /Users/admin/builder/spi-builder-workspace/DTCoreText.xcodeproj -experimental-emit-module-separately -disable-cmo
SwiftCompile normal arm64 Compiling\ resource_bundle_accessor.swift,\ AccessibilityElement.swift,\ AccessibilityViewProxy.swift,\ AccessibilityViewProxyDelegate.swift,\ AnchorHTMLElement.swift,\ AttributedLabel.swift,\ AttributedString+DTCoreText.swift,\ AttributedTextCell.swift,\ AttributedTextContentView.swift /Users/admin/builder/spi-builder-workspace/.derivedData/Build/Intermediates.noindex/DTCoreText.build/Debug-watchos/DTCoreText.build/DerivedSources/resource_bundle_accessor.swift /Users/admin/builder/spi-builder-workspace/Sources/DTCoreText/AccessibilityElement.swift /Users/admin/builder/spi-builder-workspace/Sources/DTCoreText/AccessibilityViewProxy.swift /Users/admin/builder/spi-builder-workspace/Sources/DTCoreText/AccessibilityViewProxyDelegate.swift /Users/admin/builder/spi-builder-workspace/Sources/DTCoreText/AnchorHTMLElement.swift /Users/admin/builder/spi-builder-workspace/Sources/DTCoreText/AttributedLabel.swift /Users/admin/builder/spi-builder-workspace/Sources/DTCoreText/AttributedString+DTCoreText.swift /Users/admin/builder/spi-builder-workspace/Sources/DTCoreText/AttributedTextCell.swift /Users/admin/builder/spi-builder-workspace/Sources/DTCoreText/AttributedTextContentView.swift (in target 'DTCoreText' from project 'DTCoreText' at path '/Users/admin/builder/spi-builder-workspace/Package.swift')
SwiftCompile normal arm64 /Users/admin/builder/spi-builder-workspace/.derivedData/Build/Intermediates.noindex/DTCoreText.build/Debug-watchos/DTCoreText.build/DerivedSources/resource_bundle_accessor.swift (in target 'DTCoreText' from project 'DTCoreText' at path '/Users/admin/builder/spi-builder-workspace/Package.swift')
cd /Users/admin/builder/spi-builder-workspace/DTCoreText.xcodeproj
SwiftCompile normal arm64 /Users/admin/builder/spi-builder-workspace/Sources/DTCoreText/AccessibilityElement.swift (in target 'DTCoreText' from project 'DTCoreText' at path '/Users/admin/builder/spi-builder-workspace/Package.swift')
cd /Users/admin/builder/spi-builder-workspace/DTCoreText.xcodeproj
SwiftCompile normal arm64 /Users/admin/builder/spi-builder-workspace/Sources/DTCoreText/AccessibilityViewProxy.swift (in target 'DTCoreText' from project 'DTCoreText' at path '/Users/admin/builder/spi-builder-workspace/Package.swift')
cd /Users/admin/builder/spi-builder-workspace/DTCoreText.xcodeproj
SwiftCompile normal arm64 /Users/admin/builder/spi-builder-workspace/Sources/DTCoreText/AccessibilityViewProxyDelegate.swift (in target 'DTCoreText' from project 'DTCoreText' at path '/Users/admin/builder/spi-builder-workspace/Package.swift')
cd /Users/admin/builder/spi-builder-workspace/DTCoreText.xcodeproj
SwiftCompile normal arm64 /Users/admin/builder/spi-builder-workspace/Sources/DTCoreText/AnchorHTMLElement.swift (in target 'DTCoreText' from project 'DTCoreText' at path '/Users/admin/builder/spi-builder-workspace/Package.swift')
cd /Users/admin/builder/spi-builder-workspace/DTCoreText.xcodeproj
SwiftCompile normal arm64 /Users/admin/builder/spi-builder-workspace/Sources/DTCoreText/AttributedLabel.swift (in target 'DTCoreText' from project 'DTCoreText' at path '/Users/admin/builder/spi-builder-workspace/Package.swift')
cd /Users/admin/builder/spi-builder-workspace/DTCoreText.xcodeproj
SwiftCompile normal arm64 /Users/admin/builder/spi-builder-workspace/Sources/DTCoreText/AttributedString+DTCoreText.swift (in target 'DTCoreText' from project 'DTCoreText' at path '/Users/admin/builder/spi-builder-workspace/Package.swift')
cd /Users/admin/builder/spi-builder-workspace/DTCoreText.xcodeproj
SwiftCompile normal arm64 /Users/admin/builder/spi-builder-workspace/Sources/DTCoreText/AttributedTextCell.swift (in target 'DTCoreText' from project 'DTCoreText' at path '/Users/admin/builder/spi-builder-workspace/Package.swift')
cd /Users/admin/builder/spi-builder-workspace/DTCoreText.xcodeproj
SwiftCompile normal arm64 /Users/admin/builder/spi-builder-workspace/Sources/DTCoreText/AttributedTextContentView.swift (in target 'DTCoreText' from project 'DTCoreText' at path '/Users/admin/builder/spi-builder-workspace/Package.swift')
cd /Users/admin/builder/spi-builder-workspace/DTCoreText.xcodeproj
Ld /Users/admin/builder/spi-builder-workspace/.derivedData/Build/Intermediates.noindex/XMLKit.build/Debug-watchos/HTMLParser.build/Objects-normal/armv7k/Binary/HTMLParser.o normal armv7k (in target 'HTMLParser' from project 'XMLKit')
cd /Users/admin/builder/spi-builder-workspace/.dependencies/checkouts/XMLKit
/Applications/Xcode-16.3.0.app/Contents/Developer/Toolchains/XcodeDefault.xctoolchain/usr/bin/clang -Xlinker -reproducible -target armv7k-apple-watchos6.0 -r -isysroot /Applications/Xcode-16.3.0.app/Contents/Developer/Platforms/WatchOS.platform/Developer/SDKs/WatchOS11.4.sdk -O0 -w -L/Users/admin/builder/spi-builder-workspace/.derivedData/Build/Intermediates.noindex/EagerLinkingTBDs/Debug-watchos -L/Users/admin/builder/spi-builder-workspace/.derivedData/Build/Products/Debug-watchos -L/Applications/Xcode-16.3.0.app/Contents/Developer/Platforms/WatchOS.platform/Developer/usr/lib -F/Users/admin/builder/spi-builder-workspace/.derivedData/Build/Intermediates.noindex/EagerLinkingTBDs/Debug-watchos -F/Users/admin/builder/spi-builder-workspace/.derivedData/Build/Products/Debug-watchos/PackageFrameworks -F/Users/admin/builder/spi-builder-workspace/.derivedData/Build/Products/Debug-watchos -iframework /Applications/Xcode-16.3.0.app/Contents/Developer/Platforms/WatchOS.platform/Developer/Library/Frameworks -iframework /Applications/Xcode-16.3.0.app/Contents/Developer/Platforms/WatchOS.platform/Developer/SDKs/WatchOS11.4.sdk/Developer/Library/Frameworks -filelist /Users/admin/builder/spi-builder-workspace/.derivedData/Build/Intermediates.noindex/XMLKit.build/Debug-watchos/HTMLParser.build/Objects-normal/armv7k/HTMLParser.LinkFileList -nostdlib -Xlinker -object_path_lto -Xlinker /Users/admin/builder/spi-builder-workspace/.derivedData/Build/Intermediates.noindex/XMLKit.build/Debug-watchos/HTMLParser.build/Objects-normal/armv7k/HTMLParser_lto.o -rdynamic -Xlinker -no_deduplicate -Xlinker -dependency_info -Xlinker /Users/admin/builder/spi-builder-workspace/.derivedData/Build/Intermediates.noindex/XMLKit.build/Debug-watchos/HTMLParser.build/Objects-normal/armv7k/HTMLParser_dependency_info.dat -fobjc-link-runtime -L/Applications/Xcode-16.3.0.app/Contents/Developer/Toolchains/XcodeDefault.xctoolchain/usr/lib/swift/watchos -L/usr/lib/swift -Xlinker -add_ast_path -Xlinker /Users/admin/builder/spi-builder-workspace/.derivedData/Build/Intermediates.noindex/XMLKit.build/Debug-watchos/HTMLParser.build/Objects-normal/armv7k/HTMLParser.swiftmodule -o /Users/admin/builder/spi-builder-workspace/.derivedData/Build/Intermediates.noindex/XMLKit.build/Debug-watchos/HTMLParser.build/Objects-normal/armv7k/Binary/HTMLParser.o
SwiftCompile normal arm64 Compiling\ TextBlock.swift,\ TextBlockConverter.swift,\ TextHTMLElement.swift,\ TextTable.swift,\ TextTableBlock.swift,\ TiledLayerWithoutFade.swift,\ UIFont+DTCoreText.swift,\ VideoTextAttachment.swift /Users/admin/builder/spi-builder-workspace/Sources/DTCoreText/TextBlock.swift /Users/admin/builder/spi-builder-workspace/Sources/DTCoreText/TextBlockConverter.swift /Users/admin/builder/spi-builder-workspace/Sources/DTCoreText/TextHTMLElement.swift /Users/admin/builder/spi-builder-workspace/Sources/DTCoreText/TextTable.swift /Users/admin/builder/spi-builder-workspace/Sources/DTCoreText/TextTableBlock.swift /Users/admin/builder/spi-builder-workspace/Sources/DTCoreText/TiledLayerWithoutFade.swift /Users/admin/builder/spi-builder-workspace/Sources/DTCoreText/UIFont+DTCoreText.swift /Users/admin/builder/spi-builder-workspace/Sources/DTCoreText/VideoTextAttachment.swift (in target 'DTCoreText' from project 'DTCoreText' at path '/Users/admin/builder/spi-builder-workspace/Package.swift')
SwiftCompile normal arm64 /Users/admin/builder/spi-builder-workspace/Sources/DTCoreText/TextBlock.swift (in target 'DTCoreText' from project 'DTCoreText' at path '/Users/admin/builder/spi-builder-workspace/Package.swift')
cd /Users/admin/builder/spi-builder-workspace/DTCoreText.xcodeproj
SwiftCompile normal arm64 /Users/admin/builder/spi-builder-workspace/Sources/DTCoreText/TextBlockConverter.swift (in target 'DTCoreText' from project 'DTCoreText' at path '/Users/admin/builder/spi-builder-workspace/Package.swift')
cd /Users/admin/builder/spi-builder-workspace/DTCoreText.xcodeproj
SwiftCompile normal arm64 /Users/admin/builder/spi-builder-workspace/Sources/DTCoreText/TextHTMLElement.swift (in target 'DTCoreText' from project 'DTCoreText' at path '/Users/admin/builder/spi-builder-workspace/Package.swift')
cd /Users/admin/builder/spi-builder-workspace/DTCoreText.xcodeproj
SwiftCompile normal arm64 /Users/admin/builder/spi-builder-workspace/Sources/DTCoreText/TextTable.swift (in target 'DTCoreText' from project 'DTCoreText' at path '/Users/admin/builder/spi-builder-workspace/Package.swift')
cd /Users/admin/builder/spi-builder-workspace/DTCoreText.xcodeproj
SwiftCompile normal arm64 /Users/admin/builder/spi-builder-workspace/Sources/DTCoreText/TextTableBlock.swift (in target 'DTCoreText' from project 'DTCoreText' at path '/Users/admin/builder/spi-builder-workspace/Package.swift')
cd /Users/admin/builder/spi-builder-workspace/DTCoreText.xcodeproj
SwiftCompile normal arm64 /Users/admin/builder/spi-builder-workspace/Sources/DTCoreText/TiledLayerWithoutFade.swift (in target 'DTCoreText' from project 'DTCoreText' at path '/Users/admin/builder/spi-builder-workspace/Package.swift')
cd /Users/admin/builder/spi-builder-workspace/DTCoreText.xcodeproj
SwiftCompile normal arm64 /Users/admin/builder/spi-builder-workspace/Sources/DTCoreText/UIFont+DTCoreText.swift (in target 'DTCoreText' from project 'DTCoreText' at path '/Users/admin/builder/spi-builder-workspace/Package.swift')
cd /Users/admin/builder/spi-builder-workspace/DTCoreText.xcodeproj
SwiftCompile normal arm64 /Users/admin/builder/spi-builder-workspace/Sources/DTCoreText/VideoTextAttachment.swift (in target 'DTCoreText' from project 'DTCoreText' at path '/Users/admin/builder/spi-builder-workspace/Package.swift')
cd /Users/admin/builder/spi-builder-workspace/DTCoreText.xcodeproj
CreateUniversalBinary /Users/admin/builder/spi-builder-workspace/.derivedData/Build/Products/Debug-watchos/HTMLParser.o normal arm64\ armv7k\ arm64_32 (in target 'HTMLParser' from project 'XMLKit')
cd /Users/admin/builder/spi-builder-workspace/.dependencies/checkouts/XMLKit
/Applications/Xcode-16.3.0.app/Contents/Developer/Toolchains/XcodeDefault.xctoolchain/usr/bin/lipo -create /Users/admin/builder/spi-builder-workspace/.derivedData/Build/Intermediates.noindex/XMLKit.build/Debug-watchos/HTMLParser.build/Objects-normal/arm64/Binary/HTMLParser.o /Users/admin/builder/spi-builder-workspace/.derivedData/Build/Intermediates.noindex/XMLKit.build/Debug-watchos/HTMLParser.build/Objects-normal/armv7k/Binary/HTMLParser.o /Users/admin/builder/spi-builder-workspace/.derivedData/Build/Intermediates.noindex/XMLKit.build/Debug-watchos/HTMLParser.build/Objects-normal/arm64_32/Binary/HTMLParser.o -output /Users/admin/builder/spi-builder-workspace/.derivedData/Build/Products/Debug-watchos/HTMLParser.o
SwiftDriverJobDiscovery normal arm64_32 Compiling DTCoreTextFunctions.swift, DTCoreTextLayoutFrame+Cursor.swift, DTCoreTextLayoutFrameLinePositioningOptions.swift, DTEdgeInsets.swift, DTHTMLElementClearStyle.swift, DTHTMLElementDisplayStyle.swift, DTHTMLElementFloatStyle.swift, DTHTMLElementFontVariant.swift, DTImage+HTML.swift (in target 'DTCoreText' from project 'DTCoreText' at path '/Users/admin/builder/spi-builder-workspace/Package.swift')
SwiftCompile normal arm64 Compiling\ CoreTextLayoutFrame.swift,\ CoreTextLayoutFrameDrawingOptions.swift,\ CoreTextLayoutLine.swift,\ CoreTextLayouter.swift,\ CoreTextParagraphStyle.swift,\ DTAttributedTextContentViewDelegate.swift,\ DTAttributedTextContentViewRelayoutMask.swift,\ DTColorFunctions.swift,\ DTCoreTextConstants.swift /Users/admin/builder/spi-builder-workspace/Sources/DTCoreText/CoreTextLayoutFrame.swift /Users/admin/builder/spi-builder-workspace/Sources/DTCoreText/CoreTextLayoutFrameDrawingOptions.swift /Users/admin/builder/spi-builder-workspace/Sources/DTCoreText/CoreTextLayoutLine.swift /Users/admin/builder/spi-builder-workspace/Sources/DTCoreText/CoreTextLayouter.swift /Users/admin/builder/spi-builder-workspace/Sources/DTCoreText/CoreTextParagraphStyle.swift /Users/admin/builder/spi-builder-workspace/Sources/DTCoreText/DTAttributedTextContentViewDelegate.swift /Users/admin/builder/spi-builder-workspace/Sources/DTCoreText/DTAttributedTextContentViewRelayoutMask.swift /Users/admin/builder/spi-builder-workspace/Sources/DTCoreText/DTColorFunctions.swift /Users/admin/builder/spi-builder-workspace/Sources/DTCoreText/DTCoreTextConstants.swift (in target 'DTCoreText' from project 'DTCoreText' at path '/Users/admin/builder/spi-builder-workspace/Package.swift')
SwiftCompile normal arm64 /Users/admin/builder/spi-builder-workspace/Sources/DTCoreText/CoreTextLayoutFrame.swift (in target 'DTCoreText' from project 'DTCoreText' at path '/Users/admin/builder/spi-builder-workspace/Package.swift')
cd /Users/admin/builder/spi-builder-workspace/DTCoreText.xcodeproj
SwiftCompile normal arm64 /Users/admin/builder/spi-builder-workspace/Sources/DTCoreText/CoreTextLayoutFrameDrawingOptions.swift (in target 'DTCoreText' from project 'DTCoreText' at path '/Users/admin/builder/spi-builder-workspace/Package.swift')
cd /Users/admin/builder/spi-builder-workspace/DTCoreText.xcodeproj
SwiftCompile normal arm64 /Users/admin/builder/spi-builder-workspace/Sources/DTCoreText/CoreTextLayoutLine.swift (in target 'DTCoreText' from project 'DTCoreText' at path '/Users/admin/builder/spi-builder-workspace/Package.swift')
cd /Users/admin/builder/spi-builder-workspace/DTCoreText.xcodeproj
SwiftCompile normal arm64 /Users/admin/builder/spi-builder-workspace/Sources/DTCoreText/CoreTextLayouter.swift (in target 'DTCoreText' from project 'DTCoreText' at path '/Users/admin/builder/spi-builder-workspace/Package.swift')
cd /Users/admin/builder/spi-builder-workspace/DTCoreText.xcodeproj
SwiftCompile normal arm64 /Users/admin/builder/spi-builder-workspace/Sources/DTCoreText/CoreTextParagraphStyle.swift (in target 'DTCoreText' from project 'DTCoreText' at path '/Users/admin/builder/spi-builder-workspace/Package.swift')
cd /Users/admin/builder/spi-builder-workspace/DTCoreText.xcodeproj
SwiftCompile normal arm64 /Users/admin/builder/spi-builder-workspace/Sources/DTCoreText/DTAttributedTextContentViewDelegate.swift (in target 'DTCoreText' from project 'DTCoreText' at path '/Users/admin/builder/spi-builder-workspace/Package.swift')
cd /Users/admin/builder/spi-builder-workspace/DTCoreText.xcodeproj
SwiftCompile normal arm64 /Users/admin/builder/spi-builder-workspace/Sources/DTCoreText/DTAttributedTextContentViewRelayoutMask.swift (in target 'DTCoreText' from project 'DTCoreText' at path '/Users/admin/builder/spi-builder-workspace/Package.swift')
cd /Users/admin/builder/spi-builder-workspace/DTCoreText.xcodeproj
SwiftCompile normal arm64 /Users/admin/builder/spi-builder-workspace/Sources/DTCoreText/DTColorFunctions.swift (in target 'DTCoreText' from project 'DTCoreText' at path '/Users/admin/builder/spi-builder-workspace/Package.swift')
cd /Users/admin/builder/spi-builder-workspace/DTCoreText.xcodeproj
SwiftCompile normal arm64 /Users/admin/builder/spi-builder-workspace/Sources/DTCoreText/DTCoreTextConstants.swift (in target 'DTCoreText' from project 'DTCoreText' at path '/Users/admin/builder/spi-builder-workspace/Package.swift')
cd /Users/admin/builder/spi-builder-workspace/DTCoreText.xcodeproj
SwiftCompile normal arm64 Compiling\ NSCoder+DTCompatibility.swift,\ NSDictionary+DTCoreText.swift,\ NSMutableAttributedString+HTML.swift,\ NSMutableString+HTML.swift,\ NSNumber+RomanNumerals.swift,\ NSScanner+HTML.swift,\ NSString+CSS.swift,\ NSString+HTML.swift,\ NSString+Paragraphs.swift /Users/admin/builder/spi-builder-workspace/Sources/DTCoreText/NSCoder+DTCompatibility.swift /Users/admin/builder/spi-builder-workspace/Sources/DTCoreText/NSDictionary+DTCoreText.swift /Users/admin/builder/spi-builder-workspace/Sources/DTCoreText/NSMutableAttributedString+HTML.swift /Users/admin/builder/spi-builder-workspace/Sources/DTCoreText/NSMutableString+HTML.swift /Users/admin/builder/spi-builder-workspace/Sources/DTCoreText/NSNumber+RomanNumerals.swift /Users/admin/builder/spi-builder-workspace/Sources/DTCoreText/NSScanner+HTML.swift /Users/admin/builder/spi-builder-workspace/Sources/DTCoreText/NSString+CSS.swift /Users/admin/builder/spi-builder-workspace/Sources/DTCoreText/NSString+HTML.swift /Users/admin/builder/spi-builder-workspace/Sources/DTCoreText/NSString+Paragraphs.swift (in target 'DTCoreText' from project 'DTCoreText' at path '/Users/admin/builder/spi-builder-workspace/Package.swift')
Command SwiftCompile failed with a nonzero exit code
** BUILD FAILED **
The following build commands failed:
EmitSwiftModule normal arm64_32 (in target 'DTCoreText' from project 'DTCoreText' at path '/Users/admin/builder/spi-builder-workspace/Package.swift')
SwiftEmitModule normal arm64_32 Emitting\ module\ for\ DTCoreText (in target 'DTCoreText' from project 'DTCoreText' at path '/Users/admin/builder/spi-builder-workspace/Package.swift')
SwiftCompile normal arm64 Compiling\ NSCoder+DTCompatibility.swift,\ NSDictionary+DTCoreText.swift,\ NSMutableAttributedString+HTML.swift,\ NSMutableString+HTML.swift,\ NSNumber+RomanNumerals.swift,\ NSScanner+HTML.swift,\ NSString+CSS.swift,\ NSString+HTML.swift,\ NSString+Paragraphs.swift /Users/admin/builder/spi-builder-workspace/Sources/DTCoreText/NSCoder+DTCompatibility.swift /Users/admin/builder/spi-builder-workspace/Sources/DTCoreText/NSDictionary+DTCoreText.swift /Users/admin/builder/spi-builder-workspace/Sources/DTCoreText/NSMutableAttributedString+HTML.swift /Users/admin/builder/spi-builder-workspace/Sources/DTCoreText/NSMutableString+HTML.swift /Users/admin/builder/spi-builder-workspace/Sources/DTCoreText/NSNumber+RomanNumerals.swift /Users/admin/builder/spi-builder-workspace/Sources/DTCoreText/NSScanner+HTML.swift /Users/admin/builder/spi-builder-workspace/Sources/DTCoreText/NSString+CSS.swift /Users/admin/builder/spi-builder-workspace/Sources/DTCoreText/NSString+HTML.swift /Users/admin/builder/spi-builder-workspace/Sources/DTCoreText/NSString+Paragraphs.swift (in target 'DTCoreText' from project 'DTCoreText' at path '/Users/admin/builder/spi-builder-workspace/Package.swift')
Building project DTCoreText with scheme DTCoreText-Package
(4 failures)
BUILD FAILURE 6.1 watchOS