Build Information
Failed to build GoogleCloudBeyondCorpAppConnectorsV1, reference main (417b13), with Swift 6.2 for Android on 10 Oct 2026 23:01:33 UTC.
Build Command
bash -c docker run --pull=always --rm -v "checkouts-53886768-1":/host -w "$PWD" -e JAVA_HOME="/root/.sdkman/candidates/java/current" -e SPI_BUILD="1" -e SPI_PROCESSING="1" registry.gitlab.com/saguaro1/spi-images:android-6.2-latest swift build --swift-sdk aarch64-unknown-linux-android28 2>&1Build Log
========================================
RunAll
========================================
Builder version: 5.1.1
Interrupt handler set up.
========================================
Checkout
========================================
Clone URL: https://github.com/googleapis/swift-google-cloud-beyondcorp-appconnectors-v1.git
Reference: main
Initialized empty Git repository in /host/spi-builder-workspace/.git/
hint: Using 'master' as the name for the initial branch. This default branch name
hint: is subject to change. To configure the initial branch name to use in all
hint: of your new repositories, which will suppress this warning, call:
hint:
hint: git config --global init.defaultBranch <name>
hint:
hint: Names commonly chosen instead of 'master' are 'main', 'trunk' and
hint: 'development'. The just-created branch can be renamed via this command:
hint:
hint: git branch -m <name>
From https://github.com/googleapis/swift-google-cloud-beyondcorp-appconnectors-v1
* branch main -> FETCH_HEAD
* [new branch] main -> origin/main
HEAD is now at 417b135 chore: release circa 2026-10-07 (#1382)
Cloned https://github.com/googleapis/swift-google-cloud-beyondcorp-appconnectors-v1.git
Revision (git rev-parse @):
417b1351d0836c4705049937872c07caf3695c84
SPI manifest file found: $PWD/.spi.yml
SUCCESS checkout https://github.com/googleapis/swift-google-cloud-beyondcorp-appconnectors-v1.git at main
========================================
Build
========================================
Selected platform: android
Swift version: 6.2
Building package at path: $PWD
https://github.com/googleapis/swift-google-cloud-beyondcorp-appconnectors-v1.git
Running build ...
bash -c docker run --pull=always --rm -v "checkouts-53886768-1":/host -w "$PWD" -e JAVA_HOME="/root/.sdkman/candidates/java/current" -e SPI_BUILD="1" -e SPI_PROCESSING="1" registry.gitlab.com/saguaro1/spi-images:android-6.2-latest swift build --swift-sdk aarch64-unknown-linux-android28 2>&1
android-6.2-latest: Pulling from saguaro1/spi-images
Digest: sha256:a839c9ce201f1dacc8eb056626ec7ab0a1c6d53d7b77c83feda395f4507c51be
Status: Image is up to date for registry.gitlab.com/saguaro1/spi-images:android-6.2-latest
Fetching https://github.com/apple/swift-log
Fetching https://github.com/googleapis/swift-google-cloud-location
Fetching https://github.com/googleapis/swift-google-gax
Fetching https://github.com/googleapis/swift-google-rpc
Fetching https://github.com/googleapis/swift-google-longrunning
Fetching https://github.com/googleapis/swift-google-wkt
[1/1023] Fetching swift-google-wkt
[94/1445] Fetching swift-google-wkt, swift-google-rpc
[111/9702] Fetching swift-google-wkt, swift-google-rpc, swift-log
[655/10254] Fetching swift-google-wkt, swift-google-rpc, swift-log, swift-google-cloud-location
[851/10873] Fetching swift-google-wkt, swift-google-rpc, swift-log, swift-google-cloud-location, swift-google-longrunning
[2915/12621] Fetching swift-google-wkt, swift-google-rpc, swift-log, swift-google-cloud-location, swift-google-longrunning, swift-google-gax
Fetched https://github.com/googleapis/swift-google-wkt from cache (0.49s)
Fetched https://github.com/googleapis/swift-google-cloud-location from cache (0.50s)
[3583/11046] Fetching swift-google-rpc, swift-log, swift-google-longrunning, swift-google-gax
Fetching https://github.com/googleapis/swift-google-auth
Fetching https://github.com/googleapis/swift-google-iam-v1
Fetched https://github.com/googleapis/swift-google-gax from cache (0.60s)
Fetched https://github.com/googleapis/swift-google-longrunning from cache (0.60s)
Fetched https://github.com/googleapis/swift-google-rpc from cache (0.60s)
[7762/8257] Fetching swift-log
Fetched https://github.com/apple/swift-log from cache (0.79s)
[1/706] Fetching swift-google-iam-v1
[439/1729] Fetching swift-google-iam-v1, swift-google-auth
Fetched https://github.com/googleapis/swift-google-iam-v1 from cache (0.45s)
[962/1023] Fetching swift-google-auth
Fetched https://github.com/googleapis/swift-google-auth from cache (0.50s)
Computing version for https://github.com/googleapis/swift-google-wkt
Computed https://github.com/googleapis/swift-google-wkt at 0.5.0 (1.31s)
Fetching https://github.com/swift-extras/swift-extras-base64
[1/954] Fetching swift-extras-base64
Fetched https://github.com/swift-extras/swift-extras-base64 from cache (0.44s)
Computing version for https://github.com/googleapis/swift-google-rpc
Computed https://github.com/googleapis/swift-google-rpc at 0.5.0 (0.73s)
Computing version for https://github.com/googleapis/swift-google-longrunning
Computed https://github.com/googleapis/swift-google-longrunning at 0.5.0 (0.25s)
Computing version for https://github.com/googleapis/swift-google-iam-v1
Computed https://github.com/googleapis/swift-google-iam-v1 at 0.5.0 (0.27s)
Fetching https://github.com/googleapis/swift-google-type
[1/437] Fetching swift-google-type
Fetched https://github.com/googleapis/swift-google-type from cache (0.39s)
Computing version for https://github.com/googleapis/swift-google-gax
Computed https://github.com/googleapis/swift-google-gax at 0.5.0 (0.67s)
Fetching https://github.com/swift-server/async-http-client.git
Fetching https://github.com/apple/swift-nio
[1/16464] Fetching async-http-client
[16465/102838] Fetching async-http-client, swift-nio
Fetched https://github.com/swift-server/async-http-client.git from cache (1.27s)
[25913/86374] Fetching swift-nio
Fetched https://github.com/apple/swift-nio from cache (5.02s)
Computing version for https://github.com/googleapis/swift-google-cloud-location
Computed https://github.com/googleapis/swift-google-cloud-location at 0.5.0 (5.28s)
Computing version for https://github.com/googleapis/swift-google-auth
Computed https://github.com/googleapis/swift-google-auth at 0.5.0 (0.26s)
Fetching https://github.com/vapor/jwt-kit.git
Fetching https://github.com/apple/swift-system.git
[1/7241] Fetching swift-system
[2101/17495] Fetching swift-system, jwt-kit
Fetched https://github.com/apple/swift-system.git from cache (0.76s)
[1949/10254] Fetching jwt-kit
Fetched https://github.com/vapor/jwt-kit.git from cache (1.20s)
Computing version for https://github.com/googleapis/swift-google-type
Computed https://github.com/googleapis/swift-google-type at 0.5.0 (1.45s)
Computing version for https://github.com/swift-extras/swift-extras-base64
Computed https://github.com/swift-extras/swift-extras-base64 at 1.2.0 (0.25s)
Computing version for https://github.com/swift-server/async-http-client.git
Computed https://github.com/swift-server/async-http-client.git at 1.36.2 (0.31s)
Fetching https://github.com/apple/swift-nio-transport-services.git
Fetching https://github.com/apple/swift-algorithms.git
Fetching https://github.com/apple/swift-nio-extras.git
Fetching https://github.com/apple/swift-configuration.git
Fetching https://github.com/apple/swift-nio-http2.git
[1/3928] Fetching swift-configuration
[119/6795] Fetching swift-configuration, swift-nio-transport-services
[2834/13498] Fetching swift-configuration, swift-nio-transport-services, swift-nio-extras
[3346/19662] Fetching swift-configuration, swift-nio-transport-services, swift-nio-extras, swift-algorithms
Fetched https://github.com/apple/swift-nio-transport-services.git from cache (0.56s)
[12762/16795] Fetching swift-configuration, swift-nio-extras, swift-algorithms
Fetching https://github.com/apple/swift-nio-ssl.git
[16796/29089] Fetching swift-configuration, swift-nio-extras, swift-algorithms, swift-nio-http2
Fetching https://github.com/apple/swift-service-context.git
Fetched https://github.com/apple/swift-algorithms.git from cache (0.71s)
Fetching https://github.com/apple/swift-atomics.git
[11246/22925] Fetching swift-configuration, swift-nio-extras, swift-nio-http2
[13214/39786] Fetching swift-configuration, swift-nio-extras, swift-nio-http2, swift-nio-ssl
[13506/41286] Fetching swift-configuration, swift-nio-extras, swift-nio-http2, swift-nio-ssl, swift-service-context
[13690/43175] Fetching swift-configuration, swift-nio-extras, swift-nio-http2, swift-nio-ssl, swift-service-context, swift-atomics
Fetched https://github.com/apple/swift-service-context.git from cache (0.48s)
[17753/41675] Fetching swift-configuration, swift-nio-extras, swift-nio-http2, swift-nio-ssl, swift-atomics
Fetching https://github.com/apple/swift-distributed-tracing.git
Fetched https://github.com/apple/swift-atomics.git from cache (0.62s)
[22754/39786] Fetching swift-configuration, swift-nio-extras, swift-nio-http2, swift-nio-ssl
[27142/46337] Fetching swift-configuration, swift-nio-extras, swift-nio-http2, swift-nio-ssl, swift-distributed-tracing
Fetched https://github.com/apple/swift-distributed-tracing.git from cache (0.71s)
[36583/39786] Fetching swift-configuration, swift-nio-extras, swift-nio-http2, swift-nio-ssl
Fetched https://github.com/apple/swift-configuration.git from cache (1.99s)
Fetched https://github.com/apple/swift-nio-extras.git from cache (1.99s)
Fetched https://github.com/apple/swift-nio-http2.git from cache (2.00s)
Fetched https://github.com/apple/swift-nio-ssl.git from cache (2.14s)
Computing version for https://github.com/apple/swift-service-context.git
Computed https://github.com/apple/swift-service-context.git at 1.3.0 (2.99s)
Computing version for https://github.com/apple/swift-algorithms.git
Computed https://github.com/apple/swift-algorithms.git at 1.2.1 (1.47s)
Fetching https://github.com/apple/swift-numerics.git
[1/6728] Fetching swift-numerics
Fetched https://github.com/apple/swift-numerics.git from cache (0.64s)
Computing version for https://github.com/apple/swift-log
Computed https://github.com/apple/swift-log at 1.16.1 (0.88s)
Computing version for https://github.com/apple/swift-distributed-tracing.git
Computed https://github.com/apple/swift-distributed-tracing.git at 1.5.0 (0.23s)
Computing version for https://github.com/apple/swift-atomics.git
Computed https://github.com/apple/swift-atomics.git at 1.3.1 (0.33s)
Computing version for https://github.com/apple/swift-numerics.git
Computed https://github.com/apple/swift-numerics.git at 1.1.1 (0.30s)
Computing version for https://github.com/apple/swift-nio
Computed https://github.com/apple/swift-nio at 2.104.0 (0.54s)
Fetching https://github.com/apple/swift-collections.git
[1/28703] Fetching swift-collections
Fetched https://github.com/apple/swift-collections.git from cache (1.59s)
Computing version for https://github.com/apple/swift-configuration.git
Computed https://github.com/apple/swift-configuration.git at 1.2.2 (2.88s)
Fetching https://github.com/swift-server/swift-service-lifecycle
[1/2867] Fetching swift-service-lifecycle
Fetched https://github.com/swift-server/swift-service-lifecycle from cache (0.55s)
Computing version for https://github.com/apple/swift-nio-transport-services.git
Computed https://github.com/apple/swift-nio-transport-services.git at 1.28.0 (0.79s)
Computing version for https://github.com/swift-server/swift-service-lifecycle
Computed https://github.com/swift-server/swift-service-lifecycle at 2.12.1 (0.25s)
Fetching https://github.com/apple/swift-async-algorithms.git
[1/6820] Fetching swift-async-algorithms
Fetched https://github.com/apple/swift-async-algorithms.git from cache (0.62s)
Computing version for https://github.com/apple/swift-async-algorithms.git
Computed https://github.com/apple/swift-async-algorithms.git at 1.1.7 (0.93s)
Computing version for https://github.com/apple/swift-collections.git
Computed https://github.com/apple/swift-collections.git at 1.7.2 (0.37s)
Computing version for https://github.com/apple/swift-nio-http2.git
Computed https://github.com/apple/swift-nio-http2.git at 1.46.0 (0.24s)
Computing version for https://github.com/vapor/jwt-kit.git
Computed https://github.com/vapor/jwt-kit.git at 5.7.1 (0.23s)
Fetching https://github.com/apple/swift-certificates.git
Fetching https://github.com/apple/swift-crypto.git
[1/18629] Fetching swift-crypto
[560/26238] Fetching swift-crypto, swift-certificates
Fetched https://github.com/apple/swift-certificates.git from cache (0.72s)
[2050/18629] Fetching swift-crypto
Fetched https://github.com/apple/swift-crypto.git from cache (1.55s)
Computing version for https://github.com/apple/swift-crypto.git
Computed https://github.com/apple/swift-crypto.git at 4.5.2 (2.22s)
Fetching https://github.com/apple/swift-asn1.git
[1/2009] Fetching swift-asn1
Fetched https://github.com/apple/swift-asn1.git from cache (0.54s)
Computing version for https://github.com/apple/swift-asn1.git
Computed https://github.com/apple/swift-asn1.git at 1.7.3 (0.83s)
Computing version for https://github.com/apple/swift-certificates.git
Computed https://github.com/apple/swift-certificates.git at 1.21.0 (0.36s)
Computing version for https://github.com/apple/swift-nio-ssl.git
Computed https://github.com/apple/swift-nio-ssl.git at 2.37.5 (0.35s)
Computing version for https://github.com/apple/swift-system.git
Computed https://github.com/apple/swift-system.git at 1.8.1 (0.28s)
Computing version for https://github.com/apple/swift-nio-extras.git
Computed https://github.com/apple/swift-nio-extras.git at 1.35.1 (0.43s)
Fetching https://github.com/apple/swift-http-types.git
[1/1939] Fetching swift-http-types
Fetching https://github.com/apple/swift-http-structured-headers.git
Fetched https://github.com/apple/swift-http-types.git from cache (0.45s)
[1/1253] Fetching swift-http-structured-headers
Fetched https://github.com/apple/swift-http-structured-headers.git from cache (0.45s)
Computing version for https://github.com/apple/swift-http-structured-headers.git
Computed https://github.com/apple/swift-http-structured-headers.git at 1.7.0 (1.19s)
Computing version for https://github.com/apple/swift-http-types.git
Computed https://github.com/apple/swift-http-types.git at 1.8.0 (0.26s)
Creating working copy for https://github.com/apple/swift-http-structured-headers.git
Working copy of https://github.com/apple/swift-http-structured-headers.git resolved at 1.7.0
Creating working copy for https://github.com/googleapis/swift-google-gax
Working copy of https://github.com/googleapis/swift-google-gax resolved at 0.5.0
Creating working copy for https://github.com/swift-server/swift-service-lifecycle
Working copy of https://github.com/swift-server/swift-service-lifecycle resolved at 2.12.1
Creating working copy for https://github.com/apple/swift-async-algorithms.git
Working copy of https://github.com/apple/swift-async-algorithms.git resolved at 1.1.7
Creating working copy for https://github.com/apple/swift-nio-transport-services.git
Working copy of https://github.com/apple/swift-nio-transport-services.git resolved at 1.28.0
Creating working copy for https://github.com/googleapis/swift-google-auth
Working copy of https://github.com/googleapis/swift-google-auth resolved at 0.5.0
Creating working copy for https://github.com/apple/swift-nio
Working copy of https://github.com/apple/swift-nio resolved at 2.104.0
Creating working copy for https://github.com/googleapis/swift-google-iam-v1
Working copy of https://github.com/googleapis/swift-google-iam-v1 resolved at 0.5.0
Creating working copy for https://github.com/vapor/jwt-kit.git
Working copy of https://github.com/vapor/jwt-kit.git resolved at 5.7.1
Creating working copy for https://github.com/apple/swift-distributed-tracing.git
Working copy of https://github.com/apple/swift-distributed-tracing.git resolved at 1.5.0
Creating working copy for https://github.com/apple/swift-system.git
Working copy of https://github.com/apple/swift-system.git resolved at 1.8.1
Creating working copy for https://github.com/apple/swift-asn1.git
Working copy of https://github.com/apple/swift-asn1.git resolved at 1.7.3
Creating working copy for https://github.com/googleapis/swift-google-longrunning
Working copy of https://github.com/googleapis/swift-google-longrunning resolved at 0.5.0
Creating working copy for https://github.com/apple/swift-atomics.git
Working copy of https://github.com/apple/swift-atomics.git resolved at 1.3.1
Creating working copy for https://github.com/googleapis/swift-google-type
Working copy of https://github.com/googleapis/swift-google-type resolved at 0.5.0
Creating working copy for https://github.com/apple/swift-log
Working copy of https://github.com/apple/swift-log resolved at 1.16.1
Creating working copy for https://github.com/swift-server/async-http-client.git
Working copy of https://github.com/swift-server/async-http-client.git resolved at 1.36.2
Creating working copy for https://github.com/apple/swift-collections.git
Working copy of https://github.com/apple/swift-collections.git resolved at 1.7.2
Creating working copy for https://github.com/apple/swift-crypto.git
Working copy of https://github.com/apple/swift-crypto.git resolved at 4.5.2
Creating working copy for https://github.com/apple/swift-http-types.git
Working copy of https://github.com/apple/swift-http-types.git resolved at 1.8.0
Creating working copy for https://github.com/swift-extras/swift-extras-base64
Working copy of https://github.com/swift-extras/swift-extras-base64 resolved at 1.2.0
Creating working copy for https://github.com/apple/swift-nio-http2.git
Working copy of https://github.com/apple/swift-nio-http2.git resolved at 1.46.0
Creating working copy for https://github.com/apple/swift-service-context.git
Working copy of https://github.com/apple/swift-service-context.git resolved at 1.3.0
Creating working copy for https://github.com/apple/swift-nio-ssl.git
Working copy of https://github.com/apple/swift-nio-ssl.git resolved at 2.37.5
Creating working copy for https://github.com/apple/swift-nio-extras.git
Working copy of https://github.com/apple/swift-nio-extras.git resolved at 1.35.1
Creating working copy for https://github.com/apple/swift-certificates.git
Working copy of https://github.com/apple/swift-certificates.git resolved at 1.21.0
Creating working copy for https://github.com/googleapis/swift-google-wkt
Working copy of https://github.com/googleapis/swift-google-wkt resolved at 0.5.0
Creating working copy for https://github.com/apple/swift-algorithms.git
Working copy of https://github.com/apple/swift-algorithms.git resolved at 1.2.1
Creating working copy for https://github.com/apple/swift-numerics.git
Working copy of https://github.com/apple/swift-numerics.git resolved at 1.1.1
Creating working copy for https://github.com/googleapis/swift-google-rpc
Working copy of https://github.com/googleapis/swift-google-rpc resolved at 0.5.0
Creating working copy for https://github.com/apple/swift-configuration.git
Working copy of https://github.com/apple/swift-configuration.git resolved at 1.2.2
Creating working copy for https://github.com/googleapis/swift-google-cloud-location
Working copy of https://github.com/googleapis/swift-google-cloud-location resolved at 0.5.0
Building for debugging...
[0/958] Compiling CAsyncHTTPClient CAsyncHTTPClient.c
[1/958] Write swift-version--11D90AFD9DD3AB2.txt
[2/958] Compiling _NumericsShims _NumericsShims.c
[3/958] Write sources
[4/962] Compiling aes.cc
[5/962] Write sources
[8/962] Compiling _AtomicsShims.c
[9/962] Compiling f_string.cc
[10/962] Compiling a_i2d_fp.cc
[10/962] Write sources
[44/983] Compiling a_bitstr.cc
[45/983] Compiling a_utctm.cc
[46/997] Compiling p_ec_asn1.cc
[47/997] Compiling name_print.cc
[49/1000] Emitting module ServiceContextModule
[50/1036] Emitting module InternalCollectionsUtilities
[51/1039] Compiling InternalCollectionsUtilities Iterable+CopyContents.swift
[52/1039] Compiling InternalCollectionsUtilities Iterable+Equality.swift
[53/1039] Compiling InternalCollectionsUtilities LifetimeOverride.swift
[54/1039] Compiling InternalCollectionsUtilities MutableRef.swift
[55/1039] Compiling InternalCollectionsUtilities UnsafeMutablePointer+Extras.swift
[56/1039] Compiling InternalCollectionsUtilities UnsafeMutableRawBufferPointer+Extras.swift
[57/1039] Compiling InternalCollectionsUtilities UnsafePointer+Extras.swift
[58/1039] Compiling InternalCollectionsUtilities UnsafeRawBufferPointer+Extras.swift
[59/1039] Compiling InternalCollectionsUtilities _SortedCollection.swift
[60/1039] Compiling InternalCollectionsUtilities _UniqueCollection.swift
[61/1039] Compiling InternalCollectionsUtilities MutableSpan+Extras.swift
[62/1039] Compiling InternalCollectionsUtilities OutputSpan+Extras.swift
[63/1039] Compiling InternalCollectionsUtilities RandomAccessCollection+Offsets.swift
[64/1039] Compiling InternalCollectionsUtilities Span+Extras.swift
[65/1039] Compiling _NIOBase64 Base64.swift
[66/1039] Emitting module _NIOBase64
[67/1039] Compiling InternalCollectionsUtilities FixedWidthInteger+roundUpToPowerOfTwo.swift
[68/1039] Compiling InternalCollectionsUtilities Integer rank.swift
[69/1039] Compiling InternalCollectionsUtilities UInt+first and last set bit.swift
[70/1039] Compiling InternalCollectionsUtilities UInt+reversed.swift
[71/1040] Compiling InternalCollectionsUtilities Strideable+LimitHelpers.swift
[72/1040] Compiling InternalCollectionsUtilities String+Padding.swift
[73/1040] Compiling InternalCollectionsUtilities TemporaryAllocation.swift
[74/1040] Compiling InternalCollectionsUtilities _UnsafeBitSet+Index.swift
[75/1040] Compiling InternalCollectionsUtilities _UnsafeBitSet+_Word.swift
[76/1040] Compiling InternalCollectionsUtilities _UnsafeBitSet.swift
[77/1040] Compiling InternalCollectionsUtilities UnsafeBufferPointer+Extras.swift
[78/1040] Compiling InternalCollectionsUtilities UnsafeMutableBufferPointer+Extras.swift
[80/1040] Compiling Logging Logger+With.swift
[80/1041] Write sources
[88/1041] Emitting module RealModule
[89/1041] Compiling RealModule RealFunctions.swift
[90/1041] Compiling RealModule Real.swift
[91/1041] Compiling RealModule Float80+Real.swift
[94/1044] Compiling RealModule Float16+Real.swift
[97/1044] Compiling InternalCollectionsUtilities BorrowingIteratorProtocol+Equality.swift
[98/1044] Compiling InternalCollectionsUtilities BorrowingIteratorProtocol+Extras.swift
[99/1044] Compiling InternalCollectionsUtilities Debugging.swift
[100/1044] Compiling InternalCollectionsUtilities Descriptions.swift
[104/1045] Compiling CXKCPShims shims.c
[107/1045] Compiling Logging Logger+Attributes.swift
[110/1045] Compiling ServiceContextModule ServiceContext.swift
[111/1045] Compiling ServiceContextModule ServiceContextKey.swift
[115/1051] Compiling RealModule RelaxedArithmetic.swift
[117/1055] Compiling SpanPreview InputSpan.swift
[117/1056] Wrapping AST for _NIOBase64 for debugging
[119/1056] Compiling _NIODataStructures _TinyArray.swift
[120/1056] Compiling _NIODataStructures PriorityQueue.swift
[121/1056] Compiling _NIODataStructures Heap.swift
[122/1056] Emitting module _NIODataStructures
[124/1063] Compiling SpanPreview OutputSpan+InputSpanHelpers.swift
[124/1063] Wrapping AST for RealModule for debugging
[125/1063] Wrapping AST for ServiceContextModule for debugging
[126/1063] Wrapping AST for _NIODataStructures for debugging
[128/1063] Compiling SpanPreview MutableSpan+InputSpanHelpers.swift
[129/1063] Emitting module SpanPreview
[131/1064] Compiling SimpleFIPS202.c
[134/1064] Compiling _CertificateInternals _TinyArray.swift
[135/1064] Emitting module _CertificateInternals
[136/1065] Compiling Instrumentation NoOpInstrument.swift
[136/1065] Wrapping AST for InternalCollectionsUtilities for debugging
[138/1065] Compiling Instrumentation MultiplexInstrument.swift
[139/1065] Compiling Instrumentation Instrument.swift
[139/1065] Compiling KeccakSponge.c
[142/1065] Compiling Logging LoggingSystem.swift
[143/1065] Compiling Logging Logger.swift
[144/1065] Emitting module Instrumentation
[144/1065] Wrapping AST for _CertificateInternals for debugging
[145/1065] Wrapping AST for SpanPreview for debugging
[147/1065] Compiling ExtrasBase64 Base32+Span.swift
[147/1065] Compiling KeccakHash.c
[148/1065] Compiling CNIOWindows shim.c
[149/1065] Compiling CNIOWindows WSAStartup.c
[150/1065] Compiling CNIOWASI CNIOWASI.c
[151/1107] Compiling CNIOPosix event_loop_id.c
[152/1107] Compiling CSystem shims.c
[153/1107] Compiling CNIOOpenBSD shim.c
[154/1107] Compiling CNIOLinux shim.c
[156/1107] Compiling DequeModule Deque+Extras.swift
[157/1107] Compiling DequeModule Deque+Hashable.swift
[158/1107] Compiling DequeModule Deque+Testing.swift
[159/1107] Compiling DequeModule Deque.swift
[160/1107] Compiling DequeModule RigidDeque+Descriptions.swift
[161/1107] Compiling DequeModule RigidDeque+Equatable.swift
[161/1107] Compiling CNIOLinux liburing_shims.c
[162/1144] Compiling KeccakP-1600-opt64.c
[163/1144] Compiling CNIOLLHTTP c_nio_http.c
[165/1144] Compiling SystemPackage IOCompletion.swift
[166/1144] Compiling SystemPackage IORequest.swift
[167/1144] Compiling SystemPackage IORing+Util.swift
[168/1144] Compiling SystemPackage IORing.swift
[169/1144] Compiling SystemPackage RawIORequest.swift
[169/1149] Compiling CNIOLLHTTP c_nio_api.c
[170/1149] Compiling CNIOLLHTTP c_nio_llhttp.c
[171/1149] Compiling CNIOFreeBSD shim.c
[174/1149] Compiling SystemPackage RawBuffer.swift
[175/1149] Compiling SystemPackage Syscalls.swift
[176/1149] Compiling SystemPackage WindowsSyscallAdapters.swift
[177/1149] Compiling SystemPackage MachPort.swift
[178/1154] Compiling SystemPackage FilePathTemp.swift
[179/1154] Compiling SystemPackage FilePathTempPosix.swift
[180/1154] Compiling SystemPackage FilePathTempWindows.swift
[181/1154] Compiling SystemPackage FilePathWindows.swift
[182/1154] Compiling SystemPackage FilePermissions.swift
[183/1154] Compiling SystemPackage FilePathComponentView.swift
[183/1154] Compiling CNIOExtrasZlib zutil.c
[184/1154] Compiling CNIOExtrasZlib inftrees.c
[185/1154] Compiling CNIOExtrasZlib trees.c
[186/1154] Compiling CNIOExtrasZlib inffast.c
[188/1154] Compiling SystemPackage Exports.swift
[189/1154] Compiling SystemPackage Mocking.swift
[194/1154] Compiling SystemPackage PlatformString.swift
[195/1154] Compiling SystemPackage SystemString.swift
[196/1154] Compiling SystemPackage Util+StringArray.swift
[197/1154] Compiling SystemPackage Util.swift
[198/1154] Compiling SystemPackage UtilConsumers.swift
[199/1154] Compiling SystemPackage WinSDK+Overlay.swift
[200/1154] Compiling SystemPackage FileType.swift
[201/1154] Compiling SystemPackage Identifiers.swift
[202/1154] Compiling SystemPackage Stat.swift
[203/1154] Compiling SystemPackage Backcompat.swift
[204/1154] Compiling SystemPackage CInterop.swift
[205/1154] Compiling SystemPackage Constants.swift
[205/1154] Compiling CNIOExtrasZlib inflate.c
[206/1154] Compiling CNIOExtrasZlib crc32.c
[207/1154] Compiling CNIOExtrasZlib deflate.c
[208/1154] Compiling CNIOExtrasZlib adler32.c
[209/1154] Compiling CNIODarwin shim.c
[211/1154] Compiling SystemPackage FileFlags.swift
[212/1154] Compiling SystemPackage FileMode.swift
[212/1154] Compiling fiat_p256_adx_sqr.S
[213/1154] Compiling fiat_p256_adx_mul.S
[215/1154] Compiling ExtrasBase64 Base32.swift
[215/1154] Compiling fiat_curve25519_adx_square.S
[216/1154] Compiling fiat_curve25519_adx_mul.S
[223/1154] Compiling Instrumentation InstrumentationSystem.swift
[224/1154] Compiling Instrumentation Locks.swift
[225/1155] Compiling SystemPackage FileOperations.swift
[226/1155] Compiling SystemPackage FilePath.swift
[227/1155] Compiling SystemPackage Errno.swift
[228/1155] Compiling SystemPackage ErrnoWindows.swift
[229/1155] Emitting module Logging
[230/1155] Compiling Logging MetadataProvider.swift
[243/1156] Compiling SystemPackage FilePathString.swift
[244/1156] Compiling SystemPackage FilePathSyntax.swift
[246/1156] Compiling CNIOBoringSSLShims shims.c
[247/1157] Wrapping AST for Instrumentation for debugging
[248/1164] Wrapping AST for Logging for debugging
[250/1164] Emitting module SystemPackage
[256/1164] Compiling Tracing NoOpTracer.swift
[257/1165] Emitting module SwiftASN1
[258/1166] Compiling Tracing TracerProtocol+Legacy.swift
[260/1166] Compiling SystemPackage FilePathComponents.swift
[261/1166] Compiling SystemPackage FilePathParsing.swift
[268/1166] Compiling SystemPackage FileDescriptor.swift
[269/1166] Compiling SystemPackage FileHelpers.swift
[272/1166] Compiling Tracing WithTracer.swift
[273/1166] Compiling Tracing TracingTime.swift
[274/1166] Compiling Tracing SpanProtocol.swift
[275/1166] Compiling Tracing InstrumentationSystem+Tracing.swift
[281/1166] Compiling Tracing Tracer.swift
[282/1166] Emitting module Tracing
[283/1166] Compiling Tracing TracerProtocol.swift
[284/1167] Wrapping AST for Tracing for debugging
[285/1167] Wrapping AST for SwiftASN1 for debugging
[297/1168] Compiling tls_record.cc
[299/1168] Compiling tls_method.cc
[300/1168] Compiling tls13_server.cc
[301/1168] Wrapping AST for SystemPackage for debugging
[302/1168] Compiling tls13_enc.cc
[304/1168] Emitting module DequeModule
[304/1168] Compiling tls13_client.cc
[305/1168] Compiling ssl_x509.cc
[306/1168] Compiling ssl_transcript.cc
[307/1168] Compiling tls13_both.cc
[309/1168] Compiling DequeModule UniqueDeque+Replacements.swift
[310/1168] Compiling DequeModule UniqueDeque.swift
[311/1168] Compiling DequeModule _DequeSlot.swift
[312/1168] Compiling DequeModule _UnsafeDequeHandle.swift
[313/1168] Compiling DequeModule _UnsafeDequeSegments.swift
[313/1169] Compiling t1_enc.cc
[315/1169] Compiling ssl_stat.cc
[316/1174] Compiling ssl_versions.cc
[317/1212] Wrapping AST for DequeModule for debugging
[319/1212] Compiling Configuration Deprecations.swift
[320/1212] Compiling Configuration ExpressibleByConfigInt.swift
[321/1212] Compiling Configuration ExpressibleByConfigString.swift
[322/1212] Compiling Configuration CLIKeyEncoder.swift
[323/1212] Compiling Configuration ConfigKeyEncoder.swift
[324/1212] Compiling Configuration DotSeparatorKeyDecoder.swift
[324/1217] Compiling ssl_session.cc
[326/1217] Compiling ExtrasBase64 Base64.swift
[327/1217] Compiling ExtrasBase64 Base64+Span.swift
[327/1217] Compiling ssl_privkey.cc
[328/1217] Compiling ssl_key_share.cc
[329/1217] Compiling ssl_lib.cc
[331/1217] Compiling Configuration EnvironmentKeyEncoder.swift
[332/1217] Compiling Configuration EnvironmentVariablesProvider.swift
[333/1217] Compiling Configuration CommonProviderFileSystem.swift
[334/1217] Compiling Configuration DirectoryFilesProvider.swift
[335/1217] Compiling Configuration FileProvider.swift
[336/1217] Compiling Configuration FileProviderSnapshot.swift
[336/1217] Compiling ssl_file.cc
[337/1217] Compiling ssl_credential.cc
[339/1217] Emitting module ExtrasBase64
[340/1218] Compiling ssl_cipher.cc
[341/1249] Compiling ssl_buffer.cc
[342/1249] Wrapping AST for ExtrasBase64 for debugging
[343/1249] Compiling ssl_cert.cc
[344/1249] Compiling ssl_asn1.cc
[345/1249] Compiling ssl_aead_ctx.cc
[346/1249] Compiling s3_pkt.cc
[348/1249] Compiling GoogleWKT UnknownFields.swift
[349/1249] Compiling GoogleWKT WKTAny.swift
[350/1249] Compiling GoogleWKT WKTAnyError.swift
[351/1249] Compiling GoogleWKT WKTBoolValue.swift
[352/1249] Compiling GoogleWKT WKTBytesValue.swift
[353/1253] Compiling Configuration CombineLatestManyStorage.swift
[354/1253] Compiling Configuration AsyncSequences.swift
[355/1253] Compiling Configuration FoundationExtensions.swift
[356/1253] Compiling Configuration Span.swift
[357/1253] Compiling Configuration ConfigBytesFromStringDecoder.swift
[357/1253] Compiling s3_lib.cc
[359/1253] Emitting module Configuration
[365/1253] Compiling GoogleWKT AnyPackable.swift
[366/1253] Compiling GoogleWKT WKTMixin.swift
[367/1253] Compiling GoogleWKT WKTOption.swift
[368/1253] Compiling GoogleWKT WKTValue.swift
[369/1253] Compiling GoogleWKT WKTApi.swift
[370/1253] Compiling GoogleWKT WKTEnum.swift
[371/1253] Compiling GoogleWKT WKTEnumValue.swift
[372/1253] Compiling GoogleWKT WKTSourceContext.swift
[373/1253] Compiling GoogleWKT WKTSyntax.swift
[374/1253] Compiling GoogleWKT WKTType.swift
[375/1253] Compiling GoogleWKT PackageVersion.swift
[376/1253] Compiling Configuration CommandLineArgumentsProvider.swift
[377/1253] Compiling Configuration EnvironmentFileParser.swift
[378/1253] Compiling GoogleWKT WKTDoubleValue.swift
[379/1253] Compiling GoogleWKT WKTDuration.swift
[380/1253] Compiling GoogleWKT WKTEmpty.swift
[381/1253] Compiling GoogleWKT WKTFieldMask.swift
[382/1253] Compiling GoogleWKT WKTField.swift
[383/1253] Compiling GoogleWKT WKTMethod.swift
[384/1253] Compiling GoogleWKT WKTStringValue.swift
[385/1253] Compiling GoogleWKT WKTTimestamp.swift
[386/1253] Compiling GoogleWKT WKTUInt32Value.swift
[387/1253] Compiling GoogleWKT WKTUInt64Value.swift
[388/1253] Compiling GoogleWKT WKTFloatValue.swift
[389/1253] Compiling GoogleWKT WKTInt32Value.swift
[390/1253] Compiling GoogleWKT WKTInt64Value.swift
[391/1253] Compiling GoogleWKT WKTRecursive.swift
[407/1253] Compiling s3_both.cc
[408/1253] Compiling handshake_server.cc
[410/1253] Compiling Configuration ConfigProviderHelpers.swift
[411/1253] Compiling Configuration ConfigReader+internalHelpers.swift
[412/1253] Compiling Configuration ConfigReader+methods.swift
[413/1253] Compiling Configuration ConfigReader.swift
[414/1253] Compiling Configuration ConfigSnapshotReader+methods.swift
[415/1253] Compiling Configuration ConfigSnapshotReader.swift
[416/1254] Compiling handshake.cc
[417/1254] Wrapping AST for Configuration for debugging
[420/1254] Compiling GoogleWKT DecodeToDefault.swift
[421/1254] Compiling GoogleWKT DiscoveryBase64.swift
[422/1254] Compiling GoogleWKT ProtoJSONDecoder.swift
[423/1254] Compiling GoogleWKT ProtoJSONEncoder.swift
[424/1254] Emitting module GoogleWKT
[425/1255] Compiling handoff.cc
[426/1255] Compiling handshake_client.cc
[427/1273] Compiling extensions.cc
[429/1273] Compiling GoogleType Money.swift
[430/1273] Compiling GoogleType Month.swift
[431/1275] Compiling GoogleType Expr.swift
[432/1275] Compiling GoogleType Fraction.swift
[433/1275] Compiling GoogleType Interval.swift
[434/1290] Compiling GoogleType PostalAddress.swift
[435/1290] Compiling GoogleType Quaternion.swift
[436/1290] Compiling GoogleRpc ResourceInfo.swift
[437/1290] Compiling GoogleRpc LocalizedMessage.swift
[438/1290] Compiling GoogleRpc PackageVersion.swift
[439/1290] Compiling GoogleType PhoneNumber.swift
[440/1290] Compiling GoogleRpc Code.swift
[441/1290] Compiling GoogleRpc Help.swift
[442/1290] Compiling GoogleRpc HttpHeader.swift
[443/1290] Compiling GoogleRpc DebugInfo.swift
[444/1290] Compiling GoogleRpc ErrorInfo.swift
[445/1290] Compiling GoogleRpc BadRequest.swift
[446/1290] Emitting module GoogleType
[446/1290] Compiling dtls_record.cc
[447/1290] Compiling encrypted_client_hello.cc
[448/1290] Wrapping AST for GoogleWKT for debugging
[449/1290] Compiling dtls_method.cc
[450/1290] Compiling md5-x86_64-linux.S
[451/1290] Compiling d1_srtp.cc
[453/1290] Compiling GoogleRpc RequestInfo.swift
[455/1292] Compiling GoogleType TimeOfDay.swift
[456/1292] Compiling GoogleType TimeZone.swift
[457/1293] Compiling md5-x86_64-apple.S
[458/1293] Compiling md5-586-linux.S
[459/1293] Compiling md5-586-apple.S
[460/1293] Compiling chacha20_poly1305_x86_64-linux.S
[462/1293] Emitting module GoogleRpc
[462/1293] Wrapping AST for GoogleType for debugging
[466/1293] Compiling GoogleRpc HttpRequest.swift
[467/1293] Compiling GoogleRpc HttpResponse.swift
[471/1293] Compiling chacha20_poly1305_armv8-win.S
[472/1293] Compiling chacha20_poly1305_x86_64-apple.S
[473/1293] Compiling d1_lib.cc
[474/1293] Compiling chacha20_poly1305_armv8-apple.S
[475/1293] Compiling chacha20_poly1305_armv8-linux.S
[476/1293] Compiling chacha-x86-linux.S
[477/1293] Compiling chacha-x86_64-linux.S
[478/1293] Compiling chacha-x86-apple.S
[479/1293] Compiling chacha-x86_64-apple.S
[480/1293] Compiling d1_pkt.cc
[481/1293] Compiling chacha-armv8-win.S
[482/1293] Compiling chacha-armv8-apple.S
[483/1293] Compiling aes128gcmsiv-x86_64-linux.S
[484/1293] Compiling chacha-armv4-linux.S
[484/1293] Compiling chacha-armv8-linux.S
[486/1293] Compiling aes128gcmsiv-x86_64-apple.S
[487/1293] Compiling x86_64-mont5-linux.S
[488/1293] Compiling x86_64-mont-linux.S
[492/1293] Compiling GoogleRpc PreconditionFailure.swift
[493/1293] Compiling GoogleRpc QuotaFailure.swift
[493/1293] Compiling x86_64-mont-apple.S
[494/1293] Compiling x86_64-mont5-apple.S
[495/1293] Compiling x86-mont-linux.S
[496/1293] Compiling x86-mont-apple.S
[497/1293] Compiling vpaes-x86_64-linux.S
[498/1293] Compiling err_data.cc
[499/1293] Compiling vpaes-x86_64-apple.S
[500/1293] Compiling vpaes-armv8-linux.S
[501/1293] Compiling vpaes-x86-linux.S
[502/1293] Compiling vpaes-armv8-win.S
[503/1293] Compiling vpaes-x86-apple.S
[504/1293] Compiling sha512-x86_64-apple.S
[505/1293] Compiling vpaes-armv8-apple.S
[506/1293] Compiling sha512-armv8-win.S
[506/1293] Compiling sha512-x86_64-linux.S
[508/1293] Compiling vpaes-armv7-linux.S
[510/1293] Compiling GoogleRpc RetryInfo.swift
[511/1293] Compiling GoogleRpc Status.swift
[511/1294] Compiling sha512-armv8-apple.S
[512/1294] Compiling sha512-armv8-linux.S
[513/1294] Compiling sha512-586-apple.S
[515/1294] Compiling sha512-586-linux.S
[516/1294] Compiling sha512-armv4-linux.S
[517/1294] Compiling sha256-x86_64-linux.S
[518/1294] Compiling sha256-armv8-win.S
[519/1294] Compiling sha256-x86_64-apple.S
[520/1294] Compiling sha256-armv8-apple.S
[521/1294] Compiling sha256-armv8-linux.S
[522/1294] Wrapping AST for GoogleRpc for debugging
[523/1294] Compiling sha256-586-linux.S
[524/1294] Compiling sha256-586-apple.S
[525/1294] Compiling sha256-armv4-linux.S
[526/1294] Compiling sha1-x86_64-linux.S
[527/1294] Compiling sha1-x86_64-apple.S
[528/1294] Compiling sha1-armv8-win.S
[529/1294] Compiling sha1-armv8-linux.S
[530/1294] Compiling sha1-armv8-apple.S
[531/1294] Compiling sha1-armv4-large-linux.S
[532/1294] Compiling sha1-586-linux.S
[533/1294] Compiling bio_ssl.cc
[534/1294] Compiling rsaz-avx2-apple.S
[535/1294] Compiling sha1-586-apple.S
[536/1294] Compiling rsaz-avx2-linux.S
[537/1294] Compiling rdrand-x86_64-linux.S
[538/1294] Compiling rdrand-x86_64-apple.S
[539/1294] Compiling p256_beeu-x86_64-asm-linux.S
[540/1294] Compiling p256_beeu-x86_64-asm-apple.S
[541/1294] Compiling p256_beeu-armv8-asm-win.S
[542/1294] Compiling p256_beeu-armv8-asm-linux.S
[543/1294] Compiling p256_beeu-armv8-asm-apple.S
[544/1294] Compiling p256-x86_64-asm-linux.S
[545/1294] Compiling p256-armv8-asm-win.S
[546/1294] Compiling p256-x86_64-asm-apple.S
[547/1294] Compiling p256-armv8-asm-apple.S
[548/1294] Compiling ghashv8-armv8-win.S
[549/1294] Compiling p256-armv8-asm-linux.S
[550/1294] Compiling ghashv8-armv8-linux.S
[551/1294] Compiling ghashv8-armv8-apple.S
[552/1294] Compiling ghashv8-armv7-linux.S
[553/1294] Compiling ghash-x86_64-apple.S
[554/1294] Compiling ghash-x86-linux.S
[555/1294] Compiling ghash-x86-apple.S
[556/1294] Compiling ghash-ssse3-x86_64-apple.S
[557/1294] Compiling ghash-x86_64-linux.S
[558/1294] Compiling ghash-ssse3-x86_64-linux.S
[559/1294] Compiling ghash-neon-armv8-win.S
[560/1294] Compiling ghash-neon-armv8-linux.S
[561/1294] Compiling ghash-neon-armv8-apple.S
[562/1294] Compiling ghash-ssse3-x86-apple.S
[563/1294] Compiling co-586-linux.S
[564/1294] Compiling ghash-armv4-linux.S
[565/1294] Compiling ghash-ssse3-x86-linux.S
[565/1294] Compiling co-586-apple.S
[567/1294] Compiling bn-armv8-win.S
[568/1294] Compiling bn-armv8-linux.S
[569/1294] Compiling bn-armv8-apple.S
[570/1294] Compiling bn-586-apple.S
[571/1294] Compiling bsaes-armv7-linux.S
[572/1294] Compiling bn-586-linux.S
[573/1294] Compiling armv8-mont-win.S
[574/1294] Compiling armv8-mont-apple.S
[575/1294] Compiling aesv8-gcm-armv8-win.S
[576/1294] Compiling armv4-mont-linux.S
[577/1294] Compiling aesv8-gcm-armv8-apple.S
[578/1294] Compiling aesv8-gcm-armv8-linux.S
[579/1294] Compiling armv8-mont-linux.S
[580/1294] Compiling aesv8-armv8-win.S
[581/1294] Compiling aesv8-armv8-apple.S
[582/1294] Compiling aesv8-armv8-linux.S
[583/1294] Compiling aesv8-armv7-linux.S
[584/1294] Compiling aesni-x86_64-linux.S
[585/1294] Compiling aesni-x86_64-apple.S
[586/1294] Compiling aesni-x86-apple.S
[587/1294] Compiling aesni-gcm-x86_64-apple.S
[588/1294] Compiling aes-gcm-avx10-x86_64-linux.S
[589/1294] Compiling aes-gcm-avx2-x86_64-apple.S
[589/1294] Compiling aesni-x86-linux.S
[590/1294] Compiling aes-gcm-avx2-x86_64-linux.S
[592/1294] Compiling aes-gcm-avx10-x86_64-apple.S
[593/1294] Compiling aesni-gcm-x86_64-linux.S
[594/1294] Compiling d1_both.cc
[595/1294] Compiling x_spki.cc
[596/1294] Compiling x_sig.cc
[597/1294] Compiling x_x509a.cc
[598/1294] Compiling x_x509.cc
[599/1294] Compiling x_pubkey.cc
[600/1294] Compiling x_val.cc
[601/1294] Compiling x_req.cc
[602/1294] Compiling x_name.cc
[603/1294] Compiling x_attrib.cc
[604/1294] Compiling x_exten.cc
[605/1294] Compiling x_crl.cc
[606/1294] Compiling x_algor.cc
[607/1294] Compiling x_all.cc
[608/1294] Compiling x509rset.cc
[609/1294] Compiling x509spki.cc
[610/1294] Compiling x509name.cc
[611/1294] Compiling x509_v3.cc
[612/1294] Compiling x509cset.cc
[613/1294] Compiling x509_txt.cc
[614/1294] Compiling x509_vpm.cc
[615/1294] Compiling x509_set.cc
[616/1294] Compiling x509_vfy.cc
[617/1294] Compiling x509_trs.cc
[618/1294] Compiling x509_req.cc
[619/1294] Compiling x509_obj.cc
[620/1294] Compiling x509_att.cc
[621/1294] Compiling x509_lu.cc
[622/1294] Compiling x509_ext.cc
[623/1294] Compiling x509_def.cc
[624/1294] Compiling x509_d2.cc
[625/1294] Compiling x509_cmp.cc
[626/1294] Compiling x509.cc
[627/1294] Compiling v3_utl.cc
[628/1294] Compiling v3_skey.cc
[629/1294] Compiling v3_prn.cc
[630/1294] Compiling v3_purp.cc
[631/1294] Compiling v3_pmaps.cc
[632/1294] Compiling v3_pcons.cc
[633/1294] Compiling v3_ocsp.cc
[634/1294] Compiling v3_ncons.cc
[635/1294] Compiling v3_lib.cc
[636/1294] Compiling v3_int.cc
[637/1294] Compiling v3_info.cc
[638/1294] Compiling v3_ia5.cc
[639/1294] Compiling v3_genn.cc
[640/1294] Compiling v3_extku.cc
[641/1294] Compiling v3_enum.cc
[642/1294] Compiling v3_crld.cc
[643/1294] Compiling v3_bitst.cc
[644/1294] Compiling v3_bcons.cc
[645/1294] Compiling v3_cpols.cc
[646/1294] Compiling v3_conf.cc
[647/1294] Compiling v3_alt.cc
[648/1294] Compiling v3_akeya.cc
[649/1294] Compiling v3_akey.cc
[650/1294] Compiling t_x509a.cc
[651/1294] Compiling rsa_pss.cc
[652/1294] Compiling t_crl.cc
[653/1294] Compiling i2d_pr.cc
[654/1294] Compiling t_x509.cc
[655/1294] Compiling t_req.cc
[656/1294] Compiling policy.cc
[657/1294] Compiling name_print.cc
[658/1294] Compiling by_file.cc
[659/1294] Compiling a_verify.cc
[660/1294] Compiling by_dir.cc
[661/1294] Compiling algorithm.cc
[662/1294] Compiling asn1_gen.cc
[663/1294] Compiling a_sign.cc
[664/1294] Compiling a_digest.cc
[665/1294] Compiling voprf.cc
[666/1294] Compiling trust_token.cc
[667/1294] Compiling thread_win.cc
[668/1294] Compiling thread_none.cc
[669/1294] Compiling thread_pthread.cc
[670/1294] Compiling thread.cc
[671/1294] Compiling stack.cc
[672/1294] Compiling pmbtoken.cc
[673/1294] Compiling slhdsa.cc
[674/1294] Compiling siphash.cc
[675/1294] Compiling sha512.cc
[676/1294] Compiling sha256.cc
[677/1294] Compiling spake2plus.cc
[678/1294] Compiling sha1.cc
[679/1294] Compiling rsa_print.cc
[680/1294] Compiling rsa_extra.cc
[681/1294] Compiling refcount.cc
[682/1294] Compiling rc4.cc
[683/1294] Compiling rsa_crypt.cc
[684/1294] Compiling trusty.cc
[685/1294] Compiling windows.cc
[686/1294] Compiling urandom.cc
[687/1294] Compiling rsa_asn1.cc
[688/1294] Compiling rand.cc
[689/1294] Compiling passive.cc
[690/1294] Compiling poly1305_arm_asm.S
[691/1294] Compiling ios.cc
[692/1294] Compiling getentropy.cc
[693/1294] Compiling fork_detect.cc
[694/1294] Compiling deterministic.cc
[695/1294] Compiling forkunsafe.cc
[696/1294] Compiling poly1305_vec.cc
[697/1294] Compiling poly1305_arm.cc
[698/1294] Compiling pool.cc
[699/1294] Compiling poly1305.cc
[700/1294] Compiling pkcs8.cc
[701/1294] Compiling p5_pbev2.cc
[702/1294] Compiling pkcs8_x509.cc
[703/1294] Compiling pkcs7.cc
[704/1294] Compiling pkcs7_x509.cc
[705/1294] Compiling pem_xaux.cc
[706/1294] Compiling pem_x509.cc
[707/1294] Compiling pem_pkey.cc
[708/1294] Compiling pem_pk8.cc
[709/1294] Compiling pem_oth.cc
[710/1294] Compiling pem_lib.cc
[711/1294] Compiling mlkem.cc
[712/1294] Compiling pem_all.cc
[713/1294] Compiling pem_info.cc
[714/1294] Compiling obj_xref.cc
[715/1294] Compiling obj.cc
[716/1294] Compiling poly_rq_mul.S
[717/1294] Compiling mldsa.cc
[718/1294] Compiling fips_shared_support.cc
[719/1294] Compiling mem.cc
[720/1294] Compiling lhash.cc
[721/1294] Compiling md4.cc
[722/1294] Compiling md5.cc
[723/1294] Compiling kyber.cc
[724/1294] Compiling scrypt.cc
[725/1294] Compiling hrss.cc
[726/1294] Compiling ex_data.cc
[727/1294] Compiling sign.cc
[728/1294] Compiling print.cc
[729/1294] Compiling hpke.cc
[730/1294] Compiling pbkdf.cc
[731/1294] Compiling p_x25519.cc
[732/1294] Compiling p_ed25519.cc
[733/1294] Compiling p_x25519_asn1.cc
[734/1294] Compiling p_hkdf.cc
[734/1294] Compiling p_rsa_asn1.cc
[736/1294] Compiling p_ed25519_asn1.cc
[737/1294] Compiling p_rsa.cc
[738/1294] Compiling p_ec.cc
[739/1294] Compiling evp_ctx.cc
[740/1294] Compiling p_ec_asn1.cc
[741/1294] Compiling p_dh.cc
[742/1294] Compiling p_dh_asn1.cc
[743/1294] Compiling p_dsa_asn1.cc
[744/1294] Compiling evp_asn1.cc
[745/1294] Compiling err.cc
[746/1294] Compiling evp.cc
[747/1294] Compiling engine.cc
[748/1294] Compiling ecdh.cc
[749/1294] Compiling ecdsa_asn1.cc
[750/1294] Compiling hash_to_curve.cc
[751/1294] Compiling ec_derive.cc
[752/1294] Compiling dsa.cc
[753/1294] Compiling ec_asn1.cc
[754/1294] Compiling dsa_asn1.cc
[755/1294] Compiling bcm.cc
[756/1294] Compiling params.cc
[757/1294] Compiling x25519-asm-arm.S
[758/1294] Compiling digest_extra.cc
[759/1294] Compiling des.cc
[760/1294] Compiling dh_asn1.cc
[761/1294] Compiling crypto.cc
[762/1294] Compiling curve25519_64_adx.cc
[763/1294] Compiling cpu_intel.cc
[764/1294] Compiling spake25519.cc
[765/1294] Compiling cpu_arm_linux.cc
[766/1294] Compiling curve25519.cc
[767/1294] Compiling cpu_arm_freebsd.cc
[768/1294] Compiling cpu_aarch64_openbsd.cc
[769/1294] Compiling cpu_aarch64_sysreg.cc
[770/1294] Compiling cpu_aarch64_win.cc
[771/1294] Compiling cpu_aarch64_fuchsia.cc
[772/1294] Compiling cpu_aarch64_linux.cc
[773/1294] Compiling tls_cbc.cc
[774/1294] Compiling cpu_aarch64_apple.cc
[775/1294] Compiling conf.cc
[776/1294] Compiling e_tls.cc
[777/1294] Compiling get_cipher.cc
[778/1294] Compiling e_rc4.cc
[779/1294] Compiling e_null.cc
[780/1294] Compiling e_rc2.cc
[781/1294] Compiling e_des.cc
[782/1294] Compiling e_chacha20poly1305.cc
[783/1294] Compiling e_aesgcmsiv.cc
[784/1294] Compiling derive_key.cc
[785/1294] Compiling e_aesctrhmac.cc
[786/1294] Compiling chacha.cc
[787/1294] Compiling unicode.cc
[788/1294] Compiling buf.cc
[789/1294] Compiling cbs.cc
[790/1294] Compiling cbb.cc
[791/1294] Compiling ber.cc
[792/1294] Compiling asn1_compat.cc
[793/1294] Compiling bn_asn1.cc
[794/1294] Compiling blake2.cc
[795/1294] Compiling socket_helper.cc
[796/1294] Compiling convert.cc
[797/1294] Compiling fd.cc
[798/1294] Compiling socket.cc
[799/1294] Compiling hexdump.cc
[800/1294] Compiling file.cc
[801/1294] Compiling printf.cc
[802/1294] Compiling errno.cc
[803/1294] Compiling pair.cc
[804/1294] Compiling connect.cc
[805/1294] Compiling bio_mem.cc
[806/1294] Compiling tasn_enc.cc
[807/1294] Compiling base64.cc
[808/1294] Compiling bio.cc
[809/1294] Compiling tasn_typ.cc
[810/1294] Compiling tasn_fre.cc
[811/1294] Compiling tasn_utl.cc
[812/1294] Compiling f_int.cc
[813/1294] Compiling f_string.cc
[814/1294] Compiling tasn_dec.cc
[815/1294] Compiling posix_time.cc
[816/1294] Compiling tasn_new.cc
[817/1294] Compiling asn1_par.cc
[818/1294] Compiling asn_pack.cc
[819/1294] Compiling a_octet.cc
[820/1294] Compiling asn1_lib.cc
[821/1294] Compiling a_strnid.cc
[822/1294] Compiling a_strex.cc
[823/1294] Compiling a_time.cc
[824/1294] Compiling a_type.cc
[825/1294] Compiling a_utctm.cc
[826/1294] Compiling a_object.cc
[827/1294] Compiling a_d2i_fp.cc
[828/1294] Compiling a_i2d_fp.cc
[829/1294] Compiling a_dup.cc
[830/1294] Compiling CGoogleGaxCRC32C CGoogleGaxCRC32C.c
[831/1294] Compiling a_mbstr.cc
[832/1294] Compiling a_int.cc
[833/1294] Compiling fiat_p256_adx_sqr.S
[834/1294] Compiling fiat_p256_adx_mul.S
[835/1294] Compiling fiat_curve25519_adx_square.S
[836/1294] Compiling a_bitstr.cc
[837/1294] Compiling fiat_curve25519_adx_mul.S
[838/1294] Compiling a_bool.cc
[839/1294] Compiling md5-x86_64-linux.S
[840/1294] Compiling CCryptoBoringSSLShims shims.c
[841/1294] Compiling md5-x86_64-apple.S
[842/1294] Compiling md5-586-linux.S
[843/1294] Compiling md5-586-apple.S
[844/1294] Compiling a_gentm.cc
[845/1294] Compiling chacha20_poly1305_armv8-win.S
[846/1294] Compiling chacha20_poly1305_x86_64-linux.S
[847/1294] Compiling chacha20_poly1305_x86_64-apple.S
[848/1294] Compiling chacha20_poly1305_armv8-apple.S
[849/1294] Compiling chacha-x86_64-apple.S
[850/1294] Compiling chacha-x86_64-linux.S
[851/1294] Compiling chacha20_poly1305_armv8-linux.S
[852/1294] Compiling chacha-x86-linux.S
[853/1294] Compiling chacha-armv8-win.S
[854/1294] Compiling chacha-x86-apple.S
[855/1294] Compiling chacha-armv8-linux.S
[856/1294] Compiling chacha-armv8-apple.S
[857/1294] Compiling chacha-armv4-linux.S
[858/1294] Compiling aes128gcmsiv-x86_64-apple.S
[859/1294] Compiling x86_64-mont5-linux.S
[860/1294] Compiling aes128gcmsiv-x86_64-linux.S
[861/1294] Compiling x86_64-mont5-apple.S
[862/1294] Compiling x86_64-mont-linux.S
[863/1294] Compiling x86_64-mont-apple.S
[864/1294] Compiling x86-mont-linux.S
[865/1294] Compiling x86-mont-apple.S
[866/1294] Compiling vpaes-x86_64-linux.S
[867/1294] Compiling vpaes-x86-linux.S
[868/1294] Compiling vpaes-x86-apple.S
[869/1294] Compiling vpaes-armv8-win.S
[870/1294] Compiling vpaes-x86_64-apple.S
[871/1294] Compiling vpaes-armv8-linux.S
[872/1294] Compiling vpaes-armv8-apple.S
[873/1294] Compiling sha512-x86_64-linux.S
[874/1294] Compiling sha512-x86_64-apple.S
[875/1294] Compiling vpaes-armv7-linux.S
[876/1294] Compiling sha512-armv8-win.S
[877/1294] Compiling sha512-armv8-apple.S
[878/1294] Compiling sha512-armv4-linux.S
[879/1294] Compiling sha512-armv8-linux.S
[880/1294] Compiling sha512-586-linux.S
[881/1294] Compiling sha512-586-apple.S
[882/1294] Compiling sha256-x86_64-linux.S
[883/1294] Compiling sha256-x86_64-apple.S
[884/1294] Compiling sha256-armv8-win.S
[885/1294] Compiling sha256-armv8-linux.S
[886/1294] Compiling err_data.cc
[887/1294] Compiling sha256-armv4-linux.S
[888/1294] Compiling sha256-armv8-apple.S
[889/1294] Compiling sha256-586-linux.S
[890/1294] Compiling sha256-586-apple.S
[891/1294] Compiling sha1-x86_64-apple.S
[892/1294] Compiling sha1-armv8-win.S
[893/1294] Compiling sha1-x86_64-linux.S
[894/1294] Compiling sha1-armv8-apple.S
[895/1294] Compiling sha1-armv4-large-linux.S
[896/1294] Compiling sha1-armv8-linux.S
[897/1294] Compiling sha1-586-apple.S
[898/1294] Compiling sha1-586-linux.S
[899/1294] Compiling rsaz-avx2-linux.S
[900/1294] Compiling rdrand-x86_64-linux.S
[901/1294] Compiling rsaz-avx2-apple.S
[902/1294] Compiling rdrand-x86_64-apple.S
[903/1294] Compiling p256_beeu-x86_64-asm-linux.S
[904/1294] Compiling p256_beeu-x86_64-asm-apple.S
[905/1294] Compiling p256_beeu-armv8-asm-linux.S
[906/1294] Compiling p256_beeu-armv8-asm-win.S
[907/1294] Compiling p256-x86_64-asm-linux.S
[908/1294] Compiling p256-armv8-asm-win.S
[909/1294] Compiling p256_beeu-armv8-asm-apple.S
[910/1294] Compiling p256-armv8-asm-apple.S
[911/1294] Compiling p256-x86_64-asm-apple.S
[912/1294] Compiling p256-armv8-asm-linux.S
[913/1294] Compiling ghashv8-armv8-apple.S
[914/1294] Compiling ghashv8-armv8-win.S
[915/1294] Compiling ghashv8-armv8-linux.S
[916/1294] Compiling ghashv8-armv7-linux.S
[917/1294] Compiling ghash-x86_64-linux.S
[918/1294] Compiling ghash-x86_64-apple.S
[919/1294] Compiling ghash-ssse3-x86_64-linux.S
[920/1294] Compiling ghash-x86-linux.S
[921/1294] Compiling ghash-x86-apple.S
[922/1294] Compiling ghash-ssse3-x86_64-apple.S
[923/1294] Compiling ghash-ssse3-x86-linux.S
[924/1294] Compiling ghash-ssse3-x86-apple.S
[925/1294] Compiling ghash-neon-armv8-apple.S
[926/1294] Compiling ghash-neon-armv8-win.S
[927/1294] Compiling ghash-neon-armv8-linux.S
[928/1294] Compiling ghash-armv4-linux.S
[929/1294] Compiling bsaes-armv7-linux.S
[930/1294] Compiling co-586-apple.S
[931/1294] Compiling co-586-linux.S
[931/1294] Compiling bn-armv8-win.S
[933/1294] Compiling bn-armv8-linux.S
[934/1294] Compiling bn-armv8-apple.S
[935/1294] Compiling bn-586-linux.S
[936/1294] Compiling armv8-mont-win.S
[937/1294] Compiling bn-586-apple.S
[938/1294] Compiling armv4-mont-linux.S
[939/1294] Compiling armv8-mont-apple.S
[940/1294] Compiling armv8-mont-linux.S
[941/1294] Compiling aesv8-gcm-armv8-apple.S
[942/1294] Compiling aesv8-gcm-armv8-win.S
[943/1294] Compiling aesv8-gcm-armv8-linux.S
[944/1294] Compiling aesv8-armv8-win.S
[945/1294] Compiling aesv8-armv7-linux.S
[946/1294] Compiling aesv8-armv8-apple.S
[947/1294] Compiling aesv8-armv8-linux.S
[948/1294] Compiling aesni-x86_64-linux.S
[949/1294] Compiling aesni-x86_64-apple.S
[950/1294] Compiling aesni-x86-linux.S
[951/1294] Compiling aesni-x86-apple.S
[952/1294] Compiling aesni-gcm-x86_64-apple.S
[953/1294] Compiling aesni-gcm-x86_64-linux.S
[954/1294] Compiling aes-gcm-avx2-x86_64-linux.S
[955/1294] Compiling aes-gcm-avx512-x86_64-linux.S
[956/1294] Compiling aes-gcm-avx512-x86_64-apple.S
[957/1294] Compiling aes-gcm-avx2-x86_64-apple.S
[958/1294] Compiling xwing.cc
[959/1294] Compiling x_x509a.cc
[960/1294] Compiling x_sig.cc
[961/1294] Compiling x_spki.cc
[962/1294] Compiling x_req.cc
[963/1294] Compiling x_x509.cc
[964/1294] Compiling c-nioatomics.c
[965/1294] Compiling x_pubkey.cc
[966/1294] Compiling x_exten.cc
[967/1294] Compiling x_name.cc
[968/1294] Compiling x_attrib.cc
[969/1294] Compiling c-atomics.c
[970/1294] Compiling x_crl.cc
[971/1301] Compiling x_all.cc
[972/1301] Compiling x_algor.cc
[974/1301] Compiling NIOConcurrencyHelpers NIOLockedValueBox.swift
[975/1301] Compiling NIOConcurrencyHelpers NIOLock.swift
[976/1301] Compiling NIOConcurrencyHelpers NIOThreadPoolWorkAvailable.swift
[976/1301] Compiling x509rset.cc
[977/1301] Compiling x509_vpm.cc
[978/1301] Compiling x509name.cc
[980/1301] Compiling NIOConcurrencyHelpers atomics.swift
[981/1301] Compiling NIOConcurrencyHelpers lock.swift
[982/1301] Compiling NIOConcurrencyHelpers NIOAtomic.swift
[983/1301] Emitting module NIOConcurrencyHelpers
[983/1302] Compiling x509spki.cc
[985/1302] Wrapping AST for NIOConcurrencyHelpers for debugging
[986/1302] Compiling x509cset.cc
[987/1302] Compiling x509_v3.cc
[988/1302] Compiling x509_vfy.cc
[989/1302] Compiling x509_set.cc
[990/1302] Compiling x509_txt.cc
[991/1302] Compiling x509_req.cc
[992/1302] Compiling x509_obj.cc
[993/1302] Compiling x509_trs.cc
[994/1302] Compiling x509_lu.cc
[995/1302] Compiling x509_ext.cc
[996/1302] Compiling x509_def.cc
[997/1302] Compiling x509_d2.cc
[998/1302] Compiling x509_cmp.cc
[999/1302] Compiling x509.cc
[1000/1302] Compiling v3_utl.cc
[1001/1302] Compiling x509_att.cc
[1002/1302] Compiling v3_purp.cc
[1003/1302] Compiling v3_pmaps.cc
[1004/1302] Compiling v3_pcons.cc
[1005/1302] Compiling v3_prn.cc
[1006/1302] Compiling v3_skey.cc
[1007/1302] Compiling v3_int.cc
[1008/1302] Compiling v3_ocsp.cc
[1009/1302] Compiling v3_ncons.cc
[1010/1302] Compiling v3_lib.cc
[1011/1302] Compiling v3_info.cc
[1012/1302] Compiling v3_ia5.cc
[1013/1302] Compiling v3_genn.cc
[1014/1302] Compiling v3_enum.cc
[1015/1302] Compiling v3_extku.cc
[1016/1302] Compiling v3_crld.cc
[1017/1302] Compiling v3_bitst.cc
[1018/1302] Compiling v3_bcons.cc
[1019/1302] Compiling v3_cpols.cc
[1020/1302] Compiling v3_conf.cc
[1021/1302] Compiling v3_alt.cc
[1022/1302] Compiling v3_akeya.cc
[1023/1302] Compiling t_x509a.cc
[1024/1302] Compiling t_crl.cc
[1025/1302] Compiling v3_akey.cc
[1026/1302] Compiling t_x509.cc
[1027/1302] Compiling t_req.cc
[1028/1302] Compiling i2d_pr.cc
[1029/1302] Compiling rsa_pss.cc
[1030/1302] Compiling policy.cc
[1031/1302] Compiling by_file.cc
[1032/1302] Compiling by_dir.cc
[1033/1302] Compiling algorithm.cc
[1033/1302] Compiling asn1_gen.cc
[1035/1302] Compiling a_digest.cc
[1036/1302] Compiling a_verify.cc
[1036/1302] Compiling a_sign.cc
[1038/1302] Compiling voprf.cc
[1039/1302] Compiling thread_win.cc
[1040/1302] Compiling thread_none.cc
[1041/1302] Compiling trust_token.cc
[1042/1302] Compiling thread_pthread.cc
[1042/1302] Compiling thread.cc
[1044/1302] Compiling pmbtoken.cc
[1045/1302] Compiling stack.cc
[1046/1302] Compiling sha512.cc
[1047/1302] Compiling sha1.cc
[1048/1302] Compiling sha256.cc
[1049/1302] Compiling siphash.cc
[1050/1302] Compiling spake2plus.cc
[1051/1302] Compiling slhdsa.cc
[1052/1302] Compiling rsa_extra.cc
[1053/1302] Compiling rsa_print.cc
[1054/1302] Compiling rsa_crypt.cc
[1055/1302] Compiling windows.cc
[1056/1302] Compiling rc4.cc
[1057/1302] Compiling refcount.cc
[1058/1302] Compiling trusty.cc
[1059/1302] Compiling rand.cc
[1060/1302] Compiling urandom.cc
[1061/1302] Compiling rsa_asn1.cc
[1062/1302] Compiling passive.cc
[1063/1302] Compiling getentropy.cc
[1064/1302] Compiling ios.cc
[1065/1302] Compiling poly1305_arm_asm.S
[1066/1302] Compiling deterministic.cc
[1067/1302] Compiling fork_detect.cc
[1068/1302] Compiling forkunsafe.cc
[1068/1302] Compiling pool.cc
[1070/1302] Compiling poly1305_vec.cc
[1071/1302] Compiling poly1305_arm.cc
[1072/1302] Compiling poly1305.cc
[1073/1302] Compiling pkcs8.cc
[1074/1302] Compiling pkcs7.cc
[1075/1302] Compiling pkcs8_x509.cc
[1076/1302] Compiling pem_xaux.cc
[1077/1302] Compiling pem_pkey.cc
[1078/1302] Compiling p5_pbev2.cc
[1079/1302] Compiling pkcs7_x509.cc
[1080/1302] Compiling pem_x509.cc
[1081/1302] Compiling pem_pk8.cc
[1082/1302] Compiling pem_oth.cc
[1083/1302] Compiling mlkem.cc
[1084/1302] Compiling pem_info.cc
[1085/1302] Compiling mldsa.cc
[1086/1302] Compiling obj.cc
[1087/1302] Compiling obj_xref.cc
[1088/1302] Compiling pem_all.cc
[1089/1302] Compiling pem_lib.cc
[1090/1302] Compiling poly_rq_mul.S
[1091/1302] Compiling mem.cc
[1092/1302] Compiling fips_shared_support.cc
[1093/1302] Compiling lhash.cc
[1094/1302] Compiling md5.cc
[1095/1302] Compiling fuzzer_mode.cc
[1096/1302] Compiling md4.cc
[1097/1302] Compiling kyber.cc
[1098/1302] Compiling hpke.cc
[1099/1302] Compiling hrss.cc
[1100/1302] Compiling ex_data.cc
[1101/1302] Compiling scrypt.cc
[1102/1302] Compiling sign.cc
[1103/1302] Compiling pbkdf.cc
[1104/1302] Compiling print.cc
[1105/1302] Compiling p_x25519_asn1.cc
[1106/1302] Compiling p_x25519.cc
[1107/1302] Compiling p_rsa.cc
[1108/1302] Compiling p_hkdf.cc
[1109/1302] Compiling p_rsa_asn1.cc
[1110/1302] Compiling p_ec.cc
[1111/1302] Compiling p_ed25519.cc
[1112/1302] Compiling p_dh_asn1.cc
[1113/1302] Compiling p_ed25519_asn1.cc
[1114/1302] Compiling p_dh.cc
[1115/1302] Compiling p_dsa_asn1.cc
[1116/1302] Compiling evp_ctx.cc
[1117/1302] Compiling err.cc
[1118/1302] Compiling engine.cc
[1119/1302] Compiling evp.cc
[1120/1302] Compiling ecdsa_p1363.cc
[1121/1302] Compiling evp_asn1.cc
[1122/1302] Compiling ecdh.cc
[1123/1302] Compiling ecdsa_asn1.cc
[1124/1302] Compiling ec_derive.cc
[1125/1302] Compiling hash_to_curve.cc
[1126/1302] Compiling dsa.cc
[1127/1302] Compiling ec_asn1.cc
[1128/1302] Compiling dsa_asn1.cc
[1129/1302] Compiling digest_extra.cc
[1130/1302] Compiling params.cc
[1131/1302] Compiling x25519-asm-arm.S
[1132/1302] Compiling des.cc
[1133/1302] Compiling curve25519_64_adx.cc
[1134/1302] Compiling dh_asn1.cc
[1135/1302] Compiling spake25519.cc
[1136/1302] Compiling curve25519.cc
[1137/1302] Compiling crypto.cc
[1138/1302] Compiling cpu_arm_linux.cc
[1139/1302] Compiling cpu_intel.cc
[1140/1302] Compiling cpu_arm_freebsd.cc
[1141/1302] Compiling cpu_aarch64_sysreg.cc
[1142/1302] Compiling cpu_aarch64_win.cc
[1143/1302] Compiling cpu_aarch64_apple.cc
[1144/1302] Compiling cpu_aarch64_fuchsia.cc
[1145/1302] Compiling cpu_aarch64_openbsd.cc
[1146/1302] Compiling cpu_aarch64_linux.cc
[1147/1302] Compiling conf.cc
[1148/1302] Compiling tls_cbc.cc
[1149/1302] Compiling get_cipher.cc
[1150/1302] Compiling e_rc4.cc
[1151/1302] Compiling e_rc2.cc
[1152/1302] Compiling e_tls.cc
[1153/1302] Compiling cms.cc
[1154/1302] Compiling e_des.cc
[1155/1302] Compiling e_null.cc
[1156/1302] Compiling e_aesctrhmac.cc
[1156/1302] Compiling derive_key.cc
[1158/1302] Compiling e_aesgcmsiv.cc
[1159/1302] Compiling e_chacha20poly1305.cc
[1160/1302] Compiling e_aeseax.cc
[1161/1302] Compiling chacha.cc
[1162/1302] Compiling buf.cc
[1163/1302] Compiling cbs.cc
[1164/1302] Compiling asn1_compat.cc
[1165/1302] Compiling ber.cc
[1166/1302] Compiling sqrt.cc
[1167/1302] Compiling unicode.cc
[1168/1302] Compiling cbb.cc
[1169/1302] Compiling printf.cc
[1170/1302] Compiling blake2.cc
[1171/1302] Compiling convert.cc
[1172/1302] Compiling bn_asn1.cc
[1173/1302] Compiling exponentiation.cc
[1174/1302] Compiling div.cc
[1175/1302] Compiling pair.cc
[1176/1302] Compiling hexdump.cc
[1177/1302] Compiling file.cc
[1178/1302] Compiling fd.cc
[1179/1302] Compiling base64.cc
[1180/1302] Compiling errno.cc
[1181/1302] Compiling bio.cc
[1182/1302] Compiling bio_mem.cc
[1183/1302] Compiling tasn_typ.cc
[1184/1302] Compiling tasn_fre.cc
[1185/1302] Compiling tasn_new.cc
[1186/1302] Compiling tasn_enc.cc
[1187/1302] Compiling posix_time.cc
[1188/1302] Compiling tasn_utl.cc
[1189/1302] Compiling tasn_dec.cc
[1190/1302] Compiling asn_pack.cc
[1191/1302] Compiling f_int.cc
[1192/1302] Compiling asn1_par.cc
[1193/1302] Compiling asn1_lib.cc
[1194/1302] Compiling bcm.cc
[1195/1302] Compiling a_octet.cc
[1196/1302] Compiling a_time.cc
[1197/1302] Compiling a_type.cc
[1198/1302] Compiling a_strnid.cc
[1199/1302] Compiling a_strex.cc
[1200/1302] Write sources
[1202/1320] Compiling a_object.cc
[1203/1320] Write sources
[1221/1345] Compiling Algorithms Indexed.swift
[1222/1345] Compiling Algorithms Intersperse.swift
[1222/1347] Compiling a_mbstr.cc
[1223/1347] Compiling a_int.cc
[1225/1347] Compiling Algorithms FlattenCollection.swift
[1226/1347] Compiling Algorithms Grouped.swift
[1227/1347] Compiling Algorithms EitherSequence.swift
[1228/1347] Compiling Algorithms FirstNonNil.swift
[1228/1347] Compiling a_d2i_fp.cc
[1230/1347] Compiling Algorithms RandomSample.swift
[1231/1347] Compiling Algorithms Reductions.swift
[1232/1347] Compiling Atomics IntegerOperations.swift
[1233/1347] Compiling Atomics Unmanaged extensions.swift
[1234/1347] Compiling Algorithms AdjacentPairs.swift
[1235/1347] Compiling Algorithms Chain.swift
[1236/1347] Compiling Algorithms Chunked.swift
[1236/1347] Compiling a_dup.cc
[1237/1347] Compiling a_gentm.cc
[1239/1347] Compiling Algorithms Joined.swift
[1240/1347] Compiling Algorithms Keyed.swift
[1241/1347] Compiling Algorithms MinMax.swift
[1241/1347] Compiling a_bool.cc
[1243/1355] Compiling Algorithms Split.swift
[1244/1355] Compiling Algorithms Stride.swift
[1245/1355] Compiling Algorithms Suffix.swift
[1249/1358] Compiling Algorithms Compacted.swift
[1250/1358] Compiling Algorithms Cycle.swift
[1258/1358] Compiling Algorithms Permutations.swift
[1259/1358] Compiling Algorithms Product.swift
[1263/1358] Compiling Algorithms Trim.swift
[1264/1358] Compiling Algorithms Unique.swift
[1265/1358] Compiling Algorithms Windows.swift
[1266/1358] Emitting module Atomics
[1267/1358] Compiling CryptoBoringWrapper CryptoKitErrors_boring.swift
[1268/1358] Emitting module CryptoBoringWrapper
[1269/1358] Compiling CryptoBoringWrapper RandomBytes.swift
[1270/1358] Compiling CryptoBoringWrapper FiniteFieldArithmeticContext.swift
[1271/1358] Compiling CryptoBoringWrapper BoringSSLAEAD.swift
[1272/1358] Compiling Algorithms Combinations.swift
[1275/1358] Compiling CryptoBoringWrapper EllipticCurvePoint.swift
[1276/1358] Compiling CryptoBoringWrapper EllipticCurve.swift
[1278/1359] Compiling CryptoBoringWrapper ArbitraryPrecisionInteger.swift
[1283/1360] Wrapping AST for Atomics for debugging
[1284/1380] Wrapping AST for CryptoBoringWrapper for debugging
[1286/1508] Emitting module Algorithms
[1287/1509] Wrapping AST for Algorithms for debugging
[1289/1509] Compiling Crypto HPKE-LabeledExtract.swift
[1290/1509] Compiling Crypto HPKE-Utils.swift
[1291/1509] Compiling Crypto DHKEM.swift
[1292/1509] Compiling Crypto HPKE-KEM-Curve25519.swift
[1293/1509] Compiling Crypto HPKE-NIST-EC-KEMs.swift
[1294/1509] Compiling Crypto HPKE-KEM.swift
[1295/1509] Compiling Crypto HPKE-Errors.swift
[1296/1509] Compiling Crypto HPKE.swift
[1297/1509] Compiling Crypto HPKE-Context.swift
[1298/1509] Compiling Crypto HPKE-KeySchedule.swift
[1299/1509] Compiling Crypto HPKE-Modes.swift
[1300/1509] Compiling Crypto Insecure.swift
[1301/1520] Emitting module Crypto
[1302/1520] Compiling Crypto MACFunctions.swift
[1303/1520] Compiling Crypto MessageAuthenticationCode.swift
[1304/1520] Compiling Crypto AES.swift
[1305/1520] Compiling Crypto ECDSASignature_boring.swift
[1306/1520] Compiling Crypto ECDSA_boring.swift
[1307/1520] Compiling Crypto EdDSA_boring.swift
[1308/1520] Compiling Crypto MLDSA_boring.swift
[1309/1520] Compiling Crypto MLDSA_wrapper.swift
[1310/1520] Compiling Crypto ECDSA.swift
[1311/1520] Compiling Crypto Ed25519.swift
[1312/1520] Compiling Crypto MLDSA.swift
[1313/1520] Compiling Crypto HKDF.swift
[1314/1520] Compiling Crypto AESWrap.swift
[1315/1520] Compiling Crypto AESWrap_boring.swift
[1316/1520] Compiling Crypto Ed25519_boring.swift
[1317/1520] Compiling Crypto NISTCurvesKeys_boring.swift
[1318/1520] Compiling Crypto X25519Keys_boring.swift
[1319/1520] Compiling Crypto Curve25519.swift
[1320/1520] Compiling Crypto Ed25519Keys.swift
[1321/1520] Compiling Crypto NISTCurvesKeys.swift
[1322/1520] Compiling Crypto X25519Keys.swift
[1323/1520] Compiling Crypto SymmetricKeys.swift
[1324/1520] Compiling Crypto HMAC.swift
[1325/1520] Compiling Crypto Signature.swift
[1326/1520] Compiling Crypto CryptoKitErrors_boring.swift
[1327/1520] Compiling Crypto Optional+withUnsafeBytes_boring.swift
[1328/1520] Compiling Crypto RNG_boring.swift
[1329/1520] Compiling Crypto SafeCompare_boring.swift
[1330/1520] Compiling Crypto Zeroization_boring.swift
[1331/1520] Compiling Crypto _CryptoModuleAnchor.swift
[1332/1520] Compiling Crypto PrettyBytes.swift
[1333/1520] Compiling Crypto SafeCompare.swift
[1334/1520] Compiling Crypto SecureBytes.swift
[1335/1520] Compiling Crypto Zeroization.swift
[1336/1520] Compiling Crypto AES-GCM.swift
[1337/1520] Compiling Crypto AES-GCM_boring.swift
[1338/1520] Compiling Crypto ChaChaPoly_boring.swift
[1339/1520] Compiling Crypto ChaChaPoly.swift
[1340/1520] Compiling Crypto Cipher.swift
[1341/1520] Compiling Crypto Nonces.swift
[1342/1520] Compiling Crypto ASN1.swift
[1343/1520] Compiling Crypto ASN1Any.swift
[1344/1520] Compiling Crypto ASN1BitString.swift
[1345/1520] Compiling Crypto ASN1Boolean.swift
[1346/1520] Compiling Crypto ASN1Identifier.swift
[1347/1520] Compiling Crypto ASN1Integer.swift
[1348/1520] Compiling Crypto ASN1Null.swift
[1349/1520] Compiling Crypto ASN1OctetString.swift
[1350/1520] Compiling Crypto ASN1Strings.swift
[1351/1520] Compiling Crypto ArraySliceBigint.swift
[1352/1520] Compiling Crypto GeneralizedTime.swift
[1353/1520] Compiling Crypto ObjectIdentifier.swift
[1354/1520] Compiling Crypto ECDSASignature.swift
[1355/1520] Compiling Crypto PEMDocument.swift
[1356/1520] Compiling Crypto PKCS8PrivateKey.swift
[1357/1520] Compiling Crypto SEC1PrivateKey.swift
[1358/1520] Compiling Crypto SubjectPublicKeyInfo.swift
[1359/1520] Compiling Crypto CryptoError_boring.swift
[1360/1520] Compiling Crypto CryptoKitErrors.swift
[1361/1520] Compiling Crypto Digest_boring.swift
[1362/1520] Compiling Crypto Digest.swift
[1363/1520] Compiling Crypto Digests.swift
[1364/1520] Compiling Crypto HashFunctions.swift
[1365/1520] Compiling Crypto HashFunctions_SHA2.swift
[1366/1520] Compiling Crypto HashFunctions_SHA3.swift
[1367/1520] Compiling Crypto Digest_xkcp.swift
[1368/1520] Compiling Crypto HPKE-AEAD.swift
[1369/1520] Compiling Crypto HPKE-Ciphersuite.swift
[1370/1520] Compiling Crypto HPKE-KDF.swift
[1371/1520] Compiling Crypto HPKE-KexKeyDerivation.swift
[1372/1520] Compiling Crypto Insecure_HashFunctions.swift
[1373/1520] Compiling Crypto MLKEM_boring.swift
[1374/1520] Compiling Crypto MLKEM_wrapper.swift
[1375/1520] Compiling Crypto XWing_boring.swift
[1376/1520] Compiling Crypto KEM-Errors.swift
[1377/1520] Compiling Crypto KEM.swift
[1378/1520] Compiling Crypto MLKEM.swift
[1379/1520] Compiling Crypto XWing.swift
[1380/1520] Compiling Crypto ECDH_boring.swift
[1381/1520] Compiling Crypto DH.swift
[1382/1520] Compiling Crypto ECDH.swift
[1383/1520] Compiling Crypto ANSIx963.swift
[1402/1529] Wrapping AST for Crypto for debugging
[1440/1591] Compiling CryptoExtras PKCS8DERRepresentation.swift
[1441/1591] Compiling CryptoExtras PKCS8PrivateKey.swift
[1442/1591] Compiling CryptoExtras RFC8410AlgorithmIdentifier.swift
[1443/1591] Compiling CryptoExtras ECToolbox_boring.swift
[1444/1591] Compiling CryptoExtras ECToolbox.swift
[1445/1591] Compiling CryptoExtras HashToField.swift
[1446/1591] Compiling CryptoExtras KDF.swift
[1447/1591] Compiling CryptoExtras PBKDF2_boring.swift
[1448/1591] Compiling CryptoExtras PBKDF2_commoncrypto.swift
[1449/1599] Compiling CryptoExtras ARCServer.swift
[1450/1599] Compiling CryptoExtras ChaCha20CTR_boring.swift
[1451/1599] Compiling CryptoExtras ChaCha20CTR.swift
[1452/1599] Compiling CryptoExtras BoringSSLSHA512256Context.swift
[1453/1599] Compiling CryptoExtras BoringSSLSHA512256HashFunction.swift
[1454/1599] Compiling CryptoExtras SHA512256.swift
[1455/1599] Compiling CryptoExtras SHA512256Digest.swift
[1456/1599] Compiling CryptoExtras Curve25519+PEM.swift
[1457/1599] Compiling CryptoExtras ObjectIdentifier.swift
[1458/1599] Compiling CryptoExtras Data+Extensions.swift
[1459/1599] Compiling CryptoExtras DigestType.swift
[1460/1599] Compiling CryptoExtras Error.swift
[1461/1599] Compiling CryptoExtras I2OSP.swift
[1462/1599] Compiling CryptoExtras IntegerEncoding.swift
[1463/1599] Compiling CryptoExtras PEMDocument.swift
[1464/1599] Compiling CryptoExtras PrettyBytes.swift
[1465/1599] Compiling CryptoExtras SubjectPublicKeyInfo.swift
[1466/1599] Compiling CryptoExtras ThreadOps.swift
[1467/1599] Compiling CryptoExtras ThreadPosix.swift
[1468/1599] Compiling CryptoExtras ThreadSpecific.swift
[1469/1599] Compiling CryptoExtras ThreadWindows.swift
[1470/1599] Compiling CryptoExtras DLEQ.swift
[1471/1599] Compiling CryptoExtras Prover.swift
[1472/1599] Compiling CryptoExtras Verifier.swift
[1473/1599] Compiling CryptoExtras ZKPToolbox.swift
[1480/1599] Compiling NIOCore UniversalBootstrapSupport.swift
[1481/1599] Compiling NIOCore Utilities.swift
[1482/1599] Compiling CryptoExtras PBKDF2.swift
[1483/1599] Compiling CryptoExtras Scrypt_boring.swift
[1484/1599] Compiling CryptoExtras Scrypt.swift
[1485/1599] Compiling CryptoExtras OPRF.swift
[1486/1599] Compiling CryptoExtras OPRFClient.swift
[1487/1599] Compiling CryptoExtras OPRFServer.swift
[1488/1599] Compiling CryptoExtras VOPRF+API.swift
[1489/1599] Compiling CryptoExtras VOPRFClient.swift
[1490/1599] Compiling CryptoExtras VOPRFServer.swift
[1491/1599] Compiling CryptoExtras BoringSSLPassphraseCallbackManager.swift
[1492/1599] Compiling CryptoExtras RSA+BlindSigning.swift
[1493/1599] Compiling CryptoExtras RSA.swift
[1494/1599] Compiling CryptoExtras RSA_boring.swift
[1495/1599] Compiling CryptoExtras Reexport.swift
[1496/1599] Compiling CryptoExtras Zeroization_boring.swift
[1497/1599] Compiling CryptoExtras BoringSSLHelpers.swift
[1498/1599] Compiling CryptoExtras CryptoKitErrors_boring.swift
[1499/1599] Emitting module CryptoExtras
[1500/1599] Compiling CryptoExtras CMAC.swift
[1501/1599] Compiling CryptoExtras ARC+API.swift
[1502/1599] Compiling CryptoExtras ARC.swift
[1503/1599] Compiling CryptoExtras ARCCredential.swift
[1504/1599] Compiling CryptoExtras ARCEncoding.swift
[1505/1599] Compiling CryptoExtras ARCPrecredential.swift
[1506/1599] Compiling CryptoExtras ARCPresentation.swift
[1507/1599] Compiling CryptoExtras ARCRequest.swift
[1508/1599] Compiling CryptoExtras ARCResponse.swift
[1509/1599] Compiling CryptoExtras AES_CBC.swift
[1510/1599] Compiling CryptoExtras AES_CFB.swift
[1511/1599] Compiling CryptoExtras AES_CTR.swift
[1512/1599] Compiling CryptoExtras AES_GCM_SIV.swift
[1513/1599] Compiling CryptoExtras Block Function.swift
[1514/1599] Compiling CryptoExtras AES_CBC_boring.swift
[1515/1599] Compiling CryptoExtras AES_CFB_boring.swift
[1516/1599] Compiling CryptoExtras AES_CTR_boring.swift
[1517/1599] Compiling CryptoExtras AES_GCM_SIV_boring.swift
[1518/1600] Wrapping AST for CryptoExtras for debugging
[1520/1602] Emitting module _CryptoExtras
[1521/1602] Compiling _CryptoExtras Exports.swift
[1522/1603] Wrapping AST for _CryptoExtras for debugging
[1524/1698] Emitting module NIOCore
[1525/1698] Compiling X509 NameConstraints.swift
[1526/1698] Compiling X509 SubjectAlternativeName.swift
[1527/1698] Compiling X509 SubjectKeyIdentifier.swift
[1528/1698] Compiling X509 Extension.swift
[1529/1698] Compiling X509 Extensions.swift
[1530/1698] Compiling X509 ExtensionsBuilder.swift
[1531/1698] Compiling X509 GeneralName.swift
[1532/1698] Compiling X509 Lock.swift
[1533/1698] Compiling X509 LockedValueBox.swift
[1534/1699] Wrapping AST for NIOCore for debugging
[1536/1756] Compiling NIOFoundationEssentialsCompat Codable+ByteBuffer.swift
[1537/1756] Compiling NIOEmbedded AsyncTestingChannel.swift
[1538/1756] Emitting module NIOFoundationEssentialsCompat
[1539/1756] Compiling NIOFoundationEssentialsCompat ByteBuffer-foundation.swift
[1541/1757] Compiling NIOEmbedded AsyncTestingEventLoop.swift
[1542/1757] Emitting module NIOEmbedded
[1543/1757] Compiling NIOEmbedded Embedded.swift
[1543/1757] Wrapping AST for NIOFoundationEssentialsCompat for debugging
[1545/1758] Wrapping AST for NIOEmbedded for debugging
[1547/1758] Compiling X509 PKCS8PrivateKey.swift
[1548/1758] Compiling X509 PromiseAndFuture.swift
[1549/1758] Compiling X509 RDNAttribute.swift
[1550/1758] Compiling X509 RandomNumberGenerator+bytes.swift
[1551/1758] Compiling X509 RelativeDistinguishedName.swift
[1552/1758] Compiling X509 SEC1PrivateKey.swift
[1553/1758] Compiling X509 SecKeyWrapper.swift
[1554/1758] Compiling X509 Signature.swift
[1555/1758] Compiling X509 SignatureAlgorithm.swift
[1556/1758] Compiling X509 AllOfPolicies.swift
[1557/1758] Compiling X509 AnyPolicy.swift
[1558/1758] Compiling X509 CertificateStore.swift
[1559/1758] Compiling X509 CustomCertificateStore.swift
[1560/1771] Compiling NIOPosix BaseStreamSocketChannel.swift
[1561/1771] Compiling NIOPosix Bootstrap.swift
[1562/1771] Compiling NIOPosix ControlMessage.swift
[1563/1771] Compiling NIOPosix DatagramVectorReadManager.swift
[1564/1771] Compiling NIOPosix Errors+Any.swift
[1565/1771] Compiling NIOPosix FileDescriptor.swift
[1566/1771] Compiling NIOPosix GetaddrinfoResolver.swift
[1567/1771] Compiling NIOPosix MultiThreadedEventLoopGroup.swift
[1568/1771] Compiling NIOPosix NIOPosixSendableMetatype.swift
[1569/1771] Compiling NIOPosix NIORandomizedDNSResolver.swift
[1570/1771] Compiling NIOPosix NIOThreadPool.swift
[1571/1771] Compiling NIOPosix NonBlockingFileIO.swift
[1572/1771] Compiling NIOPosix PendingDatagramWritesManager.swift
[1573/1771] Compiling NIOPosix PendingWritesManager.swift
[1574/1771] Compiling X509 DomainComponent.swift
[1575/1771] Compiling X509 EmailAddress.swift
[1576/1771] Compiling X509 LocalityName.swift
[1577/1771] Compiling X509 OrganizationName.swift
[1578/1771] Compiling X509 OrganizationalUnitName.swift
[1579/1771] Compiling X509 StateOrProvinceName.swift
[1580/1771] Compiling X509 StreetAddress.swift
[1581/1771] Compiling X509 Error.swift
[1582/1771] Compiling X509 AuthorityInformationAccess.swift
[1583/1771] Compiling X509 AuthorityKeyIdentifier.swift
[1584/1771] Compiling X509 BasicConstraints.swift
[1585/1771] Compiling X509 ExtendedKeyUsage.swift
[1586/1771] Compiling X509 ExtensionIdentifiers.swift
[1587/1771] Compiling X509 KeyUsage.swift
[1588/1771] Compiling NIOPosix Selectable.swift
[1589/1771] Compiling NIOPosix SelectableChannel.swift
[1590/1771] Compiling NIOPosix SelectableEventLoop.swift
[1591/1771] Compiling NIOPosix SelectorEpoll.swift
[1592/1771] Compiling NIOPosix SelectorGeneric.swift
[1593/1771] Compiling NIOPosix SelectorKqueue.swift
[1594/1771] Compiling NIOPosix SelectorUring.swift
[1595/1771] Compiling NIOPosix HappyEyeballs.swift
[1596/1771] Compiling NIOPosix IO.swift
[1597/1771] Compiling NIOPosix IntegerBitPacking.swift
[1598/1771] Compiling NIOPosix IntegerTypes.swift
[1599/1771] Compiling NIOPosix Linux.swift
[1600/1771] Compiling NIOPosix LinuxCPUSet.swift
[1601/1771] Compiling NIOPosix LinuxUring.swift
[1602/1771] Compiling NIOPosix PipeChannel.swift
[1603/1771] Compiling NIOPosix PipePair.swift
[1604/1771] Compiling NIOPosix Pool.swift
[1605/1771] Compiling NIOPosix PosixSingletons+ConcurrencyTakeOver.swift
[1606/1771] Compiling NIOPosix PosixSingletons.swift
[1607/1771] Compiling NIOPosix RawSocketBootstrap.swift
[1608/1771] Compiling NIOPosix Resolver.swift
[1609/1771] Compiling NIOPosix BSDSocketAPICommon.swift
[1610/1771] Compiling NIOPosix BSDSocketAPIPosix.swift
[1611/1771] Compiling NIOPosix BSDSocketAPIWindows.swift
[1612/1771] Compiling NIOPosix BaseSocket.swift
[1613/1771] Compiling NIOPosix BaseSocketChannel+AccessibleTransport.swift
[1614/1771] Compiling NIOPosix BaseSocketChannel+SocketOptionProvider.swift
[1615/1771] Compiling NIOPosix BaseSocketChannel.swift
[1616/1771] Compiling NIOPosix SelectorWSAPoll.swift
[1617/1771] Compiling NIOPosix ServerSocket.swift
[1618/1771] Compiling NIOPosix Socket.swift
[1619/1771] Compiling NIOPosix SocketChannel.swift
[1620/1771] Compiling NIOPosix SocketProtocols.swift
[1621/1771] Compiling NIOPosix StructuredConcurrencyHelpers.swift
[1622/1771] Compiling NIOPosix System.swift
[1623/1771] Compiling X509 URIConstraints.swift
[1624/1771] Compiling X509 VersionPolicy.swift
[1625/1771] Compiling X509 ServerIdentityPolicy.swift
[1626/1771] Compiling X509 TrustRootLoading.swift
[1627/1771] Compiling X509 UnverifiedChain.swift
[1637/1771] Compiling X509 BasicOCSPResponse.swift
[1638/1771] Compiling X509 DirectoryString.swift
[1639/1771] Compiling X509 OCSPCertID.swift
[1640/1771] Compiling X509 OCSPCertStatus.swift
[1662/1778] Emitting module X509
[1670/1778] Emitting module NIOPosix
[1671/1778] Compiling NIOPosix Thread.swift
[1672/1778] Compiling NIOPosix ThreadPosix.swift
[1673/1778] Compiling NIOPosix ThreadWindows.swift
[1674/1778] Compiling NIOPosix Utilities.swift
[1675/1778] Compiling NIOPosix VsockAddress.swift
[1676/1778] Compiling NIOPosix VsockChannelEvents.swift
[1677/1778] Compiling NIOPosix Windows.swift
[1699/1779] Wrapping AST for NIOPosix for debugging
[1701/1781] Compiling NIO Exports.swift
[1702/1781] Emitting module NIO
[1703/1796] Wrapping AST for NIO for debugging
[1705/1821] Compiling NIOFoundationCompat Exports.swift
[1706/1821] Compiling NIOTLS TLSEvents.swift
[1707/1821] Compiling NIOSOCKS SOCKSResponse.swift
[1708/1822] Emitting module NIOTLS
[1709/1822] Compiling NIOSOCKS SelectedAuthenticationMethod.swift
[1710/1822] Compiling NIOSOCKS ClientStateMachine.swift
[1711/1822] Compiling NIOTLS ApplicationProtocolNegotiationHandler.swift
[1712/1822] Compiling NIOHTTP1 HTTPServerRequestMethodQueue.swift
[1713/1822] Compiling NIOHTTP1 HTTPServerUpgradeHandler.swift
[1714/1822] Compiling NIOFoundationCompat WaitSpinningRunLoop.swift
[1715/1824] Compiling NIOFoundationCompat JSONSerialization+ByteBuffer.swift
[1716/1824] Emitting module NIOFoundationCompat
[1718/1825] Compiling NIOHTTP1 NIOTypedHTTPClientUpgraderStateMachine.swift
[1719/1825] Compiling NIOHTTP1 HTTPHeaderValidator.swift
[1719/1825] Wrapping AST for NIOFoundationCompat for debugging
[1721/1825] Compiling NIOSOCKS ServerStateMachine.swift
[1722/1825] Emitting module NIOSOCKS
[1723/1825] Compiling NIOHTTP1 HTTPTypes.swift
[1724/1825] Compiling NIOHTTP1 NIOTypedHTTPClientUpgradeHandler.swift
[1725/1825] Compiling NIOHTTP1 HTTPEncoder.swift
[1726/1825] Compiling NIOHTTP1 HTTPTypedPipelineSetup.swift
[1727/1825] Compiling NIOHTTP1 ByteCollectionUtils.swift
[1728/1825] Compiling NIOHTTP1 HTTPDecoder.swift
[1729/1826] Wrapping AST for NIOSOCKS for debugging
[1731/1826] Compiling NIOTLS ProtocolNegotiationHandlerStateMachine.swift
[1732/1826] Compiling NIOTLS SNIHandler.swift
[1733/1826] Compiling NIOTLS NIOTypedApplicationProtocolNegotiationHandler.swift
[1735/1827] Compiling X509 ValidatedCertificateChain.swift
[1736/1827] Compiling X509 VerificationDiagnostic.swift
[1737/1827] Compiling X509 Verifier.swift
[1738/1827] Compiling X509 VerifierPolicy.swift
[1739/1827] Compiling X509 AlgorithmIdentifier.swift
[1740/1827] Compiling X509 ECDSASignature.swift
[1741/1827] Compiling X509 RSAPKCS1PublicKey.swift
[1742/1827] Compiling X509 SubjectPublicKeyInfo.swift
[1743/1827] Compiling X509 TBSCertificate.swift
[1744/1827] Compiling X509 Time.swift
[1745/1827] Compiling X509 TimeCalculations.swift
[1746/1827] Compiling X509 Validity.swift
[1747/1827] Compiling X509 X509SendableMetatype.swift
[1749/1828] Compiling NIOHTTP1 HTTPHeaders+Validation.swift
[1750/1828] Compiling NIOHTTP1 HTTPPipelineSetup.swift
[1751/1828] Compiling NIOHTTP1 HTTPServerPipelineHandler.swift
[1752/1828] Compiling NIOHTTP1 HTTPServerProtocolErrorHandler.swift
[1755/1828] Emitting module NIOHTTP1
[1755/1828] Wrapping AST for NIOTLS for debugging
[1758/1858] Compiling NIOSSL SSLConnection.swift
[1759/1858] Compiling NIOSSL SSLContext.swift
[1760/1858] Compiling NIOSSL ObjectIdentifier.swift
[1761/1858] Compiling NIOSSL PosixPort.swift
[1761/1858] Wrapping AST for X509 for debugging
[1763/1925] Compiling JWTKit GoogleHostedDomainClaim.swift
[1764/1925] Compiling JWTKit IDClaim.swift
[1765/1925] Compiling JWTKit AudienceClaim.swift
[1766/1925] Compiling JWTKit BoolClaim.swift
[1767/1925] Compiling JWTKit ExpirationClaim.swift
[1770/1925] Compiling JWTKit IssuedAtClaim.swift
[1771/1925] Compiling JWTKit IssuerClaim.swift
[1772/1925] Compiling JWTKit JWTClaim.swift
[1773/1925] Compiling JWTKit JWTMultiValueClaim.swift
[1774/1925] Compiling JWTKit JWTUnixEpochClaim.swift
[1775/1925] Compiling JWTKit LocaleClaim.swift
[1776/1925] Compiling JWTKit NotBeforeClaim.swift
[1777/1925] Compiling JWTKit SubjectClaim.swift
[1778/1925] Compiling JWTKit TenantIDClaim.swift
[1779/1925] Compiling JWTKit ECDSA.swift
[1780/1925] Compiling JWTKit ECDSACurve.swift
[1781/1925] Compiling JWTKit ECDSACurveType.swift
[1782/1925] Compiling JWTKit ECDSAError.swift
[1783/1925] Compiling JWTKit ECDSAKeyTypes.swift
[1784/1925] Compiling JWTKit ECDSASigner.swift
[1785/1934] Emitting module JWTKit
[1789/1934] Compiling JWTKit MLDSAType.swift
[1790/1934] Compiling JWTKit JWTKeyCollection+UnsecuredNone.swift
[1791/1934] Compiling JWTKit UnsecuredNoneSigner.swift
[1792/1934] Compiling JWTKit JWTKeyCollection+RSA.swift
[1793/1934] Compiling JWTKit RSA.swift
[1794/1934] Compiling JWTKit RSAError.swift
[1795/1934] Compiling JWTKit RSASigner.swift
[1796/1934] Compiling JWTKit Base64URL.swift
[1797/1934] Compiling JWTKit CryptoSigner.swift
[1799/1935] Compiling JWTKit JWTSerializer.swift
[1800/1935] Compiling JWTKit JWTSigner.swift
[1801/1935] Compiling JWTKit JWTKeyCollection+MLDSA.swift
[1802/1935] Compiling JWTKit MLDSA.swift
[1803/1935] Compiling JWTKit MLDSA65+MLDSAKey.swift
[1804/1935] Compiling JWTKit MLDSA87+MLDSAKey.swift
[1805/1935] Compiling JWTKit MLDSAError.swift
[1806/1935] Compiling JWTKit MLDSAKey.swift
[1807/1935] Compiling JWTKit MLDSASigner.swift
[1807/1935] Wrapping AST for NIOHTTP1 for debugging
[1809/1952] Compiling NIOHPACK DynamicHeaderTable.swift
[1810/1952] Compiling NIOHPACK HPACKDecoder.swift
[1811/1952] Compiling NIOHPACK HPACKEncoder.swift
[1812/1952] Compiling NIOHPACK HPACKErrors.swift
[1813/1952] Compiling NIOHPACK HPACKHeader.swift
[1814/1952] Emitting module NIOSSL
[1815/1956] Compiling JWTKit JWTKeyCollection.swift
[1816/1956] Compiling JWTKit JWTParser+MandatoryVerificationFields.swift
[1817/1956] Compiling JWTKit JWTParser.swift
[1818/1956] Compiling JWTKit JWTPayload.swift
[1819/1956] Compiling JWTKit JWTError.swift
[1820/1956] Compiling JWTKit JWTHeader+CommonFields.swift
[1821/1956] Compiling JWTKit JWTHeader.swift
[1822/1956] Compiling JWTKit JWTHeaderField.swift
[1826/1956] Compiling JWTKit JWTAlgorithm.swift
[1827/1956] Compiling NIOHPACK IndexedHeaderTable.swift
[1828/1957] Compiling JWTKit ECDSASigningAlgorithm.swift
[1829/1957] Compiling JWTKit JWTKeyCollection+ECDSA.swift
[1830/1957] Compiling JWTKit P256+CurveType.swift
[1831/1957] Compiling JWTKit P384+CurveType.swift
[1832/1957] Compiling JWTKit P521+CurveType.swift
[1833/1957] Compiling JWTKit EdDSA.swift
[1834/1957] Compiling JWTKit EdDSACurve.swift
[1835/1957] Compiling JWTKit EdDSAError.swift
[1836/1957] Compiling JWTKit EdDSASigner.swift
[1837/1957] Compiling JWTKit JWTKeyCollection+EdDSA.swift
[1838/1957] Compiling JWTKit HMAC.swift
[1839/1957] Compiling JWTKit HMACError.swift
[1840/1957] Compiling JWTKit HMACSigner.swift
[1841/1957] Compiling JWTKit JWTKeyCollection+HMAC.swift
[1842/1957] Compiling JWTKit Insecure.swift
[1843/1957] Compiling JWTKit JWK.swift
[1844/1957] Compiling JWTKit JWKIdentifier.swift
[1845/1957] Compiling JWTKit JWKS.swift
[1846/1957] Compiling JWTKit JWKSigner.swift
[1856/1957] Compiling NIOHPACK HuffmanTables.swift
[1857/1957] Compiling NIOHTTPCompression HTTPCompression.swift
[1858/1957] Emitting module NIOHTTPCompression
[1859/1957] Compiling NIOHPACK IntegerCoding.swift
[1862/1957] Compiling NIOHPACK HuffmanCoding.swift
[1863/1957] Compiling NIOHTTPCompression HTTPDecompressor.swift
[1864/1957] Compiling NIOHTTPCompression HTTPDecompression.swift
[1867/1957] Compiling NIOHPACK HeaderTables.swift
[1879/1957] Compiling NIOHPACK StaticHeaderTable.swift
[1880/1957] Compiling NIOHTTPCompression HTTPRequestCompressor.swift
[1881/1957] Compiling NIOHTTPCompression HTTPResponseCompressor.swift
[1885/1958] Emitting module NIOHPACK
[1886/1959] Wrapping AST for NIOHTTPCompression for debugging
[1888/1959] Compiling JWTKit CustomizedJSONCoders.swift
[1889/1959] Compiling JWTKit Utilities.swift
[1890/1959] Compiling JWTKit AppleIdentityToken.swift
[1891/1959] Compiling JWTKit FirebaseAuthIdentityToken.swift
[1892/1959] Compiling JWTKit GoogleIdentityToken.swift
[1893/1959] Compiling JWTKit MicrosoftIdentityToken.swift
[1894/1959] Compiling JWTKit EmptyPolicy.swift
[1895/1959] Compiling JWTKit ValidationTimePayload.swift
[1896/1959] Compiling JWTKit X5CVerifier.swift
[1896/1959] Wrapping AST for NIOHPACK for debugging
[1898/2023] Wrapping AST for JWTKit for debugging
[1900/2023] Compiling NIOHTTP2 MayReceiveFrames.swift
[1901/2023] Compiling NIOHTTP2 ReceivingDataState.swift
[1902/2023] Compiling NIOHTTP2 ReceivingGoAwayState.swift
[1903/2023] Compiling NIOHTTP2 ReceivingHeadersState.swift
[1904/2024] Wrapping AST for NIOSSL for debugging
[1906/2024] Compiling NIOHTTP2 MaySendFrames.swift
[1907/2024] Compiling NIOHTTP2 SendingDataState.swift
[1908/2024] Compiling NIOHTTP2 SendingGoawayState.swift
[1909/2024] Compiling NIOHTTP2 SendingHeadersState.swift
[1910/2024] Compiling NIOHTTP2 SendingPushPromiseState.swift
[1911/2024] Compiling NIOHTTP2 SendingRstStreamState.swift
[1912/2024] Compiling NIOHTTP2 SendingWindowUpdateState.swift
[1913/2024] Compiling NIOHTTP2 HTTP2SettingsState.swift
[1914/2024] Compiling NIOHTTP2 HasExtendedConnectSettings.swift
[1915/2032] Emitting module NIOHTTP2
[1916/2032] Compiling NIOHTTP2 DOSHeuristics.swift
[1917/2032] Compiling NIOHTTP2 Error+Any.swift
[1918/2032] Compiling NIOHTTP2 ConcurrentStreamBuffer.swift
[1919/2032] Compiling NIOHTTP2 ControlFrameBuffer.swift
[1920/2032] Compiling NIOHTTP2 OutboundFlowControlBuffer.swift
[1921/2032] Compiling NIOHTTP2 OutboundFrameBuffer.swift
[1922/2032] Compiling NIOHTTP2 GlitchesMonitor.swift
[1923/2032] Compiling NIOHTTP2 HPACKHeaders+Validation.swift
[1924/2032] Compiling NIOHTTP2 HTTP2ChannelHandler+InboundStreamMultiplexer.swift
[1925/2032] Compiling NIOHTTP2 NIOHTTP2ServerConnectionManagementHandler.swift
[1926/2032] Compiling NIOHTTP2 StreamChannelFlowController.swift
[1927/2032] Compiling NIOHTTP2 StreamChannelList.swift
[1928/2032] Compiling NIOHTTP2 StreamMap.swift
[1929/2032] Compiling NIOHTTP2 StreamStateMachine.swift
[1930/2032] Compiling NIOHTTP2 Timer.swift
[1931/2032] Compiling NIOHTTP2 UnsafeTransfer.swift
[1932/2032] Compiling NIOHTTP2 WatermarkedFlowController.swift
[1933/2032] Compiling NIOHTTP2 HTTP2StreamMultiplexer.swift
[1934/2032] Compiling NIOHTTP2 HTTP2ToHTTP1Codec.swift
[1935/2032] Compiling NIOHTTP2 HTTP2UserEvents.swift
[1936/2032] Compiling NIOHTTP2 InboundEventBuffer.swift
[1937/2032] Compiling NIOHTTP2 InboundWindowManager.swift
[1938/2032] Compiling NIOHTTP2 MultiplexerAbstractChannel.swift
[1939/2032] Compiling NIOHTTP2 NIOHTTP2FrameDelegate.swift
[1940/2032] Compiling NIOHTTP2 NIOHTTP2ServerConnectionManagementHandler+StateMachine.swift
[1941/2032] Compiling NIOHTTP2 ConnectionStateMachine.swift
[1942/2032] Compiling NIOHTTP2 ConnectionStreamsState.swift
[1947/2032] Compiling NIOHTTP2 ReceivingPushPromiseState.swift
[1948/2032] Compiling NIOHTTP2 ReceivingRstStreamState.swift
[1949/2032] Compiling NIOHTTP2 ReceivingWindowUpdateState.swift
[1950/2032] Compiling NIOHTTP2 HTTP2FrameParser.swift
[1951/2032] Compiling NIOHTTP2 HTTP2PingData.swift
[1952/2032] Compiling NIOHTTP2 HTTP2PipelineHelpers.swift
[1953/2032] Compiling NIOHTTP2 HTTP2Settings.swift
[1954/2032] Compiling NIOHTTP2 HTTP2Stream.swift
[1955/2032] Compiling NIOHTTP2 HTTP2StreamChannel+OutboundStreamMultiplexer.swift
[1956/2032] Compiling NIOHTTP2 HTTP2StreamChannel.swift
[1957/2032] Compiling NIOHTTP2 HTTP2StreamDelegate.swift
[1958/2032] Compiling NIOHTTP2 HTTP2StreamID.swift
[1959/2032] Compiling NIOHTTP2 HasFlowControlWindows.swift
[1960/2032] Compiling NIOHTTP2 HasLocalSettings.swift
[1961/2032] Compiling NIOHTTP2 HasRemoteSettings.swift
[1962/2032] Compiling NIOHTTP2 LocallyQuiescingState.swift
[1963/2032] Compiling NIOHTTP2 QuiescingState.swift
[1964/2032] Compiling NIOHTTP2 RemotelyQuiescingState.swift
[1965/2032] Compiling NIOHTTP2 SendAndReceiveGoawayState.swift
[1966/2032] Compiling NIOHTTP2 StateMachineResult.swift
[1967/2032] Compiling NIOHTTP2 ContentLengthVerifier.swift
[1968/2032] Compiling NIOHTTP2 HTTP2ChannelHandler+InlineStreamMultiplexer.swift
[1969/2032] Compiling NIOHTTP2 HTTP2ChannelHandler.swift
[1970/2032] Compiling NIOHTTP2 HTTP2CommonInboundStreamMultiplexer.swift
[1971/2032] Compiling NIOHTTP2 HTTP2ConnectionStateChange.swift
[1972/2032] Compiling NIOHTTP2 HTTP2Error.swift
[1973/2032] Compiling NIOHTTP2 HTTP2ErrorCode.swift
[1974/2032] Compiling NIOHTTP2 HTTP2FlowControlWindow.swift
[1975/2032] Compiling NIOHTTP2 HTTP2Frame.swift
[1976/2032] Compiling NIOHTTP2 HTTP2FrameEncoder.swift
[1977/2033] Wrapping AST for NIOHTTP2 for debugging
[1979/2097] Emitting module AsyncHTTPClient
[1980/2105] Compiling AsyncHTTPClient AnyAsyncSequence.swift
[1981/2105] Compiling AsyncHTTPClient AnyAsyncSequenceProucerDelete.swift
[1982/2105] Compiling AsyncHTTPClient AsyncLazySequence.swift
[1983/2105] Compiling AsyncHTTPClient HTTPClient+execute.swift
[1984/2105] Compiling AsyncHTTPClient HTTPClient+shutdown.swift
[1985/2105] Compiling AsyncHTTPClient HTTPClient+tracing.swift
[1986/2105] Compiling AsyncHTTPClient HTTPClientRequest+Prepared.swift
[1987/2105] Compiling AsyncHTTPClient HTTPClientRequest+auth.swift
[1988/2105] Compiling AsyncHTTPClient HTTPClientRequest.swift
[1989/2105] Compiling AsyncHTTPClient RequestValidation.swift
[1990/2105] Compiling AsyncHTTPClient SSLContextCache.swift
[1991/2105] Compiling AsyncHTTPClient Scheme.swift
[1992/2105] Compiling AsyncHTTPClient Singleton.swift
[1993/2105] Compiling AsyncHTTPClient StringConvertibleInstances.swift
[1994/2105] Compiling AsyncHTTPClient StructuredConcurrencyHelpers.swift
[1995/2105] Compiling AsyncHTTPClient TracingSupport.swift
[1996/2105] Compiling AsyncHTTPClient Utils.swift
[1997/2105] Compiling AsyncHTTPClient HTTPConnectionEvent.swift
[1998/2105] Compiling AsyncHTTPClient HTTPConnectionPool+Factory.swift
[1999/2105] Compiling AsyncHTTPClient HTTPConnectionPool+Manager.swift
[2000/2105] Compiling AsyncHTTPClient HTTPConnectionPool.swift
[2001/2105] Compiling AsyncHTTPClient HTTPExecutableRequest.swift
[2002/2105] Compiling AsyncHTTPClient HTTPRequestStateMachine+Demand.swift
[2003/2105] Compiling AsyncHTTPClient HTTPRequestStateMachine.swift
[2004/2105] Compiling AsyncHTTPClient RequestBodyLength.swift
[2005/2105] Compiling AsyncHTTPClient RequestFramingMetadata.swift
[2006/2105] Compiling AsyncHTTPClient LRUCache.swift
[2007/2105] Compiling AsyncHTTPClient NIOLoopBound+Execute.swift
[2008/2105] Compiling AsyncHTTPClient NWErrorHandler.swift
[2009/2105] Compiling AsyncHTTPClient NWWaitingHandler.swift
[2010/2105] Compiling AsyncHTTPClient TLSConfiguration.swift
[2011/2105] Compiling AsyncHTTPClient RedirectState.swift
[2012/2105] Compiling AsyncHTTPClient RequestBag+StateMachine.swift
[2013/2105] Compiling AsyncHTTPClient RequestBag+Tracing.swift
[2014/2105] Compiling AsyncHTTPClient RequestBag.swift
[2015/2105] Compiling AsyncHTTPClient RequestOptions.swift
[2016/2105] Compiling AsyncHTTPClient HTTPConnectionPool+Backoff.swift
[2017/2105] Compiling AsyncHTTPClient HTTPConnectionPool+HTTP1Connections.swift
[2018/2105] Compiling AsyncHTTPClient HTTPConnectionPool+HTTP1StateMachine.swift
[2019/2105] Compiling AsyncHTTPClient HTTPConnectionPool+HTTP2Connections.swift
[2020/2105] Compiling AsyncHTTPClient HTTPConnectionPool+HTTP2StateMachine.swift
[2021/2105] Compiling AsyncHTTPClient HTTPConnectionPool+RequestQueue.swift
[2022/2105] Compiling AsyncHTTPClient HTTPConnectionPool+StateMachine.swift
[2023/2105] Compiling AsyncHTTPClient ConnectionTarget.swift
[2024/2105] Compiling AsyncHTTPClient HTTP1ProxyConnectHandler.swift
[2025/2105] Compiling AsyncHTTPClient SOCKSEventsHandler.swift
[2026/2105] Compiling AsyncHTTPClient TLSEventsHandler.swift
[2027/2105] Compiling AsyncHTTPClient HTTP1ClientChannelHandler.swift
[2028/2105] Compiling AsyncHTTPClient HTTP1Connection.swift
[2029/2105] Compiling AsyncHTTPClient HTTP1ConnectionStateMachine.swift
[2030/2105] Compiling AsyncHTTPClient HTTP2ClientRequestHandler.swift
[2031/2105] Compiling AsyncHTTPClient HTTP2Connection.swift
[2032/2105] Compiling AsyncHTTPClient HTTP2IdleHandler.swift
[2033/2105] Compiling AsyncHTTPClient HTTPClientResponse.swift
[2034/2105] Compiling AsyncHTTPClient SingleIteratorPrecondition.swift
[2035/2105] Compiling AsyncHTTPClient Transaction+StateMachine.swift
[2036/2105] Compiling AsyncHTTPClient Transaction.swift
[2037/2105] Compiling AsyncHTTPClient Base64.swift
[2038/2105] Compiling AsyncHTTPClient BasicAuth.swift
[2039/2105] Compiling AsyncHTTPClient BestEffortHashableTLSConfiguration.swift
[2040/2105] Compiling AsyncHTTPClient Configuration+BrowserLike.swift
[2041/2105] Compiling AsyncHTTPClient ConnectionPool.swift
[2042/2105] Compiling AsyncHTTPClient DeconstructedURL.swift
[2043/2105] Compiling AsyncHTTPClient FileDownloadDelegate.swift
[2044/2105] Compiling AsyncHTTPClient FoundationExtensions.swift
[2045/2105] Compiling AsyncHTTPClient HTTPClient+HTTPCookie.swift
[2046/2105] Compiling AsyncHTTPClient HTTPClient+Proxy.swift
[2047/2105] Compiling AsyncHTTPClient HTTPClient+StructuredConcurrency.swift
[2048/2105] Compiling AsyncHTTPClient HTTPClient.swift
[2049/2105] Compiling AsyncHTTPClient HTTPClientConfiguration+SwiftConfiguration.swift
[2050/2105] Compiling AsyncHTTPClient HTTPHandler.swift
[2051/2106] Wrapping AST for AsyncHTTPClient for debugging
[2053/2129] Emitting module GoogleAuth
[2054/2132] Compiling GoogleAuth CredentialParserRegistry.swift
[2055/2132] Compiling GoogleAuth Credentials.swift
[2056/2132] Compiling GoogleAuth CredentialsError.swift
[2057/2132] Compiling GoogleAuth ServiceAccountCredentials.swift
[2058/2132] Compiling GoogleAuth ServiceAccountData.swift
[2059/2132] Compiling GoogleAuth ServiceAccountTokenProvider.swift
[2060/2132] Compiling GoogleAuth AuthHTTPClient.swift
[2061/2132] Compiling GoogleAuth AuthHTTPError.swift
[2062/2132] Compiling GoogleAuth RetryEngine.swift
[2063/2132] Compiling GoogleAuth AnonymousCredentials.swift
[2064/2132] Compiling GoogleAuth ApiKeyCredentials.swift
[2065/2132] Compiling GoogleAuth ExternalAccountCredentials.swift
[2066/2132] Compiling GoogleAuth SubjectTokenProvider.swift
[2067/2132] Compiling GoogleAuth MDSAccessTokenProvider.swift
[2068/2132] Compiling GoogleAuth MDSCredentials.swift
[2069/2132] Compiling GoogleAuth ADC.swift
[2070/2132] Compiling GoogleAuth ADCPath.swift
[2071/2132] Compiling GoogleAuth ADCResolver.swift
[2072/2132] Compiling GoogleAuth AuthHeaders.swift
[2073/2132] Compiling GoogleAuth UserAccountData.swift
[2074/2132] Compiling GoogleAuth UserAccountTokenProvider.swift
[2075/2132] Compiling GoogleAuth UserCredentials.swift
[2076/2132] Compiling GoogleAuth STSHandler.swift
[2077/2132] Compiling GoogleAuth TokenCache.swift
[2078/2132] Compiling GoogleAuth PackageVersion.swift
[2079/2133] Wrapping AST for GoogleAuth for debugging
[2081/2191] Compiling GoogleGax Pagination.swift
/host/spi-builder-workspace/.build/checkouts/swift-google-gax/Sources/GoogleGax/Pagination.swift:44:22: error: cannot convert '@Sendable (String) async throws -> (response: ResponseType, items: [Item], nextToken: String)' to 'nonisolated(nonsending) @Sendable (String) async throws -> (response: ResponseType, items: [Item], nextToken: String)' because crossing of an isolation boundary requires parameter and result types to conform to 'Sendable' protocol
42 | ) where ResponseType: _PaginatedResponse<Item> {
43 | self.initialPageToken = initialPageToken ?? ""
44 | self.fetchPage = { token in
| |- error: cannot convert '@Sendable (String) async throws -> (response: ResponseType, items: [Item], nextToken: String)' to 'nonisolated(nonsending) @Sendable (String) async throws -> (response: ResponseType, items: [Item], nextToken: String)' because crossing of an isolation boundary requires parameter and result types to conform to 'Sendable' protocol
| `- note: type 'Item' does not conform to 'Sendable' protocol
45 | let response = try await listRpc(token)
46 | return (response, response._getPaginatedItems(), response._nextPageToken())
[2082/2191] Compiling GoogleGax PollingBackoffPolicy.swift
/host/spi-builder-workspace/.build/checkouts/swift-google-gax/Sources/GoogleGax/Pagination.swift:44:22: error: cannot convert '@Sendable (String) async throws -> (response: ResponseType, items: [Item], nextToken: String)' to 'nonisolated(nonsending) @Sendable (String) async throws -> (response: ResponseType, items: [Item], nextToken: String)' because crossing of an isolation boundary requires parameter and result types to conform to 'Sendable' protocol
42 | ) where ResponseType: _PaginatedResponse<Item> {
43 | self.initialPageToken = initialPageToken ?? ""
44 | self.fetchPage = { token in
| |- error: cannot convert '@Sendable (String) async throws -> (response: ResponseType, items: [Item], nextToken: String)' to 'nonisolated(nonsending) @Sendable (String) async throws -> (response: ResponseType, items: [Item], nextToken: String)' because crossing of an isolation boundary requires parameter and result types to conform to 'Sendable' protocol
| `- note: type 'Item' does not conform to 'Sendable' protocol
45 | let response = try await listRpc(token)
46 | return (response, response._getPaginatedItems(), response._nextPageToken())
[2083/2191] Compiling GoogleGax PollingErrorPolicy.swift
/host/spi-builder-workspace/.build/checkouts/swift-google-gax/Sources/GoogleGax/Pagination.swift:44:22: error: cannot convert '@Sendable (String) async throws -> (response: ResponseType, items: [Item], nextToken: String)' to 'nonisolated(nonsending) @Sendable (String) async throws -> (response: ResponseType, items: [Item], nextToken: String)' because crossing of an isolation boundary requires parameter and result types to conform to 'Sendable' protocol
42 | ) where ResponseType: _PaginatedResponse<Item> {
43 | self.initialPageToken = initialPageToken ?? ""
44 | self.fetchPage = { token in
| |- error: cannot convert '@Sendable (String) async throws -> (response: ResponseType, items: [Item], nextToken: String)' to 'nonisolated(nonsending) @Sendable (String) async throws -> (response: ResponseType, items: [Item], nextToken: String)' because crossing of an isolation boundary requires parameter and result types to conform to 'Sendable' protocol
| `- note: type 'Item' does not conform to 'Sendable' protocol
45 | let response = try await listRpc(token)
46 | return (response, response._getPaginatedItems(), response._nextPageToken())
[2084/2191] Compiling GoogleGax PollingResult.swift
/host/spi-builder-workspace/.build/checkouts/swift-google-gax/Sources/GoogleGax/Pagination.swift:44:22: error: cannot convert '@Sendable (String) async throws -> (response: ResponseType, items: [Item], nextToken: String)' to 'nonisolated(nonsending) @Sendable (String) async throws -> (response: ResponseType, items: [Item], nextToken: String)' because crossing of an isolation boundary requires parameter and result types to conform to 'Sendable' protocol
42 | ) where ResponseType: _PaginatedResponse<Item> {
43 | self.initialPageToken = initialPageToken ?? ""
44 | self.fetchPage = { token in
| |- error: cannot convert '@Sendable (String) async throws -> (response: ResponseType, items: [Item], nextToken: String)' to 'nonisolated(nonsending) @Sendable (String) async throws -> (response: ResponseType, items: [Item], nextToken: String)' because crossing of an isolation boundary requires parameter and result types to conform to 'Sendable' protocol
| `- note: type 'Item' does not conform to 'Sendable' protocol
45 | let response = try await listRpc(token)
46 | return (response, response._getPaginatedItems(), response._nextPageToken())
[2085/2191] Compiling GoogleGax PollingState.swift
/host/spi-builder-workspace/.build/checkouts/swift-google-gax/Sources/GoogleGax/Pagination.swift:44:22: error: cannot convert '@Sendable (String) async throws -> (response: ResponseType, items: [Item], nextToken: String)' to 'nonisolated(nonsending) @Sendable (String) async throws -> (response: ResponseType, items: [Item], nextToken: String)' because crossing of an isolation boundary requires parameter and result types to conform to 'Sendable' protocol
42 | ) where ResponseType: _PaginatedResponse<Item> {
43 | self.initialPageToken = initialPageToken ?? ""
44 | self.fetchPage = { token in
| |- error: cannot convert '@Sendable (String) async throws -> (response: ResponseType, items: [Item], nextToken: String)' to 'nonisolated(nonsending) @Sendable (String) async throws -> (response: ResponseType, items: [Item], nextToken: String)' because crossing of an isolation boundary requires parameter and result types to conform to 'Sendable' protocol
| `- note: type 'Item' does not conform to 'Sendable' protocol
45 | let response = try await listRpc(token)
46 | return (response, response._getPaginatedItems(), response._nextPageToken())
[2086/2191] Compiling GoogleGax ProtobufConversionError.swift
/host/spi-builder-workspace/.build/checkouts/swift-google-gax/Sources/GoogleGax/Pagination.swift:44:22: error: cannot convert '@Sendable (String) async throws -> (response: ResponseType, items: [Item], nextToken: String)' to 'nonisolated(nonsending) @Sendable (String) async throws -> (response: ResponseType, items: [Item], nextToken: String)' because crossing of an isolation boundary requires parameter and result types to conform to 'Sendable' protocol
42 | ) where ResponseType: _PaginatedResponse<Item> {
43 | self.initialPageToken = initialPageToken ?? ""
44 | self.fetchPage = { token in
| |- error: cannot convert '@Sendable (String) async throws -> (response: ResponseType, items: [Item], nextToken: String)' to 'nonisolated(nonsending) @Sendable (String) async throws -> (response: ResponseType, items: [Item], nextToken: String)' because crossing of an isolation boundary requires parameter and result types to conform to 'Sendable' protocol
| `- note: type 'Item' does not conform to 'Sendable' protocol
45 | let response = try await listRpc(token)
46 | return (response, response._getPaginatedItems(), response._nextPageToken())
[2087/2191] Compiling GoogleGax QueryParameter.swift
/host/spi-builder-workspace/.build/checkouts/swift-google-gax/Sources/GoogleGax/Pagination.swift:44:22: error: cannot convert '@Sendable (String) async throws -> (response: ResponseType, items: [Item], nextToken: String)' to 'nonisolated(nonsending) @Sendable (String) async throws -> (response: ResponseType, items: [Item], nextToken: String)' because crossing of an isolation boundary requires parameter and result types to conform to 'Sendable' protocol
42 | ) where ResponseType: _PaginatedResponse<Item> {
43 | self.initialPageToken = initialPageToken ?? ""
44 | self.fetchPage = { token in
| |- error: cannot convert '@Sendable (String) async throws -> (response: ResponseType, items: [Item], nextToken: String)' to 'nonisolated(nonsending) @Sendable (String) async throws -> (response: ResponseType, items: [Item], nextToken: String)' because crossing of an isolation boundary requires parameter and result types to conform to 'Sendable' protocol
| `- note: type 'Item' does not conform to 'Sendable' protocol
45 | let response = try await listRpc(token)
46 | return (response, response._getPaginatedItems(), response._nextPageToken())
[2088/2191] Compiling GoogleGax RequestError.swift
/host/spi-builder-workspace/.build/checkouts/swift-google-gax/Sources/GoogleGax/Pagination.swift:44:22: error: cannot convert '@Sendable (String) async throws -> (response: ResponseType, items: [Item], nextToken: String)' to 'nonisolated(nonsending) @Sendable (String) async throws -> (response: ResponseType, items: [Item], nextToken: String)' because crossing of an isolation boundary requires parameter and result types to conform to 'Sendable' protocol
42 | ) where ResponseType: _PaginatedResponse<Item> {
43 | self.initialPageToken = initialPageToken ?? ""
44 | self.fetchPage = { token in
| |- error: cannot convert '@Sendable (String) async throws -> (response: ResponseType, items: [Item], nextToken: String)' to 'nonisolated(nonsending) @Sendable (String) async throws -> (response: ResponseType, items: [Item], nextToken: String)' because crossing of an isolation boundary requires parameter and result types to conform to 'Sendable' protocol
| `- note: type 'Item' does not conform to 'Sendable' protocol
45 | let response = try await listRpc(token)
46 | return (response, response._getPaginatedItems(), response._nextPageToken())
[2089/2199] Compiling GoogleGax LimitedAttemptCount+PollingErrorPolicy.swift
[2090/2199] Compiling GoogleGax LimitedAttemptCount+RetryPolicy.swift
[2091/2199] Compiling GoogleGax LimitedAttemptCount.swift
[2092/2199] Compiling GoogleGax LimitedElapsedTime+PollingErrorPolicy.swift
[2093/2199] Compiling GoogleGax LimitedElapsedTime+RetryPolicy.swift
[2094/2199] Compiling GoogleGax LimitedElapsedTime.swift
[2095/2199] Compiling GoogleGax LongRunningOperations.swift
[2096/2199] Compiling GoogleGax NeverRetry.swift
[2097/2199] Compiling GoogleGax ServiceError.swift
[2098/2199] Compiling GoogleGax StatusDetail.swift
[2099/2199] Compiling GoogleGax StrictIdempotency.swift
[2100/2199] Compiling GoogleGax ThrottleResult.swift
[2101/2199] Compiling GoogleGax TooManyRequests+PollingErrorPolicy.swift
[2102/2199] Compiling GoogleGax TooManyRequests+RetryPolicy.swift
[2103/2199] Compiling GoogleGax TooManyRequests.swift
[2104/2199] Compiling GoogleGax PackageVersion.swift
[2105/2199] Compiling GoogleGax RequestOptions.swift
[2106/2199] Compiling GoogleGax RetryLoop.swift
[2107/2199] Compiling GoogleGax RetryPolicy.swift
[2108/2199] Compiling GoogleGax RetryResult.swift
[2109/2199] Compiling GoogleGax RetryState.swift
[2110/2199] Compiling GoogleGax RetryThrottler.swift
[2111/2199] Compiling GoogleGax RetryThrottlerError.swift
[2112/2199] Compiling GoogleGax RoutingMatcher.swift
[2113/2199] Compiling GoogleGax ContinueOnIO.swift
[2114/2199] Compiling GoogleGax CredentialsProtocol.swift
[2115/2199] Compiling GoogleGax ErrorWrapper.swift
[2116/2199] Compiling GoogleGax ExponentialBackoff+BackoffPolicy.swift
[2117/2199] Compiling GoogleGax ExponentialBackoff+PollingBackoffPolicy.swift
[2118/2199] Compiling GoogleGax ExponentialBackoff.swift
[2119/2199] Compiling GoogleGax HTTPClient.swift
[2120/2199] Compiling GoogleGax HTTPClientHolder.swift
[2121/2199] Compiling GoogleGax HTTPClientProtocol.swift
[2122/2199] Compiling GoogleGax HTTPClientRequest.swift
[2123/2199] Compiling GoogleGax HTTPClientResponse.swift
[2124/2199] Compiling GoogleGax HTTPHeaders.swift
[2125/2199] Compiling GoogleGax HTTPResponseBody.swift
[2126/2199] Compiling GoogleGax HeaderNames.swift
[2127/2199] Compiling GoogleGax Host.swift
[2128/2199] Compiling GoogleGax InProgressResult.swift
[2129/2199] Emitting module GoogleGax
[2130/2199] Compiling GoogleGax AIP194+PollingErrorPolicy.swift
[2131/2199] Compiling GoogleGax AIP194+RetryPolicy.swift
[2132/2199] Compiling GoogleGax AIP194.swift
[2133/2199] Compiling GoogleGax AdaptiveThrottler.swift
[2134/2199] Compiling GoogleGax AlwaysPoll.swift
[2135/2199] Compiling GoogleGax AlwaysRetry.swift
[2136/2199] Compiling GoogleGax ApiClientHeader.swift
[2137/2199] Compiling GoogleGax BackoffPolicy.swift
[2138/2199] Compiling GoogleGax BasePollingErrorPolicy.swift
[2139/2199] Compiling GoogleGax BaseRetryPolicy.swift
[2140/2199] Compiling GoogleGax BindingError.swift
[2141/2199] Compiling GoogleGax CRC32C.swift
[2142/2199] Compiling GoogleGax CircuitBreaker.swift
[2143/2199] Compiling GoogleGax ClientError.swift
[2144/2199] Compiling GoogleGax ClientOptions.swift
[2145/2199] Compiling GoogleGax ContinueOnIO+PollingErrorPolicy.swift
[2146/2199] Compiling GoogleGax ContinueOnIO+RetryPolicy.swift
BUILD FAILURE 6.2 android