Build Information
Failed to build Blessed, reference 0.6.0 (e7c730), with Swift 6.4 for tvOS using Xcode 27.0 on 18 Sep 2026 11:04:21 UTC.
Build Command
env DEVELOPER_DIR=/Applications/Xcode-27.0.0-Release.Candidate.app xcrun xcodebuild -IDEClonedSourcePackagesDirPathOverride=$PWD/.dependencies -skipMacroValidation -skipPackagePluginValidation -derivedDataPath $PWD/.derivedData build -scheme Blessed -destination generic/platform=tvOSBuild Log
523 | case .invalidityDate: return kSecOIDInvalidityDate
524 | case .issuerAltName: return kSecOIDIssuerAltName
525 | case .distributionPoint: return kSecOIDIssuingDistributionPoint
| `- error: cannot find 'kSecOIDIssuingDistributionPoint' in scope
526 | case .issuingDistributionPoints: return kSecOIDIssuingDistributionPoints
527 | case .kerbV5PkinitKpClientAuth: return kSecOIDKERBv5_PKINIT_KP_CLIENT_AUTH
/Users/admin/builder/spi-builder-workspace/.dependencies/checkouts/Required/Sources/Required/Helpers/Security/SecCertificate+Extensions.swift:526:74: error: cannot find 'kSecOIDIssuingDistributionPoints' in scope
524 | case .issuerAltName: return kSecOIDIssuerAltName
525 | case .distributionPoint: return kSecOIDIssuingDistributionPoint
526 | case .issuingDistributionPoints: return kSecOIDIssuingDistributionPoints
| `- error: cannot find 'kSecOIDIssuingDistributionPoints' in scope
527 | case .kerbV5PkinitKpClientAuth: return kSecOIDKERBv5_PKINIT_KP_CLIENT_AUTH
528 | case .kerbV5PkinitKpKdc: return kSecOIDKERBv5_PKINIT_KP_KDC
/Users/admin/builder/spi-builder-workspace/.dependencies/checkouts/Required/Sources/Required/Helpers/Security/SecCertificate+Extensions.swift:527:74: error: cannot find 'kSecOIDKERBv5_PKINIT_KP_CLIENT_AUTH' in scope
525 | case .distributionPoint: return kSecOIDIssuingDistributionPoint
526 | case .issuingDistributionPoints: return kSecOIDIssuingDistributionPoints
527 | case .kerbV5PkinitKpClientAuth: return kSecOIDKERBv5_PKINIT_KP_CLIENT_AUTH
| `- error: cannot find 'kSecOIDKERBv5_PKINIT_KP_CLIENT_AUTH' in scope
528 | case .kerbV5PkinitKpKdc: return kSecOIDKERBv5_PKINIT_KP_KDC
529 | case .keyUsage: return kSecOIDKeyUsage
/Users/admin/builder/spi-builder-workspace/.dependencies/checkouts/Required/Sources/Required/Helpers/Security/SecCertificate+Extensions.swift:528:74: error: cannot find 'kSecOIDKERBv5_PKINIT_KP_KDC' in scope
526 | case .issuingDistributionPoints: return kSecOIDIssuingDistributionPoints
527 | case .kerbV5PkinitKpClientAuth: return kSecOIDKERBv5_PKINIT_KP_CLIENT_AUTH
528 | case .kerbV5PkinitKpKdc: return kSecOIDKERBv5_PKINIT_KP_KDC
| `- error: cannot find 'kSecOIDKERBv5_PKINIT_KP_KDC' in scope
529 | case .keyUsage: return kSecOIDKeyUsage
530 | case .localityName: return kSecOIDLocalityName
/Users/admin/builder/spi-builder-workspace/.dependencies/checkouts/Required/Sources/Required/Helpers/Security/SecCertificate+Extensions.swift:529:74: error: cannot find 'kSecOIDKeyUsage' in scope
527 | case .kerbV5PkinitKpClientAuth: return kSecOIDKERBv5_PKINIT_KP_CLIENT_AUTH
528 | case .kerbV5PkinitKpKdc: return kSecOIDKERBv5_PKINIT_KP_KDC
529 | case .keyUsage: return kSecOIDKeyUsage
| `- error: cannot find 'kSecOIDKeyUsage' in scope
530 | case .localityName: return kSecOIDLocalityName
531 | case .msNTPrincipalName: return kSecOIDMS_NTPrincipalName
/Users/admin/builder/spi-builder-workspace/.dependencies/checkouts/Required/Sources/Required/Helpers/Security/SecCertificate+Extensions.swift:530:74: error: cannot find 'kSecOIDLocalityName' in scope
528 | case .kerbV5PkinitKpKdc: return kSecOIDKERBv5_PKINIT_KP_KDC
529 | case .keyUsage: return kSecOIDKeyUsage
530 | case .localityName: return kSecOIDLocalityName
| `- error: cannot find 'kSecOIDLocalityName' in scope
531 | case .msNTPrincipalName: return kSecOIDMS_NTPrincipalName
532 | case .microsoftSGC: return kSecOIDMicrosoftSGC
/Users/admin/builder/spi-builder-workspace/.dependencies/checkouts/Required/Sources/Required/Helpers/Security/SecCertificate+Extensions.swift:531:74: error: cannot find 'kSecOIDMS_NTPrincipalName' in scope
529 | case .keyUsage: return kSecOIDKeyUsage
530 | case .localityName: return kSecOIDLocalityName
531 | case .msNTPrincipalName: return kSecOIDMS_NTPrincipalName
| `- error: cannot find 'kSecOIDMS_NTPrincipalName' in scope
532 | case .microsoftSGC: return kSecOIDMicrosoftSGC
533 | case .nameConstraints: return kSecOIDNameConstraints
/Users/admin/builder/spi-builder-workspace/.dependencies/checkouts/Required/Sources/Required/Helpers/Security/SecCertificate+Extensions.swift:532:74: error: cannot find 'kSecOIDMicrosoftSGC' in scope
530 | case .localityName: return kSecOIDLocalityName
531 | case .msNTPrincipalName: return kSecOIDMS_NTPrincipalName
532 | case .microsoftSGC: return kSecOIDMicrosoftSGC
| `- error: cannot find 'kSecOIDMicrosoftSGC' in scope
533 | case .nameConstraints: return kSecOIDNameConstraints
534 | case .netscapeCertSequence: return kSecOIDNetscapeCertSequence
/Users/admin/builder/spi-builder-workspace/.dependencies/checkouts/Required/Sources/Required/Helpers/Security/SecCertificate+Extensions.swift:533:74: error: cannot find 'kSecOIDNameConstraints' in scope
531 | case .msNTPrincipalName: return kSecOIDMS_NTPrincipalName
532 | case .microsoftSGC: return kSecOIDMicrosoftSGC
533 | case .nameConstraints: return kSecOIDNameConstraints
| `- error: cannot find 'kSecOIDNameConstraints' in scope
534 | case .netscapeCertSequence: return kSecOIDNetscapeCertSequence
535 | case .netscapeCertType: return kSecOIDNetscapeCertType
/Users/admin/builder/spi-builder-workspace/.dependencies/checkouts/Required/Sources/Required/Helpers/Security/SecCertificate+Extensions.swift:534:74: error: cannot find 'kSecOIDNetscapeCertSequence' in scope
532 | case .microsoftSGC: return kSecOIDMicrosoftSGC
533 | case .nameConstraints: return kSecOIDNameConstraints
534 | case .netscapeCertSequence: return kSecOIDNetscapeCertSequence
| `- error: cannot find 'kSecOIDNetscapeCertSequence' in scope
535 | case .netscapeCertType: return kSecOIDNetscapeCertType
536 | case .netscapeSGC: return kSecOIDNetscapeSGC
/Users/admin/builder/spi-builder-workspace/.dependencies/checkouts/Required/Sources/Required/Helpers/Security/SecCertificate+Extensions.swift:535:74: error: cannot find 'kSecOIDNetscapeCertType' in scope
533 | case .nameConstraints: return kSecOIDNameConstraints
534 | case .netscapeCertSequence: return kSecOIDNetscapeCertSequence
535 | case .netscapeCertType: return kSecOIDNetscapeCertType
| `- error: cannot find 'kSecOIDNetscapeCertType' in scope
536 | case .netscapeSGC: return kSecOIDNetscapeSGC
537 | case .cspSigning: return kSecOIDOCSPSigning
/Users/admin/builder/spi-builder-workspace/.dependencies/checkouts/Required/Sources/Required/Helpers/Security/SecCertificate+Extensions.swift:536:74: error: cannot find 'kSecOIDNetscapeSGC' in scope
534 | case .netscapeCertSequence: return kSecOIDNetscapeCertSequence
535 | case .netscapeCertType: return kSecOIDNetscapeCertType
536 | case .netscapeSGC: return kSecOIDNetscapeSGC
| `- error: cannot find 'kSecOIDNetscapeSGC' in scope
537 | case .cspSigning: return kSecOIDOCSPSigning
538 | case .organizationName: return kSecOIDOrganizationName
/Users/admin/builder/spi-builder-workspace/.dependencies/checkouts/Required/Sources/Required/Helpers/Security/SecCertificate+Extensions.swift:537:74: error: cannot find 'kSecOIDOCSPSigning' in scope
535 | case .netscapeCertType: return kSecOIDNetscapeCertType
536 | case .netscapeSGC: return kSecOIDNetscapeSGC
537 | case .cspSigning: return kSecOIDOCSPSigning
| `- error: cannot find 'kSecOIDOCSPSigning' in scope
538 | case .organizationName: return kSecOIDOrganizationName
539 | case .organizationalUnitName: return kSecOIDOrganizationalUnitName
/Users/admin/builder/spi-builder-workspace/.dependencies/checkouts/Required/Sources/Required/Helpers/Security/SecCertificate+Extensions.swift:538:74: error: cannot find 'kSecOIDOrganizationName' in scope
536 | case .netscapeSGC: return kSecOIDNetscapeSGC
537 | case .cspSigning: return kSecOIDOCSPSigning
538 | case .organizationName: return kSecOIDOrganizationName
| `- error: cannot find 'kSecOIDOrganizationName' in scope
539 | case .organizationalUnitName: return kSecOIDOrganizationalUnitName
540 | case .policyConstraints: return kSecOIDPolicyConstraints
/Users/admin/builder/spi-builder-workspace/.dependencies/checkouts/Required/Sources/Required/Helpers/Security/SecCertificate+Extensions.swift:539:74: error: cannot find 'kSecOIDOrganizationalUnitName' in scope
537 | case .cspSigning: return kSecOIDOCSPSigning
538 | case .organizationName: return kSecOIDOrganizationName
539 | case .organizationalUnitName: return kSecOIDOrganizationalUnitName
| `- error: cannot find 'kSecOIDOrganizationalUnitName' in scope
540 | case .policyConstraints: return kSecOIDPolicyConstraints
541 | case .policyMappings: return kSecOIDPolicyMappings
/Users/admin/builder/spi-builder-workspace/.dependencies/checkouts/Required/Sources/Required/Helpers/Security/SecCertificate+Extensions.swift:540:74: error: cannot find 'kSecOIDPolicyConstraints' in scope
538 | case .organizationName: return kSecOIDOrganizationName
539 | case .organizationalUnitName: return kSecOIDOrganizationalUnitName
540 | case .policyConstraints: return kSecOIDPolicyConstraints
| `- error: cannot find 'kSecOIDPolicyConstraints' in scope
541 | case .policyMappings: return kSecOIDPolicyMappings
542 | case .privateKeyUsagePeriod: return kSecOIDPrivateKeyUsagePeriod
/Users/admin/builder/spi-builder-workspace/.dependencies/checkouts/Required/Sources/Required/Helpers/Security/SecCertificate+Extensions.swift:541:74: error: cannot find 'kSecOIDPolicyMappings' in scope
539 | case .organizationalUnitName: return kSecOIDOrganizationalUnitName
540 | case .policyConstraints: return kSecOIDPolicyConstraints
541 | case .policyMappings: return kSecOIDPolicyMappings
| `- error: cannot find 'kSecOIDPolicyMappings' in scope
542 | case .privateKeyUsagePeriod: return kSecOIDPrivateKeyUsagePeriod
543 | case .dqcStatements: return kSecOIDQC_Statements
/Users/admin/builder/spi-builder-workspace/.dependencies/checkouts/Required/Sources/Required/Helpers/Security/SecCertificate+Extensions.swift:542:74: error: cannot find 'kSecOIDPrivateKeyUsagePeriod' in scope
540 | case .policyConstraints: return kSecOIDPolicyConstraints
541 | case .policyMappings: return kSecOIDPolicyMappings
542 | case .privateKeyUsagePeriod: return kSecOIDPrivateKeyUsagePeriod
| `- error: cannot find 'kSecOIDPrivateKeyUsagePeriod' in scope
543 | case .dqcStatements: return kSecOIDQC_Statements
544 | case .srvName: return kSecOIDSRVName
/Users/admin/builder/spi-builder-workspace/.dependencies/checkouts/Required/Sources/Required/Helpers/Security/SecCertificate+Extensions.swift:543:74: error: cannot find 'kSecOIDQC_Statements' in scope
541 | case .policyMappings: return kSecOIDPolicyMappings
542 | case .privateKeyUsagePeriod: return kSecOIDPrivateKeyUsagePeriod
543 | case .dqcStatements: return kSecOIDQC_Statements
| `- error: cannot find 'kSecOIDQC_Statements' in scope
544 | case .srvName: return kSecOIDSRVName
545 | case .serialNumber: return kSecOIDSerialNumber
/Users/admin/builder/spi-builder-workspace/.dependencies/checkouts/Required/Sources/Required/Helpers/Security/SecCertificate+Extensions.swift:544:74: error: cannot find 'kSecOIDSRVName' in scope
542 | case .privateKeyUsagePeriod: return kSecOIDPrivateKeyUsagePeriod
543 | case .dqcStatements: return kSecOIDQC_Statements
544 | case .srvName: return kSecOIDSRVName
| `- error: cannot find 'kSecOIDSRVName' in scope
545 | case .serialNumber: return kSecOIDSerialNumber
546 | case .serverAuth: return kSecOIDServerAuth
/Users/admin/builder/spi-builder-workspace/.dependencies/checkouts/Required/Sources/Required/Helpers/Security/SecCertificate+Extensions.swift:545:74: error: cannot find 'kSecOIDSerialNumber' in scope
543 | case .dqcStatements: return kSecOIDQC_Statements
544 | case .srvName: return kSecOIDSRVName
545 | case .serialNumber: return kSecOIDSerialNumber
| `- error: cannot find 'kSecOIDSerialNumber' in scope
546 | case .serverAuth: return kSecOIDServerAuth
547 | case .stateProvinceName: return kSecOIDStateProvinceName
/Users/admin/builder/spi-builder-workspace/.dependencies/checkouts/Required/Sources/Required/Helpers/Security/SecCertificate+Extensions.swift:546:74: error: cannot find 'kSecOIDServerAuth' in scope
544 | case .srvName: return kSecOIDSRVName
545 | case .serialNumber: return kSecOIDSerialNumber
546 | case .serverAuth: return kSecOIDServerAuth
| `- error: cannot find 'kSecOIDServerAuth' in scope
547 | case .stateProvinceName: return kSecOIDStateProvinceName
548 | case .streetAddress: return kSecOIDStreetAddress
/Users/admin/builder/spi-builder-workspace/.dependencies/checkouts/Required/Sources/Required/Helpers/Security/SecCertificate+Extensions.swift:547:74: error: cannot find 'kSecOIDStateProvinceName' in scope
545 | case .serialNumber: return kSecOIDSerialNumber
546 | case .serverAuth: return kSecOIDServerAuth
547 | case .stateProvinceName: return kSecOIDStateProvinceName
| `- error: cannot find 'kSecOIDStateProvinceName' in scope
548 | case .streetAddress: return kSecOIDStreetAddress
549 | case .subjectAltName: return kSecOIDSubjectAltName
/Users/admin/builder/spi-builder-workspace/.dependencies/checkouts/Required/Sources/Required/Helpers/Security/SecCertificate+Extensions.swift:548:74: error: cannot find 'kSecOIDStreetAddress' in scope
546 | case .serverAuth: return kSecOIDServerAuth
547 | case .stateProvinceName: return kSecOIDStateProvinceName
548 | case .streetAddress: return kSecOIDStreetAddress
| `- error: cannot find 'kSecOIDStreetAddress' in scope
549 | case .subjectAltName: return kSecOIDSubjectAltName
550 | case .subjectDirectoryAttributes: return kSecOIDSubjectDirectoryAttributes
/Users/admin/builder/spi-builder-workspace/.dependencies/checkouts/Required/Sources/Required/Helpers/Security/SecCertificate+Extensions.swift:549:74: error: cannot find 'kSecOIDSubjectAltName' in scope
547 | case .stateProvinceName: return kSecOIDStateProvinceName
548 | case .streetAddress: return kSecOIDStreetAddress
549 | case .subjectAltName: return kSecOIDSubjectAltName
| `- error: cannot find 'kSecOIDSubjectAltName' in scope
550 | case .subjectDirectoryAttributes: return kSecOIDSubjectDirectoryAttributes
551 | case .subjectEmailAddress: return kSecOIDSubjectEmailAddress
/Users/admin/builder/spi-builder-workspace/.dependencies/checkouts/Required/Sources/Required/Helpers/Security/SecCertificate+Extensions.swift:550:74: error: cannot find 'kSecOIDSubjectDirectoryAttributes' in scope
548 | case .streetAddress: return kSecOIDStreetAddress
549 | case .subjectAltName: return kSecOIDSubjectAltName
550 | case .subjectDirectoryAttributes: return kSecOIDSubjectDirectoryAttributes
| `- error: cannot find 'kSecOIDSubjectDirectoryAttributes' in scope
551 | case .subjectEmailAddress: return kSecOIDSubjectEmailAddress
552 | case .subjectInfoAccess: return kSecOIDSubjectInfoAccess
/Users/admin/builder/spi-builder-workspace/.dependencies/checkouts/Required/Sources/Required/Helpers/Security/SecCertificate+Extensions.swift:551:74: error: cannot find 'kSecOIDSubjectEmailAddress' in scope
549 | case .subjectAltName: return kSecOIDSubjectAltName
550 | case .subjectDirectoryAttributes: return kSecOIDSubjectDirectoryAttributes
551 | case .subjectEmailAddress: return kSecOIDSubjectEmailAddress
| `- error: cannot find 'kSecOIDSubjectEmailAddress' in scope
552 | case .subjectInfoAccess: return kSecOIDSubjectInfoAccess
553 | case .subjectKeyIdentifier: return kSecOIDSubjectKeyIdentifier
/Users/admin/builder/spi-builder-workspace/.dependencies/checkouts/Required/Sources/Required/Helpers/Security/SecCertificate+Extensions.swift:552:74: error: cannot find 'kSecOIDSubjectInfoAccess' in scope
550 | case .subjectDirectoryAttributes: return kSecOIDSubjectDirectoryAttributes
551 | case .subjectEmailAddress: return kSecOIDSubjectEmailAddress
552 | case .subjectInfoAccess: return kSecOIDSubjectInfoAccess
| `- error: cannot find 'kSecOIDSubjectInfoAccess' in scope
553 | case .subjectKeyIdentifier: return kSecOIDSubjectKeyIdentifier
554 | case .subjectPicture: return kSecOIDSubjectPicture
/Users/admin/builder/spi-builder-workspace/.dependencies/checkouts/Required/Sources/Required/Helpers/Security/SecCertificate+Extensions.swift:553:74: error: cannot find 'kSecOIDSubjectKeyIdentifier' in scope
551 | case .subjectEmailAddress: return kSecOIDSubjectEmailAddress
552 | case .subjectInfoAccess: return kSecOIDSubjectInfoAccess
553 | case .subjectKeyIdentifier: return kSecOIDSubjectKeyIdentifier
| `- error: cannot find 'kSecOIDSubjectKeyIdentifier' in scope
554 | case .subjectPicture: return kSecOIDSubjectPicture
555 | case .subjectSignatureBitmap: return kSecOIDSubjectSignatureBitmap
/Users/admin/builder/spi-builder-workspace/.dependencies/checkouts/Required/Sources/Required/Helpers/Security/SecCertificate+Extensions.swift:554:74: error: cannot find 'kSecOIDSubjectPicture' in scope
552 | case .subjectInfoAccess: return kSecOIDSubjectInfoAccess
553 | case .subjectKeyIdentifier: return kSecOIDSubjectKeyIdentifier
554 | case .subjectPicture: return kSecOIDSubjectPicture
| `- error: cannot find 'kSecOIDSubjectPicture' in scope
555 | case .subjectSignatureBitmap: return kSecOIDSubjectSignatureBitmap
556 | case .surname: return kSecOIDSurname
/Users/admin/builder/spi-builder-workspace/.dependencies/checkouts/Required/Sources/Required/Helpers/Security/SecCertificate+Extensions.swift:555:74: error: cannot find 'kSecOIDSubjectSignatureBitmap' in scope
553 | case .subjectKeyIdentifier: return kSecOIDSubjectKeyIdentifier
554 | case .subjectPicture: return kSecOIDSubjectPicture
555 | case .subjectSignatureBitmap: return kSecOIDSubjectSignatureBitmap
| `- error: cannot find 'kSecOIDSubjectSignatureBitmap' in scope
556 | case .surname: return kSecOIDSurname
557 | case .timeStamping: return kSecOIDTimeStamping
/Users/admin/builder/spi-builder-workspace/.dependencies/checkouts/Required/Sources/Required/Helpers/Security/SecCertificate+Extensions.swift:556:74: error: cannot find 'kSecOIDSurname' in scope
554 | case .subjectPicture: return kSecOIDSubjectPicture
555 | case .subjectSignatureBitmap: return kSecOIDSubjectSignatureBitmap
556 | case .surname: return kSecOIDSurname
| `- error: cannot find 'kSecOIDSurname' in scope
557 | case .timeStamping: return kSecOIDTimeStamping
558 | case .title: return kSecOIDTitle
/Users/admin/builder/spi-builder-workspace/.dependencies/checkouts/Required/Sources/Required/Helpers/Security/SecCertificate+Extensions.swift:557:74: error: cannot find 'kSecOIDTimeStamping' in scope
555 | case .subjectSignatureBitmap: return kSecOIDSubjectSignatureBitmap
556 | case .surname: return kSecOIDSurname
557 | case .timeStamping: return kSecOIDTimeStamping
| `- error: cannot find 'kSecOIDTimeStamping' in scope
558 | case .title: return kSecOIDTitle
559 | case .useExemptions: return kSecOIDUseExemptions
/Users/admin/builder/spi-builder-workspace/.dependencies/checkouts/Required/Sources/Required/Helpers/Security/SecCertificate+Extensions.swift:558:74: error: cannot find 'kSecOIDTitle' in scope
556 | case .surname: return kSecOIDSurname
557 | case .timeStamping: return kSecOIDTimeStamping
558 | case .title: return kSecOIDTitle
| `- error: cannot find 'kSecOIDTitle' in scope
559 | case .useExemptions: return kSecOIDUseExemptions
560 | case .x509V1CertificateIssuerUniqueId: return kSecOIDX509V1CertificateIssuerUniqueId
/Users/admin/builder/spi-builder-workspace/.dependencies/checkouts/Required/Sources/Required/Helpers/Security/SecCertificate+Extensions.swift:559:74: error: cannot find 'kSecOIDUseExemptions' in scope
557 | case .timeStamping: return kSecOIDTimeStamping
558 | case .title: return kSecOIDTitle
559 | case .useExemptions: return kSecOIDUseExemptions
| `- error: cannot find 'kSecOIDUseExemptions' in scope
560 | case .x509V1CertificateIssuerUniqueId: return kSecOIDX509V1CertificateIssuerUniqueId
561 | case .x509V1CertificateSubjectUniqueId: return kSecOIDX509V1CertificateSubjectUniqueId
/Users/admin/builder/spi-builder-workspace/.dependencies/checkouts/Required/Sources/Required/Helpers/Security/SecCertificate+Extensions.swift:560:74: error: cannot find 'kSecOIDX509V1CertificateIssuerUniqueId' in scope
558 | case .title: return kSecOIDTitle
559 | case .useExemptions: return kSecOIDUseExemptions
560 | case .x509V1CertificateIssuerUniqueId: return kSecOIDX509V1CertificateIssuerUniqueId
| `- error: cannot find 'kSecOIDX509V1CertificateIssuerUniqueId' in scope
561 | case .x509V1CertificateSubjectUniqueId: return kSecOIDX509V1CertificateSubjectUniqueId
562 | case .x509V1IssuerName: return kSecOIDX509V1IssuerName
/Users/admin/builder/spi-builder-workspace/.dependencies/checkouts/Required/Sources/Required/Helpers/Security/SecCertificate+Extensions.swift:561:74: error: cannot find 'kSecOIDX509V1CertificateSubjectUniqueId' in scope
559 | case .useExemptions: return kSecOIDUseExemptions
560 | case .x509V1CertificateIssuerUniqueId: return kSecOIDX509V1CertificateIssuerUniqueId
561 | case .x509V1CertificateSubjectUniqueId: return kSecOIDX509V1CertificateSubjectUniqueId
| `- error: cannot find 'kSecOIDX509V1CertificateSubjectUniqueId' in scope
562 | case .x509V1IssuerName: return kSecOIDX509V1IssuerName
563 | case .x509V1IssuerNameCStruct: return kSecOIDX509V1IssuerNameCStruct
/Users/admin/builder/spi-builder-workspace/.dependencies/checkouts/Required/Sources/Required/Helpers/Security/SecCertificate+Extensions.swift:562:74: error: cannot find 'kSecOIDX509V1IssuerName' in scope
560 | case .x509V1CertificateIssuerUniqueId: return kSecOIDX509V1CertificateIssuerUniqueId
561 | case .x509V1CertificateSubjectUniqueId: return kSecOIDX509V1CertificateSubjectUniqueId
562 | case .x509V1IssuerName: return kSecOIDX509V1IssuerName
| `- error: cannot find 'kSecOIDX509V1IssuerName' in scope
563 | case .x509V1IssuerNameCStruct: return kSecOIDX509V1IssuerNameCStruct
564 | case .x509V1IssuerNameLDAP: return kSecOIDX509V1IssuerNameLDAP
/Users/admin/builder/spi-builder-workspace/.dependencies/checkouts/Required/Sources/Required/Helpers/Security/SecCertificate+Extensions.swift:563:74: error: cannot find 'kSecOIDX509V1IssuerNameCStruct' in scope
561 | case .x509V1CertificateSubjectUniqueId: return kSecOIDX509V1CertificateSubjectUniqueId
562 | case .x509V1IssuerName: return kSecOIDX509V1IssuerName
563 | case .x509V1IssuerNameCStruct: return kSecOIDX509V1IssuerNameCStruct
| `- error: cannot find 'kSecOIDX509V1IssuerNameCStruct' in scope
564 | case .x509V1IssuerNameLDAP: return kSecOIDX509V1IssuerNameLDAP
565 | case .x509V1IssuerNameStd: return kSecOIDX509V1IssuerNameStd
/Users/admin/builder/spi-builder-workspace/.dependencies/checkouts/Required/Sources/Required/Helpers/Security/SecCertificate+Extensions.swift:564:74: error: cannot find 'kSecOIDX509V1IssuerNameLDAP' in scope
562 | case .x509V1IssuerName: return kSecOIDX509V1IssuerName
563 | case .x509V1IssuerNameCStruct: return kSecOIDX509V1IssuerNameCStruct
564 | case .x509V1IssuerNameLDAP: return kSecOIDX509V1IssuerNameLDAP
| `- error: cannot find 'kSecOIDX509V1IssuerNameLDAP' in scope
565 | case .x509V1IssuerNameStd: return kSecOIDX509V1IssuerNameStd
566 | case .x509V1SerialNumber: return kSecOIDX509V1SerialNumber
/Users/admin/builder/spi-builder-workspace/.dependencies/checkouts/Required/Sources/Required/Helpers/Security/SecCertificate+Extensions.swift:565:74: error: cannot find 'kSecOIDX509V1IssuerNameStd' in scope
563 | case .x509V1IssuerNameCStruct: return kSecOIDX509V1IssuerNameCStruct
564 | case .x509V1IssuerNameLDAP: return kSecOIDX509V1IssuerNameLDAP
565 | case .x509V1IssuerNameStd: return kSecOIDX509V1IssuerNameStd
| `- error: cannot find 'kSecOIDX509V1IssuerNameStd' in scope
566 | case .x509V1SerialNumber: return kSecOIDX509V1SerialNumber
567 | case .x509V1Signature: return kSecOIDX509V1Signature
/Users/admin/builder/spi-builder-workspace/.dependencies/checkouts/Required/Sources/Required/Helpers/Security/SecCertificate+Extensions.swift:566:74: error: cannot find 'kSecOIDX509V1SerialNumber' in scope
564 | case .x509V1IssuerNameLDAP: return kSecOIDX509V1IssuerNameLDAP
565 | case .x509V1IssuerNameStd: return kSecOIDX509V1IssuerNameStd
566 | case .x509V1SerialNumber: return kSecOIDX509V1SerialNumber
| `- error: cannot find 'kSecOIDX509V1SerialNumber' in scope
567 | case .x509V1Signature: return kSecOIDX509V1Signature
568 | case .x509V1SignatureAlgorithm: return kSecOIDX509V1SignatureAlgorithm
/Users/admin/builder/spi-builder-workspace/.dependencies/checkouts/Required/Sources/Required/Helpers/Security/SecCertificate+Extensions.swift:567:74: error: cannot find 'kSecOIDX509V1Signature' in scope
565 | case .x509V1IssuerNameStd: return kSecOIDX509V1IssuerNameStd
566 | case .x509V1SerialNumber: return kSecOIDX509V1SerialNumber
567 | case .x509V1Signature: return kSecOIDX509V1Signature
| `- error: cannot find 'kSecOIDX509V1Signature' in scope
568 | case .x509V1SignatureAlgorithm: return kSecOIDX509V1SignatureAlgorithm
569 | case .x509V1SignatureAlgorithmParameters: return kSecOIDX509V1SignatureAlgorithmParameters
/Users/admin/builder/spi-builder-workspace/.dependencies/checkouts/Required/Sources/Required/Helpers/Security/SecCertificate+Extensions.swift:568:74: error: cannot find 'kSecOIDX509V1SignatureAlgorithm' in scope
566 | case .x509V1SerialNumber: return kSecOIDX509V1SerialNumber
567 | case .x509V1Signature: return kSecOIDX509V1Signature
568 | case .x509V1SignatureAlgorithm: return kSecOIDX509V1SignatureAlgorithm
| `- error: cannot find 'kSecOIDX509V1SignatureAlgorithm' in scope
569 | case .x509V1SignatureAlgorithmParameters: return kSecOIDX509V1SignatureAlgorithmParameters
570 | case .x509V1SignatureAlgorithmTBS: return kSecOIDX509V1SignatureAlgorithmTBS
/Users/admin/builder/spi-builder-workspace/.dependencies/checkouts/Required/Sources/Required/Helpers/Security/SecCertificate+Extensions.swift:569:74: error: cannot find 'kSecOIDX509V1SignatureAlgorithmParameters' in scope
567 | case .x509V1Signature: return kSecOIDX509V1Signature
568 | case .x509V1SignatureAlgorithm: return kSecOIDX509V1SignatureAlgorithm
569 | case .x509V1SignatureAlgorithmParameters: return kSecOIDX509V1SignatureAlgorithmParameters
| `- error: cannot find 'kSecOIDX509V1SignatureAlgorithmParameters' in scope
570 | case .x509V1SignatureAlgorithmTBS: return kSecOIDX509V1SignatureAlgorithmTBS
571 | case .x509V1SignatureCStruct: return kSecOIDX509V1SignatureCStruct
/Users/admin/builder/spi-builder-workspace/.dependencies/checkouts/Required/Sources/Required/Helpers/Security/SecCertificate+Extensions.swift:570:74: error: cannot find 'kSecOIDX509V1SignatureAlgorithmTBS' in scope
568 | case .x509V1SignatureAlgorithm: return kSecOIDX509V1SignatureAlgorithm
569 | case .x509V1SignatureAlgorithmParameters: return kSecOIDX509V1SignatureAlgorithmParameters
570 | case .x509V1SignatureAlgorithmTBS: return kSecOIDX509V1SignatureAlgorithmTBS
| `- error: cannot find 'kSecOIDX509V1SignatureAlgorithmTBS' in scope
571 | case .x509V1SignatureCStruct: return kSecOIDX509V1SignatureCStruct
572 | case .x509V1SignatureStruct: return kSecOIDX509V1SignatureStruct
/Users/admin/builder/spi-builder-workspace/.dependencies/checkouts/Required/Sources/Required/Helpers/Security/SecCertificate+Extensions.swift:571:74: error: cannot find 'kSecOIDX509V1SignatureCStruct' in scope
569 | case .x509V1SignatureAlgorithmParameters: return kSecOIDX509V1SignatureAlgorithmParameters
570 | case .x509V1SignatureAlgorithmTBS: return kSecOIDX509V1SignatureAlgorithmTBS
571 | case .x509V1SignatureCStruct: return kSecOIDX509V1SignatureCStruct
| `- error: cannot find 'kSecOIDX509V1SignatureCStruct' in scope
572 | case .x509V1SignatureStruct: return kSecOIDX509V1SignatureStruct
573 | case .x509V1SubjectName: return kSecOIDX509V1SubjectName
/Users/admin/builder/spi-builder-workspace/.dependencies/checkouts/Required/Sources/Required/Helpers/Security/SecCertificate+Extensions.swift:572:74: error: cannot find 'kSecOIDX509V1SignatureStruct' in scope
570 | case .x509V1SignatureAlgorithmTBS: return kSecOIDX509V1SignatureAlgorithmTBS
571 | case .x509V1SignatureCStruct: return kSecOIDX509V1SignatureCStruct
572 | case .x509V1SignatureStruct: return kSecOIDX509V1SignatureStruct
| `- error: cannot find 'kSecOIDX509V1SignatureStruct' in scope
573 | case .x509V1SubjectName: return kSecOIDX509V1SubjectName
574 | case .x509V1SubjectNameCStruct: return kSecOIDX509V1SubjectNameCStruct
/Users/admin/builder/spi-builder-workspace/.dependencies/checkouts/Required/Sources/Required/Helpers/Security/SecCertificate+Extensions.swift:573:74: error: cannot find 'kSecOIDX509V1SubjectName' in scope
571 | case .x509V1SignatureCStruct: return kSecOIDX509V1SignatureCStruct
572 | case .x509V1SignatureStruct: return kSecOIDX509V1SignatureStruct
573 | case .x509V1SubjectName: return kSecOIDX509V1SubjectName
| `- error: cannot find 'kSecOIDX509V1SubjectName' in scope
574 | case .x509V1SubjectNameCStruct: return kSecOIDX509V1SubjectNameCStruct
575 | case .x509V1SubjectNameLDAP: return kSecOIDX509V1SubjectNameLDAP
/Users/admin/builder/spi-builder-workspace/.dependencies/checkouts/Required/Sources/Required/Helpers/Security/SecCertificate+Extensions.swift:574:74: error: cannot find 'kSecOIDX509V1SubjectNameCStruct' in scope
572 | case .x509V1SignatureStruct: return kSecOIDX509V1SignatureStruct
573 | case .x509V1SubjectName: return kSecOIDX509V1SubjectName
574 | case .x509V1SubjectNameCStruct: return kSecOIDX509V1SubjectNameCStruct
| `- error: cannot find 'kSecOIDX509V1SubjectNameCStruct' in scope
575 | case .x509V1SubjectNameLDAP: return kSecOIDX509V1SubjectNameLDAP
576 | case .x509V1SubjectNameStd: return kSecOIDX509V1SubjectNameStd
/Users/admin/builder/spi-builder-workspace/.dependencies/checkouts/Required/Sources/Required/Helpers/Security/SecCertificate+Extensions.swift:575:74: error: cannot find 'kSecOIDX509V1SubjectNameLDAP' in scope
573 | case .x509V1SubjectName: return kSecOIDX509V1SubjectName
574 | case .x509V1SubjectNameCStruct: return kSecOIDX509V1SubjectNameCStruct
575 | case .x509V1SubjectNameLDAP: return kSecOIDX509V1SubjectNameLDAP
| `- error: cannot find 'kSecOIDX509V1SubjectNameLDAP' in scope
576 | case .x509V1SubjectNameStd: return kSecOIDX509V1SubjectNameStd
577 | case .x509V1SubjectPublicKey: return kSecOIDX509V1SubjectPublicKey
/Users/admin/builder/spi-builder-workspace/.dependencies/checkouts/Required/Sources/Required/Helpers/Security/SecCertificate+Extensions.swift:576:74: error: cannot find 'kSecOIDX509V1SubjectNameStd' in scope
574 | case .x509V1SubjectNameCStruct: return kSecOIDX509V1SubjectNameCStruct
575 | case .x509V1SubjectNameLDAP: return kSecOIDX509V1SubjectNameLDAP
576 | case .x509V1SubjectNameStd: return kSecOIDX509V1SubjectNameStd
| `- error: cannot find 'kSecOIDX509V1SubjectNameStd' in scope
577 | case .x509V1SubjectPublicKey: return kSecOIDX509V1SubjectPublicKey
578 | case .x509V1SubjectPublicKeyAlgorithm: return kSecOIDX509V1SubjectPublicKeyAlgorithm
/Users/admin/builder/spi-builder-workspace/.dependencies/checkouts/Required/Sources/Required/Helpers/Security/SecCertificate+Extensions.swift:577:74: error: cannot find 'kSecOIDX509V1SubjectPublicKey' in scope
575 | case .x509V1SubjectNameLDAP: return kSecOIDX509V1SubjectNameLDAP
576 | case .x509V1SubjectNameStd: return kSecOIDX509V1SubjectNameStd
577 | case .x509V1SubjectPublicKey: return kSecOIDX509V1SubjectPublicKey
| `- error: cannot find 'kSecOIDX509V1SubjectPublicKey' in scope
578 | case .x509V1SubjectPublicKeyAlgorithm: return kSecOIDX509V1SubjectPublicKeyAlgorithm
579 | case .x509V1SubjectPublicKeyAlgorithmParameters: return kSecOIDX509V1SubjectPublicKeyAlgorithmParameters
/Users/admin/builder/spi-builder-workspace/.dependencies/checkouts/Required/Sources/Required/Helpers/Security/SecCertificate+Extensions.swift:578:74: error: cannot find 'kSecOIDX509V1SubjectPublicKeyAlgorithm' in scope
576 | case .x509V1SubjectNameStd: return kSecOIDX509V1SubjectNameStd
577 | case .x509V1SubjectPublicKey: return kSecOIDX509V1SubjectPublicKey
578 | case .x509V1SubjectPublicKeyAlgorithm: return kSecOIDX509V1SubjectPublicKeyAlgorithm
| `- error: cannot find 'kSecOIDX509V1SubjectPublicKeyAlgorithm' in scope
579 | case .x509V1SubjectPublicKeyAlgorithmParameters: return kSecOIDX509V1SubjectPublicKeyAlgorithmParameters
580 | case .x509V1SubjectPublicKeyCStruct: return kSecOIDX509V1SubjectPublicKeyCStruct
/Users/admin/builder/spi-builder-workspace/.dependencies/checkouts/Required/Sources/Required/Helpers/Security/SecCertificate+Extensions.swift:579:74: error: cannot find 'kSecOIDX509V1SubjectPublicKeyAlgorithmParameters' in scope
577 | case .x509V1SubjectPublicKey: return kSecOIDX509V1SubjectPublicKey
578 | case .x509V1SubjectPublicKeyAlgorithm: return kSecOIDX509V1SubjectPublicKeyAlgorithm
579 | case .x509V1SubjectPublicKeyAlgorithmParameters: return kSecOIDX509V1SubjectPublicKeyAlgorithmParameters
| `- error: cannot find 'kSecOIDX509V1SubjectPublicKeyAlgorithmParameters' in scope
580 | case .x509V1SubjectPublicKeyCStruct: return kSecOIDX509V1SubjectPublicKeyCStruct
581 | case .x509V1ValidityNotAfter: return kSecOIDX509V1ValidityNotAfter
/Users/admin/builder/spi-builder-workspace/.dependencies/checkouts/Required/Sources/Required/Helpers/Security/SecCertificate+Extensions.swift:580:74: error: cannot find 'kSecOIDX509V1SubjectPublicKeyCStruct' in scope
578 | case .x509V1SubjectPublicKeyAlgorithm: return kSecOIDX509V1SubjectPublicKeyAlgorithm
579 | case .x509V1SubjectPublicKeyAlgorithmParameters: return kSecOIDX509V1SubjectPublicKeyAlgorithmParameters
580 | case .x509V1SubjectPublicKeyCStruct: return kSecOIDX509V1SubjectPublicKeyCStruct
| `- error: cannot find 'kSecOIDX509V1SubjectPublicKeyCStruct' in scope
581 | case .x509V1ValidityNotAfter: return kSecOIDX509V1ValidityNotAfter
582 | case .x509V1ValidityNotBefore: return kSecOIDX509V1ValidityNotBefore
/Users/admin/builder/spi-builder-workspace/.dependencies/checkouts/Required/Sources/Required/Helpers/Security/SecCertificate+Extensions.swift:581:74: error: cannot find 'kSecOIDX509V1ValidityNotAfter' in scope
579 | case .x509V1SubjectPublicKeyAlgorithmParameters: return kSecOIDX509V1SubjectPublicKeyAlgorithmParameters
580 | case .x509V1SubjectPublicKeyCStruct: return kSecOIDX509V1SubjectPublicKeyCStruct
581 | case .x509V1ValidityNotAfter: return kSecOIDX509V1ValidityNotAfter
| `- error: cannot find 'kSecOIDX509V1ValidityNotAfter' in scope
582 | case .x509V1ValidityNotBefore: return kSecOIDX509V1ValidityNotBefore
583 | case .x509V1Version: return kSecOIDX509V1Version
/Users/admin/builder/spi-builder-workspace/.dependencies/checkouts/Required/Sources/Required/Helpers/Security/SecCertificate+Extensions.swift:582:74: error: cannot find 'kSecOIDX509V1ValidityNotBefore' in scope
580 | case .x509V1SubjectPublicKeyCStruct: return kSecOIDX509V1SubjectPublicKeyCStruct
581 | case .x509V1ValidityNotAfter: return kSecOIDX509V1ValidityNotAfter
582 | case .x509V1ValidityNotBefore: return kSecOIDX509V1ValidityNotBefore
| `- error: cannot find 'kSecOIDX509V1ValidityNotBefore' in scope
583 | case .x509V1Version: return kSecOIDX509V1Version
584 | case .x509V3Certificate: return kSecOIDX509V3Certificate
/Users/admin/builder/spi-builder-workspace/.dependencies/checkouts/Required/Sources/Required/Helpers/Security/SecCertificate+Extensions.swift:583:74: error: cannot find 'kSecOIDX509V1Version' in scope
581 | case .x509V1ValidityNotAfter: return kSecOIDX509V1ValidityNotAfter
582 | case .x509V1ValidityNotBefore: return kSecOIDX509V1ValidityNotBefore
583 | case .x509V1Version: return kSecOIDX509V1Version
| `- error: cannot find 'kSecOIDX509V1Version' in scope
584 | case .x509V3Certificate: return kSecOIDX509V3Certificate
585 | case .x509V3CertificateCStruct: return kSecOIDX509V3CertificateCStruct
/Users/admin/builder/spi-builder-workspace/.dependencies/checkouts/Required/Sources/Required/Helpers/Security/SecCertificate+Extensions.swift:584:74: error: cannot find 'kSecOIDX509V3Certificate' in scope
582 | case .x509V1ValidityNotBefore: return kSecOIDX509V1ValidityNotBefore
583 | case .x509V1Version: return kSecOIDX509V1Version
584 | case .x509V3Certificate: return kSecOIDX509V3Certificate
| `- error: cannot find 'kSecOIDX509V3Certificate' in scope
585 | case .x509V3CertificateCStruct: return kSecOIDX509V3CertificateCStruct
586 | case .x509V3CertificateExtensionCStruct: return kSecOIDX509V3CertificateExtensionCStruct
/Users/admin/builder/spi-builder-workspace/.dependencies/checkouts/Required/Sources/Required/Helpers/Security/SecCertificate+Extensions.swift:585:74: error: cannot find 'kSecOIDX509V3CertificateCStruct' in scope
583 | case .x509V1Version: return kSecOIDX509V1Version
584 | case .x509V3Certificate: return kSecOIDX509V3Certificate
585 | case .x509V3CertificateCStruct: return kSecOIDX509V3CertificateCStruct
| `- error: cannot find 'kSecOIDX509V3CertificateCStruct' in scope
586 | case .x509V3CertificateExtensionCStruct: return kSecOIDX509V3CertificateExtensionCStruct
587 | case .x509V3CertificateExtensionCritical: return kSecOIDX509V3CertificateExtensionCritical
/Users/admin/builder/spi-builder-workspace/.dependencies/checkouts/Required/Sources/Required/Helpers/Security/SecCertificate+Extensions.swift:586:74: error: cannot find 'kSecOIDX509V3CertificateExtensionCStruct' in scope
584 | case .x509V3Certificate: return kSecOIDX509V3Certificate
585 | case .x509V3CertificateCStruct: return kSecOIDX509V3CertificateCStruct
586 | case .x509V3CertificateExtensionCStruct: return kSecOIDX509V3CertificateExtensionCStruct
| `- error: cannot find 'kSecOIDX509V3CertificateExtensionCStruct' in scope
587 | case .x509V3CertificateExtensionCritical: return kSecOIDX509V3CertificateExtensionCritical
588 | case .x509V3CertificateExtensionId: return kSecOIDX509V3CertificateExtensionId
/Users/admin/builder/spi-builder-workspace/.dependencies/checkouts/Required/Sources/Required/Helpers/Security/SecCertificate+Extensions.swift:587:74: error: cannot find 'kSecOIDX509V3CertificateExtensionCritical' in scope
585 | case .x509V3CertificateCStruct: return kSecOIDX509V3CertificateCStruct
586 | case .x509V3CertificateExtensionCStruct: return kSecOIDX509V3CertificateExtensionCStruct
587 | case .x509V3CertificateExtensionCritical: return kSecOIDX509V3CertificateExtensionCritical
| `- error: cannot find 'kSecOIDX509V3CertificateExtensionCritical' in scope
588 | case .x509V3CertificateExtensionId: return kSecOIDX509V3CertificateExtensionId
589 | case .x509V3CertificateExtensionStruct: return kSecOIDX509V3CertificateExtensionStruct
/Users/admin/builder/spi-builder-workspace/.dependencies/checkouts/Required/Sources/Required/Helpers/Security/SecCertificate+Extensions.swift:588:74: error: cannot find 'kSecOIDX509V3CertificateExtensionId' in scope
586 | case .x509V3CertificateExtensionCStruct: return kSecOIDX509V3CertificateExtensionCStruct
587 | case .x509V3CertificateExtensionCritical: return kSecOIDX509V3CertificateExtensionCritical
588 | case .x509V3CertificateExtensionId: return kSecOIDX509V3CertificateExtensionId
| `- error: cannot find 'kSecOIDX509V3CertificateExtensionId' in scope
589 | case .x509V3CertificateExtensionStruct: return kSecOIDX509V3CertificateExtensionStruct
590 | case .x509V3CertificateExtensionType: return kSecOIDX509V3CertificateExtensionType
/Users/admin/builder/spi-builder-workspace/.dependencies/checkouts/Required/Sources/Required/Helpers/Security/SecCertificate+Extensions.swift:589:74: error: cannot find 'kSecOIDX509V3CertificateExtensionStruct' in scope
587 | case .x509V3CertificateExtensionCritical: return kSecOIDX509V3CertificateExtensionCritical
588 | case .x509V3CertificateExtensionId: return kSecOIDX509V3CertificateExtensionId
589 | case .x509V3CertificateExtensionStruct: return kSecOIDX509V3CertificateExtensionStruct
| `- error: cannot find 'kSecOIDX509V3CertificateExtensionStruct' in scope
590 | case .x509V3CertificateExtensionType: return kSecOIDX509V3CertificateExtensionType
591 | case .x509V3CertificateExtensionValue: return kSecOIDX509V3CertificateExtensionValue
/Users/admin/builder/spi-builder-workspace/.dependencies/checkouts/Required/Sources/Required/Helpers/Security/SecCertificate+Extensions.swift:590:74: error: cannot find 'kSecOIDX509V3CertificateExtensionType' in scope
588 | case .x509V3CertificateExtensionId: return kSecOIDX509V3CertificateExtensionId
589 | case .x509V3CertificateExtensionStruct: return kSecOIDX509V3CertificateExtensionStruct
590 | case .x509V3CertificateExtensionType: return kSecOIDX509V3CertificateExtensionType
| `- error: cannot find 'kSecOIDX509V3CertificateExtensionType' in scope
591 | case .x509V3CertificateExtensionValue: return kSecOIDX509V3CertificateExtensionValue
592 | case .x509V3CertificateExtensionsCStruct: return kSecOIDX509V3CertificateExtensionsCStruct
/Users/admin/builder/spi-builder-workspace/.dependencies/checkouts/Required/Sources/Required/Helpers/Security/SecCertificate+Extensions.swift:591:74: error: cannot find 'kSecOIDX509V3CertificateExtensionValue' in scope
589 | case .x509V3CertificateExtensionStruct: return kSecOIDX509V3CertificateExtensionStruct
590 | case .x509V3CertificateExtensionType: return kSecOIDX509V3CertificateExtensionType
591 | case .x509V3CertificateExtensionValue: return kSecOIDX509V3CertificateExtensionValue
| `- error: cannot find 'kSecOIDX509V3CertificateExtensionValue' in scope
592 | case .x509V3CertificateExtensionsCStruct: return kSecOIDX509V3CertificateExtensionsCStruct
593 | case .x509V3CertificateExtensionsStruct: return kSecOIDX509V3CertificateExtensionsStruct
/Users/admin/builder/spi-builder-workspace/.dependencies/checkouts/Required/Sources/Required/Helpers/Security/SecCertificate+Extensions.swift:592:74: error: cannot find 'kSecOIDX509V3CertificateExtensionsCStruct' in scope
590 | case .x509V3CertificateExtensionType: return kSecOIDX509V3CertificateExtensionType
591 | case .x509V3CertificateExtensionValue: return kSecOIDX509V3CertificateExtensionValue
592 | case .x509V3CertificateExtensionsCStruct: return kSecOIDX509V3CertificateExtensionsCStruct
| `- error: cannot find 'kSecOIDX509V3CertificateExtensionsCStruct' in scope
593 | case .x509V3CertificateExtensionsStruct: return kSecOIDX509V3CertificateExtensionsStruct
594 | case .x509V3CertificateNumberOfExtensions: return kSecOIDX509V3CertificateNumberOfExtensions
/Users/admin/builder/spi-builder-workspace/.dependencies/checkouts/Required/Sources/Required/Helpers/Security/SecCertificate+Extensions.swift:593:74: error: cannot find 'kSecOIDX509V3CertificateExtensionsStruct' in scope
591 | case .x509V3CertificateExtensionValue: return kSecOIDX509V3CertificateExtensionValue
592 | case .x509V3CertificateExtensionsCStruct: return kSecOIDX509V3CertificateExtensionsCStruct
593 | case .x509V3CertificateExtensionsStruct: return kSecOIDX509V3CertificateExtensionsStruct
| `- error: cannot find 'kSecOIDX509V3CertificateExtensionsStruct' in scope
594 | case .x509V3CertificateNumberOfExtensions: return kSecOIDX509V3CertificateNumberOfExtensions
595 | case .x509V3SignedCertificate: return kSecOIDX509V3SignedCertificate
/Users/admin/builder/spi-builder-workspace/.dependencies/checkouts/Required/Sources/Required/Helpers/Security/SecCertificate+Extensions.swift:594:74: error: cannot find 'kSecOIDX509V3CertificateNumberOfExtensions' in scope
592 | case .x509V3CertificateExtensionsCStruct: return kSecOIDX509V3CertificateExtensionsCStruct
593 | case .x509V3CertificateExtensionsStruct: return kSecOIDX509V3CertificateExtensionsStruct
594 | case .x509V3CertificateNumberOfExtensions: return kSecOIDX509V3CertificateNumberOfExtensions
| `- error: cannot find 'kSecOIDX509V3CertificateNumberOfExtensions' in scope
595 | case .x509V3SignedCertificate: return kSecOIDX509V3SignedCertificate
596 | case .x509V3SignedCertificateCStruct: return kSecOIDX509V3SignedCertificateCStruct
/Users/admin/builder/spi-builder-workspace/.dependencies/checkouts/Required/Sources/Required/Helpers/Security/SecCertificate+Extensions.swift:595:74: error: cannot find 'kSecOIDX509V3SignedCertificate' in scope
593 | case .x509V3CertificateExtensionsStruct: return kSecOIDX509V3CertificateExtensionsStruct
594 | case .x509V3CertificateNumberOfExtensions: return kSecOIDX509V3CertificateNumberOfExtensions
595 | case .x509V3SignedCertificate: return kSecOIDX509V3SignedCertificate
| `- error: cannot find 'kSecOIDX509V3SignedCertificate' in scope
596 | case .x509V3SignedCertificateCStruct: return kSecOIDX509V3SignedCertificateCStruct
597 | }
/Users/admin/builder/spi-builder-workspace/.dependencies/checkouts/Required/Sources/Required/Helpers/Security/SecCertificate+Extensions.swift:596:74: error: cannot find 'kSecOIDX509V3SignedCertificateCStruct' in scope
594 | case .x509V3CertificateNumberOfExtensions: return kSecOIDX509V3CertificateNumberOfExtensions
595 | case .x509V3SignedCertificate: return kSecOIDX509V3SignedCertificate
596 | case .x509V3SignedCertificateCStruct: return kSecOIDX509V3SignedCertificateCStruct
| `- error: cannot find 'kSecOIDX509V3SignedCertificateCStruct' in scope
597 | }
598 | }
/Users/admin/builder/spi-builder-workspace/.dependencies/checkouts/Required/Sources/Required/Helpers/Security/SecCode+Extensions.swift:11:11: error: cannot find type 'SecCode' in scope
9 | import Security
10 |
11 | extension SecCode {
| `- error: cannot find type 'SecCode' in scope
12 | static var current: SecCode {
13 | var code: SecCode?
/Users/admin/builder/spi-builder-workspace/.dependencies/checkouts/Required/Sources/Required/Helpers/Security/SecRequirement+Extensions.swift:11:11: error: cannot find type 'SecRequirement' in scope
9 | import Security
10 |
11 | extension SecRequirement {
| `- error: cannot find type 'SecRequirement' in scope
12 | var data: Data {
13 | get throws {
/Users/admin/builder/spi-builder-workspace/.dependencies/checkouts/Required/Sources/Required/Helpers/Security/SecStaticCode+Extensions.swift:11:11: error: cannot find type 'SecStaticCode' in scope
9 | import Security
10 |
11 | extension SecStaticCode {
| `- error: cannot find type 'SecStaticCode' in scope
12 |
13 | static func withPath(_ path: URL) throws -> SecStaticCode {
/Users/admin/builder/spi-builder-workspace/.dependencies/checkouts/Required/Sources/Required/Helpers/Security/SecStaticCode+Extensions.swift:177:32: error: cannot find type 'SecStaticCode' in scope
175 | }
176 |
177 | extension Set where Element == SecStaticCode.SigningInformationRequestOption {
| `- error: cannot find type 'SecStaticCode' in scope
178 | fileprivate var asSecFlags: SecCSFlags {
179 | if self.isEmpty {
/Users/admin/builder/spi-builder-workspace/.dependencies/checkouts/Required/Sources/Required/Helpers/Security/SecStaticCode+Extensions.swift:178:33: error: cannot find type 'SecCSFlags' in scope
176 |
177 | extension Set where Element == SecStaticCode.SigningInformationRequestOption {
178 | fileprivate var asSecFlags: SecCSFlags {
| `- error: cannot find type 'SecCSFlags' in scope
179 | if self.isEmpty {
180 | return SecCSFlags()
/Users/admin/builder/spi-builder-workspace/.dependencies/checkouts/Required/Sources/Required/Helpers/Security/SecStaticCode+Extensions.swift:180:20: error: cannot find 'SecCSFlags' in scope
178 | fileprivate var asSecFlags: SecCSFlags {
179 | if self.isEmpty {
180 | return SecCSFlags()
| `- error: cannot find 'SecCSFlags' in scope
181 | } else {
182 | var rawValues = self.map{ $0.rawValue }
SwiftCompile normal arm64 /Users/admin/builder/spi-builder-workspace/.dependencies/checkouts/Required/Sources/Required/Helpers/Security/SecCertificate+Extensions.swift (in target 'Required' from project 'Required')
cd /Users/admin/builder/spi-builder-workspace/.swiftpm/xcode
builtin-SwiftPerFileCompile SecCertificate+Extensions.swift
SwiftCompile normal arm64 /Users/admin/builder/spi-builder-workspace/.dependencies/checkouts/Required/Sources/Required/Helpers/Security/SecCode+Extensions.swift (in target 'Required' from project 'Required')
cd /Users/admin/builder/spi-builder-workspace/.swiftpm/xcode
builtin-SwiftPerFileCompile SecCode+Extensions.swift
SwiftCompile normal arm64 /Users/admin/builder/spi-builder-workspace/.dependencies/checkouts/Required/Sources/Required/Helpers/Security/SecRequirement+Extensions.swift (in target 'Required' from project 'Required')
cd /Users/admin/builder/spi-builder-workspace/.swiftpm/xcode
builtin-SwiftPerFileCompile SecRequirement+Extensions.swift
SwiftCompile normal arm64 /Users/admin/builder/spi-builder-workspace/.dependencies/checkouts/Required/Sources/Required/Helpers/Security/SecStaticCode+Extensions.swift (in target 'Required' from project 'Required')
cd /Users/admin/builder/spi-builder-workspace/.swiftpm/xcode
builtin-SwiftPerFileCompile SecStaticCode+Extensions.swift
SwiftCompile normal arm64 Compiling\ OrRequirement+Evaluate.swift,\ ParenthesesRequirement+Evaluate.swift,\ Requirement+Evaluate.swift,\ Data+Extensions.swift /Users/admin/builder/spi-builder-workspace/.dependencies/checkouts/Required/Sources/Required/Evaluator/OrRequirement+Evaluate.swift /Users/admin/builder/spi-builder-workspace/.dependencies/checkouts/Required/Sources/Required/Evaluator/ParenthesesRequirement+Evaluate.swift /Users/admin/builder/spi-builder-workspace/.dependencies/checkouts/Required/Sources/Required/Evaluator/Requirement+Evaluate.swift /Users/admin/builder/spi-builder-workspace/.dependencies/checkouts/Required/Sources/Required/Helpers/Data+Extensions.swift (in target 'Required' from project 'Required')
SwiftCompile normal arm64 /Users/admin/builder/spi-builder-workspace/.dependencies/checkouts/Required/Sources/Required/Evaluator/OrRequirement+Evaluate.swift (in target 'Required' from project 'Required')
cd /Users/admin/builder/spi-builder-workspace/.swiftpm/xcode
builtin-SwiftPerFileCompile OrRequirement+Evaluate.swift
SwiftCompile normal arm64 /Users/admin/builder/spi-builder-workspace/.dependencies/checkouts/Required/Sources/Required/Evaluator/ParenthesesRequirement+Evaluate.swift (in target 'Required' from project 'Required')
cd /Users/admin/builder/spi-builder-workspace/.swiftpm/xcode
builtin-SwiftPerFileCompile ParenthesesRequirement+Evaluate.swift
SwiftCompile normal arm64 /Users/admin/builder/spi-builder-workspace/.dependencies/checkouts/Required/Sources/Required/Evaluator/Requirement+Evaluate.swift (in target 'Required' from project 'Required')
cd /Users/admin/builder/spi-builder-workspace/.swiftpm/xcode
builtin-SwiftPerFileCompile Requirement+Evaluate.swift
SwiftCompile normal arm64 /Users/admin/builder/spi-builder-workspace/.dependencies/checkouts/Required/Sources/Required/Helpers/Data+Extensions.swift (in target 'Required' from project 'Required')
cd /Users/admin/builder/spi-builder-workspace/.swiftpm/xcode
builtin-SwiftPerFileCompile Data+Extensions.swift
/Users/admin/builder/spi-builder-workspace/.dependencies/checkouts/Required/Sources/Required/Evaluator/OrRequirement+Evaluate.swift:11:46: error: cannot find type 'SecStaticCode' in scope
9 |
10 | extension OrRequirement {
11 | func evaluateForStaticCode(_ staticCode: SecStaticCode) throws -> Evaluation {
| `- error: cannot find type 'SecStaticCode' in scope
12 | let lhs = try self.lhs.evaluateForStaticCode(staticCode)
13 | let rhs = try self.rhs.evaluateForStaticCode(staticCode)
/Users/admin/builder/spi-builder-workspace/.dependencies/checkouts/Required/Sources/Required/Evaluator/Requirement+Evaluate.swift:23:46: error: cannot find type 'SecStaticCode' in scope
21 | ///
22 | /// This evaluation is recursive for all child requirements of this requirement.
23 | func evaluateForStaticCode(_ staticCode: SecStaticCode) throws -> Evaluation {
| `- error: cannot find type 'SecStaticCode' in scope
24 | switch self.self {
25 | case is OrRequirement:
/Users/admin/builder/spi-builder-workspace/.dependencies/checkouts/Required/Sources/Required/Evaluator/ParenthesesRequirement+Evaluate.swift:11:46: error: cannot find type 'SecStaticCode' in scope
9 |
10 | extension ParenthesesRequirement {
11 | func evaluateForStaticCode(_ staticCode: SecStaticCode) throws -> Evaluation {
| `- error: cannot find type 'SecStaticCode' in scope
12 | let child = try self.requirement.evaluateForStaticCode(staticCode)
13 |
/Users/admin/builder/spi-builder-workspace/.dependencies/checkouts/Required/Sources/Required/Evaluator/Requirement+Evaluate.swift:51:34: error: cannot find type 'SecCode' in scope
49 | ///
50 | /// This evaluation is recursive for all child requirements of this requirement.
51 | func evaluateForCode(_ code: SecCode) throws -> Evaluation {
| `- error: cannot find type 'SecCode' in scope
52 | try evaluateForStaticCode(try code.asStaticCode())
53 | }
/Users/admin/builder/spi-builder-workspace/.dependencies/checkouts/Required/Sources/Required/Evaluator/AndRequirement+Evaluate.swift:11:46: error: cannot find type 'SecStaticCode' in scope
9 |
10 | extension AndRequirement {
11 | func evaluateForStaticCode(_ staticCode: SecStaticCode) throws -> Evaluation {
| `- error: cannot find type 'SecStaticCode' in scope
12 | let lhs = try self.lhs.evaluateForStaticCode(staticCode)
13 | let rhs = try self.rhs.evaluateForStaticCode(staticCode)
/Users/admin/builder/spi-builder-workspace/.dependencies/checkouts/Required/Sources/Required/Evaluator/NegationRequirement+Evaluate.swift:11:46: error: cannot find type 'SecStaticCode' in scope
9 |
10 | extension NegationRequirement {
11 | func evaluateForStaticCode(_ staticCode: SecStaticCode) throws -> Evaluation {
| `- error: cannot find type 'SecStaticCode' in scope
12 | let child = try self.requirement.evaluateForStaticCode(staticCode)
13 |
/Users/admin/builder/spi-builder-workspace/.dependencies/checkouts/Required/Sources/Required/Evaluator/CertificateConstraint+Evaluate.swift:16:46: error: cannot find type 'SecStaticCode' in scope
14 | }
15 |
16 | func evaluateForStaticCode(_ staticCode: SecStaticCode) throws -> Evaluation {
| `- error: cannot find type 'SecStaticCode' in scope
17 | let signingInfo = try staticCode.readSigningInformation(options: [.signingInformation])
18 | guard let certificates = signingInfo[.infoCertificates] as? [SecCertificate], !certificates.isEmpty else {
/Users/admin/builder/spi-builder-workspace/.dependencies/checkouts/Required/Sources/Required/Evaluator/CodeDirectoryHashConstraint+Evaluate.swift:12:46: error: cannot find type 'SecStaticCode' in scope
10 |
11 | extension CodeDirectoryHashConstraint {
12 | func evaluateForStaticCode(_ staticCode: SecStaticCode) throws -> Evaluation {
| `- error: cannot find type 'SecStaticCode' in scope
13 | let signingInfo = try staticCode.readSigningInformation()
14 | // While the documentation for kSecCodeInfoUnique does not explicitly say it's used for cdhash, it describes
/Users/admin/builder/spi-builder-workspace/.dependencies/checkouts/Required/Sources/Required/Evaluator/EntitlementConstraint+Evaluate.swift:11:46: error: cannot find type 'SecStaticCode' in scope
9 |
10 | extension EntitlementConstraint {
11 | func evaluateForStaticCode(_ staticCode: SecStaticCode) throws -> Evaluation {
| `- error: cannot find type 'SecStaticCode' in scope
12 | let signingInfo = try staticCode.readSigningInformation(options: [.signingInformation])
13 | // If no entitlements dictionary, not possible to match
/Users/admin/builder/spi-builder-workspace/.dependencies/checkouts/Required/Sources/Required/Evaluator/IdentifierConstraint+Evaluate.swift:12:46: error: cannot find type 'SecStaticCode' in scope
10 |
11 | extension IdentifierConstraint {
12 | func evaluateForStaticCode(_ staticCode: SecStaticCode) throws -> Evaluation {
| `- error: cannot find type 'SecStaticCode' in scope
13 | let info = try staticCode.readSigningInformation(options: [.signingInformation])
14 | guard let identifier = info[.identifier] else {
SwiftCompile normal arm64 Compiling\ CompileAndParse.swift,\ AndRequirement+Evaluate.swift,\ CertificateConstraint+Evaluate.swift,\ CodeDirectoryHashConstraint+Evaluate.swift,\ EntitlementConstraint+Evaluate.swift /Users/admin/builder/spi-builder-workspace/.dependencies/checkouts/Required/Sources/Required/CompileAndParse.swift /Users/admin/builder/spi-builder-workspace/.dependencies/checkouts/Required/Sources/Required/Evaluator/AndRequirement+Evaluate.swift /Users/admin/builder/spi-builder-workspace/.dependencies/checkouts/Required/Sources/Required/Evaluator/CertificateConstraint+Evaluate.swift /Users/admin/builder/spi-builder-workspace/.dependencies/checkouts/Required/Sources/Required/Evaluator/CodeDirectoryHashConstraint+Evaluate.swift /Users/admin/builder/spi-builder-workspace/.dependencies/checkouts/Required/Sources/Required/Evaluator/EntitlementConstraint+Evaluate.swift (in target 'Required' from project 'Required')
/Users/admin/builder/spi-builder-workspace/.dependencies/checkouts/Required/Sources/Required/CompileAndParse.swift:25:20: error: cannot find type 'SecRequirement' in scope
23 | /// [Security Framework result code](https://developer.apple.com/documentation/security/1542001-security_framework_result_codes).
24 | public func SecRequirementCopyAbstractSyntaxTree(
25 | _ requirement: SecRequirement,
| `- error: cannot find type 'SecRequirement' in scope
26 | _ flags: SecCSFlags,
27 | _ ast: inout Requirement?
/Users/admin/builder/spi-builder-workspace/.dependencies/checkouts/Required/Sources/Required/CompileAndParse.swift:26:14: error: cannot find type 'SecCSFlags' in scope
24 | public func SecRequirementCopyAbstractSyntaxTree(
25 | _ requirement: SecRequirement,
26 | _ flags: SecCSFlags,
| `- error: cannot find type 'SecCSFlags' in scope
27 | _ ast: inout Requirement?
28 | ) -> OSStatus {
/Users/admin/builder/spi-builder-workspace/.dependencies/checkouts/Required/Sources/Required/CompileAndParse.swift:59:36: error: cannot find type 'SecRequirement' in scope
57 | /// - Parameter requirement: A valid code requirement object.
58 | /// - Returns: The abstract syntax tree representation of the `requirement`.
59 | static func parse(requirement: SecRequirement) throws -> Requirement {
| `- error: cannot find type 'SecRequirement' in scope
60 | var ast: Requirement?
61 | let result = SecRequirementCopyAbstractSyntaxTree(requirement, SecCSFlags(), &ast)
/Users/admin/builder/spi-builder-workspace/.dependencies/checkouts/Required/Sources/Required/CompileAndParse.swift:75:30: error: cannot find type 'SecRequirement' in scope
73 | /// - Returns: A valid code requirement object.
74 | /// - Throws: If compilation fails, for example because a referenced certificate file does not actually exist.
75 | func compile() throws -> SecRequirement {
| `- error: cannot find type 'SecRequirement' in scope
76 | try SecRequirement.withString(self.textForm)
77 | }
/Users/admin/builder/spi-builder-workspace/.dependencies/checkouts/Required/Sources/Required/CompileAndParse.swift:85:31: error: cannot find type 'SecRequirementType' in scope
83 | /// - Returns: A dictionary with values of valid code requirement object.
84 | /// - Throws: If compilation fails, for example because a requirement's referenced certificate file does not actually exist.
85 | func compile() throws -> [SecRequirementType : SecRequirement] {
| `- error: cannot find type 'SecRequirementType' in scope
86 | var compiledSet = [SecRequirementType : SecRequirement]()
87 | for (tag, requirementElement) in self.requirements {
/Users/admin/builder/spi-builder-workspace/.dependencies/checkouts/Required/Sources/Required/CompileAndParse.swift:30:22: error: cannot find 'SecRequirementCopyString' in scope
28 | ) -> OSStatus {
29 | var text: CFString?
30 | let resultCode = SecRequirementCopyString(requirement, flags, &text)
| `- error: cannot find 'SecRequirementCopyString' in scope
31 | guard resultCode == errSecSuccess else {
32 | return resultCode
/Users/admin/builder/spi-builder-workspace/.dependencies/checkouts/Required/Sources/Required/CompileAndParse.swift:61:72: error: cannot find 'SecCSFlags' in scope
59 | static func parse(requirement: SecRequirement) throws -> Requirement {
60 | var ast: Requirement?
61 | let result = SecRequirementCopyAbstractSyntaxTree(requirement, SecCSFlags(), &ast)
| `- error: cannot find 'SecCSFlags' in scope
62 | guard let ast = ast else {
63 | throw ParserError.invalid(description: "Requirement could not be parsed, error code: \(result)")
/Users/admin/builder/spi-builder-workspace/.dependencies/checkouts/Required/Sources/Required/CompileAndParse.swift:76:13: error: cannot find 'SecRequirement' in scope
74 | /// - Throws: If compilation fails, for example because a referenced certificate file does not actually exist.
75 | func compile() throws -> SecRequirement {
76 | try SecRequirement.withString(self.textForm)
| `- error: cannot find 'SecRequirement' in scope
77 | }
78 | }
/Users/admin/builder/spi-builder-workspace/.dependencies/checkouts/Required/Sources/Required/CompileAndParse.swift:86:28: error: cannot find 'SecRequirementType' in scope
84 | /// - Throws: If compilation fails, for example because a requirement's referenced certificate file does not actually exist.
85 | func compile() throws -> [SecRequirementType : SecRequirement] {
86 | var compiledSet = [SecRequirementType : SecRequirement]()
| `- error: cannot find 'SecRequirementType' in scope
87 | for (tag, requirementElement) in self.requirements {
88 | let compiledKey: SecRequirementType
/Users/admin/builder/spi-builder-workspace/.dependencies/checkouts/Required/Sources/Required/CompileAndParse.swift:86:49: error: cannot find 'SecRequirement' in scope
84 | /// - Throws: If compilation fails, for example because a requirement's referenced certificate file does not actually exist.
85 | func compile() throws -> [SecRequirementType : SecRequirement] {
86 | var compiledSet = [SecRequirementType : SecRequirement]()
| `- error: cannot find 'SecRequirement' in scope
87 | for (tag, requirementElement) in self.requirements {
88 | let compiledKey: SecRequirementType
/Users/admin/builder/spi-builder-workspace/.dependencies/checkouts/Required/Sources/Required/CompileAndParse.swift:86:27: error: cannot call value of non-function type '[Key : Value]'
84 | /// - Throws: If compilation fails, for example because a requirement's referenced certificate file does not actually exist.
85 | func compile() throws -> [SecRequirementType : SecRequirement] {
86 | var compiledSet = [SecRequirementType : SecRequirement]()
| `- error: cannot call value of non-function type '[Key : Value]'
87 | for (tag, requirementElement) in self.requirements {
88 | let compiledKey: SecRequirementType
/Users/admin/builder/spi-builder-workspace/.dependencies/checkouts/Required/Sources/Required/CompileAndParse.swift:88:30: error: cannot find type 'SecRequirementType' in scope
86 | var compiledSet = [SecRequirementType : SecRequirement]()
87 | for (tag, requirementElement) in self.requirements {
88 | let compiledKey: SecRequirementType
| `- error: cannot find type 'SecRequirementType' in scope
89 | switch tag {
90 | case .host: compiledKey = .hostRequirementType
/Users/admin/builder/spi-builder-workspace/.dependencies/checkouts/Required/Sources/Required/Evaluator/AndRequirement+Evaluate.swift:11:46: error: cannot find type 'SecStaticCode' in scope
9 |
10 | extension AndRequirement {
11 | func evaluateForStaticCode(_ staticCode: SecStaticCode) throws -> Evaluation {
| `- error: cannot find type 'SecStaticCode' in scope
12 | let lhs = try self.lhs.evaluateForStaticCode(staticCode)
13 | let rhs = try self.rhs.evaluateForStaticCode(staticCode)
/Users/admin/builder/spi-builder-workspace/.dependencies/checkouts/Required/Sources/Required/Evaluator/Requirement+Evaluate.swift:23:46: error: cannot find type 'SecStaticCode' in scope
21 | ///
22 | /// This evaluation is recursive for all child requirements of this requirement.
23 | func evaluateForStaticCode(_ staticCode: SecStaticCode) throws -> Evaluation {
| `- error: cannot find type 'SecStaticCode' in scope
24 | switch self.self {
25 | case is OrRequirement:
/Users/admin/builder/spi-builder-workspace/.dependencies/checkouts/Required/Sources/Required/Evaluator/CertificateConstraint+Evaluate.swift:16:46: error: cannot find type 'SecStaticCode' in scope
14 | }
15 |
16 | func evaluateForStaticCode(_ staticCode: SecStaticCode) throws -> Evaluation {
| `- error: cannot find type 'SecStaticCode' in scope
17 | let signingInfo = try staticCode.readSigningInformation(options: [.signingInformation])
18 | guard let certificates = signingInfo[.infoCertificates] as? [SecCertificate], !certificates.isEmpty else {
/Users/admin/builder/spi-builder-workspace/.dependencies/checkouts/Required/Sources/Required/Evaluator/CertificateConstraint+Evaluate.swift:51:50: error: cannot find type 'SecStaticCode' in scope
49 | }
50 |
51 | private func evaluateAnchorApple(staticCode: SecStaticCode) throws -> Evaluation {
| `- error: cannot find type 'SecStaticCode' in scope
52 | // For Apple’s own code, signed by Apple, you can use the short form
53 | // anchor apple
/Users/admin/builder/spi-builder-workspace/.dependencies/checkouts/Required/Sources/Required/Evaluator/CertificateConstraint+Evaluate.swift:154:21: error: cannot find type 'SecStaticCode' in scope
152 |
153 | private func evaluateCertificatePartMatch(
154 | staticCode: SecStaticCode,
| `- error: cannot find type 'SecStaticCode' in scope
155 | position: CertificatePosition,
156 | element: ElementExpression,
/Users/admin/builder/spi-builder-workspace/.dependencies/checkouts/Required/Sources/Required/Evaluator/CertificateConstraint+Evaluate.swift:216:21: error: cannot find type 'SecStaticCode' in scope
214 |
215 | private func evaluateCertificatePartMatchImplicitExists(
216 | staticCode: SecStaticCode,
| `- error: cannot find type 'SecStaticCode' in scope
217 | position: CertificatePosition,
218 | element: ElementExpression,
/Users/admin/builder/spi-builder-workspace/.dependencies/checkouts/Required/Sources/Required/Evaluator/CertificateConstraint+Evaluate.swift:233:21: error: cannot find type 'SecStaticCode' in scope
231 |
232 | private func evaluateTrusted(
233 | staticCode: SecStaticCode,
| `- error: cannot find type 'SecStaticCode' in scope
234 | position: CertificatePosition,
235 | certificates: [SecCertificate]
/Users/admin/builder/spi-builder-workspace/.dependencies/checkouts/Required/Sources/Required/Evaluator/CertificateConstraint+Evaluate.swift:299:21: error: cannot find type 'SecStaticCode' in scope
297 |
298 | private func evaluateWithValidityCheck(
299 | staticCode: SecStaticCode,
| `- error: cannot find type 'SecStaticCode' in scope
300 | explanationProvider: () -> String
301 | ) throws -> Evaluation {
/Users/admin/builder/spi-builder-workspace/.dependencies/checkouts/Required/Sources/Required/Evaluator/CertificateConstraint+Evaluate.swift:13:39: error: cannot find 'SecCode' in scope
11 | extension CertificateConstraint {
12 | func evaluateForSelf() throws -> Evaluation {
13 | try evaluateForStaticCode(try SecCode.current.asStaticCode())
| `- error: cannot find 'SecCode' in scope
14 | }
15 |
/Users/admin/builder/spi-builder-workspace/.dependencies/checkouts/Required/Sources/Required/Evaluator/CertificateConstraint+Evaluate.swift:17:76: error: reference to member 'signingInformation' cannot be resolved without a contextual type
15 |
16 | func evaluateForStaticCode(_ staticCode: SecStaticCode) throws -> Evaluation {
17 | let signingInfo = try staticCode.readSigningInformation(options: [.signingInformation])
| `- error: reference to member 'signingInformation' cannot be resolved without a contextual type
18 | guard let certificates = signingInfo[.infoCertificates] as? [SecCertificate], !certificates.isEmpty else {
19 | return .constraintNotSatisfied(self, explanation: "No certificates present")
/Users/admin/builder/spi-builder-workspace/.dependencies/checkouts/Required/Sources/Required/Evaluator/CertificateConstraint+Evaluate.swift:302:22: error: cannot find 'SecStaticCodeCheckValidity' in scope
300 | explanationProvider: () -> String
301 | ) throws -> Evaluation {
302 | let result = SecStaticCodeCheckValidity(staticCode, SecCSFlags(), try SecRequirement.withString(self.textForm))
| `- error: cannot find 'SecStaticCodeCheckValidity' in scope
303 | if result == errSecSuccess {
304 | return .constraintSatisfied(self)
/Users/admin/builder/spi-builder-workspace/.dependencies/checkouts/Required/Sources/Required/Evaluator/CertificateConstraint+Evaluate.swift:302:61: error: cannot find 'SecCSFlags' in scope
300 | explanationProvider: () -> String
301 | ) throws -> Evaluation {
302 | let result = SecStaticCodeCheckValidity(staticCode, SecCSFlags(), try SecRequirement.withString(self.textForm))
| `- error: cannot find 'SecCSFlags' in scope
303 | if result == errSecSuccess {
304 | return .constraintSatisfied(self)
/Users/admin/builder/spi-builder-workspace/.dependencies/checkouts/Required/Sources/Required/Evaluator/CertificateConstraint+Evaluate.swift:302:79: error: cannot find 'SecRequirement' in scope
300 | explanationProvider: () -> String
301 | ) throws -> Evaluation {
302 | let result = SecStaticCodeCheckValidity(staticCode, SecCSFlags(), try SecRequirement.withString(self.textForm))
| `- error: cannot find 'SecRequirement' in scope
303 | if result == errSecSuccess {
304 | return .constraintSatisfied(self)
/Users/admin/builder/spi-builder-workspace/.dependencies/checkouts/Required/Sources/Required/Evaluator/CertificateConstraint+Evaluate.swift:305:29: error: cannot find 'errSecCSReqFailed' in scope
303 | if result == errSecSuccess {
304 | return .constraintSatisfied(self)
305 | } else if result == errSecCSReqFailed {
| `- error: cannot find 'errSecCSReqFailed' in scope
306 | return .constraintNotSatisfied(self, explanation: explanationProvider())
307 | } else if result == errSecCSBadResource {
/Users/admin/builder/spi-builder-workspace/.dependencies/checkouts/Required/Sources/Required/Evaluator/CertificateConstraint+Evaluate.swift:307:29: error: cannot find 'errSecCSBadResource' in scope
305 | } else if result == errSecCSReqFailed {
306 | return .constraintNotSatisfied(self, explanation: explanationProvider())
307 | } else if result == errSecCSBadResource {
| `- error: cannot find 'errSecCSBadResource' in scope
308 | return .constraintNotSatisfied(self, explanation: "A sealed resource is missing or invalid")
309 | } else {
/Users/admin/builder/spi-builder-workspace/.dependencies/checkouts/Required/Sources/Required/Evaluator/CodeDirectoryHashConstraint+Evaluate.swift:12:46: error: cannot find type 'SecStaticCode' in scope
10 |
11 | extension CodeDirectoryHashConstraint {
12 | func evaluateForStaticCode(_ staticCode: SecStaticCode) throws -> Evaluation {
| `- error: cannot find type 'SecStaticCode' in scope
13 | let signingInfo = try staticCode.readSigningInformation()
14 | // While the documentation for kSecCodeInfoUnique does not explicitly say it's used for cdhash, it describes
/Users/admin/builder/spi-builder-workspace/.dependencies/checkouts/Required/Sources/Required/Evaluator/CodeDirectoryHashConstraint+Evaluate.swift:37:39: error: cannot find 'SecCode' in scope
35 |
36 | func evaluateForSelf() throws -> Evaluation {
37 | try evaluateForStaticCode(try SecCode.current.asStaticCode())
| `- error: cannot find 'SecCode' in scope
38 | }
39 | }
/Users/admin/builder/spi-builder-workspace/.dependencies/checkouts/Required/Sources/Required/Evaluator/EntitlementConstraint+Evaluate.swift:11:46: error: cannot find type 'SecStaticCode' in scope
9 |
10 | extension EntitlementConstraint {
11 | func evaluateForStaticCode(_ staticCode: SecStaticCode) throws -> Evaluation {
| `- error: cannot find type 'SecStaticCode' in scope
12 | let signingInfo = try staticCode.readSigningInformation(options: [.signingInformation])
13 | // If no entitlements dictionary, not possible to match
SwiftCompile normal arm64 /Users/admin/builder/spi-builder-workspace/.dependencies/checkouts/Required/Sources/Required/CompileAndParse.swift (in target 'Required' from project 'Required')
cd /Users/admin/builder/spi-builder-workspace/.swiftpm/xcode
builtin-SwiftPerFileCompile CompileAndParse.swift
SwiftCompile normal arm64 /Users/admin/builder/spi-builder-workspace/.dependencies/checkouts/Required/Sources/Required/Evaluator/AndRequirement+Evaluate.swift (in target 'Required' from project 'Required')
cd /Users/admin/builder/spi-builder-workspace/.swiftpm/xcode
builtin-SwiftPerFileCompile AndRequirement+Evaluate.swift
SwiftCompile normal arm64 /Users/admin/builder/spi-builder-workspace/.dependencies/checkouts/Required/Sources/Required/Evaluator/CertificateConstraint+Evaluate.swift (in target 'Required' from project 'Required')
cd /Users/admin/builder/spi-builder-workspace/.swiftpm/xcode
builtin-SwiftPerFileCompile CertificateConstraint+Evaluate.swift
SwiftCompile normal arm64 /Users/admin/builder/spi-builder-workspace/.dependencies/checkouts/Required/Sources/Required/Evaluator/CodeDirectoryHashConstraint+Evaluate.swift (in target 'Required' from project 'Required')
cd /Users/admin/builder/spi-builder-workspace/.swiftpm/xcode
builtin-SwiftPerFileCompile CodeDirectoryHashConstraint+Evaluate.swift
SwiftCompile normal arm64 /Users/admin/builder/spi-builder-workspace/.dependencies/checkouts/Required/Sources/Required/Evaluator/EntitlementConstraint+Evaluate.swift (in target 'Required' from project 'Required')
cd /Users/admin/builder/spi-builder-workspace/.swiftpm/xcode
builtin-SwiftPerFileCompile EntitlementConstraint+Evaluate.swift
PruneExplicitPrecompiledModules /Users/admin/builder/spi-builder-workspace/.derivedData/Build/Intermediates.noindex/ExplicitPrecompiledModules
PruneExplicitPrecompiledModules /Users/admin/builder/spi-builder-workspace/.derivedData/Build/Intermediates.noindex/SwiftExplicitPrecompiledModules
PruneExplicitPrecompiledModules /Users/admin/builder/spi-builder-workspace/.derivedData/SDKExplicitPrecompiledModules
2026-09-18 07:04:13.225 xcodebuild[789:4643] [MT] IDERunDestination: Supported platforms for the buildables in the current scheme is empty.
** BUILD FAILED **
The following build commands failed:
SwiftCompile normal arm64 (in target 'Required' from project 'Required')
SwiftEmitModule normal arm64 Emitting\ module\ for\ Required (in target 'Required' from project 'Required')
Building workspace Blessed with scheme Blessed
(3 failures)
Command line invocation:
/Applications/Xcode-27.0.0-Release.Candidate.app/Contents/Developer/usr/bin/xcodebuild -IDEClonedSourcePackagesDirPathOverride=/Users/admin/builder/spi-builder-workspace/.dependencies -resolvePackageDependencies
Resolve Package Graph
Resolved source packages:
Authorized: https://github.com/trilemma-dev/Authorized.git @ 1.0.0
Blessed: /Users/admin/builder/spi-builder-workspace
EmbeddedPropertyList: https://github.com/trilemma-dev/EmbeddedPropertyList.git @ 2.0.2
Required: https://github.com/trilemma-dev/Required.git @ 0.1.1
resolved source packages: Authorized, Blessed, EmbeddedPropertyList, Required
2026-09-18 07:04:18.104 xcodebuild[866:5091] [MT] IDERunDestination: Supported platforms for the buildables in the current scheme is empty.
{
"dependencies" : [
{
"identity" : "embeddedpropertylist",
"requirement" : {
"range" : [
{
"lower_bound" : "2.0.2",
"upper_bound" : "3.0.0"
}
]
},
"type" : "sourceControl",
"url" : "https://github.com/trilemma-dev/EmbeddedPropertyList.git"
},
{
"identity" : "required",
"requirement" : {
"range" : [
{
"lower_bound" : "0.1.1",
"upper_bound" : "1.0.0"
}
]
},
"type" : "sourceControl",
"url" : "https://github.com/trilemma-dev/Required.git"
},
{
"identity" : "authorized",
"requirement" : {
"range" : [
{
"lower_bound" : "1.0.0",
"upper_bound" : "2.0.0"
}
]
},
"type" : "sourceControl",
"url" : "https://github.com/trilemma-dev/Authorized.git"
}
],
"manifest_display_name" : "Blessed",
"name" : "Blessed",
"path" : "/Users/admin/builder/spi-builder-workspace",
"platforms" : [
{
"name" : "macos",
"version" : "10.10"
}
],
"products" : [
{
"name" : "Blessed",
"targets" : [
"Blessed"
],
"type" : {
"library" : [
"automatic"
]
}
}
],
"targets" : [
{
"c99name" : "BlessedTests",
"module_type" : "SwiftTarget",
"name" : "BlessedTests",
"path" : "Tests/BlessedTests",
"sources" : [
"Sandbox Tests.swift"
],
"target_dependencies" : [
"Blessed"
],
"type" : "test"
},
{
"c99name" : "Blessed",
"module_type" : "SwiftTarget",
"name" : "Blessed",
"path" : "Sources/Blessed",
"product_dependencies" : [
"Authorized",
"EmbeddedPropertyList",
"Required"
],
"product_memberships" : [
"Blessed"
],
"sources" : [
"BlessError.swift",
"PrivilegedHelperManager.swift",
"ProcessInfo+Sandbox.swift"
],
"type" : "library"
}
],
"tools_version" : "5.5"
}
{
"workspace" : {
"name" : "Blessed",
"schemes" : [
"Blessed"
]
}
}
2026-09-18 07:04:19.382 xcodebuild[874:5164] [MT] IDERunDestination: Supported platforms for the buildables in the current scheme is empty.
Running build ...
env DEVELOPER_DIR=/Applications/Xcode-27.0.0-Release.Candidate.app xcrun xcodebuild -IDEClonedSourcePackagesDirPathOverride=$PWD/.dependencies -skipMacroValidation -skipPackagePluginValidation -derivedDataPath $PWD/.derivedData build -scheme Blessed -destination generic/platform=tvOS
Command line invocation:
/Applications/Xcode-27.0.0-Release.Candidate.app/Contents/Developer/usr/bin/xcodebuild -IDEClonedSourcePackagesDirPathOverride=/Users/admin/builder/spi-builder-workspace/.dependencies -skipMacroValidation -skipPackagePluginValidation -derivedDataPath /Users/admin/builder/spi-builder-workspace/.derivedData build -scheme Blessed -destination generic/platform=tvOS
Resolve Package Graph
Resolved source packages:
Required: https://github.com/trilemma-dev/Required.git @ 0.1.1
Authorized: https://github.com/trilemma-dev/Authorized.git @ 1.0.0
EmbeddedPropertyList: https://github.com/trilemma-dev/EmbeddedPropertyList.git @ 2.0.2
Blessed: /Users/admin/builder/spi-builder-workspace
ComputePackagePrebuildTargetDependencyGraph
Prepare packages
CreateBuildRequest
SendProjectDescription
CreateBuildOperation
ComputeTargetDependencyGraph
note: Building targets in dependency order
note: Target dependency graph (8 targets)
Target 'Blessed-product' in project 'Blessed'
➜ Explicit dependency on target 'Blessed' in project 'Blessed'
➜ Explicit dependency on target 'Authorized-product' in project 'Authorized'
➜ Explicit dependency on target 'EmbeddedPropertyList-product' in project 'EmbeddedPropertyList'
➜ Explicit dependency on target 'Required-product' in project 'Required'
Target 'Blessed' in project 'Blessed'
➜ Explicit dependency on target 'Authorized-product' in project 'Authorized'
➜ Explicit dependency on target 'EmbeddedPropertyList-product' in project 'EmbeddedPropertyList'
➜ Explicit dependency on target 'Required-product' in project 'Required'
Target 'Required-product' in project 'Required'
➜ Explicit dependency on target 'Required' in project 'Required'
Target 'Required' in project 'Required' (no dependencies)
Target 'EmbeddedPropertyList-product' in project 'EmbeddedPropertyList'
➜ Explicit dependency on target 'EmbeddedPropertyList' in project 'EmbeddedPropertyList'
Target 'EmbeddedPropertyList' in project 'EmbeddedPropertyList' (no dependencies)
Target 'Authorized-product' in project 'Authorized'
➜ Explicit dependency on target 'Authorized' in project 'Authorized'
Target 'Authorized' in project 'Authorized' (no dependencies)
GatherProvisioningInputs
CreateBuildDescription
ClangStatCache /Applications/Xcode-27.0.0-Release.Candidate.app/Contents/Developer/Toolchains/XcodeDefault.xctoolchain/usr/bin/clang-stat-cache /Applications/Xcode-27.0.0-Release.Candidate.app/Contents/Developer/Platforms/AppleTVOS.platform/Developer/SDKs/AppleTVOS27.0.sdk /Users/admin/builder/spi-builder-workspace/.derivedData/SDKStatCaches.noindex/appletvos27.0-24J360-e829b21a6f8c9b70876ba0858053c044b32bfd8d43560033f8d89884cdb90028.sdkstatcache
cd /Users/admin/builder/spi-builder-workspace/.swiftpm/xcode
/Applications/Xcode-27.0.0-Release.Candidate.app/Contents/Developer/Toolchains/XcodeDefault.xctoolchain/usr/bin/clang-stat-cache /Applications/Xcode-27.0.0-Release.Candidate.app/Contents/Developer/Platforms/AppleTVOS.platform/Developer/SDKs/AppleTVOS27.0.sdk -o /Users/admin/builder/spi-builder-workspace/.derivedData/SDKStatCaches.noindex/appletvos27.0-24J360-e829b21a6f8c9b70876ba0858053c044b32bfd8d43560033f8d89884cdb90028.sdkstatcache
SwiftDriver EmbeddedPropertyList normal arm64 com.apple.xcode.tools.swift.compiler (in target 'EmbeddedPropertyList' from project 'EmbeddedPropertyList')
cd /Users/admin/builder/spi-builder-workspace/.swiftpm/xcode
builtin-SwiftDriver -- /Applications/Xcode-27.0.0-Release.Candidate.app/Contents/Developer/Toolchains/XcodeDefault.xctoolchain/usr/bin/swiftc -parse-as-library -module-name EmbeddedPropertyList -Onone @/Users/admin/builder/spi-builder-workspace/.derivedData/Build/Intermediates.noindex/EmbeddedPropertyList.build/Debug-appletvos/EmbeddedPropertyList-t.build/Objects-normal/arm64/EmbeddedPropertyList.SwiftFileList -DSWIFT_PACKAGE -DDEBUG -DSWIFT_MODULE_RESOURCE_BUNDLE_UNAVAILABLE -DXcode -plugin-path /Applications/Xcode-27.0.0-Release.Candidate.app/Contents/Developer/Toolchains/XcodeDefault.xctoolchain/usr/lib/swift/host/plugins/testing -enable-experimental-feature DebugDescriptionMacro -sdk /Applications/Xcode-27.0.0-Release.Candidate.app/Contents/Developer/Platforms/AppleTVOS.platform/Developer/SDKs/AppleTVOS27.0.sdk -target arm64-apple-tvos15.0 -g -module-cache-path /Users/admin/builder/spi-builder-workspace/.derivedData/ModuleCache.noindex -Xfrontend -serialize-debugging-options -profile-coverage-mapping -profile-generate -enable-testing -suppress-warnings -index-store-path /Users/admin/builder/spi-builder-workspace/.derivedData/Index.noindex/DataStore -Xcc -D_LIBCPP_HARDENING_MODE\=_LIBCPP_HARDENING_MODE_DEBUG -swift-version 5 -I /Users/admin/builder/spi-builder-workspace/.derivedData/Build/Products/Debug-appletvos -Isystem /Applications/Xcode-27.0.0-Release.Candidate.app/Contents/Developer/Platforms/AppleTVOS.platform/Developer/usr/lib -F /Users/admin/builder/spi-builder-workspace/.derivedData/Build/Products/Debug-appletvos -F /Applications/Xcode-27.0.0-Release.Candidate.app/Contents/Developer/Platforms/AppleTVOS.platform/Developer/Library/Frameworks -F /Applications/Xcode-27.0.0-Release.Candidate.app/Contents/Developer/Platforms/AppleTVOS.platform/Developer/SDKs/AppleTVOS27.0.sdk/Developer/Library/Frameworks -c -j10 -enable-batch-mode -incremental -Xcc -ivfsstatcache -Xcc /Users/admin/builder/spi-builder-workspace/.derivedData/SDKStatCaches.noindex/appletvos27.0-24J360-e829b21a6f8c9b70876ba0858053c044b32bfd8d43560033f8d89884cdb90028.sdkstatcache -output-file-map /Users/admin/builder/spi-builder-workspace/.derivedData/Build/Intermediates.noindex/EmbeddedPropertyList.build/Debug-appletvos/EmbeddedPropertyList-t.build/Objects-normal/arm64/EmbeddedPropertyList-OutputFileMap.json -save-temps -no-color-diagnostics -explicit-module-build -module-cache-path /Users/admin/builder/spi-builder-workspace/.derivedData/Build/Intermediates.noindex/SwiftExplicitPrecompiledModules -clang-scanner-module-cache-path /Users/admin/builder/spi-builder-workspace/.derivedData/ModuleCache.noindex -sdk-module-cache-path /Users/admin/builder/spi-builder-workspace/.derivedData/SDKExplicitPrecompiledModules -emit-dependencies -emit-module -emit-module-path /Users/admin/builder/spi-builder-workspace/.derivedData/Build/Intermediates.noindex/EmbeddedPropertyList.build/Debug-appletvos/EmbeddedPropertyList-t.build/Objects-normal/arm64/EmbeddedPropertyList.swiftmodule -serialize-diagnostics -dependency-scan-serialize-diagnostics-path /Users/admin/builder/spi-builder-workspace/.derivedData/Build/Intermediates.noindex/EmbeddedPropertyList.build/Debug-appletvos/EmbeddedPropertyList-t.build/Objects-normal/arm64/EmbeddedPropertyList-dependency-scan.dia -validate-clang-modules-once -clang-build-session-file /Users/admin/builder/spi-builder-workspace/.derivedData/ModuleCache.noindex/Session.modulevalidation -Xcc -fmodules-prune-interval\=86400 -Xcc -fmodules-prune-after\=345600 -emit-const-values -const-gather-protocols-list /Users/admin/builder/spi-builder-workspace/.derivedData/Build/Intermediates.noindex/EmbeddedPropertyList.build/Debug-appletvos/EmbeddedPropertyList-t.build/Objects-normal/arm64/EmbeddedPropertyList_const_extract_protocols.json -Xcc -I/Users/admin/builder/spi-builder-workspace/.derivedData/Build/Products/Debug-appletvos/include -Xcc -I/Users/admin/builder/spi-builder-workspace/.derivedData/Build/Intermediates.noindex/EmbeddedPropertyList.build/Debug-appletvos/EmbeddedPropertyList-t.build/DerivedSources-normal/arm64 -Xcc -I/Users/admin/builder/spi-builder-workspace/.derivedData/Build/Intermediates.noindex/EmbeddedPropertyList.build/Debug-appletvos/EmbeddedPropertyList-t.build/DerivedSources/arm64 -Xcc -I/Users/admin/builder/spi-builder-workspace/.derivedData/Build/Intermediates.noindex/EmbeddedPropertyList.build/Debug-appletvos/EmbeddedPropertyList-t.build/DerivedSources -Xcc -DSWIFT_PACKAGE -Xcc -DDEBUG\=1 -emit-objc-header -emit-objc-header-path /Users/admin/builder/spi-builder-workspace/.derivedData/Build/Intermediates.noindex/EmbeddedPropertyList.build/Debug-appletvos/EmbeddedPropertyList-t.build/Objects-normal/arm64/EmbeddedPropertyList-Swift.h -working-directory /Users/admin/builder/spi-builder-workspace/.swiftpm/xcode -experimental-emit-module-separately -disable-cmo
SwiftDriver Authorized normal arm64 com.apple.xcode.tools.swift.compiler (in target 'Authorized' from project 'Authorized')
cd /Users/admin/builder/spi-builder-workspace/.swiftpm/xcode
builtin-SwiftDriver -- /Applications/Xcode-27.0.0-Release.Candidate.app/Contents/Developer/Toolchains/XcodeDefault.xctoolchain/usr/bin/swiftc -parse-as-library -module-name Authorized -Onone @/Users/admin/builder/spi-builder-workspace/.derivedData/Build/Intermediates.noindex/Authorized.build/Debug-appletvos/Authorized-t.build/Objects-normal/arm64/Authorized.SwiftFileList -DSWIFT_PACKAGE -DDEBUG -DSWIFT_MODULE_RESOURCE_BUNDLE_UNAVAILABLE -DXcode -plugin-path /Applications/Xcode-27.0.0-Release.Candidate.app/Contents/Developer/Toolchains/XcodeDefault.xctoolchain/usr/lib/swift/host/plugins/testing -enable-experimental-feature DebugDescriptionMacro -sdk /Applications/Xcode-27.0.0-Release.Candidate.app/Contents/Developer/Platforms/AppleTVOS.platform/Developer/SDKs/AppleTVOS27.0.sdk -target arm64-apple-tvos15.0 -g -module-cache-path /Users/admin/builder/spi-builder-workspace/.derivedData/ModuleCache.noindex -Xfrontend -serialize-debugging-options -profile-coverage-mapping -profile-generate -enable-testing -suppress-warnings -index-store-path /Users/admin/builder/spi-builder-workspace/.derivedData/Index.noindex/DataStore -Xcc -D_LIBCPP_HARDENING_MODE\=_LIBCPP_HARDENING_MODE_DEBUG -swift-version 5 -I /Users/admin/builder/spi-builder-workspace/.derivedData/Build/Products/Debug-appletvos -Isystem /Applications/Xcode-27.0.0-Release.Candidate.app/Contents/Developer/Platforms/AppleTVOS.platform/Developer/usr/lib -F /Users/admin/builder/spi-builder-workspace/.derivedData/Build/Products/Debug-appletvos -F /Applications/Xcode-27.0.0-Release.Candidate.app/Contents/Developer/Platforms/AppleTVOS.platform/Developer/Library/Frameworks -F /Applications/Xcode-27.0.0-Release.Candidate.app/Contents/Developer/Platforms/AppleTVOS.platform/Developer/SDKs/AppleTVOS27.0.sdk/Developer/Library/Frameworks -c -j10 -enable-batch-mode -incremental -Xcc -ivfsstatcache -Xcc /Users/admin/builder/spi-builder-workspace/.derivedData/SDKStatCaches.noindex/appletvos27.0-24J360-e829b21a6f8c9b70876ba0858053c044b32bfd8d43560033f8d89884cdb90028.sdkstatcache -output-file-map /Users/admin/builder/spi-builder-workspace/.derivedData/Build/Intermediates.noindex/Authorized.build/Debug-appletvos/Authorized-t.build/Objects-normal/arm64/Authorized-OutputFileMap.json -save-temps -no-color-diagnostics -explicit-module-build -module-cache-path /Users/admin/builder/spi-builder-workspace/.derivedData/Build/Intermediates.noindex/SwiftExplicitPrecompiledModules -clang-scanner-module-cache-path /Users/admin/builder/spi-builder-workspace/.derivedData/ModuleCache.noindex -sdk-module-cache-path /Users/admin/builder/spi-builder-workspace/.derivedData/SDKExplicitPrecompiledModules -emit-dependencies -emit-module -emit-module-path /Users/admin/builder/spi-builder-workspace/.derivedData/Build/Intermediates.noindex/Authorized.build/Debug-appletvos/Authorized-t.build/Objects-normal/arm64/Authorized.swiftmodule -serialize-diagnostics -dependency-scan-serialize-diagnostics-path /Users/admin/builder/spi-builder-workspace/.derivedData/Build/Intermediates.noindex/Authorized.build/Debug-appletvos/Authorized-t.build/Objects-normal/arm64/Authorized-dependency-scan.dia -validate-clang-modules-once -clang-build-session-file /Users/admin/builder/spi-builder-workspace/.derivedData/ModuleCache.noindex/Session.modulevalidation -Xcc -fmodules-prune-interval\=86400 -Xcc -fmodules-prune-after\=345600 -emit-const-values -const-gather-protocols-list /Users/admin/builder/spi-builder-workspace/.derivedData/Build/Intermediates.noindex/Authorized.build/Debug-appletvos/Authorized-t.build/Objects-normal/arm64/Authorized_const_extract_protocols.json -Xcc -I/Users/admin/builder/spi-builder-workspace/.derivedData/Build/Products/Debug-appletvos/include -Xcc -I/Users/admin/builder/spi-builder-workspace/.derivedData/Build/Intermediates.noindex/Authorized.build/Debug-appletvos/Authorized-t.build/DerivedSources-normal/arm64 -Xcc -I/Users/admin/builder/spi-builder-workspace/.derivedData/Build/Intermediates.noindex/Authorized.build/Debug-appletvos/Authorized-t.build/DerivedSources/arm64 -Xcc -I/Users/admin/builder/spi-builder-workspace/.derivedData/Build/Intermediates.noindex/Authorized.build/Debug-appletvos/Authorized-t.build/DerivedSources -Xcc -DSWIFT_PACKAGE -Xcc -DDEBUG\=1 -emit-objc-header -emit-objc-header-path /Users/admin/builder/spi-builder-workspace/.derivedData/Build/Intermediates.noindex/Authorized.build/Debug-appletvos/Authorized-t.build/Objects-normal/arm64/Authorized-Swift.h -working-directory /Users/admin/builder/spi-builder-workspace/.swiftpm/xcode -experimental-emit-module-separately -disable-cmo
SwiftDriver Required normal arm64 com.apple.xcode.tools.swift.compiler (in target 'Required' from project 'Required')
cd /Users/admin/builder/spi-builder-workspace/.swiftpm/xcode
builtin-SwiftDriver -- /Applications/Xcode-27.0.0-Release.Candidate.app/Contents/Developer/Toolchains/XcodeDefault.xctoolchain/usr/bin/swiftc -parse-as-library -module-name Required -Onone @/Users/admin/builder/spi-builder-workspace/.derivedData/Build/Intermediates.noindex/Required.build/Debug-appletvos/Required-t.build/Objects-normal/arm64/Required.SwiftFileList -DSWIFT_PACKAGE -DDEBUG -DSWIFT_MODULE_RESOURCE_BUNDLE_UNAVAILABLE -DXcode -plugin-path /Applications/Xcode-27.0.0-Release.Candidate.app/Contents/Developer/Toolchains/XcodeDefault.xctoolchain/usr/lib/swift/host/plugins/testing -enable-experimental-feature DebugDescriptionMacro -sdk /Applications/Xcode-27.0.0-Release.Candidate.app/Contents/Developer/Platforms/AppleTVOS.platform/Developer/SDKs/AppleTVOS27.0.sdk -target arm64-apple-tvos15.0 -g -module-cache-path /Users/admin/builder/spi-builder-workspace/.derivedData/ModuleCache.noindex -Xfrontend -serialize-debugging-options -profile-coverage-mapping -profile-generate -enable-testing -suppress-warnings -index-store-path /Users/admin/builder/spi-builder-workspace/.derivedData/Index.noindex/DataStore -Xcc -D_LIBCPP_HARDENING_MODE\=_LIBCPP_HARDENING_MODE_DEBUG -swift-version 5 -I /Users/admin/builder/spi-builder-workspace/.derivedData/Build/Products/Debug-appletvos -Isystem /Applications/Xcode-27.0.0-Release.Candidate.app/Contents/Developer/Platforms/AppleTVOS.platform/Developer/usr/lib -F /Users/admin/builder/spi-builder-workspace/.derivedData/Build/Products/Debug-appletvos -F /Applications/Xcode-27.0.0-Release.Candidate.app/Contents/Developer/Platforms/AppleTVOS.platform/Developer/Library/Frameworks -F /Applications/Xcode-27.0.0-Release.Candidate.app/Contents/Developer/Platforms/AppleTVOS.platform/Developer/SDKs/AppleTVOS27.0.sdk/Developer/Library/Frameworks -c -j10 -enable-batch-mode -incremental -Xcc -ivfsstatcache -Xcc /Users/admin/builder/spi-builder-workspace/.derivedData/SDKStatCaches.noindex/appletvos27.0-24J360-e829b21a6f8c9b70876ba0858053c044b32bfd8d43560033f8d89884cdb90028.sdkstatcache -output-file-map /Users/admin/builder/spi-builder-workspace/.derivedData/Build/Intermediates.noindex/Required.build/Debug-appletvos/Required-t.build/Objects-normal/arm64/Required-OutputFileMap.json -save-temps -no-color-diagnostics -explicit-module-build -module-cache-path /Users/admin/builder/spi-builder-workspace/.derivedData/Build/Intermediates.noindex/SwiftExplicitPrecompiledModules -clang-scanner-module-cache-path /Users/admin/builder/spi-builder-workspace/.derivedData/ModuleCache.noindex -sdk-module-cache-path /Users/admin/builder/spi-builder-workspace/.derivedData/SDKExplicitPrecompiledModules -emit-dependencies -emit-module -emit-module-path /Users/admin/builder/spi-builder-workspace/.derivedData/Build/Intermediates.noindex/Required.build/Debug-appletvos/Required-t.build/Objects-normal/arm64/Required.swiftmodule -serialize-diagnostics -dependency-scan-serialize-diagnostics-path /Users/admin/builder/spi-builder-workspace/.derivedData/Build/Intermediates.noindex/Required.build/Debug-appletvos/Required-t.build/Objects-normal/arm64/Required-dependency-scan.dia -validate-clang-modules-once -clang-build-session-file /Users/admin/builder/spi-builder-workspace/.derivedData/ModuleCache.noindex/Session.modulevalidation -Xcc -fmodules-prune-interval\=86400 -Xcc -fmodules-prune-after\=345600 -emit-const-values -const-gather-protocols-list /Users/admin/builder/spi-builder-workspace/.derivedData/Build/Intermediates.noindex/Required.build/Debug-appletvos/Required-t.build/Objects-normal/arm64/Required_const_extract_protocols.json -Xcc -I/Users/admin/builder/spi-builder-workspace/.derivedData/Build/Products/Debug-appletvos/include -Xcc -I/Users/admin/builder/spi-builder-workspace/.derivedData/Build/Intermediates.noindex/Required.build/Debug-appletvos/Required-t.build/DerivedSources-normal/arm64 -Xcc -I/Users/admin/builder/spi-builder-workspace/.derivedData/Build/Intermediates.noindex/Required.build/Debug-appletvos/Required-t.build/DerivedSources/arm64 -Xcc -I/Users/admin/builder/spi-builder-workspace/.derivedData/Build/Intermediates.noindex/Required.build/Debug-appletvos/Required-t.build/DerivedSources -Xcc -DSWIFT_PACKAGE -Xcc -DDEBUG\=1 -emit-objc-header -emit-objc-header-path /Users/admin/builder/spi-builder-workspace/.derivedData/Build/Intermediates.noindex/Required.build/Debug-appletvos/Required-t.build/Objects-normal/arm64/Required-Swift.h -working-directory /Users/admin/builder/spi-builder-workspace/.swiftpm/xcode -experimental-emit-module-separately -disable-cmo
SwiftCompile normal arm64 Compiling\ BundleVersion.swift /Users/admin/builder/spi-builder-workspace/.dependencies/checkouts/EmbeddedPropertyList/Sources/EmbeddedPropertyList/BundleVersion.swift (in target 'EmbeddedPropertyList' from project 'EmbeddedPropertyList')
SwiftCompile normal arm64 /Users/admin/builder/spi-builder-workspace/.dependencies/checkouts/EmbeddedPropertyList/Sources/EmbeddedPropertyList/BundleVersion.swift (in target 'EmbeddedPropertyList' from project 'EmbeddedPropertyList')
cd /Users/admin/builder/spi-builder-workspace/.swiftpm/xcode
builtin-SwiftPerFileCompile BundleVersion.swift
SwiftEmitModule normal arm64 Emitting\ module\ for\ EmbeddedPropertyList (in target 'EmbeddedPropertyList' from project 'EmbeddedPropertyList')
SwiftCompile normal arm64 (in target 'EmbeddedPropertyList' from project 'EmbeddedPropertyList')
cd /Users/admin/builder/spi-builder-workspace/.swiftpm/xcode
SwiftCompile normal arm64 Compiling\ EmbeddedPropertyListReader.swift /Users/admin/builder/spi-builder-workspace/.dependencies/checkouts/EmbeddedPropertyList/Sources/EmbeddedPropertyList/EmbeddedPropertyListReader.swift (in target 'EmbeddedPropertyList' from project 'EmbeddedPropertyList')
/Users/admin/builder/spi-builder-workspace/.dependencies/checkouts/EmbeddedPropertyList/Sources/EmbeddedPropertyList/EmbeddedPropertyListReader.swift:44:52: error: cannot find 'MH_EXECUTE_SYM' in scope
42 | defer { dlclose(handle) }
43 |
44 | guard let mhExecutePointer = dlsym(handle, MH_EXECUTE_SYM) else {
| `- error: cannot find 'MH_EXECUTE_SYM' in scope
45 | throw ReadError.machHeaderExecuteSymbolUnretrievable
46 | }
/Users/admin/builder/spi-builder-workspace/.dependencies/checkouts/EmbeddedPropertyList/Sources/EmbeddedPropertyList/EmbeddedPropertyListReader.swift:47:78: error: cannot find 'mach_header_64' in scope
45 | throw ReadError.machHeaderExecuteSymbolUnretrievable
46 | }
47 | let mhExecuteBoundPointer = mhExecutePointer.assumingMemoryBound(to: mach_header_64.self)
| `- error: cannot find 'mach_header_64' in scope
48 |
49 | var size: UInt = 0
/Users/admin/builder/spi-builder-workspace/.dependencies/checkouts/EmbeddedPropertyList/Sources/EmbeddedPropertyList/EmbeddedPropertyListReader.swift:50:29: error: cannot find 'getsectiondata' in scope
48 |
49 | var size: UInt = 0
50 | guard let section = getsectiondata(mhExecuteBoundPointer, "__TEXT", self.sectionName, &size) else {
| `- error: cannot find 'getsectiondata' in scope
51 | throw ReadError.sectionNotFound
52 | }
/Users/admin/builder/spi-builder-workspace/.dependencies/checkouts/EmbeddedPropertyList/Sources/EmbeddedPropertyList/EmbeddedPropertyListReader.swift:114:56: error: cannot find 'mach_header_64' in scope
112 | let offsetData = data[Data.Index(machHeaderOffset)..<data.count]
113 | let plist: Data = try offsetData.withUnsafeBytes { pointer in
114 | let headerPointer = pointer.bindMemory(to: mach_header_64.self).baseAddress
| `- error: cannot find 'mach_header_64' in scope
115 | guard let sectionPointer = getsectbynamefromheader_64(headerPointer, "__TEXT", self.sectionName) else {
116 | throw ReadError.sectionNotFound
/Users/admin/builder/spi-builder-workspace/.dependencies/checkouts/EmbeddedPropertyList/Sources/EmbeddedPropertyList/EmbeddedPropertyListReader.swift:115:40: error: cannot find 'getsectbynamefromheader_64' in scope
113 | let plist: Data = try offsetData.withUnsafeBytes { pointer in
114 | let headerPointer = pointer.bindMemory(to: mach_header_64.self).baseAddress
115 | guard let sectionPointer = getsectbynamefromheader_64(headerPointer, "__TEXT", self.sectionName) else {
| `- error: cannot find 'getsectbynamefromheader_64' in scope
116 | throw ReadError.sectionNotFound
117 | }
/Users/admin/builder/spi-builder-workspace/.dependencies/checkouts/EmbeddedPropertyList/Sources/EmbeddedPropertyList/EmbeddedPropertyListReader.swift:162:26: error: cannot find 'MH_MAGIC' in scope
160 | /// - Returns: Whether the magic value represents a 32-bit architecture executable.
161 | private func isMagic32(_ magic: UInt32) -> Bool {
162 | return (magic == MH_MAGIC) || (magic == MH_CIGAM)
| `- error: cannot find 'MH_MAGIC' in scope
163 | }
164 |
/Users/admin/builder/spi-builder-workspace/.dependencies/checkouts/EmbeddedPropertyList/Sources/EmbeddedPropertyList/EmbeddedPropertyListReader.swift:162:49: error: cannot find 'MH_CIGAM' in scope
160 | /// - Returns: Whether the magic value represents a 32-bit architecture executable.
161 | private func isMagic32(_ magic: UInt32) -> Bool {
162 | return (magic == MH_MAGIC) || (magic == MH_CIGAM)
| `- error: cannot find 'MH_CIGAM' in scope
163 | }
164 |
/Users/admin/builder/spi-builder-workspace/.dependencies/checkouts/EmbeddedPropertyList/Sources/EmbeddedPropertyList/EmbeddedPropertyListReader.swift:174:26: error: cannot find 'MH_MAGIC_64' in scope
172 | /// - Returns: Whether the magic value represents a 64-bit architecture executable.
173 | private func isMagic64(_ magic: UInt32) -> Bool {
174 | return (magic == MH_MAGIC_64) || (magic == MH_CIGAM_64)
| `- error: cannot find 'MH_MAGIC_64' in scope
175 | }
176 |
SwiftCompile normal arm64 /Users/admin/builder/spi-builder-workspace/.dependencies/checkouts/EmbeddedPropertyList/Sources/EmbeddedPropertyList/EmbeddedPropertyListReader.swift (in target 'EmbeddedPropertyList' from project 'EmbeddedPropertyList')
cd /Users/admin/builder/spi-builder-workspace/.swiftpm/xcode
builtin-SwiftPerFileCompile EmbeddedPropertyListReader.swift
SwiftCompile normal arm64 Compiling\ Authorization.swift /Users/admin/builder/spi-builder-workspace/.dependencies/checkouts/Authorized/Sources/Authorized/Authorization.swift (in target 'Authorized' from project 'Authorized')
/Users/admin/builder/spi-builder-workspace/.dependencies/checkouts/Authorized/Sources/Authorized/Authorization.swift:40:34: error: cannot find type 'AuthorizationRef' in scope
38 | ///
39 | /// This reference is only valid during the lifetime of its enclosing ``Authorization`` instance's lifetime.
40 | public let authorizationRef: AuthorizationRef
| `- error: cannot find type 'AuthorizationRef' in scope
41 |
42 | /// Creates a new instance with no rights.
/Users/admin/builder/spi-builder-workspace/.dependencies/checkouts/Authorized/Sources/Authorized/Authorization.swift:67:71: error: cannot find 'AuthorizationExternalForm' in scope
65 | }
66 |
67 | private static let externalFormChildrenCount = Mirror(reflecting: AuthorizationExternalForm().bytes).children.count
| `- error: cannot find 'AuthorizationExternalForm' in scope
68 |
69 | /// Deserializes a `Data` instance into an `AuthorizationRef`.
/Users/admin/builder/spi-builder-workspace/.dependencies/checkouts/Authorized/Sources/Authorized/Authorization.swift:70:73: error: cannot find type 'AuthorizationRef' in scope
68 |
69 | /// Deserializes a `Data` instance into an `AuthorizationRef`.
70 | private static func deserialize(from serialization: Data) throws -> AuthorizationRef {
| `- error: cannot find type 'AuthorizationRef' in scope
71 | // The encoded data is only valid if the count matches that of the AuthorizationExternalForm's bytes tuple
72 | if serialization.count != externalFormChildrenCount {
/Users/admin/builder/spi-builder-workspace/.dependencies/checkouts/Authorized/Sources/Authorized/Authorization.swift:47:13: error: cannot find 'AuthorizationCreate' in scope
45 | public init() throws {
46 | self.authorizationRef = try AuthorizationError.throwIfFailure { authorization in
47 | AuthorizationCreate(nil, nil, [], &authorization)
| `- error: cannot find 'AuthorizationCreate' in scope
48 | }
49 | }
/Users/admin/builder/spi-builder-workspace/.dependencies/checkouts/Authorized/Sources/Authorized/Authorization.swift:53:9: error: cannot find 'AuthorizationFree' in scope
51 | /// Frees the underlying [`AuthorizationRef`](https://developer.apple.com/documentation/security/authorizationref).
52 | deinit {
53 | AuthorizationFree(self.authorizationRef, AuthorizationFlags())
| `- error: cannot find 'AuthorizationFree' in scope
54 | }
55 |
/Users/admin/builder/spi-builder-workspace/.dependencies/checkouts/Authorized/Sources/Authorized/Authorization.swift:53:50: error: cannot find 'AuthorizationFlags' in scope
51 | /// Frees the underlying [`AuthorizationRef`](https://developer.apple.com/documentation/security/authorizationref).
52 | deinit {
53 | AuthorizationFree(self.authorizationRef, AuthorizationFlags())
| `- error: cannot find 'AuthorizationFlags' in scope
54 | }
55 |
/Users/admin/builder/spi-builder-workspace/.dependencies/checkouts/Authorized/Sources/Authorized/Authorization.swift:86:28: error: cannot find 'AuthorizationExternalForm' in scope
84 | int8Array[24], int8Array[25], int8Array[26], int8Array[27],
85 | int8Array[28], int8Array[29], int8Array[30], int8Array[31])
86 | var externalForm = AuthorizationExternalForm(bytes: bytes)
| `- error: cannot find 'AuthorizationExternalForm' in scope
87 |
88 | // Create the authorization
/Users/admin/builder/spi-builder-workspace/.dependencies/checkouts/Authorized/Sources/Authorized/Authorization.swift:90:13: error: cannot find 'AuthorizationCreateFromExternalForm' in scope
88 | // Create the authorization
89 | return try AuthorizationError.throwIfFailure { authorization in
90 | AuthorizationCreateFromExternalForm(&externalForm, &authorization)
| `- error: cannot find 'AuthorizationCreateFromExternalForm' in scope
91 | }
92 | }
/Users/admin/builder/spi-builder-workspace/.dependencies/checkouts/Authorized/Sources/Authorized/Authorization.swift:122:21: error: cannot find 'AuthorizationCreate' in scope
120 | options.insert(.destroyRights)
121 | try AuthorizationError.throwIfFailure {
122 | AuthorizationCreate(rightsPointer, environmentPointer, options.asAuthorizationFlags(), nil)
| `- error: cannot find 'AuthorizationCreate' in scope
123 | }
124 | }
/Users/admin/builder/spi-builder-workspace/.dependencies/checkouts/Authorized/Sources/Authorized/AuthorizationElements.swift:213:59: error: cannot find type 'AuthorizationItemSet' in scope
211 |
212 | internal extension Set where Element: AuthorizationElement {
213 | func withUnsafePointer<Result>(_ body: (UnsafePointer<AuthorizationItemSet>) throws -> Result) rethrows -> Result {
| `- error: cannot find type 'AuthorizationItemSet' in scope
214 | try Set<Element>.convertRecursively(wrappers: Array<Element>(self), items: [], body: body)
215 | }
/Users/admin/builder/spi-builder-workspace/.dependencies/checkouts/Authorized/Sources/Authorized/Authorization.swift:186:21: error: cannot find 'AuthorizationCopyRights' in scope
184 | let authorizedRights: UnsafeMutablePointer<AuthorizationItemSet> =
185 | try AuthorizationError.throwIfFailure { authorizedRights in
186 | AuthorizationCopyRights(self.authorizationRef,
| `- error: cannot find 'AuthorizationCopyRights' in scope
187 | rightsPointer,
188 | environmentPointer,
/Users/admin/builder/spi-builder-workspace/.dependencies/checkouts/Authorized/Sources/Authorized/Authorization.swift:226:26: error: cannot find 'errAuthorizationSuccess' in scope
224 | let legacyCallback = { (status: OSStatus, rightsPointer: UnsafeMutablePointer<AuthorizationRights>?) in
225 | let result: Result<[AuthorizationRight], AuthorizationError>
226 | if status == errAuthorizationSuccess, let rightsPointer = rightsPointer {
| `- error: cannot find 'errAuthorizationSuccess' in scope
227 | result = .success(rightsPointer.pointee.wrap(type: AuthorizationRight.self))
228 | } else {
/Users/admin/builder/spi-builder-workspace/.dependencies/checkouts/Authorized/Sources/Authorized/Authorization.swift:224:87: error: cannot find type 'AuthorizationRights' in scope
222 | callback: @escaping ((Result<[AuthorizationRight], AuthorizationError>) -> Void)
223 | ) {
224 | let legacyCallback = { (status: OSStatus, rightsPointer: UnsafeMutablePointer<AuthorizationRights>?) in
| `- error: cannot find type 'AuthorizationRights' in scope
225 | let result: Result<[AuthorizationRight], AuthorizationError>
226 | if status == errAuthorizationSuccess, let rightsPointer = rightsPointer {
/Users/admin/builder/spi-builder-workspace/.dependencies/checkouts/Authorized/Sources/Authorized/Authorization.swift:236:17: error: cannot find 'AuthorizationCopyRightsAsync' in scope
234 | rights.withUnsafePointer { rightsPointer in
235 | environment.withUnsafePointer { environmentPointer in
236 | AuthorizationCopyRightsAsync(self.authorizationRef,
| `- error: cannot find 'AuthorizationCopyRightsAsync' in scope
237 | rightsPointer,
238 | environmentPointer,
/Users/admin/builder/spi-builder-workspace/.dependencies/checkouts/Authorized/Sources/Authorized/Authorization.swift:297:17: error: cannot find 'AuthorizationCopyInfo' in scope
295 | let copyInfoClosure = { (tagPointer: UnsafePointer<Int8>?) -> [AuthorizationInfo] in
296 | let info: UnsafeMutablePointer<AuthorizationItemSet> = try AuthorizationError.throwIfFailure { info in
297 | AuthorizationCopyInfo(self.authorizationRef, tagPointer, &info)
| `- error: cannot find 'AuthorizationCopyInfo' in scope
298 | }
299 | defer { AuthorizationFreeItemSet(info) }
/Users/admin/builder/spi-builder-workspace/.dependencies/checkouts/Authorized/Sources/Authorized/Authorization.swift:296:44: error: cannot find type 'AuthorizationItemSet' in scope
294 | public func retrieveInfo(tag: String? = nil) throws -> [String : ContiguousArray<CChar>] {
295 | let copyInfoClosure = { (tagPointer: UnsafePointer<Int8>?) -> [AuthorizationInfo] in
296 | let info: UnsafeMutablePointer<AuthorizationItemSet> = try AuthorizationError.throwIfFailure { info in
| `- error: cannot find type 'AuthorizationItemSet' in scope
297 | AuthorizationCopyInfo(self.authorizationRef, tagPointer, &info)
298 | }
SwiftCompile normal arm64 /Users/admin/builder/spi-builder-workspace/.dependencies/checkouts/Authorized/Sources/Authorized/Authorization.swift (in target 'Authorized' from project 'Authorized')
cd /Users/admin/builder/spi-builder-workspace/.swiftpm/xcode
builtin-SwiftPerFileCompile Authorization.swift
/Users/admin/builder/spi-builder-workspace/.dependencies/checkouts/Authorized/Sources/Authorized/Authorization.swift:306:28: error: generic parameter 'E' could not be inferred
304 | let info: [AuthorizationInfo]
305 | if let tag = tag {
306 | info = try tag.withCString(copyInfoClosure)
| `- error: generic parameter 'E' could not be inferred
307 | } else {
308 | info = try copyInfoClosure(nil)
Swift.String.withCString:2:13: note: in call to function 'withCString'
1 | struct String {
2 | public func withCString<Result, E>(_ body: (UnsafePointer<Int8>) throws(E) -> Result) throws(E) -> Result where E : Error}
| `- note: in call to function 'withCString'
3 |
SwiftCompile normal arm64 Compiling\ ReadError.swift /Users/admin/builder/spi-builder-workspace/.dependencies/checkouts/EmbeddedPropertyList/Sources/EmbeddedPropertyList/ReadError.swift (in target 'EmbeddedPropertyList' from project 'EmbeddedPropertyList')
SwiftCompile normal arm64 /Users/admin/builder/spi-builder-workspace/.dependencies/checkouts/EmbeddedPropertyList/Sources/EmbeddedPropertyList/ReadError.swift (in target 'EmbeddedPropertyList' from project 'EmbeddedPropertyList')
cd /Users/admin/builder/spi-builder-workspace/.swiftpm/xcode
builtin-SwiftPerFileCompile ReadError.swift
SwiftCompile normal arm64 Compiling\ AuthorizationElements.swift /Users/admin/builder/spi-builder-workspace/.dependencies/checkouts/Authorized/Sources/Authorized/AuthorizationElements.swift (in target 'Authorized' from project 'Authorized')
/Users/admin/builder/spi-builder-workspace/.dependencies/checkouts/Authorized/Sources/Authorized/AuthorizationElements.swift:23:59: error: cannot find type 'AuthorizationItemSet' in scope
21 | ///
22 | /// A closure must be used to because the memory pointers referenced are only valid within the closure.
23 | func withUnsafePointer<Result>(_ body: (UnsafePointer<AuthorizationItemSet>) throws -> Result) rethrows -> Result {
| `- error: cannot find type 'AuthorizationItemSet' in scope
24 | return try self.name.withCString { namePointer in
25 | var mutableValue = value
/Users/admin/builder/spi-builder-workspace/.dependencies/checkouts/Authorized/Sources/Authorized/AuthorizationElements.swift:213:59: error: cannot find type 'AuthorizationItemSet' in scope
211 |
212 | internal extension Set where Element: AuthorizationElement {
213 | func withUnsafePointer<Result>(_ body: (UnsafePointer<AuthorizationItemSet>) throws -> Result) rethrows -> Result {
| `- error: cannot find type 'AuthorizationItemSet' in scope
214 | try Set<Element>.convertRecursively(wrappers: Array<Element>(self), items: [], body: body)
215 | }
/Users/admin/builder/spi-builder-workspace/.dependencies/checkouts/Authorized/Sources/Authorized/AuthorizationElements.swift:222:17: error: cannot find type 'AuthorizationItem' in scope
220 | private static func convertRecursively<Result>(
221 | wrappers: [AuthorizationElement],
222 | items: [AuthorizationItem],
| `- error: cannot find type 'AuthorizationItem' in scope
223 | body: (UnsafePointer<AuthorizationItemSet>) throws -> Result
224 | ) rethrows -> Result {
/Users/admin/builder/spi-builder-workspace/.dependencies/checkouts/Authorized/Sources/Authorized/AuthorizationElements.swift:223:30: error: cannot find type 'AuthorizationItemSet' in scope
221 | wrappers: [AuthorizationElement],
222 | items: [AuthorizationItem],
223 | body: (UnsafePointer<AuthorizationItemSet>) throws -> Result
| `- error: cannot find type 'AuthorizationItemSet' in scope
224 | ) rethrows -> Result {
225 | // One or more wrappers to be converted
/Users/admin/builder/spi-builder-workspace/.dependencies/checkouts/Authorized/Sources/Authorized/AuthorizationElements.swift:256:20: error: cannot find type 'AuthorizationItem' in scope
254 | }
255 |
256 | internal extension AuthorizationItem {
| `- error: cannot find type 'AuthorizationItem' in scope
257 | func wrap<T>(type: T.Type) -> T where T: AuthorizationElement {
258 | let name = String(cString: self.name)
/Users/admin/builder/spi-builder-workspace/.dependencies/checkouts/Authorized/Sources/Authorized/AuthorizationElements.swift:272:20: error: cannot find type 'AuthorizationItemSet' in scope
270 | }
271 |
272 | internal extension AuthorizationItemSet {
| `- error: cannot find type 'AuthorizationItemSet' in scope
273 | func wrap<T>(type: T.Type) -> [T] where T: AuthorizationElement {
274 | var items = [T]()
/Users/admin/builder/spi-builder-workspace/.dependencies/checkouts/Authorized/Sources/Authorized/AuthorizationElements.swift:27:28: error: cannot find 'AuthorizationItem' in scope
25 | var mutableValue = value
26 | return try mutableValue.withUnsafeMutableBufferPointer { valuePointer in
27 | let item = AuthorizationItem(name: namePointer,
| `- error: cannot find 'AuthorizationItem' in scope
28 | valueLength: value.count,
29 | value: value.count == 0 ? nil : valuePointer.baseAddress,
/Users/admin/builder/spi-builder-workspace/.dependencies/checkouts/Authorized/Sources/Authorized/AuthorizationElements.swift:33:35: error: cannot find 'AuthorizationItemSet' in scope
31 | var items = [item]
32 | return try items.withUnsafeMutableBufferPointer { buffer in
33 | var itemSet = AuthorizationItemSet(count: 1, items: buffer.baseAddress)
| `- error: cannot find 'AuthorizationItemSet' in scope
34 |
35 | return try body(&itemSet)
/Users/admin/builder/spi-builder-workspace/.dependencies/checkouts/Authorized/Sources/Authorized/AuthorizationElements.swift:93:30: error: cannot find 'kAuthorizationFlagCanNotPreAuthorize' in scope
91 | /// asynchronous equivalents. Otherwise this property's value is undefined.
92 | public var cannotPreAuthorize: Bool {
93 | return self.flags == kAuthorizationFlagCanNotPreAuthorize
| `- error: cannot find 'kAuthorizationFlagCanNotPreAuthorize' in scope
94 | }
95 | }
/Users/admin/builder/spi-builder-workspace/.dependencies/checkouts/Authorized/Sources/Authorized/AuthorizationElements.swift:152:52: error: cannot find 'kAuthorizationEnvironmentUsername' in scope
150 | /// - Returns: The environment entry.
151 | public static func forUsername(_ username: String) -> AuthorizationEnvironmentEntry {
152 | return AuthorizationEnvironmentEntry(name: kAuthorizationEnvironmentUsername, value: username)
| `- error: cannot find 'kAuthorizationEnvironmentUsername' in scope
153 | }
154 |
/Users/admin/builder/spi-builder-workspace/.dependencies/checkouts/Authorized/Sources/Authorized/AuthorizationElements.swift:161:52: error: cannot find 'kAuthorizationEnvironmentPassword' in scope
159 | /// - Returns: The environment entry.
160 | public static func forPassword(_ password: String) -> AuthorizationEnvironmentEntry {
161 | return AuthorizationEnvironmentEntry(name: kAuthorizationEnvironmentPassword, value: password)
| `- error: cannot find 'kAuthorizationEnvironmentPassword' in scope
162 | }
163 |
/Users/admin/builder/spi-builder-workspace/.dependencies/checkouts/Authorized/Sources/Authorized/AuthorizationElements.swift:171:52: error: cannot find 'kAuthorizationEnvironmentShared' in scope
169 | /// - Returns: The environment entry.
170 | public static func forShared() -> AuthorizationEnvironmentEntry {
171 | return AuthorizationEnvironmentEntry(name: kAuthorizationEnvironmentShared, value: [])
| `- error: cannot find 'kAuthorizationEnvironmentShared' in scope
172 | }
173 |
/Users/admin/builder/spi-builder-workspace/.dependencies/checkouts/Authorized/Sources/Authorized/AuthorizationElements.swift:179:52: error: cannot find 'kAuthorizationEnvironmentPrompt' in scope
177 | /// - Returns: The environment entry.
178 | public static func forPrompt(message: String) -> AuthorizationEnvironmentEntry {
179 | return AuthorizationEnvironmentEntry(name: kAuthorizationEnvironmentPrompt, value: message)
| `- error: cannot find 'kAuthorizationEnvironmentPrompt' in scope
180 | }
181 |
/Users/admin/builder/spi-builder-workspace/.dependencies/checkouts/Authorized/Sources/Authorized/AuthorizationElements.swift:186:52: error: cannot find 'kAuthorizationEnvironmentIcon' in scope
184 | /// - Returns: The environment entry.
185 | public static func forIcon(_ icon: URL) -> AuthorizationEnvironmentEntry {
186 | return AuthorizationEnvironmentEntry(name: kAuthorizationEnvironmentIcon, value: icon.absoluteString)
| `- error: cannot find 'kAuthorizationEnvironmentIcon' in scope
187 | }
188 | }
/Users/admin/builder/spi-builder-workspace/.dependencies/checkouts/Authorized/Sources/Authorized/AuthorizationElements.swift:233:32: error: cannot find 'AuthorizationItem' in scope
231 | var mutableValue = wrapper.value
232 | return try mutableValue.withUnsafeMutableBufferPointer { valuePointer in
233 | let item = AuthorizationItem(name: namePointer,
| `- error: cannot find 'AuthorizationItem' in scope
234 | valueLength: wrapper.value.count,
235 | value: valuePointer.baseAddress,
SwiftCompile normal arm64 /Users/admin/builder/spi-builder-workspace/.dependencies/checkouts/Authorized/Sources/Authorized/AuthorizationElements.swift (in target 'Authorized' from project 'Authorized')
cd /Users/admin/builder/spi-builder-workspace/.swiftpm/xcode
builtin-SwiftPerFileCompile AuthorizationElements.swift
SwiftCompile normal arm64 Compiling\ AuthorizationError.swift /Users/admin/builder/spi-builder-workspace/.dependencies/checkouts/Authorized/Sources/Authorized/AuthorizationError.swift (in target 'Authorized' from project 'Authorized')
/Users/admin/builder/spi-builder-workspace/.dependencies/checkouts/Authorized/Sources/Authorized/AuthorizationError.swift:44:9: error: cannot find 'errAuthorizationInvalidSet' in scope
42 |
43 | private static let mapping = [
44 | errAuthorizationInvalidSet: invalidSet,
| `- error: cannot find 'errAuthorizationInvalidSet' in scope
45 | errAuthorizationInvalidRef: invalidRef,
46 | errAuthorizationInvalidTag: invalidTag,
/Users/admin/builder/spi-builder-workspace/.dependencies/checkouts/Authorized/Sources/Authorized/AuthorizationError.swift:45:9: error: cannot find 'errAuthorizationInvalidRef' in scope
43 | private static let mapping = [
44 | errAuthorizationInvalidSet: invalidSet,
45 | errAuthorizationInvalidRef: invalidRef,
| `- error: cannot find 'errAuthorizationInvalidRef' in scope
46 | errAuthorizationInvalidTag: invalidTag,
47 | errAuthorizationInvalidPointer: invalidPointer,
/Users/admin/builder/spi-builder-workspace/.dependencies/checkouts/Authorized/Sources/Authorized/AuthorizationError.swift:46:9: error: cannot find 'errAuthorizationInvalidTag' in scope
44 | errAuthorizationInvalidSet: invalidSet,
45 | errAuthorizationInvalidRef: invalidRef,
46 | errAuthorizationInvalidTag: invalidTag,
| `- error: cannot find 'errAuthorizationInvalidTag' in scope
47 | errAuthorizationInvalidPointer: invalidPointer,
48 | errAuthorizationDenied: denied,
/Users/admin/builder/spi-builder-workspace/.dependencies/checkouts/Authorized/Sources/Authorized/AuthorizationError.swift:47:9: error: cannot find 'errAuthorizationInvalidPointer' in scope
45 | errAuthorizationInvalidRef: invalidRef,
46 | errAuthorizationInvalidTag: invalidTag,
47 | errAuthorizationInvalidPointer: invalidPointer,
| `- error: cannot find 'errAuthorizationInvalidPointer' in scope
48 | errAuthorizationDenied: denied,
49 | errAuthorizationCanceled: canceled,
/Users/admin/builder/spi-builder-workspace/.dependencies/checkouts/Authorized/Sources/Authorized/AuthorizationError.swift:48:9: error: cannot find 'errAuthorizationDenied' in scope
46 | errAuthorizationInvalidTag: invalidTag,
47 | errAuthorizationInvalidPointer: invalidPointer,
48 | errAuthorizationDenied: denied,
| `- error: cannot find 'errAuthorizationDenied' in scope
49 | errAuthorizationCanceled: canceled,
50 | errAuthorizationInteractionNotAllowed: interactionNotAllowed,
/Users/admin/builder/spi-builder-workspace/.dependencies/checkouts/Authorized/Sources/Authorized/AuthorizationError.swift:49:9: error: cannot find 'errAuthorizationCanceled' in scope
47 | errAuthorizationInvalidPointer: invalidPointer,
48 | errAuthorizationDenied: denied,
49 | errAuthorizationCanceled: canceled,
| `- error: cannot find 'errAuthorizationCanceled' in scope
50 | errAuthorizationInteractionNotAllowed: interactionNotAllowed,
51 | errAuthorizationInternal: internalError,
/Users/admin/builder/spi-builder-workspace/.dependencies/checkouts/Authorized/Sources/Authorized/AuthorizationError.swift:50:9: error: cannot find 'errAuthorizationInteractionNotAllowed' in scope
48 | errAuthorizationDenied: denied,
49 | errAuthorizationCanceled: canceled,
50 | errAuthorizationInteractionNotAllowed: interactionNotAllowed,
| `- error: cannot find 'errAuthorizationInteractionNotAllowed' in scope
51 | errAuthorizationInternal: internalError,
52 | errAuthorizationExternalizeNotAllowed: externalizeNotAllowed,
/Users/admin/builder/spi-builder-workspace/.dependencies/checkouts/Authorized/Sources/Authorized/AuthorizationError.swift:51:9: error: cannot find 'errAuthorizationInternal' in scope
49 | errAuthorizationCanceled: canceled,
50 | errAuthorizationInteractionNotAllowed: interactionNotAllowed,
51 | errAuthorizationInternal: internalError,
| `- error: cannot find 'errAuthorizationInternal' in scope
52 | errAuthorizationExternalizeNotAllowed: externalizeNotAllowed,
53 | errAuthorizationInternalizeNotAllowed: internalizeNotAllowed,
/Users/admin/builder/spi-builder-workspace/.dependencies/checkouts/Authorized/Sources/Authorized/AuthorizationError.swift:52:9: error: cannot find 'errAuthorizationExternalizeNotAllowed' in scope
50 | errAuthorizationInteractionNotAllowed: interactionNotAllowed,
51 | errAuthorizationInternal: internalError,
52 | errAuthorizationExternalizeNotAllowed: externalizeNotAllowed,
| `- error: cannot find 'errAuthorizationExternalizeNotAllowed' in scope
53 | errAuthorizationInternalizeNotAllowed: internalizeNotAllowed,
54 | errAuthorizationInvalidFlags: invalidFlags,
/Users/admin/builder/spi-builder-workspace/.dependencies/checkouts/Authorized/Sources/Authorized/AuthorizationError.swift:53:9: error: cannot find 'errAuthorizationInternalizeNotAllowed' in scope
51 | errAuthorizationInternal: internalError,
52 | errAuthorizationExternalizeNotAllowed: externalizeNotAllowed,
53 | errAuthorizationInternalizeNotAllowed: internalizeNotAllowed,
| `- error: cannot find 'errAuthorizationInternalizeNotAllowed' in scope
54 | errAuthorizationInvalidFlags: invalidFlags,
55 | errAuthorizationToolExecuteFailure: toolExecuteFailure,
/Users/admin/builder/spi-builder-workspace/.dependencies/checkouts/Authorized/Sources/Authorized/AuthorizationError.swift:54:9: error: cannot find 'errAuthorizationInvalidFlags' in scope
52 | errAuthorizationExternalizeNotAllowed: externalizeNotAllowed,
53 | errAuthorizationInternalizeNotAllowed: internalizeNotAllowed,
54 | errAuthorizationInvalidFlags: invalidFlags,
| `- error: cannot find 'errAuthorizationInvalidFlags' in scope
55 | errAuthorizationToolExecuteFailure: toolExecuteFailure,
56 | errAuthorizationToolEnvironmentError: toolEnvironmentError,
/Users/admin/builder/spi-builder-workspace/.dependencies/checkouts/Authorized/Sources/Authorized/AuthorizationError.swift:55:9: error: cannot find 'errAuthorizationToolExecuteFailure' in scope
53 | errAuthorizationInternalizeNotAllowed: internalizeNotAllowed,
54 | errAuthorizationInvalidFlags: invalidFlags,
55 | errAuthorizationToolExecuteFailure: toolExecuteFailure,
| `- error: cannot find 'errAuthorizationToolExecuteFailure' in scope
56 | errAuthorizationToolEnvironmentError: toolEnvironmentError,
57 | errAuthorizationBadAddress: badAddress
/Users/admin/builder/spi-builder-workspace/.dependencies/checkouts/Authorized/Sources/Authorized/AuthorizationError.swift:56:9: error: cannot find 'errAuthorizationToolEnvironmentError' in scope
54 | errAuthorizationInvalidFlags: invalidFlags,
55 | errAuthorizationToolExecuteFailure: toolExecuteFailure,
56 | errAuthorizationToolEnvironmentError: toolEnvironmentError,
| `- error: cannot find 'errAuthorizationToolEnvironmentError' in scope
57 | errAuthorizationBadAddress: badAddress
58 | ]
SwiftCompile normal arm64 /Users/admin/builder/spi-builder-workspace/.dependencies/checkouts/Authorized/Sources/Authorized/AuthorizationError.swift (in target 'Authorized' from project 'Authorized')
cd /Users/admin/builder/spi-builder-workspace/.swiftpm/xcode
builtin-SwiftPerFileCompile AuthorizationError.swift
SwiftEmitModule normal arm64 Emitting\ module\ for\ Authorized (in target 'Authorized' from project 'Authorized')
/Users/admin/builder/spi-builder-workspace/.dependencies/checkouts/Authorized/Sources/Authorized/Authorization.swift:40:34: error: cannot find type 'AuthorizationRef' in scope
38 | ///
39 | /// This reference is only valid during the lifetime of its enclosing ``Authorization`` instance's lifetime.
40 | public let authorizationRef: AuthorizationRef
| `- error: cannot find type 'AuthorizationRef' in scope
41 |
42 | /// Creates a new instance with no rights.
/Users/admin/builder/spi-builder-workspace/.dependencies/checkouts/Authorized/Sources/Authorized/Authorization.swift:67:71: error: cannot find 'AuthorizationExternalForm' in scope
65 | }
66 |
67 | private static let externalFormChildrenCount = Mirror(reflecting: AuthorizationExternalForm().bytes).children.count
| `- error: cannot find 'AuthorizationExternalForm' in scope
68 |
69 | /// Deserializes a `Data` instance into an `AuthorizationRef`.
/Users/admin/builder/spi-builder-workspace/.dependencies/checkouts/Authorized/Sources/Authorized/Authorization.swift:70:73: error: cannot find type 'AuthorizationRef' in scope
68 |
69 | /// Deserializes a `Data` instance into an `AuthorizationRef`.
70 | private static func deserialize(from serialization: Data) throws -> AuthorizationRef {
| `- error: cannot find type 'AuthorizationRef' in scope
71 | // The encoded data is only valid if the count matches that of the AuthorizationExternalForm's bytes tuple
72 | if serialization.count != externalFormChildrenCount {
/Users/admin/builder/spi-builder-workspace/.dependencies/checkouts/Authorized/Sources/Authorized/AuthorizationElements.swift:23:59: error: cannot find type 'AuthorizationItemSet' in scope
21 | ///
22 | /// A closure must be used to because the memory pointers referenced are only valid within the closure.
23 | func withUnsafePointer<Result>(_ body: (UnsafePointer<AuthorizationItemSet>) throws -> Result) rethrows -> Result {
| `- error: cannot find type 'AuthorizationItemSet' in scope
24 | return try self.name.withCString { namePointer in
25 | var mutableValue = value
/Users/admin/builder/spi-builder-workspace/.dependencies/checkouts/Authorized/Sources/Authorized/AuthorizationElements.swift:213:59: error: cannot find type 'AuthorizationItemSet' in scope
211 |
212 | internal extension Set where Element: AuthorizationElement {
213 | func withUnsafePointer<Result>(_ body: (UnsafePointer<AuthorizationItemSet>) throws -> Result) rethrows -> Result {
| `- error: cannot find type 'AuthorizationItemSet' in scope
214 | try Set<Element>.convertRecursively(wrappers: Array<Element>(self), items: [], body: body)
215 | }
/Users/admin/builder/spi-builder-workspace/.dependencies/checkouts/Authorized/Sources/Authorized/AuthorizationElements.swift:222:17: error: cannot find type 'AuthorizationItem' in scope
220 | private static func convertRecursively<Result>(
221 | wrappers: [AuthorizationElement],
222 | items: [AuthorizationItem],
| `- error: cannot find type 'AuthorizationItem' in scope
223 | body: (UnsafePointer<AuthorizationItemSet>) throws -> Result
224 | ) rethrows -> Result {
/Users/admin/builder/spi-builder-workspace/.dependencies/checkouts/Authorized/Sources/Authorized/AuthorizationElements.swift:223:30: error: cannot find type 'AuthorizationItemSet' in scope
221 | wrappers: [AuthorizationElement],
222 | items: [AuthorizationItem],
223 | body: (UnsafePointer<AuthorizationItemSet>) throws -> Result
| `- error: cannot find type 'AuthorizationItemSet' in scope
224 | ) rethrows -> Result {
225 | // One or more wrappers to be converted
/Users/admin/builder/spi-builder-workspace/.dependencies/checkouts/Authorized/Sources/Authorized/AuthorizationElements.swift:256:20: error: cannot find type 'AuthorizationItem' in scope
254 | }
255 |
256 | internal extension AuthorizationItem {
| `- error: cannot find type 'AuthorizationItem' in scope
257 | func wrap<T>(type: T.Type) -> T where T: AuthorizationElement {
258 | let name = String(cString: self.name)
/Users/admin/builder/spi-builder-workspace/.dependencies/checkouts/Authorized/Sources/Authorized/AuthorizationElements.swift:272:20: error: cannot find type 'AuthorizationItemSet' in scope
270 | }
271 |
272 | internal extension AuthorizationItemSet {
| `- error: cannot find type 'AuthorizationItemSet' in scope
273 | func wrap<T>(type: T.Type) -> [T] where T: AuthorizationElement {
274 | var items = [T]()
/Users/admin/builder/spi-builder-workspace/.dependencies/checkouts/Authorized/Sources/Authorized/AuthorizationError.swift:44:9: error: cannot find 'errAuthorizationInvalidSet' in scope
42 |
43 | private static let mapping = [
44 | errAuthorizationInvalidSet: invalidSet,
| `- error: cannot find 'errAuthorizationInvalidSet' in scope
45 | errAuthorizationInvalidRef: invalidRef,
46 | errAuthorizationInvalidTag: invalidTag,
/Users/admin/builder/spi-builder-workspace/.dependencies/checkouts/Authorized/Sources/Authorized/AuthorizationError.swift:45:9: error: cannot find 'errAuthorizationInvalidRef' in scope
43 | private static let mapping = [
44 | errAuthorizationInvalidSet: invalidSet,
45 | errAuthorizationInvalidRef: invalidRef,
| `- error: cannot find 'errAuthorizationInvalidRef' in scope
46 | errAuthorizationInvalidTag: invalidTag,
47 | errAuthorizationInvalidPointer: invalidPointer,
/Users/admin/builder/spi-builder-workspace/.dependencies/checkouts/Authorized/Sources/Authorized/AuthorizationError.swift:46:9: error: cannot find 'errAuthorizationInvalidTag' in scope
44 | errAuthorizationInvalidSet: invalidSet,
45 | errAuthorizationInvalidRef: invalidRef,
46 | errAuthorizationInvalidTag: invalidTag,
| `- error: cannot find 'errAuthorizationInvalidTag' in scope
47 | errAuthorizationInvalidPointer: invalidPointer,
48 | errAuthorizationDenied: denied,
/Users/admin/builder/spi-builder-workspace/.dependencies/checkouts/Authorized/Sources/Authorized/AuthorizationError.swift:47:9: error: cannot find 'errAuthorizationInvalidPointer' in scope
45 | errAuthorizationInvalidRef: invalidRef,
46 | errAuthorizationInvalidTag: invalidTag,
47 | errAuthorizationInvalidPointer: invalidPointer,
| `- error: cannot find 'errAuthorizationInvalidPointer' in scope
48 | errAuthorizationDenied: denied,
49 | errAuthorizationCanceled: canceled,
/Users/admin/builder/spi-builder-workspace/.dependencies/checkouts/Authorized/Sources/Authorized/AuthorizationError.swift:48:9: error: cannot find 'errAuthorizationDenied' in scope
46 | errAuthorizationInvalidTag: invalidTag,
47 | errAuthorizationInvalidPointer: invalidPointer,
48 | errAuthorizationDenied: denied,
| `- error: cannot find 'errAuthorizationDenied' in scope
49 | errAuthorizationCanceled: canceled,
50 | errAuthorizationInteractionNotAllowed: interactionNotAllowed,
/Users/admin/builder/spi-builder-workspace/.dependencies/checkouts/Authorized/Sources/Authorized/AuthorizationError.swift:49:9: error: cannot find 'errAuthorizationCanceled' in scope
47 | errAuthorizationInvalidPointer: invalidPointer,
48 | errAuthorizationDenied: denied,
49 | errAuthorizationCanceled: canceled,
| `- error: cannot find 'errAuthorizationCanceled' in scope
50 | errAuthorizationInteractionNotAllowed: interactionNotAllowed,
51 | errAuthorizationInternal: internalError,
/Users/admin/builder/spi-builder-workspace/.dependencies/checkouts/Authorized/Sources/Authorized/AuthorizationError.swift:50:9: error: cannot find 'errAuthorizationInteractionNotAllowed' in scope
48 | errAuthorizationDenied: denied,
49 | errAuthorizationCanceled: canceled,
50 | errAuthorizationInteractionNotAllowed: interactionNotAllowed,
| `- error: cannot find 'errAuthorizationInteractionNotAllowed' in scope
51 | errAuthorizationInternal: internalError,
52 | errAuthorizationExternalizeNotAllowed: externalizeNotAllowed,
/Users/admin/builder/spi-builder-workspace/.dependencies/checkouts/Authorized/Sources/Authorized/AuthorizationError.swift:51:9: error: cannot find 'errAuthorizationInternal' in scope
49 | errAuthorizationCanceled: canceled,
50 | errAuthorizationInteractionNotAllowed: interactionNotAllowed,
51 | errAuthorizationInternal: internalError,
| `- error: cannot find 'errAuthorizationInternal' in scope
52 | errAuthorizationExternalizeNotAllowed: externalizeNotAllowed,
53 | errAuthorizationInternalizeNotAllowed: internalizeNotAllowed,
/Users/admin/builder/spi-builder-workspace/.dependencies/checkouts/Authorized/Sources/Authorized/AuthorizationError.swift:52:9: error: cannot find 'errAuthorizationExternalizeNotAllowed' in scope
50 | errAuthorizationInteractionNotAllowed: interactionNotAllowed,
51 | errAuthorizationInternal: internalError,
52 | errAuthorizationExternalizeNotAllowed: externalizeNotAllowed,
| `- error: cannot find 'errAuthorizationExternalizeNotAllowed' in scope
53 | errAuthorizationInternalizeNotAllowed: internalizeNotAllowed,
54 | errAuthorizationInvalidFlags: invalidFlags,
/Users/admin/builder/spi-builder-workspace/.dependencies/checkouts/Authorized/Sources/Authorized/AuthorizationError.swift:53:9: error: cannot find 'errAuthorizationInternalizeNotAllowed' in scope
51 | errAuthorizationInternal: internalError,
52 | errAuthorizationExternalizeNotAllowed: externalizeNotAllowed,
53 | errAuthorizationInternalizeNotAllowed: internalizeNotAllowed,
| `- error: cannot find 'errAuthorizationInternalizeNotAllowed' in scope
54 | errAuthorizationInvalidFlags: invalidFlags,
55 | errAuthorizationToolExecuteFailure: toolExecuteFailure,
/Users/admin/builder/spi-builder-workspace/.dependencies/checkouts/Authorized/Sources/Authorized/AuthorizationError.swift:54:9: error: cannot find 'errAuthorizationInvalidFlags' in scope
52 | errAuthorizationExternalizeNotAllowed: externalizeNotAllowed,
53 | errAuthorizationInternalizeNotAllowed: internalizeNotAllowed,
54 | errAuthorizationInvalidFlags: invalidFlags,
| `- error: cannot find 'errAuthorizationInvalidFlags' in scope
55 | errAuthorizationToolExecuteFailure: toolExecuteFailure,
56 | errAuthorizationToolEnvironmentError: toolEnvironmentError,
/Users/admin/builder/spi-builder-workspace/.dependencies/checkouts/Authorized/Sources/Authorized/AuthorizationError.swift:55:9: error: cannot find 'errAuthorizationToolExecuteFailure' in scope
53 | errAuthorizationInternalizeNotAllowed: internalizeNotAllowed,
54 | errAuthorizationInvalidFlags: invalidFlags,
55 | errAuthorizationToolExecuteFailure: toolExecuteFailure,
| `- error: cannot find 'errAuthorizationToolExecuteFailure' in scope
56 | errAuthorizationToolEnvironmentError: toolEnvironmentError,
57 | errAuthorizationBadAddress: badAddress
/Users/admin/builder/spi-builder-workspace/.dependencies/checkouts/Authorized/Sources/Authorized/AuthorizationError.swift:56:9: error: cannot find 'errAuthorizationToolEnvironmentError' in scope
54 | errAuthorizationInvalidFlags: invalidFlags,
55 | errAuthorizationToolExecuteFailure: toolExecuteFailure,
56 | errAuthorizationToolEnvironmentError: toolEnvironmentError,
| `- error: cannot find 'errAuthorizationToolEnvironmentError' in scope
57 | errAuthorizationBadAddress: badAddress
58 | ]
/Users/admin/builder/spi-builder-workspace/.dependencies/checkouts/Authorized/Sources/Authorized/AuthorizationError.swift:57:9: error: cannot find 'errAuthorizationBadAddress' in scope
55 | errAuthorizationToolExecuteFailure: toolExecuteFailure,
56 | errAuthorizationToolEnvironmentError: toolEnvironmentError,
57 | errAuthorizationBadAddress: badAddress
| `- error: cannot find 'errAuthorizationBadAddress' in scope
58 | ]
59 |
/Users/admin/builder/spi-builder-workspace/.dependencies/checkouts/Authorized/Sources/Authorized/AuthorizationOption.swift:34:36: error: cannot find type 'AuthorizationFlags' in scope
32 |
33 | internal extension Set where Element == AuthorizationOption {
34 | func asAuthorizationFlags() -> AuthorizationFlags {
| `- error: cannot find type 'AuthorizationFlags' in scope
35 | var flags = [AuthorizationFlags]()
36 | for element in self {
/Users/admin/builder/spi-builder-workspace/.dependencies/checkouts/Authorized/Sources/Authorized/AuthorizationPolicyDatabase.swift:142:82: error: cannot find 'kAuthorizationRuleIsAdmin' in scope
140 |
141 | /// The user must be an administrator.
142 | public static let isAdmin: AuthorizationRightRule = AuthorizationRight(name: kAuthorizationRuleIsAdmin)
| `- error: cannot find 'kAuthorizationRuleIsAdmin' in scope
143 | /// The user must authenticate as an administrator.
144 | public static let authenticateAsAdmin: AuthorizationRightRule =
/Users/admin/builder/spi-builder-workspace/.dependencies/checkouts/Authorized/Sources/Authorized/AuthorizationPolicyDatabase.swift:145:34: error: cannot find 'kAuthorizationRuleAuthenticateAsAdmin' in scope
143 | /// The user must authenticate as an administrator.
144 | public static let authenticateAsAdmin: AuthorizationRightRule =
145 | AuthorizationRight(name: kAuthorizationRuleAuthenticateAsAdmin)
| `- error: cannot find 'kAuthorizationRuleAuthenticateAsAdmin' in scope
146 | /// The user must authenticate as the session owner (logged-in user).
147 | public static let authenticateAsSessionUser: AuthorizationRightRule =
/Users/admin/builder/spi-builder-workspace/.dependencies/checkouts/Authorized/Sources/Authorized/AuthorizationPolicyDatabase.swift:148:34: error: cannot find 'kAuthorizationRuleAuthenticateAsSessionUser' in scope
146 | /// The user must authenticate as the session owner (logged-in user).
147 | public static let authenticateAsSessionUser: AuthorizationRightRule =
148 | AuthorizationRight(name: kAuthorizationRuleAuthenticateAsSessionUser)
| `- error: cannot find 'kAuthorizationRuleAuthenticateAsSessionUser' in scope
149 | /// Always allows the specified right.
150 | public static let classAllow: AuthorizationRightRule = AuthorizationRight(name: kAuthorizationRuleClassAllow)
/Users/admin/builder/spi-builder-workspace/.dependencies/checkouts/Authorized/Sources/Authorized/AuthorizationPolicyDatabase.swift:150:85: error: cannot find 'kAuthorizationRuleClassAllow' in scope
148 | AuthorizationRight(name: kAuthorizationRuleAuthenticateAsSessionUser)
149 | /// Always allows the specified right.
150 | public static let classAllow: AuthorizationRightRule = AuthorizationRight(name: kAuthorizationRuleClassAllow)
| `- error: cannot find 'kAuthorizationRuleClassAllow' in scope
151 | /// Always denies the specified right.
152 | public static let classDeny: AuthorizationRightRule = AuthorizationRight(name: kAuthorizationRuleClassDeny)
/Users/admin/builder/spi-builder-workspace/.dependencies/checkouts/Authorized/Sources/Authorized/AuthorizationPolicyDatabase.swift:152:84: error: cannot find 'kAuthorizationRuleClassDeny' in scope
150 | public static let classAllow: AuthorizationRightRule = AuthorizationRight(name: kAuthorizationRuleClassAllow)
151 | /// Always denies the specified right.
152 | public static let classDeny: AuthorizationRightRule = AuthorizationRight(name: kAuthorizationRuleClassDeny)
| `- error: cannot find 'kAuthorizationRuleClassDeny' in scope
153 | }
154 |
/Users/admin/builder/spi-builder-workspace/.dependencies/checkouts/Authorized/Sources/Authorized/AuthorizationPolicyDatabase.swift:300:29: error: cannot find type 'SecRequirement' in scope
298 |
299 | /// Undocumented, but in practice appears to be the designated requirement of the application which created the right definition.
300 | public var requirement: SecRequirement? {
| `- error: cannot find type 'SecRequirement' in scope
301 | var requirement: SecRequirement?
302 | if let requirementString = self.entries["requirement"] as? String {
Failed frontend command:
/Applications/Xcode-27.0.0-Release.Candidate.app/Contents/Developer/Toolchains/XcodeDefault.xctoolchain/usr/bin/swift-frontend -frontend -emit-module -experimental-skip-non-inlinable-function-bodies-without-types /Users/admin/builder/spi-builder-workspace/.dependencies/checkouts/Authorized/Sources/Authorized/Authorization.swift /Users/admin/builder/spi-builder-workspace/.dependencies/checkouts/Authorized/Sources/Authorized/AuthorizationElements.swift /Users/admin/builder/spi-builder-workspace/.dependencies/checkouts/Authorized/Sources/Authorized/AuthorizationError.swift /Users/admin/builder/spi-builder-workspace/.dependencies/checkouts/Authorized/Sources/Authorized/AuthorizationOption.swift /Users/admin/builder/spi-builder-workspace/.dependencies/checkouts/Authorized/Sources/Authorized/AuthorizationPolicyDatabase.swift -target arm64-apple-tvos15.0 -disable-cross-import-overlay-search -load-resolved-plugin /Applications/Xcode-27.0.0-Release.Candidate.app/Contents/Developer/Platforms/AppleTVOS.platform/Developer/usr/lib/swift/host/plugins/libFoundationMacros.dylib\#/Applications/Xcode-27.0.0-Release.Candidate.app/Contents/Developer/Platforms/AppleTVOS.platform/Developer/usr/bin/swift-plugin-server\#FoundationMacros -load-resolved-plugin /Applications/Xcode-27.0.0-Release.Candidate.app/Contents/Developer/Platforms/AppleTVOS.platform/Developer/usr/lib/swift/host/plugins/libObservationMacros.dylib\#/Applications/Xcode-27.0.0-Release.Candidate.app/Contents/Developer/Platforms/AppleTVOS.platform/Developer/usr/bin/swift-plugin-server\#ObservationMacros -load-resolved-plugin /Applications/Xcode-27.0.0-Release.Candidate.app/Contents/Developer/Platforms/AppleTVOS.platform/Developer/usr/lib/swift/host/plugins/libSwiftMacros.dylib\#/Applications/Xcode-27.0.0-Release.Candidate.app/Contents/Developer/Platforms/AppleTVOS.platform/Developer/usr/bin/swift-plugin-server\#SwiftMacros -disable-implicit-swift-modules -Xcc -fno-implicit-modules -Xcc -fno-implicit-module-maps -explicit-swift-module-map-file /Users/admin/builder/spi-builder-workspace/.derivedData/Build/Intermediates.noindex/Authorized.build/Debug-appletvos/Authorized-t.build/Objects-normal/arm64/Authorized-dependencies-1.json -Xllvm -aarch64-use-tbi -enable-objc-interop -stack-check -sdk /Applications/Xcode-27.0.0-Release.Candidate.app/Contents/Developer/Platforms/AppleTVOS.platform/Developer/SDKs/AppleTVOS27.0.sdk -I /Users/admin/builder/spi-builder-workspace/.derivedData/Build/Products/Debug-appletvos -Isystem /Applications/Xcode-27.0.0-Release.Candidate.app/Contents/Developer/Platforms/AppleTVOS.platform/Developer/usr/lib -F /Users/admin/builder/spi-builder-workspace/.derivedData/Build/Products/Debug-appletvos -F /Applications/Xcode-27.0.0-Release.Candidate.app/Contents/Developer/Platforms/AppleTVOS.platform/Developer/Library/Frameworks -F /Applications/Xcode-27.0.0-Release.Candidate.app/Contents/Developer/Platforms/AppleTVOS.platform/Developer/SDKs/AppleTVOS27.0.sdk/Developer/Library/Frameworks -module-cache-path /Users/admin/builder/spi-builder-workspace/.derivedData/Build/Intermediates.noindex/SwiftExplicitPrecompiledModules -no-color-diagnostics -Xcc -fno-color-diagnostics -enable-testing -g -debug-info-format\=dwarf -dwarf-version\=4 -suppress-warnings -profile-generate -profile-coverage-mapping -swift-version 5 -Onone -D SWIFT_PACKAGE -D DEBUG -D SWIFT_MODULE_RESOURCE_BUNDLE_UNAVAILABLE -D Xcode -serialize-debugging-options -enable-experimental-feature DebugDescriptionMacro -empty-abi-descriptor -validate-clang-modules-once -clang-build-session-file /Users/admin/builder/spi-builder-workspace/.derivedData/ModuleCache.noindex/Session.modulevalidation -Xcc -working-directory -Xcc /Users/admin/builder/spi-builder-workspace/.swiftpm/xcode -enable-anonymous-context-mangled-names -file-compilation-dir /Users/admin/builder/spi-builder-workspace/.swiftpm/xcode -Xcc -D_LIBCPP_HARDENING_MODE\=_LIBCPP_HARDENING_MODE_DEBUG -Xcc -ivfsstatcache -Xcc /Users/admin/builder/spi-builder-workspace/.derivedData/SDKStatCaches.noindex/appletvos27.0-24J360-e829b21a6f8c9b70876ba0858053c044b32bfd8d43560033f8d89884cdb90028.sdkstatcache -Xcc -fmodules-prune-interval\=86400 -Xcc -fmodules-prune-after\=345600 -Xcc -I/Users/admin/builder/spi-builder-workspace/.derivedData/Build/Products/Debug-appletvos/include -Xcc -I/Users/admin/builder/spi-builder-workspace/.derivedData/Build/Intermediates.noindex/Authorized.build/Debug-appletvos/Authorized-t.build/DerivedSources-normal/arm64 -Xcc -I/Users/admin/builder/spi-builder-workspace/.derivedData/Build/Intermediates.noindex/Authorized.build/Debug-appletvos/Authorized-t.build/DerivedSources/arm64 -Xcc -I/Users/admin/builder/spi-builder-workspace/.derivedData/Build/Intermediates.noindex/Authorized.build/Debug-appletvos/Authorized-t.build/DerivedSources -Xcc -DSWIFT_PACKAGE -Xcc -DDEBUG\=1 -no-auto-bridging-header-chaining -module-name Authorized -const-gather-protocols-file /Users/admin/builder/spi-builder-workspace/.derivedData/Build/Intermediates.noindex/Authorized.build/Debug-appletvos/Authorized-t.build/Objects-normal/arm64/Authorized_const_extract_protocols.json -disable-clang-spi -clang-target arm64-apple-tvos27.0 -target-sdk-version 27.0 -target-sdk-name appletvos27.0 -in-process-plugin-server-path /Applications/Xcode-27.0.0-Release.Candidate.app/Contents/Developer/Toolchains/XcodeDefault.xctoolchain/usr/lib/swift/host/libSwiftInProcPluginServer.dylib -emit-module-doc-path /Users/admin/builder/spi-builder-workspace/.derivedData/Build/Intermediates.noindex/Authorized.build/Debug-appletvos/Authorized-t.build/Objects-normal/arm64/Authorized.swiftdoc -emit-module-source-info-path /Users/admin/builder/spi-builder-workspace/.derivedData/Build/Intermediates.noindex/Authorized.build/Debug-appletvos/Authorized-t.build/Objects-normal/arm64/Authorized.swiftsourceinfo -emit-objc-header-path /Users/admin/builder/spi-builder-workspace/.derivedData/Build/Intermediates.noindex/Authorized.build/Debug-appletvos/Authorized-t.build/Objects-normal/arm64/Authorized-Swift.h -serialize-diagnostics-path /Users/admin/builder/spi-builder-workspace/.derivedData/Build/Intermediates.noindex/Authorized.build/Debug-appletvos/Authorized-t.build/Objects-normal/arm64/Authorized-primary-emit-module.dia -emit-dependencies-path /Users/admin/builder/spi-builder-workspace/.derivedData/Build/Intermediates.noindex/Authorized.build/Debug-appletvos/Authorized-t.build/Objects-normal/arm64/Authorized-primary-emit-module.d -parse-as-library -o /Users/admin/builder/spi-builder-workspace/.derivedData/Build/Intermediates.noindex/Authorized.build/Debug-appletvos/Authorized-t.build/Objects-normal/arm64/Authorized.swiftmodule -emit-abi-descriptor-path /Users/admin/builder/spi-builder-workspace/.derivedData/Build/Intermediates.noindex/Authorized.build/Debug-appletvos/Authorized-t.build/Objects-normal/arm64/Authorized.abi.json
SwiftCompile normal arm64 (in target 'Authorized' from project 'Authorized')
cd /Users/admin/builder/spi-builder-workspace/.swiftpm/xcode
SwiftCompile normal arm64 Compiling\ AuthorizationOption.swift /Users/admin/builder/spi-builder-workspace/.dependencies/checkouts/Authorized/Sources/Authorized/AuthorizationOption.swift (in target 'Authorized' from project 'Authorized')
SwiftCompile normal arm64 /Users/admin/builder/spi-builder-workspace/.dependencies/checkouts/Authorized/Sources/Authorized/AuthorizationOption.swift (in target 'Authorized' from project 'Authorized')
cd /Users/admin/builder/spi-builder-workspace/.swiftpm/xcode
builtin-SwiftPerFileCompile AuthorizationOption.swift
/Users/admin/builder/spi-builder-workspace/.dependencies/checkouts/Authorized/Sources/Authorized/AuthorizationOption.swift:34:36: error: cannot find type 'AuthorizationFlags' in scope
32 |
33 | internal extension Set where Element == AuthorizationOption {
34 | func asAuthorizationFlags() -> AuthorizationFlags {
| `- error: cannot find type 'AuthorizationFlags' in scope
35 | var flags = [AuthorizationFlags]()
36 | for element in self {
/Users/admin/builder/spi-builder-workspace/.dependencies/checkouts/Authorized/Sources/Authorized/AuthorizationOption.swift:35:22: error: cannot find 'AuthorizationFlags' in scope
33 | internal extension Set where Element == AuthorizationOption {
34 | func asAuthorizationFlags() -> AuthorizationFlags {
35 | var flags = [AuthorizationFlags]()
| `- error: cannot find 'AuthorizationFlags' in scope
36 | for element in self {
37 | switch element {
/Users/admin/builder/spi-builder-workspace/.dependencies/checkouts/Authorized/Sources/Authorized/AuthorizationOption.swift:35:21: error: cannot call value of non-function type '[Element]'
33 | internal extension Set where Element == AuthorizationOption {
34 | func asAuthorizationFlags() -> AuthorizationFlags {
35 | var flags = [AuthorizationFlags]()
| `- error: cannot call value of non-function type '[Element]'
36 | for element in self {
37 | switch element {
/Users/admin/builder/spi-builder-workspace/.dependencies/checkouts/Authorized/Sources/Authorized/AuthorizationOption.swift:38:58: error: cannot find 'AuthorizationFlags' in scope
36 | for element in self {
37 | switch element {
38 | case .interactionAllowed: flags.append(AuthorizationFlags.interactionAllowed)
| `- error: cannot find 'AuthorizationFlags' in scope
39 | case .extendRights: flags.append(AuthorizationFlags.extendRights)
40 | case .partialRights: flags.append(AuthorizationFlags.partialRights)
/Users/admin/builder/spi-builder-workspace/.dependencies/checkouts/Authorized/Sources/Authorized/AuthorizationOption.swift:39:58: error: cannot find 'AuthorizationFlags' in scope
37 | switch element {
38 | case .interactionAllowed: flags.append(AuthorizationFlags.interactionAllowed)
39 | case .extendRights: flags.append(AuthorizationFlags.extendRights)
| `- error: cannot find 'AuthorizationFlags' in scope
40 | case .partialRights: flags.append(AuthorizationFlags.partialRights)
41 | case .destroyRights: flags.append(AuthorizationFlags.destroyRights)
/Users/admin/builder/spi-builder-workspace/.dependencies/checkouts/Authorized/Sources/Authorized/AuthorizationOption.swift:40:58: error: cannot find 'AuthorizationFlags' in scope
38 | case .interactionAllowed: flags.append(AuthorizationFlags.interactionAllowed)
39 | case .extendRights: flags.append(AuthorizationFlags.extendRights)
40 | case .partialRights: flags.append(AuthorizationFlags.partialRights)
| `- error: cannot find 'AuthorizationFlags' in scope
41 | case .destroyRights: flags.append(AuthorizationFlags.destroyRights)
42 | case .preAuthorize: flags.append(AuthorizationFlags.preAuthorize)
/Users/admin/builder/spi-builder-workspace/.dependencies/checkouts/Authorized/Sources/Authorized/AuthorizationOption.swift:41:58: error: cannot find 'AuthorizationFlags' in scope
39 | case .extendRights: flags.append(AuthorizationFlags.extendRights)
40 | case .partialRights: flags.append(AuthorizationFlags.partialRights)
41 | case .destroyRights: flags.append(AuthorizationFlags.destroyRights)
| `- error: cannot find 'AuthorizationFlags' in scope
42 | case .preAuthorize: flags.append(AuthorizationFlags.preAuthorize)
43 | }
/Users/admin/builder/spi-builder-workspace/.dependencies/checkouts/Authorized/Sources/Authorized/AuthorizationOption.swift:42:58: error: cannot find 'AuthorizationFlags' in scope
40 | case .partialRights: flags.append(AuthorizationFlags.partialRights)
41 | case .destroyRights: flags.append(AuthorizationFlags.destroyRights)
42 | case .preAuthorize: flags.append(AuthorizationFlags.preAuthorize)
| `- error: cannot find 'AuthorizationFlags' in scope
43 | }
44 | }
SwiftCompile normal arm64 Compiling\ AuthorizationPolicyDatabase.swift /Users/admin/builder/spi-builder-workspace/.dependencies/checkouts/Authorized/Sources/Authorized/AuthorizationPolicyDatabase.swift (in target 'Authorized' from project 'Authorized')
/Users/admin/builder/spi-builder-workspace/.dependencies/checkouts/Authorized/Sources/Authorized/AuthorizationPolicyDatabase.swift:142:82: error: cannot find 'kAuthorizationRuleIsAdmin' in scope
140 |
141 | /// The user must be an administrator.
142 | public static let isAdmin: AuthorizationRightRule = AuthorizationRight(name: kAuthorizationRuleIsAdmin)
| `- error: cannot find 'kAuthorizationRuleIsAdmin' in scope
143 | /// The user must authenticate as an administrator.
144 | public static let authenticateAsAdmin: AuthorizationRightRule =
/Users/admin/builder/spi-builder-workspace/.dependencies/checkouts/Authorized/Sources/Authorized/AuthorizationPolicyDatabase.swift:145:34: error: cannot find 'kAuthorizationRuleAuthenticateAsAdmin' in scope
143 | /// The user must authenticate as an administrator.
144 | public static let authenticateAsAdmin: AuthorizationRightRule =
145 | AuthorizationRight(name: kAuthorizationRuleAuthenticateAsAdmin)
| `- error: cannot find 'kAuthorizationRuleAuthenticateAsAdmin' in scope
146 | /// The user must authenticate as the session owner (logged-in user).
147 | public static let authenticateAsSessionUser: AuthorizationRightRule =
/Users/admin/builder/spi-builder-workspace/.dependencies/checkouts/Authorized/Sources/Authorized/AuthorizationPolicyDatabase.swift:148:34: error: cannot find 'kAuthorizationRuleAuthenticateAsSessionUser' in scope
146 | /// The user must authenticate as the session owner (logged-in user).
147 | public static let authenticateAsSessionUser: AuthorizationRightRule =
148 | AuthorizationRight(name: kAuthorizationRuleAuthenticateAsSessionUser)
| `- error: cannot find 'kAuthorizationRuleAuthenticateAsSessionUser' in scope
149 | /// Always allows the specified right.
150 | public static let classAllow: AuthorizationRightRule = AuthorizationRight(name: kAuthorizationRuleClassAllow)
/Users/admin/builder/spi-builder-workspace/.dependencies/checkouts/Authorized/Sources/Authorized/AuthorizationPolicyDatabase.swift:150:85: error: cannot find 'kAuthorizationRuleClassAllow' in scope
148 | AuthorizationRight(name: kAuthorizationRuleAuthenticateAsSessionUser)
149 | /// Always allows the specified right.
150 | public static let classAllow: AuthorizationRightRule = AuthorizationRight(name: kAuthorizationRuleClassAllow)
| `- error: cannot find 'kAuthorizationRuleClassAllow' in scope
151 | /// Always denies the specified right.
152 | public static let classDeny: AuthorizationRightRule = AuthorizationRight(name: kAuthorizationRuleClassDeny)
/Users/admin/builder/spi-builder-workspace/.dependencies/checkouts/Authorized/Sources/Authorized/AuthorizationPolicyDatabase.swift:152:84: error: cannot find 'kAuthorizationRuleClassDeny' in scope
150 | public static let classAllow: AuthorizationRightRule = AuthorizationRight(name: kAuthorizationRuleClassAllow)
151 | /// Always denies the specified right.
152 | public static let classDeny: AuthorizationRightRule = AuthorizationRight(name: kAuthorizationRuleClassDeny)
| `- error: cannot find 'kAuthorizationRuleClassDeny' in scope
153 | }
154 |
/Users/admin/builder/spi-builder-workspace/.dependencies/checkouts/Authorized/Sources/Authorized/AuthorizationPolicyDatabase.swift:300:29: error: cannot find type 'SecRequirement' in scope
298 |
299 | /// Undocumented, but in practice appears to be the designated requirement of the application which created the right definition.
300 | public var requirement: SecRequirement? {
| `- error: cannot find type 'SecRequirement' in scope
301 | var requirement: SecRequirement?
302 | if let requirementString = self.entries["requirement"] as? String {
/Users/admin/builder/spi-builder-workspace/.dependencies/checkouts/Authorized/Sources/Authorized/AuthorizationPolicyDatabase.swift:26:26: error: cannot find 'AuthorizationRightGet' in scope
24 | let definition: AuthorizationRightDefinition?
25 | var entries: CFDictionary?
26 | let result = AuthorizationRightGet(namePointer, &entries)
| `- error: cannot find 'AuthorizationRightGet' in scope
27 | if result == errAuthorizationSuccess, let entries = entries {
28 | definition = AuthorizationRightDefinition(entries: entries)
/Users/admin/builder/spi-builder-workspace/.dependencies/checkouts/Authorized/Sources/Authorized/AuthorizationPolicyDatabase.swift:27:26: error: cannot find 'errAuthorizationSuccess' in scope
25 | var entries: CFDictionary?
26 | let result = AuthorizationRightGet(namePointer, &entries)
27 | if result == errAuthorizationSuccess, let entries = entries {
| `- error: cannot find 'errAuthorizationSuccess' in scope
28 | definition = AuthorizationRightDefinition(entries: entries)
29 | } else if result == errAuthorizationDenied {
/Users/admin/builder/spi-builder-workspace/.dependencies/checkouts/Authorized/Sources/Authorized/AuthorizationPolicyDatabase.swift:29:33: error: cannot find 'errAuthorizationDenied' in scope
27 | if result == errAuthorizationSuccess, let entries = entries {
28 | definition = AuthorizationRightDefinition(entries: entries)
29 | } else if result == errAuthorizationDenied {
| `- error: cannot find 'errAuthorizationDenied' in scope
30 | definition = nil
31 | } else {
/Users/admin/builder/spi-builder-workspace/.dependencies/checkouts/Authorized/Sources/Authorized/AuthorizationPolicyDatabase.swift:48:26: error: cannot find 'AuthorizationRightGet' in scope
46 | return try self.name.withCString { namePointer in
47 | let exists: Bool
48 | let result = AuthorizationRightGet(namePointer, nil)
| `- error: cannot find 'AuthorizationRightGet' in scope
49 | if result == errAuthorizationSuccess {
50 | exists = true
/Users/admin/builder/spi-builder-workspace/.dependencies/checkouts/Authorized/Sources/Authorized/AuthorizationPolicyDatabase.swift:49:26: error: cannot find 'errAuthorizationSuccess' in scope
47 | let exists: Bool
48 | let result = AuthorizationRightGet(namePointer, nil)
49 | if result == errAuthorizationSuccess {
| `- error: cannot find 'errAuthorizationSuccess' in scope
50 | exists = true
51 | } else if result == errAuthorizationDenied {
/Users/admin/builder/spi-builder-workspace/.dependencies/checkouts/Authorized/Sources/Authorized/AuthorizationPolicyDatabase.swift:51:33: error: cannot find 'errAuthorizationDenied' in scope
49 | if result == errAuthorizationSuccess {
50 | exists = true
51 | } else if result == errAuthorizationDenied {
| `- error: cannot find 'errAuthorizationDenied' in scope
52 | exists = false
53 | } else {
/Users/admin/builder/spi-builder-workspace/.dependencies/checkouts/Authorized/Sources/Authorized/AuthorizationPolicyDatabase.swift:91:33: error: cannot find 'kAuthorizationRightRule' in scope
89 | let rightDefinition = NSMutableDictionary(capacity: rules.count + (comment == nil ? 0 : 1))
90 | for rule in rules {
91 | rightDefinition[kAuthorizationRightRule] = rule.name
| `- error: cannot find 'kAuthorizationRightRule' in scope
92 | }
93 | if let comment = comment {
/Users/admin/builder/spi-builder-workspace/.dependencies/checkouts/Authorized/Sources/Authorized/AuthorizationPolicyDatabase.swift:94:33: error: cannot find 'kAuthorizationComment' in scope
92 | }
93 | if let comment = comment {
94 | rightDefinition[kAuthorizationComment] = comment
| `- error: cannot find 'kAuthorizationComment' in scope
95 | }
96 |
/Users/admin/builder/spi-builder-workspace/.dependencies/checkouts/Authorized/Sources/Authorized/AuthorizationPolicyDatabase.swift:106:17: error: cannot find 'AuthorizationRightSet' in scope
104 |
105 | try AuthorizationError.throwIfFailure {
106 | AuthorizationRightSet(auth.authorizationRef,
| `- error: cannot find 'AuthorizationRightSet' in scope
107 | namePointer,
108 | rightDefinition,
/Users/admin/builder/spi-builder-workspace/.dependencies/checkouts/Authorized/Sources/Authorized/Authorization.swift:40:34: error: cannot find type 'AuthorizationRef' in scope
38 | ///
39 | /// This reference is only valid during the lifetime of its enclosing ``Authorization`` instance's lifetime.
40 | public let authorizationRef: AuthorizationRef
| `- error: cannot find type 'AuthorizationRef' in scope
41 |
42 | /// Creates a new instance with no rights.
SwiftCompile normal arm64 /Users/admin/builder/spi-builder-workspace/.dependencies/checkouts/Authorized/Sources/Authorized/AuthorizationPolicyDatabase.swift (in target 'Authorized' from project 'Authorized')
cd /Users/admin/builder/spi-builder-workspace/.swiftpm/xcode
builtin-SwiftPerFileCompile AuthorizationPolicyDatabase.swift
/Users/admin/builder/spi-builder-workspace/.dependencies/checkouts/Authorized/Sources/Authorized/AuthorizationPolicyDatabase.swift:81:23: error: failed to produce diagnostic for expression; please submit a bug report (https://swift.org/contributing/#reporting-bugs)
79 | localeTableName: String? = nil,
80 | comment: String? = nil) throws {
81 | try self.name.withCString { namePointer in
| `- error: failed to produce diagnostic for expression; please submit a bug report (https://swift.org/contributing/#reporting-bugs)
82 | // Convert from Bundle to CFBundle
83 | var cfBundle: CFBundle?
SwiftEmitModule normal arm64 Emitting\ module\ for\ Required (in target 'Required' from project 'Required')
SwiftCompile normal arm64 (in target 'Required' from project 'Required')
cd /Users/admin/builder/spi-builder-workspace/.swiftpm/xcode
SwiftDriverJobDiscovery normal arm64 Emitting module for EmbeddedPropertyList (in target 'EmbeddedPropertyList' from project 'EmbeddedPropertyList')
SwiftDriver\ Compilation\ Requirements EmbeddedPropertyList normal arm64 com.apple.xcode.tools.swift.compiler (in target 'EmbeddedPropertyList' from project 'EmbeddedPropertyList')
cd /Users/admin/builder/spi-builder-workspace/.swiftpm/xcode
builtin-Swift-Compilation-Requirements -- /Applications/Xcode-27.0.0-Release.Candidate.app/Contents/Developer/Toolchains/XcodeDefault.xctoolchain/usr/bin/swiftc -parse-as-library -module-name EmbeddedPropertyList -Onone @/Users/admin/builder/spi-builder-workspace/.derivedData/Build/Intermediates.noindex/EmbeddedPropertyList.build/Debug-appletvos/EmbeddedPropertyList-t.build/Objects-normal/arm64/EmbeddedPropertyList.SwiftFileList -DSWIFT_PACKAGE -DDEBUG -DSWIFT_MODULE_RESOURCE_BUNDLE_UNAVAILABLE -DXcode -plugin-path /Applications/Xcode-27.0.0-Release.Candidate.app/Contents/Developer/Toolchains/XcodeDefault.xctoolchain/usr/lib/swift/host/plugins/testing -enable-experimental-feature DebugDescriptionMacro -sdk /Applications/Xcode-27.0.0-Release.Candidate.app/Contents/Developer/Platforms/AppleTVOS.platform/Developer/SDKs/AppleTVOS27.0.sdk -target arm64-apple-tvos15.0 -g -module-cache-path /Users/admin/builder/spi-builder-workspace/.derivedData/ModuleCache.noindex -Xfrontend -serialize-debugging-options -profile-coverage-mapping -profile-generate -enable-testing -suppress-warnings -index-store-path /Users/admin/builder/spi-builder-workspace/.derivedData/Index.noindex/DataStore -Xcc -D_LIBCPP_HARDENING_MODE\=_LIBCPP_HARDENING_MODE_DEBUG -swift-version 5 -I /Users/admin/builder/spi-builder-workspace/.derivedData/Build/Products/Debug-appletvos -Isystem /Applications/Xcode-27.0.0-Release.Candidate.app/Contents/Developer/Platforms/AppleTVOS.platform/Developer/usr/lib -F /Users/admin/builder/spi-builder-workspace/.derivedData/Build/Products/Debug-appletvos -F /Applications/Xcode-27.0.0-Release.Candidate.app/Contents/Developer/Platforms/AppleTVOS.platform/Developer/Library/Frameworks -F /Applications/Xcode-27.0.0-Release.Candidate.app/Contents/Developer/Platforms/AppleTVOS.platform/Developer/SDKs/AppleTVOS27.0.sdk/Developer/Library/Frameworks -c -j10 -enable-batch-mode -incremental -Xcc -ivfsstatcache -Xcc /Users/admin/builder/spi-builder-workspace/.derivedData/SDKStatCaches.noindex/appletvos27.0-24J360-e829b21a6f8c9b70876ba0858053c044b32bfd8d43560033f8d89884cdb90028.sdkstatcache -output-file-map /Users/admin/builder/spi-builder-workspace/.derivedData/Build/Intermediates.noindex/EmbeddedPropertyList.build/Debug-appletvos/EmbeddedPropertyList-t.build/Objects-normal/arm64/EmbeddedPropertyList-OutputFileMap.json -save-temps -no-color-diagnostics -explicit-module-build -module-cache-path /Users/admin/builder/spi-builder-workspace/.derivedData/Build/Intermediates.noindex/SwiftExplicitPrecompiledModules -clang-scanner-module-cache-path /Users/admin/builder/spi-builder-workspace/.derivedData/ModuleCache.noindex -sdk-module-cache-path /Users/admin/builder/spi-builder-workspace/.derivedData/SDKExplicitPrecompiledModules -emit-dependencies -emit-module -emit-module-path /Users/admin/builder/spi-builder-workspace/.derivedData/Build/Intermediates.noindex/EmbeddedPropertyList.build/Debug-appletvos/EmbeddedPropertyList-t.build/Objects-normal/arm64/EmbeddedPropertyList.swiftmodule -serialize-diagnostics -dependency-scan-serialize-diagnostics-path /Users/admin/builder/spi-builder-workspace/.derivedData/Build/Intermediates.noindex/EmbeddedPropertyList.build/Debug-appletvos/EmbeddedPropertyList-t.build/Objects-normal/arm64/EmbeddedPropertyList-dependency-scan.dia -validate-clang-modules-once -clang-build-session-file /Users/admin/builder/spi-builder-workspace/.derivedData/ModuleCache.noindex/Session.modulevalidation -Xcc -fmodules-prune-interval\=86400 -Xcc -fmodules-prune-after\=345600 -emit-const-values -const-gather-protocols-list /Users/admin/builder/spi-builder-workspace/.derivedData/Build/Intermediates.noindex/EmbeddedPropertyList.build/Debug-appletvos/EmbeddedPropertyList-t.build/Objects-normal/arm64/EmbeddedPropertyList_const_extract_protocols.json -Xcc -I/Users/admin/builder/spi-builder-workspace/.derivedData/Build/Products/Debug-appletvos/include -Xcc -I/Users/admin/builder/spi-builder-workspace/.derivedData/Build/Intermediates.noindex/EmbeddedPropertyList.build/Debug-appletvos/EmbeddedPropertyList-t.build/DerivedSources-normal/arm64 -Xcc -I/Users/admin/builder/spi-builder-workspace/.derivedData/Build/Intermediates.noindex/EmbeddedPropertyList.build/Debug-appletvos/EmbeddedPropertyList-t.build/DerivedSources/arm64 -Xcc -I/Users/admin/builder/spi-builder-workspace/.derivedData/Build/Intermediates.noindex/EmbeddedPropertyList.build/Debug-appletvos/EmbeddedPropertyList-t.build/DerivedSources -Xcc -DSWIFT_PACKAGE -Xcc -DDEBUG\=1 -emit-objc-header -emit-objc-header-path /Users/admin/builder/spi-builder-workspace/.derivedData/Build/Intermediates.noindex/EmbeddedPropertyList.build/Debug-appletvos/EmbeddedPropertyList-t.build/Objects-normal/arm64/EmbeddedPropertyList-Swift.h -working-directory /Users/admin/builder/spi-builder-workspace/.swiftpm/xcode -experimental-emit-module-separately -disable-cmo
PruneExplicitPrecompiledModules /Users/admin/builder/spi-builder-workspace/.derivedData/Build/Intermediates.noindex/ExplicitPrecompiledModules
PruneExplicitPrecompiledModules /Users/admin/builder/spi-builder-workspace/.derivedData/Build/Intermediates.noindex/SwiftExplicitPrecompiledModules
PruneExplicitPrecompiledModules /Users/admin/builder/spi-builder-workspace/.derivedData/SDKExplicitPrecompiledModules
2026-09-18 07:04:20.401 xcodebuild[875:5189] [MT] IDERunDestination: Supported platforms for the buildables in the current scheme is empty.
** BUILD FAILED **
The following build commands failed:
SwiftEmitModule normal arm64 Emitting\ module\ for\ Authorized (in target 'Authorized' from project 'Authorized')
SwiftCompile normal arm64 (in target 'Authorized' from project 'Authorized')
Building workspace Blessed with scheme Blessed
(3 failures)
BUILD FAILURE 6.4 tvOS