Build Information
Failed to build hackscode, reference 0.5.1 (4124b7), with Swift 6.4 for visionOS using Xcode 27.0 on 15 Sep 2026 22:21:07 UTC.
Build Command
env DEVELOPER_DIR=/Applications/Xcode-27.0.0-Release.Candidate.app xcrun xcodebuild -IDEClonedSourcePackagesDirPathOverride=$PWD/.dependencies -skipMacroValidation -skipPackagePluginValidation -derivedDataPath $PWD/.derivedData build -scheme hackscode -destination generic/platform=xrOSBuild Log
========================================
RunAll
========================================
Builder version: 5.1.0
Interrupt handler set up.
========================================
Checkout
========================================
Clone URL: https://github.com/toshi0383/hackscode.git
Reference: 0.5.1
Initialized empty Git repository in /Users/admin/builder/spi-builder-workspace/.git/
From https://github.com/toshi0383/hackscode
* tag 0.5.1 -> FETCH_HEAD
HEAD is now at 4124b76 fix dump command
Cloned https://github.com/toshi0383/hackscode.git
Revision (git rev-parse @):
4124b76425c6d16b9c08c44e1022dc4837ba35bb
SUCCESS checkout https://github.com/toshi0383/hackscode.git at 0.5.1
========================================
Build
========================================
Selected platform: visionOS
Swift version: 6.4
Building package at path: $PWD
https://github.com/toshi0383/hackscode.git
Command line invocation:
/Applications/Xcode-27.0.0-Release.Candidate.app/Contents/Developer/usr/bin/xcodebuild -IDEClonedSourcePackagesDirPathOverride=/Users/admin/builder/spi-builder-workspace/.dependencies -resolvePackageDependencies
Resolve Package Graph
Fetching from https://github.com/JohnSundell/ShellOut
Fetching from https://github.com/tuist/XcodeProj
Fetching from https://github.com/toshi0383/CoreCLI
Fetching from https://github.com/kylef/PathKit
Fetching from https://github.com/tadija/AEXML
Fetching from https://github.com/kylef/Spectre.git
Creating working copy of package ‘Spectre’
Checking out 0.10.1 of package ‘Spectre’
Creating working copy of package ‘XcodeProj’
Checking out 7.23.0 of package ‘XcodeProj’
Creating working copy of package ‘AEXML’
Checking out 4.5.0 of package ‘AEXML’
Creating working copy of package ‘PathKit’
Checking out 1.0.1 of package ‘PathKit’
Creating working copy of package ‘ShellOut’
Checking out 2.3.0 of package ‘ShellOut’
Creating working copy of package ‘CoreCLI’
Checking out 0.1.10 of package ‘CoreCLI’
Resolve Package Graph
Resolved source packages:
AEXML: https://github.com/tadija/AEXML @ 4.5.0
ShellOut: https://github.com/JohnSundell/ShellOut @ 2.3.0
CoreCLI: https://github.com/toshi0383/CoreCLI @ 0.1.10
XcodeProj: https://github.com/tuist/XcodeProj @ 7.23.0
PathKit: https://github.com/kylef/PathKit @ 1.0.1
hackscode: /Users/admin/builder/spi-builder-workspace
Spectre: https://github.com/kylef/Spectre.git @ 0.10.1
resolved source packages: AEXML, ShellOut, CoreCLI, XcodeProj, PathKit, hackscode, Spectre
2026-09-15 18:20:12.211 xcodebuild[529:3045] [MT] IDERunDestination: Supported platforms for the buildables in the current scheme is empty.
{
"dependencies" : [
{
"identity" : "corecli",
"requirement" : {
"range" : [
{
"lower_bound" : "0.1.10",
"upper_bound" : "1.0.0"
}
]
},
"type" : "sourceControl",
"url" : "https://github.com/toshi0383/CoreCLI"
},
{
"identity" : "xcodeproj",
"requirement" : {
"range" : [
{
"lower_bound" : "7.1.0",
"upper_bound" : "8.0.0"
}
]
},
"type" : "sourceControl",
"url" : "https://github.com/tuist/XcodeProj"
},
{
"identity" : "shellout",
"requirement" : {
"range" : [
{
"lower_bound" : "2.2.0",
"upper_bound" : "3.0.0"
}
]
},
"type" : "sourceControl",
"url" : "https://github.com/JohnSundell/ShellOut"
}
],
"manifest_display_name" : "hackscode",
"name" : "hackscode",
"path" : "/Users/admin/builder/spi-builder-workspace",
"platforms" : [
],
"products" : [
{
"name" : "hackscode",
"targets" : [
"hackscode"
],
"type" : {
"executable" : null
}
}
],
"targets" : [
{
"c99name" : "hackscode",
"module_type" : "SwiftTarget",
"name" : "hackscode",
"path" : "Sources/hackscode",
"product_dependencies" : [
"CoreCLI",
"XcodeProj",
"ShellOut"
],
"product_memberships" : [
"hackscode"
],
"sources" : [
"Commands/CreateNewFile.swift",
"Commands/DumpBuildFiles.swift",
"Commands/RemoveBuildFiles.swift",
"Commands/XQuick.swift",
"Utilities.swift",
"main.swift",
"zzz.Sourcery.out.swift"
],
"type" : "executable"
}
],
"tools_version" : "5.1"
}
{
"workspace" : {
"name" : "hackscode",
"schemes" : [
"hackscode"
]
}
}
2026-09-15 18:20:53.585 xcodebuild[871:5177] [MT] IDERunDestination: Supported platforms for the buildables in the current scheme is empty.
Running build ...
env DEVELOPER_DIR=/Applications/Xcode-27.0.0-Release.Candidate.app xcrun xcodebuild -IDEClonedSourcePackagesDirPathOverride=$PWD/.dependencies -skipMacroValidation -skipPackagePluginValidation -derivedDataPath $PWD/.derivedData build -scheme hackscode -destination generic/platform=xrOS
Command line invocation:
/Applications/Xcode-27.0.0-Release.Candidate.app/Contents/Developer/usr/bin/xcodebuild -IDEClonedSourcePackagesDirPathOverride=/Users/admin/builder/spi-builder-workspace/.dependencies -skipMacroValidation -skipPackagePluginValidation -derivedDataPath /Users/admin/builder/spi-builder-workspace/.derivedData build -scheme hackscode -destination generic/platform=xrOS
Resolve Package Graph
Resolve Package Graph
Resolved source packages:
PathKit: https://github.com/kylef/PathKit @ 1.0.1
AEXML: https://github.com/tadija/AEXML @ 4.5.0
Spectre: https://github.com/kylef/Spectre.git @ 0.10.1
XcodeProj: https://github.com/tuist/XcodeProj @ 7.23.0
ShellOut: https://github.com/JohnSundell/ShellOut @ 2.3.0
hackscode: /Users/admin/builder/spi-builder-workspace
CoreCLI: https://github.com/toshi0383/CoreCLI @ 0.1.10
ComputePackagePrebuildTargetDependencyGraph
Prepare packages
CreateBuildRequest
SendProjectDescription
CreateBuildOperation
ComputeTargetDependencyGraph
note: Building targets in dependency order
note: Target dependency graph (11 targets)
Target 'hackscode-product' in project 'hackscode'
➜ Explicit dependency on target 'CoreCLI-product' in project 'CoreCLI'
➜ Explicit dependency on target 'XcodeProj-product' in project 'XcodeProj'
➜ Explicit dependency on target 'ShellOut-product' in project 'ShellOut'
Target 'ShellOut-product' in project 'ShellOut'
➜ Explicit dependency on target 'ShellOut' in project 'ShellOut'
Target 'ShellOut' in project 'ShellOut' (no dependencies)
Target 'XcodeProj-product' in project 'XcodeProj'
➜ Explicit dependency on target 'XcodeProj' in project 'XcodeProj'
➜ Explicit dependency on target 'PathKit-product' in project 'PathKit'
➜ Explicit dependency on target 'AEXML-product' in project 'AEXML'
Target 'XcodeProj' in project 'XcodeProj'
➜ Explicit dependency on target 'PathKit-product' in project 'PathKit'
➜ Explicit dependency on target 'AEXML-product' in project 'AEXML'
Target 'AEXML-product' in project 'AEXML'
➜ Explicit dependency on target 'AEXML' in project 'AEXML'
Target 'AEXML' in project 'AEXML' (no dependencies)
Target 'PathKit-product' in project 'PathKit'
➜ Explicit dependency on target 'PathKit' in project 'PathKit'
Target 'PathKit' in project 'PathKit' (no dependencies)
Target 'CoreCLI-product' in project 'CoreCLI'
➜ Explicit dependency on target 'CoreCLI' in project 'CoreCLI'
Target 'CoreCLI' in project 'CoreCLI' (no dependencies)
GatherProvisioningInputs
CreateBuildDescription
ExecuteExternalTool /Applications/Xcode-27.0.0-Release.Candidate.app/Contents/Developer/Toolchains/XcodeDefault.xctoolchain/usr/bin/swiftc --version
ExecuteExternalTool /Applications/Xcode-27.0.0-Release.Candidate.app/Contents/Developer/Toolchains/XcodeDefault.xctoolchain/usr/bin/clang -v -E -dM -isysroot /Applications/Xcode-27.0.0-Release.Candidate.app/Contents/Developer/Platforms/XROS.platform/Developer/SDKs/XROS27.0.sdk -x c -c /dev/null
ExecuteExternalTool /Applications/Xcode-27.0.0-Release.Candidate.app/Contents/Developer/Toolchains/XcodeDefault.xctoolchain/usr/bin/ld -version_details
Build description signature: 64af79f45393eef995fd59eae15b1eb6
Build description path: /Users/admin/builder/spi-builder-workspace/.derivedData/Build/Intermediates.noindex/XCBuildData/64af79f45393eef995fd59eae15b1eb6.xcbuilddata
CreateBuildDirectory /Users/admin/builder/spi-builder-workspace/.derivedData/ModuleCache.noindex
cd /Users/admin/builder/spi-builder-workspace/.swiftpm/xcode
builtin-create-build-directory /Users/admin/builder/spi-builder-workspace/.derivedData/ModuleCache.noindex
CreateBuildDirectory /Users/admin/builder/spi-builder-workspace/.derivedData/SDKExplicitPrecompiledModules
cd /Users/admin/builder/spi-builder-workspace/.swiftpm/xcode
builtin-create-build-directory /Users/admin/builder/spi-builder-workspace/.derivedData/SDKExplicitPrecompiledModules
CreateBuildDirectory /Users/admin/builder/spi-builder-workspace/.derivedData/CompilationCache.noindex
cd /Users/admin/builder/spi-builder-workspace/.swiftpm/xcode
builtin-create-build-directory /Users/admin/builder/spi-builder-workspace/.derivedData/CompilationCache.noindex
ClangStatCache /Applications/Xcode-27.0.0-Release.Candidate.app/Contents/Developer/Toolchains/XcodeDefault.xctoolchain/usr/bin/clang-stat-cache /Applications/Xcode-27.0.0-Release.Candidate.app/Contents/Developer/Platforms/XROS.platform/Developer/SDKs/XROS27.0.sdk /Users/admin/builder/spi-builder-workspace/.derivedData/SDKStatCaches.noindex/xros27.0-24M361-e829b21a6f8c9b70876ba0858053c044735bd543db762f57723cac368afd1ce4.sdkstatcache
cd /Users/admin/builder/spi-builder-workspace/.swiftpm/xcode
/Applications/Xcode-27.0.0-Release.Candidate.app/Contents/Developer/Toolchains/XcodeDefault.xctoolchain/usr/bin/clang-stat-cache /Applications/Xcode-27.0.0-Release.Candidate.app/Contents/Developer/Platforms/XROS.platform/Developer/SDKs/XROS27.0.sdk -o /Users/admin/builder/spi-builder-workspace/.derivedData/SDKStatCaches.noindex/xros27.0-24M361-e829b21a6f8c9b70876ba0858053c044735bd543db762f57723cac368afd1ce4.sdkstatcache
CreateBuildDirectory /Users/admin/builder/spi-builder-workspace/.derivedData/Build/Intermediates.noindex
cd /Users/admin/builder/spi-builder-workspace/.swiftpm/xcode
builtin-create-build-directory /Users/admin/builder/spi-builder-workspace/.derivedData/Build/Intermediates.noindex
CreateBuildDirectory /Users/admin/builder/spi-builder-workspace/.derivedData/Build/Products
cd /Users/admin/builder/spi-builder-workspace/.swiftpm/xcode
builtin-create-build-directory /Users/admin/builder/spi-builder-workspace/.derivedData/Build/Products
CreateBuildDirectory /Users/admin/builder/spi-builder-workspace/.derivedData/Build/Intermediates.noindex/PrecompiledHeaders
cd /Users/admin/builder/spi-builder-workspace/.swiftpm/xcode
builtin-create-build-directory /Users/admin/builder/spi-builder-workspace/.derivedData/Build/Intermediates.noindex/PrecompiledHeaders
CreateBuildDirectory /Users/admin/builder/spi-builder-workspace/.derivedData/Build/Intermediates.noindex/SwiftExplicitPrecompiledModules
cd /Users/admin/builder/spi-builder-workspace/.swiftpm/xcode
builtin-create-build-directory /Users/admin/builder/spi-builder-workspace/.derivedData/Build/Intermediates.noindex/SwiftExplicitPrecompiledModules
CreateBuildDirectory /Users/admin/builder/spi-builder-workspace/.derivedData/Build/Products/Debug-xros
cd /Users/admin/builder/spi-builder-workspace/.swiftpm/xcode
builtin-create-build-directory /Users/admin/builder/spi-builder-workspace/.derivedData/Build/Products/Debug-xros
CreateBuildDirectory /Users/admin/builder/spi-builder-workspace/.derivedData/Build/Intermediates.noindex/ExplicitPrecompiledModules
cd /Users/admin/builder/spi-builder-workspace/.swiftpm/xcode
builtin-create-build-directory /Users/admin/builder/spi-builder-workspace/.derivedData/Build/Intermediates.noindex/ExplicitPrecompiledModules
CreateBuildDirectory /Users/admin/builder/spi-builder-workspace/.derivedData/Build/Intermediates.noindex/EagerLinkingTBDs/Debug-xros
cd /Users/admin/builder/spi-builder-workspace/.swiftpm/xcode
builtin-create-build-directory /Users/admin/builder/spi-builder-workspace/.derivedData/Build/Intermediates.noindex/EagerLinkingTBDs/Debug-xros
CreateBuildDirectory /Users/admin/builder/spi-builder-workspace/.derivedData/Build/Products/Debug-xros/PackageFrameworks
cd /Users/admin/builder/spi-builder-workspace/.swiftpm/xcode
builtin-create-build-directory /Users/admin/builder/spi-builder-workspace/.derivedData/Build/Products/Debug-xros/PackageFrameworks
WriteAuxiliaryFile /Users/admin/builder/spi-builder-workspace/.derivedData/Build/Intermediates.noindex/hackscode.build/Debug-xros/hackscode-p.build/hackscode.DependencyStaticMetadataFileList (in target 'hackscode-product' from project 'hackscode')
cd /Users/admin/builder/spi-builder-workspace
write-file /Users/admin/builder/spi-builder-workspace/.derivedData/Build/Intermediates.noindex/hackscode.build/Debug-xros/hackscode-p.build/hackscode.DependencyStaticMetadataFileList
WriteAuxiliaryFile /Users/admin/builder/spi-builder-workspace/.derivedData/Build/Intermediates.noindex/hackscode.build/Debug-xros/hackscode-p.build/hackscode.DependencyMetadataFileList (in target 'hackscode-product' from project 'hackscode')
cd /Users/admin/builder/spi-builder-workspace
write-file /Users/admin/builder/spi-builder-workspace/.derivedData/Build/Intermediates.noindex/hackscode.build/Debug-xros/hackscode-p.build/hackscode.DependencyMetadataFileList
WriteAuxiliaryFile /Users/admin/builder/spi-builder-workspace/.derivedData/Build/Intermediates.noindex/hackscode.build/Debug-xros/hackscode-p.build/Objects-normal/arm64/hackscode_const_extract_protocols.json (in target 'hackscode-product' from project 'hackscode')
cd /Users/admin/builder/spi-builder-workspace
write-file /Users/admin/builder/spi-builder-workspace/.derivedData/Build/Intermediates.noindex/hackscode.build/Debug-xros/hackscode-p.build/Objects-normal/arm64/hackscode_const_extract_protocols.json
WriteAuxiliaryFile /Users/admin/builder/spi-builder-workspace/.derivedData/Build/Intermediates.noindex/hackscode.build/Debug-xros/hackscode-p.build/Objects-normal/arm64/hackscode-OutputFileMap.json (in target 'hackscode-product' from project 'hackscode')
cd /Users/admin/builder/spi-builder-workspace
write-file /Users/admin/builder/spi-builder-workspace/.derivedData/Build/Intermediates.noindex/hackscode.build/Debug-xros/hackscode-p.build/Objects-normal/arm64/hackscode-OutputFileMap.json
WriteAuxiliaryFile /Users/admin/builder/spi-builder-workspace/.derivedData/Build/Intermediates.noindex/hackscode.build/Debug-xros/hackscode-p.build/Objects-normal/arm64/hackscode.LinkFileList (in target 'hackscode-product' from project 'hackscode')
cd /Users/admin/builder/spi-builder-workspace
write-file /Users/admin/builder/spi-builder-workspace/.derivedData/Build/Intermediates.noindex/hackscode.build/Debug-xros/hackscode-p.build/Objects-normal/arm64/hackscode.LinkFileList
WriteAuxiliaryFile /Users/admin/builder/spi-builder-workspace/.derivedData/Build/Intermediates.noindex/hackscode.build/Debug-xros/hackscode-p.build/Objects-normal/arm64/hackscode.SwiftFileList (in target 'hackscode-product' from project 'hackscode')
cd /Users/admin/builder/spi-builder-workspace
write-file /Users/admin/builder/spi-builder-workspace/.derivedData/Build/Intermediates.noindex/hackscode.build/Debug-xros/hackscode-p.build/Objects-normal/arm64/hackscode.SwiftFileList
WriteAuxiliaryFile /Users/admin/builder/spi-builder-workspace/.derivedData/Build/Intermediates.noindex/XcodeProj.build/Debug-xros/XcodeProj-t.build/XcodeProj.DependencyMetadataFileList (in target 'XcodeProj' from project 'XcodeProj')
cd /Users/admin/builder/spi-builder-workspace/.dependencies/checkouts/XcodeProj
write-file /Users/admin/builder/spi-builder-workspace/.derivedData/Build/Intermediates.noindex/XcodeProj.build/Debug-xros/XcodeProj-t.build/XcodeProj.DependencyMetadataFileList
WriteAuxiliaryFile /Users/admin/builder/spi-builder-workspace/.derivedData/Build/Intermediates.noindex/XcodeProj.build/Debug-xros/XcodeProj-t.build/XcodeProj.DependencyStaticMetadataFileList (in target 'XcodeProj' from project 'XcodeProj')
cd /Users/admin/builder/spi-builder-workspace/.dependencies/checkouts/XcodeProj
write-file /Users/admin/builder/spi-builder-workspace/.derivedData/Build/Intermediates.noindex/XcodeProj.build/Debug-xros/XcodeProj-t.build/XcodeProj.DependencyStaticMetadataFileList
WriteAuxiliaryFile /Users/admin/builder/spi-builder-workspace/.derivedData/Build/Intermediates.noindex/XcodeProj.build/Debug-xros/XcodeProj-t.build/XcodeProj.modulemap (in target 'XcodeProj' from project 'XcodeProj')
cd /Users/admin/builder/spi-builder-workspace/.dependencies/checkouts/XcodeProj
write-file /Users/admin/builder/spi-builder-workspace/.derivedData/Build/Intermediates.noindex/XcodeProj.build/Debug-xros/XcodeProj-t.build/XcodeProj.modulemap
WriteAuxiliaryFile /Users/admin/builder/spi-builder-workspace/.derivedData/Build/Intermediates.noindex/XcodeProj.build/Debug-xros/XcodeProj-t.build/Objects-normal/arm64/XcodeProj_const_extract_protocols.json (in target 'XcodeProj' from project 'XcodeProj')
cd /Users/admin/builder/spi-builder-workspace/.dependencies/checkouts/XcodeProj
write-file /Users/admin/builder/spi-builder-workspace/.derivedData/Build/Intermediates.noindex/XcodeProj.build/Debug-xros/XcodeProj-t.build/Objects-normal/arm64/XcodeProj_const_extract_protocols.json
WriteAuxiliaryFile /Users/admin/builder/spi-builder-workspace/.derivedData/Build/Intermediates.noindex/XcodeProj.build/Debug-xros/XcodeProj-t.build/Objects-normal/arm64/XcodeProj.SwiftFileList (in target 'XcodeProj' from project 'XcodeProj')
cd /Users/admin/builder/spi-builder-workspace/.dependencies/checkouts/XcodeProj
write-file /Users/admin/builder/spi-builder-workspace/.derivedData/Build/Intermediates.noindex/XcodeProj.build/Debug-xros/XcodeProj-t.build/Objects-normal/arm64/XcodeProj.SwiftFileList
WriteAuxiliaryFile /Users/admin/builder/spi-builder-workspace/.derivedData/Build/Intermediates.noindex/XcodeProj.build/Debug-xros/XcodeProj-t.build/Objects-normal/arm64/XcodeProj.SwiftConstValuesFileList (in target 'XcodeProj' from project 'XcodeProj')
cd /Users/admin/builder/spi-builder-workspace/.dependencies/checkouts/XcodeProj
write-file /Users/admin/builder/spi-builder-workspace/.derivedData/Build/Intermediates.noindex/XcodeProj.build/Debug-xros/XcodeProj-t.build/Objects-normal/arm64/XcodeProj.SwiftConstValuesFileList
WriteAuxiliaryFile /Users/admin/builder/spi-builder-workspace/.derivedData/Build/Intermediates.noindex/XcodeProj.build/Debug-xros/XcodeProj-t.build/Objects-normal/arm64/XcodeProj-OutputFileMap.json (in target 'XcodeProj' from project 'XcodeProj')
cd /Users/admin/builder/spi-builder-workspace/.dependencies/checkouts/XcodeProj
write-file /Users/admin/builder/spi-builder-workspace/.derivedData/Build/Intermediates.noindex/XcodeProj.build/Debug-xros/XcodeProj-t.build/Objects-normal/arm64/XcodeProj-OutputFileMap.json
WriteAuxiliaryFile /Users/admin/builder/spi-builder-workspace/.derivedData/Build/Intermediates.noindex/XcodeProj.build/Debug-xros/XcodeProj-t.build/Objects-normal/arm64/XcodeProj.LinkFileList (in target 'XcodeProj' from project 'XcodeProj')
cd /Users/admin/builder/spi-builder-workspace/.dependencies/checkouts/XcodeProj
write-file /Users/admin/builder/spi-builder-workspace/.derivedData/Build/Intermediates.noindex/XcodeProj.build/Debug-xros/XcodeProj-t.build/Objects-normal/arm64/XcodeProj.LinkFileList
WriteAuxiliaryFile /Users/admin/builder/spi-builder-workspace/.derivedData/Build/Intermediates.noindex/ShellOut.build/Debug-xros/ShellOut-t.build/ShellOut.modulemap (in target 'ShellOut' from project 'ShellOut')
cd /Users/admin/builder/spi-builder-workspace/.dependencies/checkouts/ShellOut
write-file /Users/admin/builder/spi-builder-workspace/.derivedData/Build/Intermediates.noindex/ShellOut.build/Debug-xros/ShellOut-t.build/ShellOut.modulemap
WriteAuxiliaryFile /Users/admin/builder/spi-builder-workspace/.derivedData/Build/Intermediates.noindex/ShellOut.build/Debug-xros/ShellOut-t.build/ShellOut.DependencyStaticMetadataFileList (in target 'ShellOut' from project 'ShellOut')
cd /Users/admin/builder/spi-builder-workspace/.dependencies/checkouts/ShellOut
write-file /Users/admin/builder/spi-builder-workspace/.derivedData/Build/Intermediates.noindex/ShellOut.build/Debug-xros/ShellOut-t.build/ShellOut.DependencyStaticMetadataFileList
WriteAuxiliaryFile /Users/admin/builder/spi-builder-workspace/.derivedData/Build/Intermediates.noindex/ShellOut.build/Debug-xros/ShellOut-t.build/ShellOut.DependencyMetadataFileList (in target 'ShellOut' from project 'ShellOut')
cd /Users/admin/builder/spi-builder-workspace/.dependencies/checkouts/ShellOut
write-file /Users/admin/builder/spi-builder-workspace/.derivedData/Build/Intermediates.noindex/ShellOut.build/Debug-xros/ShellOut-t.build/ShellOut.DependencyMetadataFileList
WriteAuxiliaryFile /Users/admin/builder/spi-builder-workspace/.derivedData/Build/Intermediates.noindex/ShellOut.build/Debug-xros/ShellOut-t.build/Objects-normal/arm64/ShellOut_const_extract_protocols.json (in target 'ShellOut' from project 'ShellOut')
cd /Users/admin/builder/spi-builder-workspace/.dependencies/checkouts/ShellOut
write-file /Users/admin/builder/spi-builder-workspace/.derivedData/Build/Intermediates.noindex/ShellOut.build/Debug-xros/ShellOut-t.build/Objects-normal/arm64/ShellOut_const_extract_protocols.json
Copy /Users/admin/builder/spi-builder-workspace/.derivedData/Build/Intermediates.noindex/GeneratedModuleMaps-xros/XcodeProj.modulemap /Users/admin/builder/spi-builder-workspace/.derivedData/Build/Intermediates.noindex/XcodeProj.build/Debug-xros/XcodeProj-t.build/XcodeProj.modulemap (in target 'XcodeProj' from project 'XcodeProj')
cd /Users/admin/builder/spi-builder-workspace/.dependencies/checkouts/XcodeProj
builtin-copy -exclude .DS_Store -exclude CVS -exclude .svn -exclude .git -exclude .hg -resolve-src-symlinks /Users/admin/builder/spi-builder-workspace/.derivedData/Build/Intermediates.noindex/XcodeProj.build/Debug-xros/XcodeProj-t.build/XcodeProj.modulemap /Users/admin/builder/spi-builder-workspace/.derivedData/Build/Intermediates.noindex/GeneratedModuleMaps-xros
WriteAuxiliaryFile /Users/admin/builder/spi-builder-workspace/.derivedData/Build/Intermediates.noindex/ShellOut.build/Debug-xros/ShellOut-t.build/Objects-normal/arm64/ShellOut.SwiftFileList (in target 'ShellOut' from project 'ShellOut')
cd /Users/admin/builder/spi-builder-workspace/.dependencies/checkouts/ShellOut
write-file /Users/admin/builder/spi-builder-workspace/.derivedData/Build/Intermediates.noindex/ShellOut.build/Debug-xros/ShellOut-t.build/Objects-normal/arm64/ShellOut.SwiftFileList
WriteAuxiliaryFile /Users/admin/builder/spi-builder-workspace/.derivedData/Build/Intermediates.noindex/ShellOut.build/Debug-xros/ShellOut-t.build/Objects-normal/arm64/ShellOut.SwiftConstValuesFileList (in target 'ShellOut' from project 'ShellOut')
cd /Users/admin/builder/spi-builder-workspace/.dependencies/checkouts/ShellOut
write-file /Users/admin/builder/spi-builder-workspace/.derivedData/Build/Intermediates.noindex/ShellOut.build/Debug-xros/ShellOut-t.build/Objects-normal/arm64/ShellOut.SwiftConstValuesFileList
WriteAuxiliaryFile /Users/admin/builder/spi-builder-workspace/.derivedData/Build/Intermediates.noindex/ShellOut.build/Debug-xros/ShellOut-t.build/Objects-normal/arm64/ShellOut.LinkFileList (in target 'ShellOut' from project 'ShellOut')
cd /Users/admin/builder/spi-builder-workspace/.dependencies/checkouts/ShellOut
write-file /Users/admin/builder/spi-builder-workspace/.derivedData/Build/Intermediates.noindex/ShellOut.build/Debug-xros/ShellOut-t.build/Objects-normal/arm64/ShellOut.LinkFileList
WriteAuxiliaryFile /Users/admin/builder/spi-builder-workspace/.derivedData/Build/Intermediates.noindex/ShellOut.build/Debug-xros/ShellOut-t.build/Objects-normal/arm64/ShellOut-OutputFileMap.json (in target 'ShellOut' from project 'ShellOut')
cd /Users/admin/builder/spi-builder-workspace/.dependencies/checkouts/ShellOut
write-file /Users/admin/builder/spi-builder-workspace/.derivedData/Build/Intermediates.noindex/ShellOut.build/Debug-xros/ShellOut-t.build/Objects-normal/arm64/ShellOut-OutputFileMap.json
Copy /Users/admin/builder/spi-builder-workspace/.derivedData/Build/Intermediates.noindex/GeneratedModuleMaps-xros/ShellOut.modulemap /Users/admin/builder/spi-builder-workspace/.derivedData/Build/Intermediates.noindex/ShellOut.build/Debug-xros/ShellOut-t.build/ShellOut.modulemap (in target 'ShellOut' from project 'ShellOut')
cd /Users/admin/builder/spi-builder-workspace/.dependencies/checkouts/ShellOut
builtin-copy -exclude .DS_Store -exclude CVS -exclude .svn -exclude .git -exclude .hg -resolve-src-symlinks /Users/admin/builder/spi-builder-workspace/.derivedData/Build/Intermediates.noindex/ShellOut.build/Debug-xros/ShellOut-t.build/ShellOut.modulemap /Users/admin/builder/spi-builder-workspace/.derivedData/Build/Intermediates.noindex/GeneratedModuleMaps-xros
WriteAuxiliaryFile /Users/admin/builder/spi-builder-workspace/.derivedData/Build/Intermediates.noindex/PathKit.build/Debug-xros/PathKit-t.build/PathKit.modulemap (in target 'PathKit' from project 'PathKit')
cd /Users/admin/builder/spi-builder-workspace/.dependencies/checkouts/PathKit
write-file /Users/admin/builder/spi-builder-workspace/.derivedData/Build/Intermediates.noindex/PathKit.build/Debug-xros/PathKit-t.build/PathKit.modulemap
WriteAuxiliaryFile /Users/admin/builder/spi-builder-workspace/.derivedData/Build/Intermediates.noindex/PathKit.build/Debug-xros/PathKit-t.build/PathKit.DependencyStaticMetadataFileList (in target 'PathKit' from project 'PathKit')
cd /Users/admin/builder/spi-builder-workspace/.dependencies/checkouts/PathKit
write-file /Users/admin/builder/spi-builder-workspace/.derivedData/Build/Intermediates.noindex/PathKit.build/Debug-xros/PathKit-t.build/PathKit.DependencyStaticMetadataFileList
WriteAuxiliaryFile /Users/admin/builder/spi-builder-workspace/.derivedData/Build/Intermediates.noindex/PathKit.build/Debug-xros/PathKit-t.build/PathKit.DependencyMetadataFileList (in target 'PathKit' from project 'PathKit')
cd /Users/admin/builder/spi-builder-workspace/.dependencies/checkouts/PathKit
write-file /Users/admin/builder/spi-builder-workspace/.derivedData/Build/Intermediates.noindex/PathKit.build/Debug-xros/PathKit-t.build/PathKit.DependencyMetadataFileList
WriteAuxiliaryFile /Users/admin/builder/spi-builder-workspace/.derivedData/Build/Intermediates.noindex/PathKit.build/Debug-xros/PathKit-t.build/Objects-normal/arm64/PathKit.SwiftFileList (in target 'PathKit' from project 'PathKit')
cd /Users/admin/builder/spi-builder-workspace/.dependencies/checkouts/PathKit
write-file /Users/admin/builder/spi-builder-workspace/.derivedData/Build/Intermediates.noindex/PathKit.build/Debug-xros/PathKit-t.build/Objects-normal/arm64/PathKit.SwiftFileList
WriteAuxiliaryFile /Users/admin/builder/spi-builder-workspace/.derivedData/Build/Intermediates.noindex/PathKit.build/Debug-xros/PathKit-t.build/Objects-normal/arm64/PathKit.SwiftConstValuesFileList (in target 'PathKit' from project 'PathKit')
cd /Users/admin/builder/spi-builder-workspace/.dependencies/checkouts/PathKit
write-file /Users/admin/builder/spi-builder-workspace/.derivedData/Build/Intermediates.noindex/PathKit.build/Debug-xros/PathKit-t.build/Objects-normal/arm64/PathKit.SwiftConstValuesFileList
WriteAuxiliaryFile /Users/admin/builder/spi-builder-workspace/.derivedData/Build/Intermediates.noindex/PathKit.build/Debug-xros/PathKit-t.build/Objects-normal/arm64/PathKit_const_extract_protocols.json (in target 'PathKit' from project 'PathKit')
cd /Users/admin/builder/spi-builder-workspace/.dependencies/checkouts/PathKit
write-file /Users/admin/builder/spi-builder-workspace/.derivedData/Build/Intermediates.noindex/PathKit.build/Debug-xros/PathKit-t.build/Objects-normal/arm64/PathKit_const_extract_protocols.json
WriteAuxiliaryFile /Users/admin/builder/spi-builder-workspace/.derivedData/Build/Intermediates.noindex/PathKit.build/Debug-xros/PathKit-t.build/Objects-normal/arm64/PathKit.LinkFileList (in target 'PathKit' from project 'PathKit')
cd /Users/admin/builder/spi-builder-workspace/.dependencies/checkouts/PathKit
write-file /Users/admin/builder/spi-builder-workspace/.derivedData/Build/Intermediates.noindex/PathKit.build/Debug-xros/PathKit-t.build/Objects-normal/arm64/PathKit.LinkFileList
WriteAuxiliaryFile /Users/admin/builder/spi-builder-workspace/.derivedData/Build/Intermediates.noindex/PathKit.build/Debug-xros/PathKit-t.build/Objects-normal/arm64/PathKit-OutputFileMap.json (in target 'PathKit' from project 'PathKit')
cd /Users/admin/builder/spi-builder-workspace/.dependencies/checkouts/PathKit
write-file /Users/admin/builder/spi-builder-workspace/.derivedData/Build/Intermediates.noindex/PathKit.build/Debug-xros/PathKit-t.build/Objects-normal/arm64/PathKit-OutputFileMap.json
Copy /Users/admin/builder/spi-builder-workspace/.derivedData/Build/Intermediates.noindex/GeneratedModuleMaps-xros/PathKit.modulemap /Users/admin/builder/spi-builder-workspace/.derivedData/Build/Intermediates.noindex/PathKit.build/Debug-xros/PathKit-t.build/PathKit.modulemap (in target 'PathKit' from project 'PathKit')
cd /Users/admin/builder/spi-builder-workspace/.dependencies/checkouts/PathKit
builtin-copy -exclude .DS_Store -exclude CVS -exclude .svn -exclude .git -exclude .hg -resolve-src-symlinks /Users/admin/builder/spi-builder-workspace/.derivedData/Build/Intermediates.noindex/PathKit.build/Debug-xros/PathKit-t.build/PathKit.modulemap /Users/admin/builder/spi-builder-workspace/.derivedData/Build/Intermediates.noindex/GeneratedModuleMaps-xros
WriteAuxiliaryFile /Users/admin/builder/spi-builder-workspace/.derivedData/Build/Intermediates.noindex/CoreCLI.build/Debug-xros/CoreCLI-t.build/Objects-normal/arm64/CoreCLI_const_extract_protocols.json (in target 'CoreCLI' from project 'CoreCLI')
cd /Users/admin/builder/spi-builder-workspace/.dependencies/checkouts/CoreCLI
write-file /Users/admin/builder/spi-builder-workspace/.derivedData/Build/Intermediates.noindex/CoreCLI.build/Debug-xros/CoreCLI-t.build/Objects-normal/arm64/CoreCLI_const_extract_protocols.json
WriteAuxiliaryFile /Users/admin/builder/spi-builder-workspace/.derivedData/Build/Intermediates.noindex/CoreCLI.build/Debug-xros/CoreCLI-t.build/Objects-normal/arm64/CoreCLI.SwiftFileList (in target 'CoreCLI' from project 'CoreCLI')
cd /Users/admin/builder/spi-builder-workspace/.dependencies/checkouts/CoreCLI
write-file /Users/admin/builder/spi-builder-workspace/.derivedData/Build/Intermediates.noindex/CoreCLI.build/Debug-xros/CoreCLI-t.build/Objects-normal/arm64/CoreCLI.SwiftFileList
WriteAuxiliaryFile /Users/admin/builder/spi-builder-workspace/.derivedData/Build/Intermediates.noindex/CoreCLI.build/Debug-xros/CoreCLI-t.build/Objects-normal/arm64/CoreCLI.SwiftConstValuesFileList (in target 'CoreCLI' from project 'CoreCLI')
cd /Users/admin/builder/spi-builder-workspace/.dependencies/checkouts/CoreCLI
write-file /Users/admin/builder/spi-builder-workspace/.derivedData/Build/Intermediates.noindex/CoreCLI.build/Debug-xros/CoreCLI-t.build/Objects-normal/arm64/CoreCLI.SwiftConstValuesFileList
WriteAuxiliaryFile /Users/admin/builder/spi-builder-workspace/.derivedData/Build/Intermediates.noindex/CoreCLI.build/Debug-xros/CoreCLI-t.build/Objects-normal/arm64/CoreCLI.LinkFileList (in target 'CoreCLI' from project 'CoreCLI')
cd /Users/admin/builder/spi-builder-workspace/.dependencies/checkouts/CoreCLI
write-file /Users/admin/builder/spi-builder-workspace/.derivedData/Build/Intermediates.noindex/CoreCLI.build/Debug-xros/CoreCLI-t.build/Objects-normal/arm64/CoreCLI.LinkFileList
WriteAuxiliaryFile /Users/admin/builder/spi-builder-workspace/.derivedData/Build/Intermediates.noindex/CoreCLI.build/Debug-xros/CoreCLI-t.build/Objects-normal/arm64/CoreCLI-OutputFileMap.json (in target 'CoreCLI' from project 'CoreCLI')
cd /Users/admin/builder/spi-builder-workspace/.dependencies/checkouts/CoreCLI
write-file /Users/admin/builder/spi-builder-workspace/.derivedData/Build/Intermediates.noindex/CoreCLI.build/Debug-xros/CoreCLI-t.build/Objects-normal/arm64/CoreCLI-OutputFileMap.json
WriteAuxiliaryFile /Users/admin/builder/spi-builder-workspace/.derivedData/Build/Intermediates.noindex/CoreCLI.build/Debug-xros/CoreCLI-t.build/CoreCLI.modulemap (in target 'CoreCLI' from project 'CoreCLI')
cd /Users/admin/builder/spi-builder-workspace/.dependencies/checkouts/CoreCLI
write-file /Users/admin/builder/spi-builder-workspace/.derivedData/Build/Intermediates.noindex/CoreCLI.build/Debug-xros/CoreCLI-t.build/CoreCLI.modulemap
WriteAuxiliaryFile /Users/admin/builder/spi-builder-workspace/.derivedData/Build/Intermediates.noindex/CoreCLI.build/Debug-xros/CoreCLI-t.build/CoreCLI.DependencyStaticMetadataFileList (in target 'CoreCLI' from project 'CoreCLI')
cd /Users/admin/builder/spi-builder-workspace/.dependencies/checkouts/CoreCLI
write-file /Users/admin/builder/spi-builder-workspace/.derivedData/Build/Intermediates.noindex/CoreCLI.build/Debug-xros/CoreCLI-t.build/CoreCLI.DependencyStaticMetadataFileList
WriteAuxiliaryFile /Users/admin/builder/spi-builder-workspace/.derivedData/Build/Intermediates.noindex/CoreCLI.build/Debug-xros/CoreCLI-t.build/CoreCLI.DependencyMetadataFileList (in target 'CoreCLI' from project 'CoreCLI')
cd /Users/admin/builder/spi-builder-workspace/.dependencies/checkouts/CoreCLI
write-file /Users/admin/builder/spi-builder-workspace/.derivedData/Build/Intermediates.noindex/CoreCLI.build/Debug-xros/CoreCLI-t.build/CoreCLI.DependencyMetadataFileList
Copy /Users/admin/builder/spi-builder-workspace/.derivedData/Build/Intermediates.noindex/GeneratedModuleMaps-xros/CoreCLI.modulemap /Users/admin/builder/spi-builder-workspace/.derivedData/Build/Intermediates.noindex/CoreCLI.build/Debug-xros/CoreCLI-t.build/CoreCLI.modulemap (in target 'CoreCLI' from project 'CoreCLI')
cd /Users/admin/builder/spi-builder-workspace/.dependencies/checkouts/CoreCLI
builtin-copy -exclude .DS_Store -exclude CVS -exclude .svn -exclude .git -exclude .hg -resolve-src-symlinks /Users/admin/builder/spi-builder-workspace/.derivedData/Build/Intermediates.noindex/CoreCLI.build/Debug-xros/CoreCLI-t.build/CoreCLI.modulemap /Users/admin/builder/spi-builder-workspace/.derivedData/Build/Intermediates.noindex/GeneratedModuleMaps-xros
WriteAuxiliaryFile /Users/admin/builder/spi-builder-workspace/.derivedData/Build/Intermediates.noindex/AEXML.build/Debug-xros/AEXML-t.build/Objects-normal/arm64/AEXML-OutputFileMap.json (in target 'AEXML' from project 'AEXML')
cd /Users/admin/builder/spi-builder-workspace/.dependencies/checkouts/AEXML
write-file /Users/admin/builder/spi-builder-workspace/.derivedData/Build/Intermediates.noindex/AEXML.build/Debug-xros/AEXML-t.build/Objects-normal/arm64/AEXML-OutputFileMap.json
WriteAuxiliaryFile /Users/admin/builder/spi-builder-workspace/.derivedData/Build/Intermediates.noindex/AEXML.build/Debug-xros/AEXML-t.build/Objects-normal/arm64/AEXML_const_extract_protocols.json (in target 'AEXML' from project 'AEXML')
cd /Users/admin/builder/spi-builder-workspace/.dependencies/checkouts/AEXML
write-file /Users/admin/builder/spi-builder-workspace/.derivedData/Build/Intermediates.noindex/AEXML.build/Debug-xros/AEXML-t.build/Objects-normal/arm64/AEXML_const_extract_protocols.json
WriteAuxiliaryFile /Users/admin/builder/spi-builder-workspace/.derivedData/Build/Intermediates.noindex/AEXML.build/Debug-xros/AEXML-t.build/Objects-normal/arm64/AEXML.LinkFileList (in target 'AEXML' from project 'AEXML')
cd /Users/admin/builder/spi-builder-workspace/.dependencies/checkouts/AEXML
write-file /Users/admin/builder/spi-builder-workspace/.derivedData/Build/Intermediates.noindex/AEXML.build/Debug-xros/AEXML-t.build/Objects-normal/arm64/AEXML.LinkFileList
WriteAuxiliaryFile /Users/admin/builder/spi-builder-workspace/.derivedData/Build/Intermediates.noindex/AEXML.build/Debug-xros/AEXML-t.build/Objects-normal/arm64/AEXML.SwiftFileList (in target 'AEXML' from project 'AEXML')
cd /Users/admin/builder/spi-builder-workspace/.dependencies/checkouts/AEXML
write-file /Users/admin/builder/spi-builder-workspace/.derivedData/Build/Intermediates.noindex/AEXML.build/Debug-xros/AEXML-t.build/Objects-normal/arm64/AEXML.SwiftFileList
WriteAuxiliaryFile /Users/admin/builder/spi-builder-workspace/.derivedData/Build/Intermediates.noindex/AEXML.build/Debug-xros/AEXML-t.build/Objects-normal/arm64/AEXML.SwiftConstValuesFileList (in target 'AEXML' from project 'AEXML')
cd /Users/admin/builder/spi-builder-workspace/.dependencies/checkouts/AEXML
write-file /Users/admin/builder/spi-builder-workspace/.derivedData/Build/Intermediates.noindex/AEXML.build/Debug-xros/AEXML-t.build/Objects-normal/arm64/AEXML.SwiftConstValuesFileList
WriteAuxiliaryFile /Users/admin/builder/spi-builder-workspace/.derivedData/Build/Intermediates.noindex/AEXML.build/Debug-xros/AEXML-t.build/AEXML.modulemap (in target 'AEXML' from project 'AEXML')
cd /Users/admin/builder/spi-builder-workspace/.dependencies/checkouts/AEXML
write-file /Users/admin/builder/spi-builder-workspace/.derivedData/Build/Intermediates.noindex/AEXML.build/Debug-xros/AEXML-t.build/AEXML.modulemap
WriteAuxiliaryFile /Users/admin/builder/spi-builder-workspace/.derivedData/Build/Intermediates.noindex/AEXML.build/Debug-xros/AEXML-t.build/AEXML.DependencyStaticMetadataFileList (in target 'AEXML' from project 'AEXML')
cd /Users/admin/builder/spi-builder-workspace/.dependencies/checkouts/AEXML
write-file /Users/admin/builder/spi-builder-workspace/.derivedData/Build/Intermediates.noindex/AEXML.build/Debug-xros/AEXML-t.build/AEXML.DependencyStaticMetadataFileList
WriteAuxiliaryFile /Users/admin/builder/spi-builder-workspace/.derivedData/Build/Intermediates.noindex/AEXML.build/Debug-xros/AEXML-t.build/AEXML.DependencyMetadataFileList (in target 'AEXML' from project 'AEXML')
cd /Users/admin/builder/spi-builder-workspace/.dependencies/checkouts/AEXML
write-file /Users/admin/builder/spi-builder-workspace/.derivedData/Build/Intermediates.noindex/AEXML.build/Debug-xros/AEXML-t.build/AEXML.DependencyMetadataFileList
Copy /Users/admin/builder/spi-builder-workspace/.derivedData/Build/Intermediates.noindex/GeneratedModuleMaps-xros/AEXML.modulemap /Users/admin/builder/spi-builder-workspace/.derivedData/Build/Intermediates.noindex/AEXML.build/Debug-xros/AEXML-t.build/AEXML.modulemap (in target 'AEXML' from project 'AEXML')
cd /Users/admin/builder/spi-builder-workspace/.dependencies/checkouts/AEXML
builtin-copy -exclude .DS_Store -exclude CVS -exclude .svn -exclude .git -exclude .hg -resolve-src-symlinks /Users/admin/builder/spi-builder-workspace/.derivedData/Build/Intermediates.noindex/AEXML.build/Debug-xros/AEXML-t.build/AEXML.modulemap /Users/admin/builder/spi-builder-workspace/.derivedData/Build/Intermediates.noindex/GeneratedModuleMaps-xros
SwiftDriver CoreCLI normal arm64 com.apple.xcode.tools.swift.compiler (in target 'CoreCLI' from project 'CoreCLI')
cd /Users/admin/builder/spi-builder-workspace/.swiftpm/xcode
builtin-SwiftDriver -- /Applications/Xcode-27.0.0-Release.Candidate.app/Contents/Developer/Toolchains/XcodeDefault.xctoolchain/usr/bin/swiftc -parse-as-library -module-name CoreCLI -Onone @/Users/admin/builder/spi-builder-workspace/.derivedData/Build/Intermediates.noindex/CoreCLI.build/Debug-xros/CoreCLI-t.build/Objects-normal/arm64/CoreCLI.SwiftFileList -DSWIFT_PACKAGE -DDEBUG -DSWIFT_MODULE_RESOURCE_BUNDLE_UNAVAILABLE -DXcode -plugin-path /Applications/Xcode-27.0.0-Release.Candidate.app/Contents/Developer/Toolchains/XcodeDefault.xctoolchain/usr/lib/swift/host/plugins/testing -enable-experimental-feature DebugDescriptionMacro -sdk /Applications/Xcode-27.0.0-Release.Candidate.app/Contents/Developer/Platforms/XROS.platform/Developer/SDKs/XROS27.0.sdk -target arm64-apple-xros1.0 -g -module-cache-path /Users/admin/builder/spi-builder-workspace/.derivedData/ModuleCache.noindex -Xfrontend -serialize-debugging-options -enable-testing -suppress-warnings -index-store-path /Users/admin/builder/spi-builder-workspace/.derivedData/Index.noindex/DataStore -Xcc -D_LIBCPP_HARDENING_MODE\=_LIBCPP_HARDENING_MODE_DEBUG -swift-version 4 -I /Users/admin/builder/spi-builder-workspace/.derivedData/Build/Products/Debug-xros -Isystem /Applications/Xcode-27.0.0-Release.Candidate.app/Contents/Developer/Platforms/XROS.platform/Developer/usr/lib -F /Users/admin/builder/spi-builder-workspace/.derivedData/Build/Products/Debug-xros -F /Applications/Xcode-27.0.0-Release.Candidate.app/Contents/Developer/Platforms/XROS.platform/Developer/Library/Frameworks -F /Applications/Xcode-27.0.0-Release.Candidate.app/Contents/Developer/Platforms/XROS.platform/Developer/SDKs/XROS27.0.sdk/Developer/Library/Frameworks -c -j10 -enable-batch-mode -incremental -Xcc -ivfsstatcache -Xcc /Users/admin/builder/spi-builder-workspace/.derivedData/SDKStatCaches.noindex/xros27.0-24M361-e829b21a6f8c9b70876ba0858053c044735bd543db762f57723cac368afd1ce4.sdkstatcache -output-file-map /Users/admin/builder/spi-builder-workspace/.derivedData/Build/Intermediates.noindex/CoreCLI.build/Debug-xros/CoreCLI-t.build/Objects-normal/arm64/CoreCLI-OutputFileMap.json -save-temps -no-color-diagnostics -emit-dependencies -emit-module -emit-module-path /Users/admin/builder/spi-builder-workspace/.derivedData/Build/Intermediates.noindex/CoreCLI.build/Debug-xros/CoreCLI-t.build/Objects-normal/arm64/CoreCLI.swiftmodule -serialize-diagnostics -validate-clang-modules-once -clang-build-session-file /Users/admin/builder/spi-builder-workspace/.derivedData/ModuleCache.noindex/Session.modulevalidation -Xcc -fmodules-prune-interval\=86400 -Xcc -fmodules-prune-after\=345600 -emit-const-values -const-gather-protocols-list /Users/admin/builder/spi-builder-workspace/.derivedData/Build/Intermediates.noindex/CoreCLI.build/Debug-xros/CoreCLI-t.build/Objects-normal/arm64/CoreCLI_const_extract_protocols.json -Xcc -I/Users/admin/builder/spi-builder-workspace/.derivedData/Build/Products/Debug-xros/include -Xcc -I/Users/admin/builder/spi-builder-workspace/.derivedData/Build/Intermediates.noindex/CoreCLI.build/Debug-xros/CoreCLI-t.build/DerivedSources-normal/arm64 -Xcc -I/Users/admin/builder/spi-builder-workspace/.derivedData/Build/Intermediates.noindex/CoreCLI.build/Debug-xros/CoreCLI-t.build/DerivedSources/arm64 -Xcc -I/Users/admin/builder/spi-builder-workspace/.derivedData/Build/Intermediates.noindex/CoreCLI.build/Debug-xros/CoreCLI-t.build/DerivedSources -Xcc -DSWIFT_PACKAGE -Xcc -DDEBUG\=1 -emit-objc-header -emit-objc-header-path /Users/admin/builder/spi-builder-workspace/.derivedData/Build/Intermediates.noindex/CoreCLI.build/Debug-xros/CoreCLI-t.build/Objects-normal/arm64/CoreCLI-Swift.h -working-directory /Users/admin/builder/spi-builder-workspace/.swiftpm/xcode -experimental-emit-module-separately -disable-cmo
SwiftDriver ShellOut normal arm64 com.apple.xcode.tools.swift.compiler (in target 'ShellOut' from project 'ShellOut')
cd /Users/admin/builder/spi-builder-workspace/.swiftpm/xcode
builtin-SwiftDriver -- /Applications/Xcode-27.0.0-Release.Candidate.app/Contents/Developer/Toolchains/XcodeDefault.xctoolchain/usr/bin/swiftc -parse-as-library -module-name ShellOut -Onone @/Users/admin/builder/spi-builder-workspace/.derivedData/Build/Intermediates.noindex/ShellOut.build/Debug-xros/ShellOut-t.build/Objects-normal/arm64/ShellOut.SwiftFileList -DSWIFT_PACKAGE -DDEBUG -DSWIFT_MODULE_RESOURCE_BUNDLE_UNAVAILABLE -DXcode -plugin-path /Applications/Xcode-27.0.0-Release.Candidate.app/Contents/Developer/Toolchains/XcodeDefault.xctoolchain/usr/lib/swift/host/plugins/testing -enable-experimental-feature DebugDescriptionMacro -sdk /Applications/Xcode-27.0.0-Release.Candidate.app/Contents/Developer/Platforms/XROS.platform/Developer/SDKs/XROS27.0.sdk -target arm64-apple-xros1.0 -g -module-cache-path /Users/admin/builder/spi-builder-workspace/.derivedData/ModuleCache.noindex -Xfrontend -serialize-debugging-options -enable-testing -suppress-warnings -index-store-path /Users/admin/builder/spi-builder-workspace/.derivedData/Index.noindex/DataStore -Xcc -D_LIBCPP_HARDENING_MODE\=_LIBCPP_HARDENING_MODE_DEBUG -swift-version 4.2 -I /Users/admin/builder/spi-builder-workspace/.derivedData/Build/Products/Debug-xros -Isystem /Applications/Xcode-27.0.0-Release.Candidate.app/Contents/Developer/Platforms/XROS.platform/Developer/usr/lib -F /Users/admin/builder/spi-builder-workspace/.derivedData/Build/Products/Debug-xros -F /Applications/Xcode-27.0.0-Release.Candidate.app/Contents/Developer/Platforms/XROS.platform/Developer/Library/Frameworks -F /Applications/Xcode-27.0.0-Release.Candidate.app/Contents/Developer/Platforms/XROS.platform/Developer/SDKs/XROS27.0.sdk/Developer/Library/Frameworks -c -j10 -enable-batch-mode -incremental -Xcc -ivfsstatcache -Xcc /Users/admin/builder/spi-builder-workspace/.derivedData/SDKStatCaches.noindex/xros27.0-24M361-e829b21a6f8c9b70876ba0858053c044735bd543db762f57723cac368afd1ce4.sdkstatcache -output-file-map /Users/admin/builder/spi-builder-workspace/.derivedData/Build/Intermediates.noindex/ShellOut.build/Debug-xros/ShellOut-t.build/Objects-normal/arm64/ShellOut-OutputFileMap.json -save-temps -no-color-diagnostics -emit-dependencies -emit-module -emit-module-path /Users/admin/builder/spi-builder-workspace/.derivedData/Build/Intermediates.noindex/ShellOut.build/Debug-xros/ShellOut-t.build/Objects-normal/arm64/ShellOut.swiftmodule -serialize-diagnostics -validate-clang-modules-once -clang-build-session-file /Users/admin/builder/spi-builder-workspace/.derivedData/ModuleCache.noindex/Session.modulevalidation -Xcc -fmodules-prune-interval\=86400 -Xcc -fmodules-prune-after\=345600 -emit-const-values -const-gather-protocols-list /Users/admin/builder/spi-builder-workspace/.derivedData/Build/Intermediates.noindex/ShellOut.build/Debug-xros/ShellOut-t.build/Objects-normal/arm64/ShellOut_const_extract_protocols.json -Xcc -I/Users/admin/builder/spi-builder-workspace/.derivedData/Build/Products/Debug-xros/include -Xcc -I/Users/admin/builder/spi-builder-workspace/.derivedData/Build/Intermediates.noindex/ShellOut.build/Debug-xros/ShellOut-t.build/DerivedSources-normal/arm64 -Xcc -I/Users/admin/builder/spi-builder-workspace/.derivedData/Build/Intermediates.noindex/ShellOut.build/Debug-xros/ShellOut-t.build/DerivedSources/arm64 -Xcc -I/Users/admin/builder/spi-builder-workspace/.derivedData/Build/Intermediates.noindex/ShellOut.build/Debug-xros/ShellOut-t.build/DerivedSources -Xcc -DSWIFT_PACKAGE -Xcc -DDEBUG\=1 -emit-objc-header -emit-objc-header-path /Users/admin/builder/spi-builder-workspace/.derivedData/Build/Intermediates.noindex/ShellOut.build/Debug-xros/ShellOut-t.build/Objects-normal/arm64/ShellOut-Swift.h -working-directory /Users/admin/builder/spi-builder-workspace/.swiftpm/xcode -experimental-emit-module-separately -disable-cmo
SwiftDriver PathKit normal arm64 com.apple.xcode.tools.swift.compiler (in target 'PathKit' from project 'PathKit')
cd /Users/admin/builder/spi-builder-workspace/.swiftpm/xcode
builtin-SwiftDriver -- /Applications/Xcode-27.0.0-Release.Candidate.app/Contents/Developer/Toolchains/XcodeDefault.xctoolchain/usr/bin/swiftc -parse-as-library -module-name PathKit -Onone @/Users/admin/builder/spi-builder-workspace/.derivedData/Build/Intermediates.noindex/PathKit.build/Debug-xros/PathKit-t.build/Objects-normal/arm64/PathKit.SwiftFileList -DSWIFT_PACKAGE -DDEBUG -DSWIFT_MODULE_RESOURCE_BUNDLE_UNAVAILABLE -DXcode -plugin-path /Applications/Xcode-27.0.0-Release.Candidate.app/Contents/Developer/Toolchains/XcodeDefault.xctoolchain/usr/lib/swift/host/plugins/testing -enable-experimental-feature DebugDescriptionMacro -sdk /Applications/Xcode-27.0.0-Release.Candidate.app/Contents/Developer/Platforms/XROS.platform/Developer/SDKs/XROS27.0.sdk -target arm64-apple-xros1.0 -g -module-cache-path /Users/admin/builder/spi-builder-workspace/.derivedData/ModuleCache.noindex -Xfrontend -serialize-debugging-options -enable-testing -suppress-warnings -index-store-path /Users/admin/builder/spi-builder-workspace/.derivedData/Index.noindex/DataStore -Xcc -D_LIBCPP_HARDENING_MODE\=_LIBCPP_HARDENING_MODE_DEBUG -swift-version 4.2 -I /Users/admin/builder/spi-builder-workspace/.derivedData/Build/Products/Debug-xros -Isystem /Applications/Xcode-27.0.0-Release.Candidate.app/Contents/Developer/Platforms/XROS.platform/Developer/usr/lib -F /Users/admin/builder/spi-builder-workspace/.derivedData/Build/Products/Debug-xros -F /Applications/Xcode-27.0.0-Release.Candidate.app/Contents/Developer/Platforms/XROS.platform/Developer/Library/Frameworks -F /Applications/Xcode-27.0.0-Release.Candidate.app/Contents/Developer/Platforms/XROS.platform/Developer/SDKs/XROS27.0.sdk/Developer/Library/Frameworks -c -j10 -enable-batch-mode -incremental -Xcc -ivfsstatcache -Xcc /Users/admin/builder/spi-builder-workspace/.derivedData/SDKStatCaches.noindex/xros27.0-24M361-e829b21a6f8c9b70876ba0858053c044735bd543db762f57723cac368afd1ce4.sdkstatcache -output-file-map /Users/admin/builder/spi-builder-workspace/.derivedData/Build/Intermediates.noindex/PathKit.build/Debug-xros/PathKit-t.build/Objects-normal/arm64/PathKit-OutputFileMap.json -save-temps -no-color-diagnostics -emit-dependencies -emit-module -emit-module-path /Users/admin/builder/spi-builder-workspace/.derivedData/Build/Intermediates.noindex/PathKit.build/Debug-xros/PathKit-t.build/Objects-normal/arm64/PathKit.swiftmodule -serialize-diagnostics -validate-clang-modules-once -clang-build-session-file /Users/admin/builder/spi-builder-workspace/.derivedData/ModuleCache.noindex/Session.modulevalidation -Xcc -fmodules-prune-interval\=86400 -Xcc -fmodules-prune-after\=345600 -emit-const-values -const-gather-protocols-list /Users/admin/builder/spi-builder-workspace/.derivedData/Build/Intermediates.noindex/PathKit.build/Debug-xros/PathKit-t.build/Objects-normal/arm64/PathKit_const_extract_protocols.json -Xcc -I/Users/admin/builder/spi-builder-workspace/.derivedData/Build/Products/Debug-xros/include -Xcc -I/Users/admin/builder/spi-builder-workspace/.derivedData/Build/Intermediates.noindex/PathKit.build/Debug-xros/PathKit-t.build/DerivedSources-normal/arm64 -Xcc -I/Users/admin/builder/spi-builder-workspace/.derivedData/Build/Intermediates.noindex/PathKit.build/Debug-xros/PathKit-t.build/DerivedSources/arm64 -Xcc -I/Users/admin/builder/spi-builder-workspace/.derivedData/Build/Intermediates.noindex/PathKit.build/Debug-xros/PathKit-t.build/DerivedSources -Xcc -DSWIFT_PACKAGE -Xcc -DDEBUG\=1 -emit-objc-header -emit-objc-header-path /Users/admin/builder/spi-builder-workspace/.derivedData/Build/Intermediates.noindex/PathKit.build/Debug-xros/PathKit-t.build/Objects-normal/arm64/PathKit-Swift.h -working-directory /Users/admin/builder/spi-builder-workspace/.swiftpm/xcode -experimental-emit-module-separately -disable-cmo
SwiftDriver AEXML normal arm64 com.apple.xcode.tools.swift.compiler (in target 'AEXML' from project 'AEXML')
cd /Users/admin/builder/spi-builder-workspace/.swiftpm/xcode
builtin-SwiftDriver -- /Applications/Xcode-27.0.0-Release.Candidate.app/Contents/Developer/Toolchains/XcodeDefault.xctoolchain/usr/bin/swiftc -parse-as-library -module-name AEXML -Onone @/Users/admin/builder/spi-builder-workspace/.derivedData/Build/Intermediates.noindex/AEXML.build/Debug-xros/AEXML-t.build/Objects-normal/arm64/AEXML.SwiftFileList -DSWIFT_PACKAGE -DDEBUG -DSWIFT_MODULE_RESOURCE_BUNDLE_UNAVAILABLE -DXcode -plugin-path /Applications/Xcode-27.0.0-Release.Candidate.app/Contents/Developer/Toolchains/XcodeDefault.xctoolchain/usr/lib/swift/host/plugins/testing -enable-experimental-feature DebugDescriptionMacro -sdk /Applications/Xcode-27.0.0-Release.Candidate.app/Contents/Developer/Platforms/XROS.platform/Developer/SDKs/XROS27.0.sdk -target arm64-apple-xros1.0 -g -module-cache-path /Users/admin/builder/spi-builder-workspace/.derivedData/ModuleCache.noindex -Xfrontend -serialize-debugging-options -enable-testing -suppress-warnings -index-store-path /Users/admin/builder/spi-builder-workspace/.derivedData/Index.noindex/DataStore -Xcc -D_LIBCPP_HARDENING_MODE\=_LIBCPP_HARDENING_MODE_DEBUG -swift-version 5 -I /Users/admin/builder/spi-builder-workspace/.derivedData/Build/Products/Debug-xros -Isystem /Applications/Xcode-27.0.0-Release.Candidate.app/Contents/Developer/Platforms/XROS.platform/Developer/usr/lib -F /Users/admin/builder/spi-builder-workspace/.derivedData/Build/Products/Debug-xros -F /Applications/Xcode-27.0.0-Release.Candidate.app/Contents/Developer/Platforms/XROS.platform/Developer/Library/Frameworks -F /Applications/Xcode-27.0.0-Release.Candidate.app/Contents/Developer/Platforms/XROS.platform/Developer/SDKs/XROS27.0.sdk/Developer/Library/Frameworks -c -j10 -enable-batch-mode -incremental -Xcc -ivfsstatcache -Xcc /Users/admin/builder/spi-builder-workspace/.derivedData/SDKStatCaches.noindex/xros27.0-24M361-e829b21a6f8c9b70876ba0858053c044735bd543db762f57723cac368afd1ce4.sdkstatcache -output-file-map /Users/admin/builder/spi-builder-workspace/.derivedData/Build/Intermediates.noindex/AEXML.build/Debug-xros/AEXML-t.build/Objects-normal/arm64/AEXML-OutputFileMap.json -save-temps -no-color-diagnostics -explicit-module-build -module-cache-path /Users/admin/builder/spi-builder-workspace/.derivedData/Build/Intermediates.noindex/SwiftExplicitPrecompiledModules -clang-scanner-module-cache-path /Users/admin/builder/spi-builder-workspace/.derivedData/ModuleCache.noindex -sdk-module-cache-path /Users/admin/builder/spi-builder-workspace/.derivedData/SDKExplicitPrecompiledModules -emit-dependencies -emit-module -emit-module-path /Users/admin/builder/spi-builder-workspace/.derivedData/Build/Intermediates.noindex/AEXML.build/Debug-xros/AEXML-t.build/Objects-normal/arm64/AEXML.swiftmodule -serialize-diagnostics -dependency-scan-serialize-diagnostics-path /Users/admin/builder/spi-builder-workspace/.derivedData/Build/Intermediates.noindex/AEXML.build/Debug-xros/AEXML-t.build/Objects-normal/arm64/AEXML-dependency-scan.dia -validate-clang-modules-once -clang-build-session-file /Users/admin/builder/spi-builder-workspace/.derivedData/ModuleCache.noindex/Session.modulevalidation -Xcc -fmodules-prune-interval\=86400 -Xcc -fmodules-prune-after\=345600 -emit-const-values -const-gather-protocols-list /Users/admin/builder/spi-builder-workspace/.derivedData/Build/Intermediates.noindex/AEXML.build/Debug-xros/AEXML-t.build/Objects-normal/arm64/AEXML_const_extract_protocols.json -Xcc -I/Users/admin/builder/spi-builder-workspace/.derivedData/Build/Products/Debug-xros/include -Xcc -I/Users/admin/builder/spi-builder-workspace/.derivedData/Build/Intermediates.noindex/AEXML.build/Debug-xros/AEXML-t.build/DerivedSources-normal/arm64 -Xcc -I/Users/admin/builder/spi-builder-workspace/.derivedData/Build/Intermediates.noindex/AEXML.build/Debug-xros/AEXML-t.build/DerivedSources/arm64 -Xcc -I/Users/admin/builder/spi-builder-workspace/.derivedData/Build/Intermediates.noindex/AEXML.build/Debug-xros/AEXML-t.build/DerivedSources -Xcc -DSWIFT_PACKAGE -Xcc -DDEBUG\=1 -emit-objc-header -emit-objc-header-path /Users/admin/builder/spi-builder-workspace/.derivedData/Build/Intermediates.noindex/AEXML.build/Debug-xros/AEXML-t.build/Objects-normal/arm64/AEXML-Swift.h -working-directory /Users/admin/builder/spi-builder-workspace/.swiftpm/xcode -experimental-emit-module-separately -disable-cmo
SwiftEmitModule normal arm64 Emitting\ module\ for\ ShellOut (in target 'ShellOut' from project 'ShellOut')
SwiftCompile normal arm64 (in target 'ShellOut' from project 'ShellOut')
cd /Users/admin/builder/spi-builder-workspace/.swiftpm/xcode
/Users/admin/builder/spi-builder-workspace/.dependencies/checkouts/ShellOut/Sources/ShellOut.swift:34:14: error: cannot find type 'Process' in scope
32 | arguments: [String] = [],
33 | at path: String = ".",
34 | process: Process = .init(),
| `- error: cannot find type 'Process' in scope
35 | outputHandle: FileHandle? = nil,
36 | errorHandle: FileHandle? = nil
/Users/admin/builder/spi-builder-workspace/.dependencies/checkouts/ShellOut/Sources/ShellOut.swift:67:14: error: cannot find type 'Process' in scope
65 | to commands: [String],
66 | at path: String = ".",
67 | process: Process = .init(),
| `- error: cannot find type 'Process' in scope
68 | outputHandle: FileHandle? = nil,
69 | errorHandle: FileHandle? = nil
/Users/admin/builder/spi-builder-workspace/.dependencies/checkouts/ShellOut/Sources/ShellOut.swift:102:14: error: cannot find type 'Process' in scope
100 | to command: ShellOutCommand,
101 | at path: String = ".",
102 | process: Process = .init(),
| `- error: cannot find type 'Process' in scope
103 | outputHandle: FileHandle? = nil,
104 | errorHandle: FileHandle? = nil
/Users/admin/builder/spi-builder-workspace/.dependencies/checkouts/ShellOut/Sources/ShellOut.swift:377:19: error: cannot find type 'Process' in scope
375 | // MARK: - Private
376 |
377 | private extension Process {
| `- error: cannot find type 'Process' in scope
378 | @discardableResult func launchBash(with command: String, outputHandle: FileHandle? = nil, errorHandle: FileHandle? = nil) throws -> String {
379 | launchPath = "/bin/bash"
Failed frontend command:
/Applications/Xcode-27.0.0-Release.Candidate.app/Contents/Developer/Toolchains/XcodeDefault.xctoolchain/usr/bin/swift-frontend -frontend -emit-module -experimental-skip-non-inlinable-function-bodies-without-types /Users/admin/builder/spi-builder-workspace/.dependencies/checkouts/ShellOut/Sources/ShellOut.swift -target arm64-apple-xros1.0 -Xllvm -aarch64-use-tbi -enable-objc-interop -stack-check -sdk /Applications/Xcode-27.0.0-Release.Candidate.app/Contents/Developer/Platforms/XROS.platform/Developer/SDKs/XROS27.0.sdk -I /Users/admin/builder/spi-builder-workspace/.derivedData/Build/Products/Debug-xros -Isystem /Applications/Xcode-27.0.0-Release.Candidate.app/Contents/Developer/Platforms/XROS.platform/Developer/usr/lib -F /Users/admin/builder/spi-builder-workspace/.derivedData/Build/Products/Debug-xros -F /Applications/Xcode-27.0.0-Release.Candidate.app/Contents/Developer/Platforms/XROS.platform/Developer/Library/Frameworks -F /Applications/Xcode-27.0.0-Release.Candidate.app/Contents/Developer/Platforms/XROS.platform/Developer/SDKs/XROS27.0.sdk/Developer/Library/Frameworks -module-cache-path /Users/admin/builder/spi-builder-workspace/.derivedData/ModuleCache.noindex -no-color-diagnostics -Xcc -fno-color-diagnostics -enable-testing -g -debug-info-format\=dwarf -dwarf-version\=4 -suppress-warnings -swift-version 4.2 -Onone -D SWIFT_PACKAGE -D DEBUG -D SWIFT_MODULE_RESOURCE_BUNDLE_UNAVAILABLE -D Xcode -serialize-debugging-options -enable-experimental-feature DebugDescriptionMacro -empty-abi-descriptor -plugin-path /Applications/Xcode-27.0.0-Release.Candidate.app/Contents/Developer/Toolchains/XcodeDefault.xctoolchain/usr/lib/swift/host/plugins/testing -validate-clang-modules-once -clang-build-session-file /Users/admin/builder/spi-builder-workspace/.derivedData/ModuleCache.noindex/Session.modulevalidation -Xcc -working-directory -Xcc /Users/admin/builder/spi-builder-workspace/.swiftpm/xcode -enable-anonymous-context-mangled-names -file-compilation-dir /Users/admin/builder/spi-builder-workspace/.swiftpm/xcode -Xcc -D_LIBCPP_HARDENING_MODE\=_LIBCPP_HARDENING_MODE_DEBUG -Xcc -ivfsstatcache -Xcc /Users/admin/builder/spi-builder-workspace/.derivedData/SDKStatCaches.noindex/xros27.0-24M361-e829b21a6f8c9b70876ba0858053c044735bd543db762f57723cac368afd1ce4.sdkstatcache -Xcc -fmodules-prune-interval\=86400 -Xcc -fmodules-prune-after\=345600 -Xcc -I/Users/admin/builder/spi-builder-workspace/.derivedData/Build/Products/Debug-xros/include -Xcc -I/Users/admin/builder/spi-builder-workspace/.derivedData/Build/Intermediates.noindex/ShellOut.build/Debug-xros/ShellOut-t.build/DerivedSources-normal/arm64 -Xcc -I/Users/admin/builder/spi-builder-workspace/.derivedData/Build/Intermediates.noindex/ShellOut.build/Debug-xros/ShellOut-t.build/DerivedSources/arm64 -Xcc -I/Users/admin/builder/spi-builder-workspace/.derivedData/Build/Intermediates.noindex/ShellOut.build/Debug-xros/ShellOut-t.build/DerivedSources -Xcc -DSWIFT_PACKAGE -Xcc -DDEBUG\=1 -no-auto-bridging-header-chaining -module-name ShellOut -const-gather-protocols-file /Users/admin/builder/spi-builder-workspace/.derivedData/Build/Intermediates.noindex/ShellOut.build/Debug-xros/ShellOut-t.build/Objects-normal/arm64/ShellOut_const_extract_protocols.json -disable-clang-spi -target-sdk-version 27.0 -target-sdk-name xros27.0 -external-plugin-path /Applications/Xcode-27.0.0-Release.Candidate.app/Contents/Developer/Platforms/XROS.platform/Developer/usr/lib/swift/host/plugins\#/Applications/Xcode-27.0.0-Release.Candidate.app/Contents/Developer/Platforms/XROS.platform/Developer/usr/bin/swift-plugin-server -external-plugin-path /Applications/Xcode-27.0.0-Release.Candidate.app/Contents/Developer/Platforms/XROS.platform/Developer/usr/local/lib/swift/host/plugins\#/Applications/Xcode-27.0.0-Release.Candidate.app/Contents/Developer/Platforms/XROS.platform/Developer/usr/bin/swift-plugin-server -in-process-plugin-server-path /Applications/Xcode-27.0.0-Release.Candidate.app/Contents/Developer/Toolchains/XcodeDefault.xctoolchain/usr/lib/swift/host/libSwiftInProcPluginServer.dylib -plugin-path /Applications/Xcode-27.0.0-Release.Candidate.app/Contents/Developer/Toolchains/XcodeDefault.xctoolchain/usr/lib/swift/host/plugins -plugin-path /Applications/Xcode-27.0.0-Release.Candidate.app/Contents/Developer/Toolchains/XcodeDefault.xctoolchain/usr/local/lib/swift/host/plugins -emit-module-doc-path /Users/admin/builder/spi-builder-workspace/.derivedData/Build/Intermediates.noindex/ShellOut.build/Debug-xros/ShellOut-t.build/Objects-normal/arm64/ShellOut.swiftdoc -emit-module-source-info-path /Users/admin/builder/spi-builder-workspace/.derivedData/Build/Intermediates.noindex/ShellOut.build/Debug-xros/ShellOut-t.build/Objects-normal/arm64/ShellOut.swiftsourceinfo -emit-objc-header-path /Users/admin/builder/spi-builder-workspace/.derivedData/Build/Intermediates.noindex/ShellOut.build/Debug-xros/ShellOut-t.build/Objects-normal/arm64/ShellOut-Swift.h -serialize-diagnostics-path /Users/admin/builder/spi-builder-workspace/.derivedData/Build/Intermediates.noindex/ShellOut.build/Debug-xros/ShellOut-t.build/Objects-normal/arm64/ShellOut-primary-emit-module.dia -emit-dependencies-path /Users/admin/builder/spi-builder-workspace/.derivedData/Build/Intermediates.noindex/ShellOut.build/Debug-xros/ShellOut-t.build/Objects-normal/arm64/ShellOut-primary-emit-module.d -parse-as-library -o /Users/admin/builder/spi-builder-workspace/.derivedData/Build/Intermediates.noindex/ShellOut.build/Debug-xros/ShellOut-t.build/Objects-normal/arm64/ShellOut.swiftmodule -emit-abi-descriptor-path /Users/admin/builder/spi-builder-workspace/.derivedData/Build/Intermediates.noindex/ShellOut.build/Debug-xros/ShellOut-t.build/Objects-normal/arm64/ShellOut.abi.json
SwiftCompile normal arm64 Compiling\ ShellOut.swift /Users/admin/builder/spi-builder-workspace/.dependencies/checkouts/ShellOut/Sources/ShellOut.swift (in target 'ShellOut' from project 'ShellOut')
SwiftCompile normal arm64 /Users/admin/builder/spi-builder-workspace/.dependencies/checkouts/ShellOut/Sources/ShellOut.swift (in target 'ShellOut' from project 'ShellOut')
cd /Users/admin/builder/spi-builder-workspace/.swiftpm/xcode
builtin-SwiftPerFileCompile ShellOut.swift
/Users/admin/builder/spi-builder-workspace/.dependencies/checkouts/ShellOut/Sources/ShellOut.swift:34:14: error: cannot find type 'Process' in scope
32 | arguments: [String] = [],
33 | at path: String = ".",
34 | process: Process = .init(),
| `- error: cannot find type 'Process' in scope
35 | outputHandle: FileHandle? = nil,
36 | errorHandle: FileHandle? = nil
/Users/admin/builder/spi-builder-workspace/.dependencies/checkouts/ShellOut/Sources/ShellOut.swift:67:14: error: cannot find type 'Process' in scope
65 | to commands: [String],
66 | at path: String = ".",
67 | process: Process = .init(),
| `- error: cannot find type 'Process' in scope
68 | outputHandle: FileHandle? = nil,
69 | errorHandle: FileHandle? = nil
/Users/admin/builder/spi-builder-workspace/.dependencies/checkouts/ShellOut/Sources/ShellOut.swift:102:14: error: cannot find type 'Process' in scope
100 | to command: ShellOutCommand,
101 | at path: String = ".",
102 | process: Process = .init(),
| `- error: cannot find type 'Process' in scope
103 | outputHandle: FileHandle? = nil,
104 | errorHandle: FileHandle? = nil
SwiftEmitModule normal arm64 Emitting\ module\ for\ PathKit (in target 'PathKit' from project 'PathKit')
SwiftCompile normal arm64 (in target 'PathKit' from project 'PathKit')
cd /Users/admin/builder/spi-builder-workspace/.swiftpm/xcode
SwiftCompile normal arm64 Compiling\ PathKit.swift /Users/admin/builder/spi-builder-workspace/.dependencies/checkouts/PathKit/Sources/PathKit.swift (in target 'PathKit' from project 'PathKit')
SwiftCompile normal arm64 /Users/admin/builder/spi-builder-workspace/.dependencies/checkouts/PathKit/Sources/PathKit.swift (in target 'PathKit' from project 'PathKit')
cd /Users/admin/builder/spi-builder-workspace/.swiftpm/xcode
builtin-SwiftPerFileCompile PathKit.swift
SwiftCompile normal arm64 Compiling\ ArgumentParser.swift /Users/admin/builder/spi-builder-workspace/.dependencies/checkouts/CoreCLI/Sources/CoreCLI/ArgumentParser.swift (in target 'CoreCLI' from project 'CoreCLI')
SwiftCompile normal arm64 /Users/admin/builder/spi-builder-workspace/.dependencies/checkouts/CoreCLI/Sources/CoreCLI/ArgumentParser.swift (in target 'CoreCLI' from project 'CoreCLI')
cd /Users/admin/builder/spi-builder-workspace/.swiftpm/xcode
builtin-SwiftPerFileCompile ArgumentParser.swift
SwiftCompile normal arm64 Compiling\ CommandType.swift /Users/admin/builder/spi-builder-workspace/.dependencies/checkouts/CoreCLI/Sources/CoreCLI/CommandType.swift (in target 'CoreCLI' from project 'CoreCLI')
SwiftCompile normal arm64 /Users/admin/builder/spi-builder-workspace/.dependencies/checkouts/CoreCLI/Sources/CoreCLI/CommandType.swift (in target 'CoreCLI' from project 'CoreCLI')
cd /Users/admin/builder/spi-builder-workspace/.swiftpm/xcode
builtin-SwiftPerFileCompile CommandType.swift
SwiftCompile normal arm64 Compiling\ AutoArgumentsDecodable.swift /Users/admin/builder/spi-builder-workspace/.dependencies/checkouts/CoreCLI/Sources/CoreCLI/AutoArgumentsDecodable.swift (in target 'CoreCLI' from project 'CoreCLI')
SwiftCompile normal arm64 /Users/admin/builder/spi-builder-workspace/.dependencies/checkouts/CoreCLI/Sources/CoreCLI/AutoArgumentsDecodable.swift (in target 'CoreCLI' from project 'CoreCLI')
cd /Users/admin/builder/spi-builder-workspace/.swiftpm/xcode
builtin-SwiftPerFileCompile AutoArgumentsDecodable.swift
SwiftEmitModule normal arm64 Emitting\ module\ for\ CoreCLI (in target 'CoreCLI' from project 'CoreCLI')
SwiftCompile normal arm64 (in target 'CoreCLI' from project 'CoreCLI')
cd /Users/admin/builder/spi-builder-workspace/.swiftpm/xcode
SwiftCompile normal arm64 Compiling\ CommandRunner.swift /Users/admin/builder/spi-builder-workspace/.dependencies/checkouts/CoreCLI/Sources/CoreCLI/CommandRunner.swift (in target 'CoreCLI' from project 'CoreCLI')
SwiftCompile normal arm64 /Users/admin/builder/spi-builder-workspace/.dependencies/checkouts/CoreCLI/Sources/CoreCLI/CommandRunner.swift (in target 'CoreCLI' from project 'CoreCLI')
cd /Users/admin/builder/spi-builder-workspace/.swiftpm/xcode
builtin-SwiftPerFileCompile CommandRunner.swift
SwiftExplicitDependencyGeneratePcm arm64 /Users/admin/builder/spi-builder-workspace/.derivedData/SDKExplicitPrecompiledModules/_AvailabilityInternal-1Q8IQP6M38UWSGZ95UCEY2M44.pcm
SwiftExplicitDependencyGeneratePcm arm64 /Users/admin/builder/spi-builder-workspace/.derivedData/SDKExplicitPrecompiledModules/SwiftShims-CI4H5RO9IYFFWQ2COB512Q2S9.pcm
SwiftExplicitDependencyGeneratePcm arm64 /Users/admin/builder/spi-builder-workspace/.derivedData/SDKExplicitPrecompiledModules/_Builtin_stdbool-5BU2ADS7JXQMYENKQHW9X8XOU.pcm
SwiftExplicitDependencyGeneratePcm arm64 /Users/admin/builder/spi-builder-workspace/.derivedData/SDKExplicitPrecompiledModules/ptrauth-1WBA714DZSVUL5JQDJ08CLKZ.pcm
SwiftExplicitDependencyGeneratePcm arm64 /Users/admin/builder/spi-builder-workspace/.derivedData/SDKExplicitPrecompiledModules/_SwiftConcurrencyShims-C8XHKSHX96D5YYALNM4W70Z0O.pcm
SwiftExplicitDependencyGeneratePcm arm64 /Users/admin/builder/spi-builder-workspace/.derivedData/SDKExplicitPrecompiledModules/ptrcheck-BXA97MNLI4BB0HF5I8MJE403D.pcm
SwiftExplicitDependencyGeneratePcm arm64 /Users/admin/builder/spi-builder-workspace/.derivedData/SDKExplicitPrecompiledModules/_Builtin_float-6WKHNW5S40U2QGHXXGETUDIRA.pcm
SwiftExplicitDependencyGeneratePcm arm64 /Users/admin/builder/spi-builder-workspace/.derivedData/SDKExplicitPrecompiledModules/_Builtin_stdarg-CDA349K2K4US766844K8E0PVA.pcm
SwiftExplicitDependencyGeneratePcm arm64 /Users/admin/builder/spi-builder-workspace/.derivedData/SDKExplicitPrecompiledModules/_DarwinFoundation1-5RGRVV2TZ6WC4WZW5IXF8NQ04.pcm
SwiftExplicitDependencyGeneratePcm arm64 /Users/admin/builder/spi-builder-workspace/.derivedData/SDKExplicitPrecompiledModules/_Builtin_stddef-5NQ9Z1GV07GBSRQGAQCGXGVRI.pcm
SwiftExplicitDependencyGeneratePcm arm64 /Users/admin/builder/spi-builder-workspace/.derivedData/SDKExplicitPrecompiledModules/_Builtin_limits-425JDMN5HPM3D0UEI8LEHP6NM.pcm
SwiftExplicitDependencyGeneratePcm arm64 /Users/admin/builder/spi-builder-workspace/.derivedData/SDKExplicitPrecompiledModules/_DarwinFoundation2-ENTECK156YEWITZRRBTOCE4KR.pcm
SwiftDriverJobDiscovery normal arm64 Emitting module for CoreCLI (in target 'CoreCLI' from project 'CoreCLI')
SwiftDriver\ Compilation\ Requirements CoreCLI normal arm64 com.apple.xcode.tools.swift.compiler (in target 'CoreCLI' from project 'CoreCLI')
cd /Users/admin/builder/spi-builder-workspace/.swiftpm/xcode
builtin-Swift-Compilation-Requirements -- /Applications/Xcode-27.0.0-Release.Candidate.app/Contents/Developer/Toolchains/XcodeDefault.xctoolchain/usr/bin/swiftc -parse-as-library -module-name CoreCLI -Onone @/Users/admin/builder/spi-builder-workspace/.derivedData/Build/Intermediates.noindex/CoreCLI.build/Debug-xros/CoreCLI-t.build/Objects-normal/arm64/CoreCLI.SwiftFileList -DSWIFT_PACKAGE -DDEBUG -DSWIFT_MODULE_RESOURCE_BUNDLE_UNAVAILABLE -DXcode -plugin-path /Applications/Xcode-27.0.0-Release.Candidate.app/Contents/Developer/Toolchains/XcodeDefault.xctoolchain/usr/lib/swift/host/plugins/testing -enable-experimental-feature DebugDescriptionMacro -sdk /Applications/Xcode-27.0.0-Release.Candidate.app/Contents/Developer/Platforms/XROS.platform/Developer/SDKs/XROS27.0.sdk -target arm64-apple-xros1.0 -g -module-cache-path /Users/admin/builder/spi-builder-workspace/.derivedData/ModuleCache.noindex -Xfrontend -serialize-debugging-options -enable-testing -suppress-warnings -index-store-path /Users/admin/builder/spi-builder-workspace/.derivedData/Index.noindex/DataStore -Xcc -D_LIBCPP_HARDENING_MODE\=_LIBCPP_HARDENING_MODE_DEBUG -swift-version 4 -I /Users/admin/builder/spi-builder-workspace/.derivedData/Build/Products/Debug-xros -Isystem /Applications/Xcode-27.0.0-Release.Candidate.app/Contents/Developer/Platforms/XROS.platform/Developer/usr/lib -F /Users/admin/builder/spi-builder-workspace/.derivedData/Build/Products/Debug-xros -F /Applications/Xcode-27.0.0-Release.Candidate.app/Contents/Developer/Platforms/XROS.platform/Developer/Library/Frameworks -F /Applications/Xcode-27.0.0-Release.Candidate.app/Contents/Developer/Platforms/XROS.platform/Developer/SDKs/XROS27.0.sdk/Developer/Library/Frameworks -c -j10 -enable-batch-mode -incremental -Xcc -ivfsstatcache -Xcc /Users/admin/builder/spi-builder-workspace/.derivedData/SDKStatCaches.noindex/xros27.0-24M361-e829b21a6f8c9b70876ba0858053c044735bd543db762f57723cac368afd1ce4.sdkstatcache -output-file-map /Users/admin/builder/spi-builder-workspace/.derivedData/Build/Intermediates.noindex/CoreCLI.build/Debug-xros/CoreCLI-t.build/Objects-normal/arm64/CoreCLI-OutputFileMap.json -save-temps -no-color-diagnostics -emit-dependencies -emit-module -emit-module-path /Users/admin/builder/spi-builder-workspace/.derivedData/Build/Intermediates.noindex/CoreCLI.build/Debug-xros/CoreCLI-t.build/Objects-normal/arm64/CoreCLI.swiftmodule -serialize-diagnostics -validate-clang-modules-once -clang-build-session-file /Users/admin/builder/spi-builder-workspace/.derivedData/ModuleCache.noindex/Session.modulevalidation -Xcc -fmodules-prune-interval\=86400 -Xcc -fmodules-prune-after\=345600 -emit-const-values -const-gather-protocols-list /Users/admin/builder/spi-builder-workspace/.derivedData/Build/Intermediates.noindex/CoreCLI.build/Debug-xros/CoreCLI-t.build/Objects-normal/arm64/CoreCLI_const_extract_protocols.json -Xcc -I/Users/admin/builder/spi-builder-workspace/.derivedData/Build/Products/Debug-xros/include -Xcc -I/Users/admin/builder/spi-builder-workspace/.derivedData/Build/Intermediates.noindex/CoreCLI.build/Debug-xros/CoreCLI-t.build/DerivedSources-normal/arm64 -Xcc -I/Users/admin/builder/spi-builder-workspace/.derivedData/Build/Intermediates.noindex/CoreCLI.build/Debug-xros/CoreCLI-t.build/DerivedSources/arm64 -Xcc -I/Users/admin/builder/spi-builder-workspace/.derivedData/Build/Intermediates.noindex/CoreCLI.build/Debug-xros/CoreCLI-t.build/DerivedSources -Xcc -DSWIFT_PACKAGE -Xcc -DDEBUG\=1 -emit-objc-header -emit-objc-header-path /Users/admin/builder/spi-builder-workspace/.derivedData/Build/Intermediates.noindex/CoreCLI.build/Debug-xros/CoreCLI-t.build/Objects-normal/arm64/CoreCLI-Swift.h -working-directory /Users/admin/builder/spi-builder-workspace/.swiftpm/xcode -experimental-emit-module-separately -disable-cmo
SwiftMergeGeneratedHeaders /Users/admin/builder/spi-builder-workspace/.derivedData/Build/Intermediates.noindex/GeneratedModuleMaps-xros/CoreCLI-Swift.h /Users/admin/builder/spi-builder-workspace/.derivedData/Build/Intermediates.noindex/CoreCLI.build/Debug-xros/CoreCLI-t.build/Objects-normal/arm64/CoreCLI-Swift.h (in target 'CoreCLI' from project 'CoreCLI')
cd /Users/admin/builder/spi-builder-workspace/.dependencies/checkouts/CoreCLI
builtin-swiftHeaderTool -arch arm64 /Users/admin/builder/spi-builder-workspace/.derivedData/Build/Intermediates.noindex/CoreCLI.build/Debug-xros/CoreCLI-t.build/Objects-normal/arm64/CoreCLI-Swift.h -o /Users/admin/builder/spi-builder-workspace/.derivedData/Build/Intermediates.noindex/GeneratedModuleMaps-xros/CoreCLI-Swift.h
Copy /Users/admin/builder/spi-builder-workspace/.derivedData/Build/Products/Debug-xros/CoreCLI.swiftmodule/arm64-apple-xros.swiftmodule /Users/admin/builder/spi-builder-workspace/.derivedData/Build/Intermediates.noindex/CoreCLI.build/Debug-xros/CoreCLI-t.build/Objects-normal/arm64/CoreCLI.swiftmodule (in target 'CoreCLI' from project 'CoreCLI')
cd /Users/admin/builder/spi-builder-workspace/.dependencies/checkouts/CoreCLI
builtin-copy -exclude .DS_Store -exclude CVS -exclude .svn -exclude .git -exclude .hg -resolve-src-symlinks -rename /Users/admin/builder/spi-builder-workspace/.derivedData/Build/Intermediates.noindex/CoreCLI.build/Debug-xros/CoreCLI-t.build/Objects-normal/arm64/CoreCLI.swiftmodule /Users/admin/builder/spi-builder-workspace/.derivedData/Build/Products/Debug-xros/CoreCLI.swiftmodule/arm64-apple-xros.swiftmodule
Copy /Users/admin/builder/spi-builder-workspace/.derivedData/Build/Products/Debug-xros/CoreCLI.swiftmodule/arm64-apple-xros.swiftdoc /Users/admin/builder/spi-builder-workspace/.derivedData/Build/Intermediates.noindex/CoreCLI.build/Debug-xros/CoreCLI-t.build/Objects-normal/arm64/CoreCLI.swiftdoc (in target 'CoreCLI' from project 'CoreCLI')
cd /Users/admin/builder/spi-builder-workspace/.dependencies/checkouts/CoreCLI
builtin-copy -exclude .DS_Store -exclude CVS -exclude .svn -exclude .git -exclude .hg -resolve-src-symlinks -rename /Users/admin/builder/spi-builder-workspace/.derivedData/Build/Intermediates.noindex/CoreCLI.build/Debug-xros/CoreCLI-t.build/Objects-normal/arm64/CoreCLI.swiftdoc /Users/admin/builder/spi-builder-workspace/.derivedData/Build/Products/Debug-xros/CoreCLI.swiftmodule/arm64-apple-xros.swiftdoc
Copy /Users/admin/builder/spi-builder-workspace/.derivedData/Build/Products/Debug-xros/CoreCLI.swiftmodule/arm64-apple-xros.abi.json /Users/admin/builder/spi-builder-workspace/.derivedData/Build/Intermediates.noindex/CoreCLI.build/Debug-xros/CoreCLI-t.build/Objects-normal/arm64/CoreCLI.abi.json (in target 'CoreCLI' from project 'CoreCLI')
cd /Users/admin/builder/spi-builder-workspace/.dependencies/checkouts/CoreCLI
builtin-copy -exclude .DS_Store -exclude CVS -exclude .svn -exclude .git -exclude .hg -resolve-src-symlinks -rename /Users/admin/builder/spi-builder-workspace/.derivedData/Build/Intermediates.noindex/CoreCLI.build/Debug-xros/CoreCLI-t.build/Objects-normal/arm64/CoreCLI.abi.json /Users/admin/builder/spi-builder-workspace/.derivedData/Build/Products/Debug-xros/CoreCLI.swiftmodule/arm64-apple-xros.abi.json
Copy /Users/admin/builder/spi-builder-workspace/.derivedData/Build/Products/Debug-xros/CoreCLI.swiftmodule/Project/arm64-apple-xros.swiftsourceinfo /Users/admin/builder/spi-builder-workspace/.derivedData/Build/Intermediates.noindex/CoreCLI.build/Debug-xros/CoreCLI-t.build/Objects-normal/arm64/CoreCLI.swiftsourceinfo (in target 'CoreCLI' from project 'CoreCLI')
cd /Users/admin/builder/spi-builder-workspace/.dependencies/checkouts/CoreCLI
builtin-copy -exclude .DS_Store -exclude CVS -exclude .svn -exclude .git -exclude .hg -resolve-src-symlinks -rename /Users/admin/builder/spi-builder-workspace/.derivedData/Build/Intermediates.noindex/CoreCLI.build/Debug-xros/CoreCLI-t.build/Objects-normal/arm64/CoreCLI.swiftsourceinfo /Users/admin/builder/spi-builder-workspace/.derivedData/Build/Products/Debug-xros/CoreCLI.swiftmodule/Project/arm64-apple-xros.swiftsourceinfo
SwiftDriverJobDiscovery normal arm64 Emitting module for PathKit (in target 'PathKit' from project 'PathKit')
SwiftDriver\ Compilation\ Requirements PathKit normal arm64 com.apple.xcode.tools.swift.compiler (in target 'PathKit' from project 'PathKit')
cd /Users/admin/builder/spi-builder-workspace/.swiftpm/xcode
builtin-Swift-Compilation-Requirements -- /Applications/Xcode-27.0.0-Release.Candidate.app/Contents/Developer/Toolchains/XcodeDefault.xctoolchain/usr/bin/swiftc -parse-as-library -module-name PathKit -Onone @/Users/admin/builder/spi-builder-workspace/.derivedData/Build/Intermediates.noindex/PathKit.build/Debug-xros/PathKit-t.build/Objects-normal/arm64/PathKit.SwiftFileList -DSWIFT_PACKAGE -DDEBUG -DSWIFT_MODULE_RESOURCE_BUNDLE_UNAVAILABLE -DXcode -plugin-path /Applications/Xcode-27.0.0-Release.Candidate.app/Contents/Developer/Toolchains/XcodeDefault.xctoolchain/usr/lib/swift/host/plugins/testing -enable-experimental-feature DebugDescriptionMacro -sdk /Applications/Xcode-27.0.0-Release.Candidate.app/Contents/Developer/Platforms/XROS.platform/Developer/SDKs/XROS27.0.sdk -target arm64-apple-xros1.0 -g -module-cache-path /Users/admin/builder/spi-builder-workspace/.derivedData/ModuleCache.noindex -Xfrontend -serialize-debugging-options -enable-testing -suppress-warnings -index-store-path /Users/admin/builder/spi-builder-workspace/.derivedData/Index.noindex/DataStore -Xcc -D_LIBCPP_HARDENING_MODE\=_LIBCPP_HARDENING_MODE_DEBUG -swift-version 4.2 -I /Users/admin/builder/spi-builder-workspace/.derivedData/Build/Products/Debug-xros -Isystem /Applications/Xcode-27.0.0-Release.Candidate.app/Contents/Developer/Platforms/XROS.platform/Developer/usr/lib -F /Users/admin/builder/spi-builder-workspace/.derivedData/Build/Products/Debug-xros -F /Applications/Xcode-27.0.0-Release.Candidate.app/Contents/Developer/Platforms/XROS.platform/Developer/Library/Frameworks -F /Applications/Xcode-27.0.0-Release.Candidate.app/Contents/Developer/Platforms/XROS.platform/Developer/SDKs/XROS27.0.sdk/Developer/Library/Frameworks -c -j10 -enable-batch-mode -incremental -Xcc -ivfsstatcache -Xcc /Users/admin/builder/spi-builder-workspace/.derivedData/SDKStatCaches.noindex/xros27.0-24M361-e829b21a6f8c9b70876ba0858053c044735bd543db762f57723cac368afd1ce4.sdkstatcache -output-file-map /Users/admin/builder/spi-builder-workspace/.derivedData/Build/Intermediates.noindex/PathKit.build/Debug-xros/PathKit-t.build/Objects-normal/arm64/PathKit-OutputFileMap.json -save-temps -no-color-diagnostics -emit-dependencies -emit-module -emit-module-path /Users/admin/builder/spi-builder-workspace/.derivedData/Build/Intermediates.noindex/PathKit.build/Debug-xros/PathKit-t.build/Objects-normal/arm64/PathKit.swiftmodule -serialize-diagnostics -validate-clang-modules-once -clang-build-session-file /Users/admin/builder/spi-builder-workspace/.derivedData/ModuleCache.noindex/Session.modulevalidation -Xcc -fmodules-prune-interval\=86400 -Xcc -fmodules-prune-after\=345600 -emit-const-values -const-gather-protocols-list /Users/admin/builder/spi-builder-workspace/.derivedData/Build/Intermediates.noindex/PathKit.build/Debug-xros/PathKit-t.build/Objects-normal/arm64/PathKit_const_extract_protocols.json -Xcc -I/Users/admin/builder/spi-builder-workspace/.derivedData/Build/Products/Debug-xros/include -Xcc -I/Users/admin/builder/spi-builder-workspace/.derivedData/Build/Intermediates.noindex/PathKit.build/Debug-xros/PathKit-t.build/DerivedSources-normal/arm64 -Xcc -I/Users/admin/builder/spi-builder-workspace/.derivedData/Build/Intermediates.noindex/PathKit.build/Debug-xros/PathKit-t.build/DerivedSources/arm64 -Xcc -I/Users/admin/builder/spi-builder-workspace/.derivedData/Build/Intermediates.noindex/PathKit.build/Debug-xros/PathKit-t.build/DerivedSources -Xcc -DSWIFT_PACKAGE -Xcc -DDEBUG\=1 -emit-objc-header -emit-objc-header-path /Users/admin/builder/spi-builder-workspace/.derivedData/Build/Intermediates.noindex/PathKit.build/Debug-xros/PathKit-t.build/Objects-normal/arm64/PathKit-Swift.h -working-directory /Users/admin/builder/spi-builder-workspace/.swiftpm/xcode -experimental-emit-module-separately -disable-cmo
SwiftMergeGeneratedHeaders /Users/admin/builder/spi-builder-workspace/.derivedData/Build/Intermediates.noindex/GeneratedModuleMaps-xros/PathKit-Swift.h /Users/admin/builder/spi-builder-workspace/.derivedData/Build/Intermediates.noindex/PathKit.build/Debug-xros/PathKit-t.build/Objects-normal/arm64/PathKit-Swift.h (in target 'PathKit' from project 'PathKit')
cd /Users/admin/builder/spi-builder-workspace/.dependencies/checkouts/PathKit
builtin-swiftHeaderTool -arch arm64 /Users/admin/builder/spi-builder-workspace/.derivedData/Build/Intermediates.noindex/PathKit.build/Debug-xros/PathKit-t.build/Objects-normal/arm64/PathKit-Swift.h -o /Users/admin/builder/spi-builder-workspace/.derivedData/Build/Intermediates.noindex/GeneratedModuleMaps-xros/PathKit-Swift.h
Copy /Users/admin/builder/spi-builder-workspace/.derivedData/Build/Products/Debug-xros/PathKit.swiftmodule/arm64-apple-xros.swiftmodule /Users/admin/builder/spi-builder-workspace/.derivedData/Build/Intermediates.noindex/PathKit.build/Debug-xros/PathKit-t.build/Objects-normal/arm64/PathKit.swiftmodule (in target 'PathKit' from project 'PathKit')
cd /Users/admin/builder/spi-builder-workspace/.dependencies/checkouts/PathKit
builtin-copy -exclude .DS_Store -exclude CVS -exclude .svn -exclude .git -exclude .hg -resolve-src-symlinks -rename /Users/admin/builder/spi-builder-workspace/.derivedData/Build/Intermediates.noindex/PathKit.build/Debug-xros/PathKit-t.build/Objects-normal/arm64/PathKit.swiftmodule /Users/admin/builder/spi-builder-workspace/.derivedData/Build/Products/Debug-xros/PathKit.swiftmodule/arm64-apple-xros.swiftmodule
Copy /Users/admin/builder/spi-builder-workspace/.derivedData/Build/Products/Debug-xros/PathKit.swiftmodule/arm64-apple-xros.swiftdoc /Users/admin/builder/spi-builder-workspace/.derivedData/Build/Intermediates.noindex/PathKit.build/Debug-xros/PathKit-t.build/Objects-normal/arm64/PathKit.swiftdoc (in target 'PathKit' from project 'PathKit')
cd /Users/admin/builder/spi-builder-workspace/.dependencies/checkouts/PathKit
builtin-copy -exclude .DS_Store -exclude CVS -exclude .svn -exclude .git -exclude .hg -resolve-src-symlinks -rename /Users/admin/builder/spi-builder-workspace/.derivedData/Build/Intermediates.noindex/PathKit.build/Debug-xros/PathKit-t.build/Objects-normal/arm64/PathKit.swiftdoc /Users/admin/builder/spi-builder-workspace/.derivedData/Build/Products/Debug-xros/PathKit.swiftmodule/arm64-apple-xros.swiftdoc
Copy /Users/admin/builder/spi-builder-workspace/.derivedData/Build/Products/Debug-xros/PathKit.swiftmodule/arm64-apple-xros.abi.json /Users/admin/builder/spi-builder-workspace/.derivedData/Build/Intermediates.noindex/PathKit.build/Debug-xros/PathKit-t.build/Objects-normal/arm64/PathKit.abi.json (in target 'PathKit' from project 'PathKit')
cd /Users/admin/builder/spi-builder-workspace/.dependencies/checkouts/PathKit
builtin-copy -exclude .DS_Store -exclude CVS -exclude .svn -exclude .git -exclude .hg -resolve-src-symlinks -rename /Users/admin/builder/spi-builder-workspace/.derivedData/Build/Intermediates.noindex/PathKit.build/Debug-xros/PathKit-t.build/Objects-normal/arm64/PathKit.abi.json /Users/admin/builder/spi-builder-workspace/.derivedData/Build/Products/Debug-xros/PathKit.swiftmodule/arm64-apple-xros.abi.json
Copy /Users/admin/builder/spi-builder-workspace/.derivedData/Build/Products/Debug-xros/PathKit.swiftmodule/Project/arm64-apple-xros.swiftsourceinfo /Users/admin/builder/spi-builder-workspace/.derivedData/Build/Intermediates.noindex/PathKit.build/Debug-xros/PathKit-t.build/Objects-normal/arm64/PathKit.swiftsourceinfo (in target 'PathKit' from project 'PathKit')
cd /Users/admin/builder/spi-builder-workspace/.dependencies/checkouts/PathKit
builtin-copy -exclude .DS_Store -exclude CVS -exclude .svn -exclude .git -exclude .hg -resolve-src-symlinks -rename /Users/admin/builder/spi-builder-workspace/.derivedData/Build/Intermediates.noindex/PathKit.build/Debug-xros/PathKit-t.build/Objects-normal/arm64/PathKit.swiftsourceinfo /Users/admin/builder/spi-builder-workspace/.derivedData/Build/Products/Debug-xros/PathKit.swiftmodule/Project/arm64-apple-xros.swiftsourceinfo
SwiftExplicitDependencyGeneratePcm arm64 /Users/admin/builder/spi-builder-workspace/.derivedData/SDKExplicitPrecompiledModules/string_h-2GT67HHHHK5CF1V1S31LH0PU2.pcm
SwiftExplicitDependencyGeneratePcm arm64 /Users/admin/builder/spi-builder-workspace/.derivedData/SDKExplicitPrecompiledModules/_Builtin_stdint-8OR6T47OOYJA90ZBO3N1USDE.pcm
SwiftExplicitDependencyGeneratePcm arm64 /Users/admin/builder/spi-builder-workspace/.derivedData/SDKExplicitPrecompiledModules/sys_types-AYM0BHR77VKMWZCO2T0XGV2HF.pcm
SwiftExplicitDependencyGeneratePcm arm64 /Users/admin/builder/spi-builder-workspace/.derivedData/SDKExplicitPrecompiledModules/_DarwinFoundation3-9ZHN6JKBS40BBA81RQMV8H0IC.pcm
PruneExplicitPrecompiledModules /Users/admin/builder/spi-builder-workspace/.derivedData/Build/Intermediates.noindex/ExplicitPrecompiledModules
PruneExplicitPrecompiledModules /Users/admin/builder/spi-builder-workspace/.derivedData/Build/Intermediates.noindex/SwiftExplicitPrecompiledModules
PruneExplicitPrecompiledModules /Users/admin/builder/spi-builder-workspace/.derivedData/SDKExplicitPrecompiledModules
2026-09-15 18:20:57.847 xcodebuild[872:5222] [MT] IDERunDestination: Supported platforms for the buildables in the current scheme is empty.
** BUILD FAILED **
The following build commands failed:
SwiftCompile normal arm64 (in target 'ShellOut' from project 'ShellOut')
SwiftEmitModule normal arm64 Emitting\ module\ for\ ShellOut (in target 'ShellOut' from project 'ShellOut')
Building workspace hackscode with scheme hackscode
(3 failures)
Command line invocation:
/Applications/Xcode-27.0.0-Release.Candidate.app/Contents/Developer/usr/bin/xcodebuild -IDEClonedSourcePackagesDirPathOverride=/Users/admin/builder/spi-builder-workspace/.dependencies -resolvePackageDependencies
Resolve Package Graph
Resolved source packages:
hackscode: /Users/admin/builder/spi-builder-workspace
PathKit: https://github.com/kylef/PathKit @ 1.0.1
AEXML: https://github.com/tadija/AEXML @ 4.5.0
XcodeProj: https://github.com/tuist/XcodeProj @ 7.23.0
CoreCLI: https://github.com/toshi0383/CoreCLI @ 0.1.10
ShellOut: https://github.com/JohnSundell/ShellOut @ 2.3.0
Spectre: https://github.com/kylef/Spectre.git @ 0.10.1
resolved source packages: hackscode, PathKit, AEXML, XcodeProj, CoreCLI, ShellOut, Spectre
2026-09-15 18:21:03.629 xcodebuild[996:5840] [MT] IDERunDestination: Supported platforms for the buildables in the current scheme is empty.
{
"dependencies" : [
{
"identity" : "corecli",
"requirement" : {
"range" : [
{
"lower_bound" : "0.1.10",
"upper_bound" : "1.0.0"
}
]
},
"type" : "sourceControl",
"url" : "https://github.com/toshi0383/CoreCLI"
},
{
"identity" : "xcodeproj",
"requirement" : {
"range" : [
{
"lower_bound" : "7.1.0",
"upper_bound" : "8.0.0"
}
]
},
"type" : "sourceControl",
"url" : "https://github.com/tuist/XcodeProj"
},
{
"identity" : "shellout",
"requirement" : {
"range" : [
{
"lower_bound" : "2.2.0",
"upper_bound" : "3.0.0"
}
]
},
"type" : "sourceControl",
"url" : "https://github.com/JohnSundell/ShellOut"
}
],
"manifest_display_name" : "hackscode",
"name" : "hackscode",
"path" : "/Users/admin/builder/spi-builder-workspace",
"platforms" : [
],
"products" : [
{
"name" : "hackscode",
"targets" : [
"hackscode"
],
"type" : {
"executable" : null
}
}
],
"targets" : [
{
"c99name" : "hackscode",
"module_type" : "SwiftTarget",
"name" : "hackscode",
"path" : "Sources/hackscode",
"product_dependencies" : [
"CoreCLI",
"XcodeProj",
"ShellOut"
],
"product_memberships" : [
"hackscode"
],
"sources" : [
"Commands/CreateNewFile.swift",
"Commands/DumpBuildFiles.swift",
"Commands/RemoveBuildFiles.swift",
"Commands/XQuick.swift",
"Utilities.swift",
"main.swift",
"zzz.Sourcery.out.swift"
],
"type" : "executable"
}
],
"tools_version" : "5.1"
}
{
"workspace" : {
"name" : "hackscode",
"schemes" : [
"hackscode"
]
}
}
2026-09-15 18:21:04.964 xcodebuild[1004:5904] [MT] IDERunDestination: Supported platforms for the buildables in the current scheme is empty.
Running build ...
env DEVELOPER_DIR=/Applications/Xcode-27.0.0-Release.Candidate.app xcrun xcodebuild -IDEClonedSourcePackagesDirPathOverride=$PWD/.dependencies -skipMacroValidation -skipPackagePluginValidation -derivedDataPath $PWD/.derivedData build -scheme hackscode -destination generic/platform=xrOS
Command line invocation:
/Applications/Xcode-27.0.0-Release.Candidate.app/Contents/Developer/usr/bin/xcodebuild -IDEClonedSourcePackagesDirPathOverride=/Users/admin/builder/spi-builder-workspace/.dependencies -skipMacroValidation -skipPackagePluginValidation -derivedDataPath /Users/admin/builder/spi-builder-workspace/.derivedData build -scheme hackscode -destination generic/platform=xrOS
Resolve Package Graph
Resolved source packages:
XcodeProj: https://github.com/tuist/XcodeProj @ 7.23.0
ShellOut: https://github.com/JohnSundell/ShellOut @ 2.3.0
CoreCLI: https://github.com/toshi0383/CoreCLI @ 0.1.10
hackscode: /Users/admin/builder/spi-builder-workspace
AEXML: https://github.com/tadija/AEXML @ 4.5.0
PathKit: https://github.com/kylef/PathKit @ 1.0.1
Spectre: https://github.com/kylef/Spectre.git @ 0.10.1
ComputePackagePrebuildTargetDependencyGraph
Prepare packages
CreateBuildRequest
SendProjectDescription
CreateBuildOperation
ComputeTargetDependencyGraph
note: Building targets in dependency order
note: Target dependency graph (11 targets)
Target 'hackscode-product' in project 'hackscode'
➜ Explicit dependency on target 'CoreCLI-product' in project 'CoreCLI'
➜ Explicit dependency on target 'XcodeProj-product' in project 'XcodeProj'
➜ Explicit dependency on target 'ShellOut-product' in project 'ShellOut'
Target 'ShellOut-product' in project 'ShellOut'
➜ Explicit dependency on target 'ShellOut' in project 'ShellOut'
Target 'ShellOut' in project 'ShellOut' (no dependencies)
Target 'XcodeProj-product' in project 'XcodeProj'
➜ Explicit dependency on target 'XcodeProj' in project 'XcodeProj'
➜ Explicit dependency on target 'PathKit-product' in project 'PathKit'
➜ Explicit dependency on target 'AEXML-product' in project 'AEXML'
Target 'XcodeProj' in project 'XcodeProj'
➜ Explicit dependency on target 'PathKit-product' in project 'PathKit'
➜ Explicit dependency on target 'AEXML-product' in project 'AEXML'
Target 'AEXML-product' in project 'AEXML'
➜ Explicit dependency on target 'AEXML' in project 'AEXML'
Target 'AEXML' in project 'AEXML' (no dependencies)
Target 'PathKit-product' in project 'PathKit'
➜ Explicit dependency on target 'PathKit' in project 'PathKit'
Target 'PathKit' in project 'PathKit' (no dependencies)
Target 'CoreCLI-product' in project 'CoreCLI'
➜ Explicit dependency on target 'CoreCLI' in project 'CoreCLI'
Target 'CoreCLI' in project 'CoreCLI' (no dependencies)
GatherProvisioningInputs
CreateBuildDescription
ClangStatCache /Applications/Xcode-27.0.0-Release.Candidate.app/Contents/Developer/Toolchains/XcodeDefault.xctoolchain/usr/bin/clang-stat-cache /Applications/Xcode-27.0.0-Release.Candidate.app/Contents/Developer/Platforms/XROS.platform/Developer/SDKs/XROS27.0.sdk /Users/admin/builder/spi-builder-workspace/.derivedData/SDKStatCaches.noindex/xros27.0-24M361-e829b21a6f8c9b70876ba0858053c044735bd543db762f57723cac368afd1ce4.sdkstatcache
cd /Users/admin/builder/spi-builder-workspace/.swiftpm/xcode
/Applications/Xcode-27.0.0-Release.Candidate.app/Contents/Developer/Toolchains/XcodeDefault.xctoolchain/usr/bin/clang-stat-cache /Applications/Xcode-27.0.0-Release.Candidate.app/Contents/Developer/Platforms/XROS.platform/Developer/SDKs/XROS27.0.sdk -o /Users/admin/builder/spi-builder-workspace/.derivedData/SDKStatCaches.noindex/xros27.0-24M361-e829b21a6f8c9b70876ba0858053c044735bd543db762f57723cac368afd1ce4.sdkstatcache
SwiftDriver PathKit normal arm64 com.apple.xcode.tools.swift.compiler (in target 'PathKit' from project 'PathKit')
cd /Users/admin/builder/spi-builder-workspace/.swiftpm/xcode
builtin-SwiftDriver -- /Applications/Xcode-27.0.0-Release.Candidate.app/Contents/Developer/Toolchains/XcodeDefault.xctoolchain/usr/bin/swiftc -parse-as-library -module-name PathKit -Onone @/Users/admin/builder/spi-builder-workspace/.derivedData/Build/Intermediates.noindex/PathKit.build/Debug-xros/PathKit-t.build/Objects-normal/arm64/PathKit.SwiftFileList -DSWIFT_PACKAGE -DDEBUG -DSWIFT_MODULE_RESOURCE_BUNDLE_UNAVAILABLE -DXcode -plugin-path /Applications/Xcode-27.0.0-Release.Candidate.app/Contents/Developer/Toolchains/XcodeDefault.xctoolchain/usr/lib/swift/host/plugins/testing -enable-experimental-feature DebugDescriptionMacro -sdk /Applications/Xcode-27.0.0-Release.Candidate.app/Contents/Developer/Platforms/XROS.platform/Developer/SDKs/XROS27.0.sdk -target arm64-apple-xros1.0 -g -module-cache-path /Users/admin/builder/spi-builder-workspace/.derivedData/ModuleCache.noindex -Xfrontend -serialize-debugging-options -enable-testing -suppress-warnings -index-store-path /Users/admin/builder/spi-builder-workspace/.derivedData/Index.noindex/DataStore -Xcc -D_LIBCPP_HARDENING_MODE\=_LIBCPP_HARDENING_MODE_DEBUG -swift-version 4.2 -I /Users/admin/builder/spi-builder-workspace/.derivedData/Build/Products/Debug-xros -Isystem /Applications/Xcode-27.0.0-Release.Candidate.app/Contents/Developer/Platforms/XROS.platform/Developer/usr/lib -F /Users/admin/builder/spi-builder-workspace/.derivedData/Build/Products/Debug-xros -F /Applications/Xcode-27.0.0-Release.Candidate.app/Contents/Developer/Platforms/XROS.platform/Developer/Library/Frameworks -F /Applications/Xcode-27.0.0-Release.Candidate.app/Contents/Developer/Platforms/XROS.platform/Developer/SDKs/XROS27.0.sdk/Developer/Library/Frameworks -c -j10 -enable-batch-mode -incremental -Xcc -ivfsstatcache -Xcc /Users/admin/builder/spi-builder-workspace/.derivedData/SDKStatCaches.noindex/xros27.0-24M361-e829b21a6f8c9b70876ba0858053c044735bd543db762f57723cac368afd1ce4.sdkstatcache -output-file-map /Users/admin/builder/spi-builder-workspace/.derivedData/Build/Intermediates.noindex/PathKit.build/Debug-xros/PathKit-t.build/Objects-normal/arm64/PathKit-OutputFileMap.json -save-temps -no-color-diagnostics -emit-dependencies -emit-module -emit-module-path /Users/admin/builder/spi-builder-workspace/.derivedData/Build/Intermediates.noindex/PathKit.build/Debug-xros/PathKit-t.build/Objects-normal/arm64/PathKit.swiftmodule -serialize-diagnostics -validate-clang-modules-once -clang-build-session-file /Users/admin/builder/spi-builder-workspace/.derivedData/ModuleCache.noindex/Session.modulevalidation -Xcc -fmodules-prune-interval\=86400 -Xcc -fmodules-prune-after\=345600 -emit-const-values -const-gather-protocols-list /Users/admin/builder/spi-builder-workspace/.derivedData/Build/Intermediates.noindex/PathKit.build/Debug-xros/PathKit-t.build/Objects-normal/arm64/PathKit_const_extract_protocols.json -Xcc -I/Users/admin/builder/spi-builder-workspace/.derivedData/Build/Products/Debug-xros/include -Xcc -I/Users/admin/builder/spi-builder-workspace/.derivedData/Build/Intermediates.noindex/PathKit.build/Debug-xros/PathKit-t.build/DerivedSources-normal/arm64 -Xcc -I/Users/admin/builder/spi-builder-workspace/.derivedData/Build/Intermediates.noindex/PathKit.build/Debug-xros/PathKit-t.build/DerivedSources/arm64 -Xcc -I/Users/admin/builder/spi-builder-workspace/.derivedData/Build/Intermediates.noindex/PathKit.build/Debug-xros/PathKit-t.build/DerivedSources -Xcc -DSWIFT_PACKAGE -Xcc -DDEBUG\=1 -emit-objc-header -emit-objc-header-path /Users/admin/builder/spi-builder-workspace/.derivedData/Build/Intermediates.noindex/PathKit.build/Debug-xros/PathKit-t.build/Objects-normal/arm64/PathKit-Swift.h -working-directory /Users/admin/builder/spi-builder-workspace/.swiftpm/xcode -experimental-emit-module-separately -disable-cmo
SwiftDriver ShellOut normal arm64 com.apple.xcode.tools.swift.compiler (in target 'ShellOut' from project 'ShellOut')
cd /Users/admin/builder/spi-builder-workspace/.swiftpm/xcode
builtin-SwiftDriver -- /Applications/Xcode-27.0.0-Release.Candidate.app/Contents/Developer/Toolchains/XcodeDefault.xctoolchain/usr/bin/swiftc -parse-as-library -module-name ShellOut -Onone @/Users/admin/builder/spi-builder-workspace/.derivedData/Build/Intermediates.noindex/ShellOut.build/Debug-xros/ShellOut-t.build/Objects-normal/arm64/ShellOut.SwiftFileList -DSWIFT_PACKAGE -DDEBUG -DSWIFT_MODULE_RESOURCE_BUNDLE_UNAVAILABLE -DXcode -plugin-path /Applications/Xcode-27.0.0-Release.Candidate.app/Contents/Developer/Toolchains/XcodeDefault.xctoolchain/usr/lib/swift/host/plugins/testing -enable-experimental-feature DebugDescriptionMacro -sdk /Applications/Xcode-27.0.0-Release.Candidate.app/Contents/Developer/Platforms/XROS.platform/Developer/SDKs/XROS27.0.sdk -target arm64-apple-xros1.0 -g -module-cache-path /Users/admin/builder/spi-builder-workspace/.derivedData/ModuleCache.noindex -Xfrontend -serialize-debugging-options -enable-testing -suppress-warnings -index-store-path /Users/admin/builder/spi-builder-workspace/.derivedData/Index.noindex/DataStore -Xcc -D_LIBCPP_HARDENING_MODE\=_LIBCPP_HARDENING_MODE_DEBUG -swift-version 4.2 -I /Users/admin/builder/spi-builder-workspace/.derivedData/Build/Products/Debug-xros -Isystem /Applications/Xcode-27.0.0-Release.Candidate.app/Contents/Developer/Platforms/XROS.platform/Developer/usr/lib -F /Users/admin/builder/spi-builder-workspace/.derivedData/Build/Products/Debug-xros -F /Applications/Xcode-27.0.0-Release.Candidate.app/Contents/Developer/Platforms/XROS.platform/Developer/Library/Frameworks -F /Applications/Xcode-27.0.0-Release.Candidate.app/Contents/Developer/Platforms/XROS.platform/Developer/SDKs/XROS27.0.sdk/Developer/Library/Frameworks -c -j10 -enable-batch-mode -incremental -Xcc -ivfsstatcache -Xcc /Users/admin/builder/spi-builder-workspace/.derivedData/SDKStatCaches.noindex/xros27.0-24M361-e829b21a6f8c9b70876ba0858053c044735bd543db762f57723cac368afd1ce4.sdkstatcache -output-file-map /Users/admin/builder/spi-builder-workspace/.derivedData/Build/Intermediates.noindex/ShellOut.build/Debug-xros/ShellOut-t.build/Objects-normal/arm64/ShellOut-OutputFileMap.json -save-temps -no-color-diagnostics -emit-dependencies -emit-module -emit-module-path /Users/admin/builder/spi-builder-workspace/.derivedData/Build/Intermediates.noindex/ShellOut.build/Debug-xros/ShellOut-t.build/Objects-normal/arm64/ShellOut.swiftmodule -serialize-diagnostics -validate-clang-modules-once -clang-build-session-file /Users/admin/builder/spi-builder-workspace/.derivedData/ModuleCache.noindex/Session.modulevalidation -Xcc -fmodules-prune-interval\=86400 -Xcc -fmodules-prune-after\=345600 -emit-const-values -const-gather-protocols-list /Users/admin/builder/spi-builder-workspace/.derivedData/Build/Intermediates.noindex/ShellOut.build/Debug-xros/ShellOut-t.build/Objects-normal/arm64/ShellOut_const_extract_protocols.json -Xcc -I/Users/admin/builder/spi-builder-workspace/.derivedData/Build/Products/Debug-xros/include -Xcc -I/Users/admin/builder/spi-builder-workspace/.derivedData/Build/Intermediates.noindex/ShellOut.build/Debug-xros/ShellOut-t.build/DerivedSources-normal/arm64 -Xcc -I/Users/admin/builder/spi-builder-workspace/.derivedData/Build/Intermediates.noindex/ShellOut.build/Debug-xros/ShellOut-t.build/DerivedSources/arm64 -Xcc -I/Users/admin/builder/spi-builder-workspace/.derivedData/Build/Intermediates.noindex/ShellOut.build/Debug-xros/ShellOut-t.build/DerivedSources -Xcc -DSWIFT_PACKAGE -Xcc -DDEBUG\=1 -emit-objc-header -emit-objc-header-path /Users/admin/builder/spi-builder-workspace/.derivedData/Build/Intermediates.noindex/ShellOut.build/Debug-xros/ShellOut-t.build/Objects-normal/arm64/ShellOut-Swift.h -working-directory /Users/admin/builder/spi-builder-workspace/.swiftpm/xcode -experimental-emit-module-separately -disable-cmo
SwiftDriver CoreCLI normal arm64 com.apple.xcode.tools.swift.compiler (in target 'CoreCLI' from project 'CoreCLI')
cd /Users/admin/builder/spi-builder-workspace/.swiftpm/xcode
builtin-SwiftDriver -- /Applications/Xcode-27.0.0-Release.Candidate.app/Contents/Developer/Toolchains/XcodeDefault.xctoolchain/usr/bin/swiftc -parse-as-library -module-name CoreCLI -Onone @/Users/admin/builder/spi-builder-workspace/.derivedData/Build/Intermediates.noindex/CoreCLI.build/Debug-xros/CoreCLI-t.build/Objects-normal/arm64/CoreCLI.SwiftFileList -DSWIFT_PACKAGE -DDEBUG -DSWIFT_MODULE_RESOURCE_BUNDLE_UNAVAILABLE -DXcode -plugin-path /Applications/Xcode-27.0.0-Release.Candidate.app/Contents/Developer/Toolchains/XcodeDefault.xctoolchain/usr/lib/swift/host/plugins/testing -enable-experimental-feature DebugDescriptionMacro -sdk /Applications/Xcode-27.0.0-Release.Candidate.app/Contents/Developer/Platforms/XROS.platform/Developer/SDKs/XROS27.0.sdk -target arm64-apple-xros1.0 -g -module-cache-path /Users/admin/builder/spi-builder-workspace/.derivedData/ModuleCache.noindex -Xfrontend -serialize-debugging-options -enable-testing -suppress-warnings -index-store-path /Users/admin/builder/spi-builder-workspace/.derivedData/Index.noindex/DataStore -Xcc -D_LIBCPP_HARDENING_MODE\=_LIBCPP_HARDENING_MODE_DEBUG -swift-version 4 -I /Users/admin/builder/spi-builder-workspace/.derivedData/Build/Products/Debug-xros -Isystem /Applications/Xcode-27.0.0-Release.Candidate.app/Contents/Developer/Platforms/XROS.platform/Developer/usr/lib -F /Users/admin/builder/spi-builder-workspace/.derivedData/Build/Products/Debug-xros -F /Applications/Xcode-27.0.0-Release.Candidate.app/Contents/Developer/Platforms/XROS.platform/Developer/Library/Frameworks -F /Applications/Xcode-27.0.0-Release.Candidate.app/Contents/Developer/Platforms/XROS.platform/Developer/SDKs/XROS27.0.sdk/Developer/Library/Frameworks -c -j10 -enable-batch-mode -incremental -Xcc -ivfsstatcache -Xcc /Users/admin/builder/spi-builder-workspace/.derivedData/SDKStatCaches.noindex/xros27.0-24M361-e829b21a6f8c9b70876ba0858053c044735bd543db762f57723cac368afd1ce4.sdkstatcache -output-file-map /Users/admin/builder/spi-builder-workspace/.derivedData/Build/Intermediates.noindex/CoreCLI.build/Debug-xros/CoreCLI-t.build/Objects-normal/arm64/CoreCLI-OutputFileMap.json -save-temps -no-color-diagnostics -emit-dependencies -emit-module -emit-module-path /Users/admin/builder/spi-builder-workspace/.derivedData/Build/Intermediates.noindex/CoreCLI.build/Debug-xros/CoreCLI-t.build/Objects-normal/arm64/CoreCLI.swiftmodule -serialize-diagnostics -validate-clang-modules-once -clang-build-session-file /Users/admin/builder/spi-builder-workspace/.derivedData/ModuleCache.noindex/Session.modulevalidation -Xcc -fmodules-prune-interval\=86400 -Xcc -fmodules-prune-after\=345600 -emit-const-values -const-gather-protocols-list /Users/admin/builder/spi-builder-workspace/.derivedData/Build/Intermediates.noindex/CoreCLI.build/Debug-xros/CoreCLI-t.build/Objects-normal/arm64/CoreCLI_const_extract_protocols.json -Xcc -I/Users/admin/builder/spi-builder-workspace/.derivedData/Build/Products/Debug-xros/include -Xcc -I/Users/admin/builder/spi-builder-workspace/.derivedData/Build/Intermediates.noindex/CoreCLI.build/Debug-xros/CoreCLI-t.build/DerivedSources-normal/arm64 -Xcc -I/Users/admin/builder/spi-builder-workspace/.derivedData/Build/Intermediates.noindex/CoreCLI.build/Debug-xros/CoreCLI-t.build/DerivedSources/arm64 -Xcc -I/Users/admin/builder/spi-builder-workspace/.derivedData/Build/Intermediates.noindex/CoreCLI.build/Debug-xros/CoreCLI-t.build/DerivedSources -Xcc -DSWIFT_PACKAGE -Xcc -DDEBUG\=1 -emit-objc-header -emit-objc-header-path /Users/admin/builder/spi-builder-workspace/.derivedData/Build/Intermediates.noindex/CoreCLI.build/Debug-xros/CoreCLI-t.build/Objects-normal/arm64/CoreCLI-Swift.h -working-directory /Users/admin/builder/spi-builder-workspace/.swiftpm/xcode -experimental-emit-module-separately -disable-cmo
SwiftDriver AEXML normal arm64 com.apple.xcode.tools.swift.compiler (in target 'AEXML' from project 'AEXML')
cd /Users/admin/builder/spi-builder-workspace/.swiftpm/xcode
builtin-SwiftDriver -- /Applications/Xcode-27.0.0-Release.Candidate.app/Contents/Developer/Toolchains/XcodeDefault.xctoolchain/usr/bin/swiftc -parse-as-library -module-name AEXML -Onone @/Users/admin/builder/spi-builder-workspace/.derivedData/Build/Intermediates.noindex/AEXML.build/Debug-xros/AEXML-t.build/Objects-normal/arm64/AEXML.SwiftFileList -DSWIFT_PACKAGE -DDEBUG -DSWIFT_MODULE_RESOURCE_BUNDLE_UNAVAILABLE -DXcode -plugin-path /Applications/Xcode-27.0.0-Release.Candidate.app/Contents/Developer/Toolchains/XcodeDefault.xctoolchain/usr/lib/swift/host/plugins/testing -enable-experimental-feature DebugDescriptionMacro -sdk /Applications/Xcode-27.0.0-Release.Candidate.app/Contents/Developer/Platforms/XROS.platform/Developer/SDKs/XROS27.0.sdk -target arm64-apple-xros1.0 -g -module-cache-path /Users/admin/builder/spi-builder-workspace/.derivedData/ModuleCache.noindex -Xfrontend -serialize-debugging-options -enable-testing -suppress-warnings -index-store-path /Users/admin/builder/spi-builder-workspace/.derivedData/Index.noindex/DataStore -Xcc -D_LIBCPP_HARDENING_MODE\=_LIBCPP_HARDENING_MODE_DEBUG -swift-version 5 -I /Users/admin/builder/spi-builder-workspace/.derivedData/Build/Products/Debug-xros -Isystem /Applications/Xcode-27.0.0-Release.Candidate.app/Contents/Developer/Platforms/XROS.platform/Developer/usr/lib -F /Users/admin/builder/spi-builder-workspace/.derivedData/Build/Products/Debug-xros -F /Applications/Xcode-27.0.0-Release.Candidate.app/Contents/Developer/Platforms/XROS.platform/Developer/Library/Frameworks -F /Applications/Xcode-27.0.0-Release.Candidate.app/Contents/Developer/Platforms/XROS.platform/Developer/SDKs/XROS27.0.sdk/Developer/Library/Frameworks -c -j10 -enable-batch-mode -incremental -Xcc -ivfsstatcache -Xcc /Users/admin/builder/spi-builder-workspace/.derivedData/SDKStatCaches.noindex/xros27.0-24M361-e829b21a6f8c9b70876ba0858053c044735bd543db762f57723cac368afd1ce4.sdkstatcache -output-file-map /Users/admin/builder/spi-builder-workspace/.derivedData/Build/Intermediates.noindex/AEXML.build/Debug-xros/AEXML-t.build/Objects-normal/arm64/AEXML-OutputFileMap.json -save-temps -no-color-diagnostics -explicit-module-build -module-cache-path /Users/admin/builder/spi-builder-workspace/.derivedData/Build/Intermediates.noindex/SwiftExplicitPrecompiledModules -clang-scanner-module-cache-path /Users/admin/builder/spi-builder-workspace/.derivedData/ModuleCache.noindex -sdk-module-cache-path /Users/admin/builder/spi-builder-workspace/.derivedData/SDKExplicitPrecompiledModules -emit-dependencies -emit-module -emit-module-path /Users/admin/builder/spi-builder-workspace/.derivedData/Build/Intermediates.noindex/AEXML.build/Debug-xros/AEXML-t.build/Objects-normal/arm64/AEXML.swiftmodule -serialize-diagnostics -dependency-scan-serialize-diagnostics-path /Users/admin/builder/spi-builder-workspace/.derivedData/Build/Intermediates.noindex/AEXML.build/Debug-xros/AEXML-t.build/Objects-normal/arm64/AEXML-dependency-scan.dia -validate-clang-modules-once -clang-build-session-file /Users/admin/builder/spi-builder-workspace/.derivedData/ModuleCache.noindex/Session.modulevalidation -Xcc -fmodules-prune-interval\=86400 -Xcc -fmodules-prune-after\=345600 -emit-const-values -const-gather-protocols-list /Users/admin/builder/spi-builder-workspace/.derivedData/Build/Intermediates.noindex/AEXML.build/Debug-xros/AEXML-t.build/Objects-normal/arm64/AEXML_const_extract_protocols.json -Xcc -I/Users/admin/builder/spi-builder-workspace/.derivedData/Build/Products/Debug-xros/include -Xcc -I/Users/admin/builder/spi-builder-workspace/.derivedData/Build/Intermediates.noindex/AEXML.build/Debug-xros/AEXML-t.build/DerivedSources-normal/arm64 -Xcc -I/Users/admin/builder/spi-builder-workspace/.derivedData/Build/Intermediates.noindex/AEXML.build/Debug-xros/AEXML-t.build/DerivedSources/arm64 -Xcc -I/Users/admin/builder/spi-builder-workspace/.derivedData/Build/Intermediates.noindex/AEXML.build/Debug-xros/AEXML-t.build/DerivedSources -Xcc -DSWIFT_PACKAGE -Xcc -DDEBUG\=1 -emit-objc-header -emit-objc-header-path /Users/admin/builder/spi-builder-workspace/.derivedData/Build/Intermediates.noindex/AEXML.build/Debug-xros/AEXML-t.build/Objects-normal/arm64/AEXML-Swift.h -working-directory /Users/admin/builder/spi-builder-workspace/.swiftpm/xcode -experimental-emit-module-separately -disable-cmo
SwiftEmitModule normal arm64 Emitting\ module\ for\ ShellOut (in target 'ShellOut' from project 'ShellOut')
SwiftCompile normal arm64 (in target 'ShellOut' from project 'ShellOut')
cd /Users/admin/builder/spi-builder-workspace/.swiftpm/xcode
/Users/admin/builder/spi-builder-workspace/.dependencies/checkouts/ShellOut/Sources/ShellOut.swift:34:14: error: cannot find type 'Process' in scope
32 | arguments: [String] = [],
33 | at path: String = ".",
34 | process: Process = .init(),
| `- error: cannot find type 'Process' in scope
35 | outputHandle: FileHandle? = nil,
36 | errorHandle: FileHandle? = nil
/Users/admin/builder/spi-builder-workspace/.dependencies/checkouts/ShellOut/Sources/ShellOut.swift:67:14: error: cannot find type 'Process' in scope
65 | to commands: [String],
66 | at path: String = ".",
67 | process: Process = .init(),
| `- error: cannot find type 'Process' in scope
68 | outputHandle: FileHandle? = nil,
69 | errorHandle: FileHandle? = nil
/Users/admin/builder/spi-builder-workspace/.dependencies/checkouts/ShellOut/Sources/ShellOut.swift:102:14: error: cannot find type 'Process' in scope
100 | to command: ShellOutCommand,
101 | at path: String = ".",
102 | process: Process = .init(),
| `- error: cannot find type 'Process' in scope
103 | outputHandle: FileHandle? = nil,
104 | errorHandle: FileHandle? = nil
/Users/admin/builder/spi-builder-workspace/.dependencies/checkouts/ShellOut/Sources/ShellOut.swift:377:19: error: cannot find type 'Process' in scope
375 | // MARK: - Private
376 |
377 | private extension Process {
| `- error: cannot find type 'Process' in scope
378 | @discardableResult func launchBash(with command: String, outputHandle: FileHandle? = nil, errorHandle: FileHandle? = nil) throws -> String {
379 | launchPath = "/bin/bash"
Failed frontend command:
/Applications/Xcode-27.0.0-Release.Candidate.app/Contents/Developer/Toolchains/XcodeDefault.xctoolchain/usr/bin/swift-frontend -frontend -emit-module -experimental-skip-non-inlinable-function-bodies-without-types /Users/admin/builder/spi-builder-workspace/.dependencies/checkouts/ShellOut/Sources/ShellOut.swift -target arm64-apple-xros1.0 -Xllvm -aarch64-use-tbi -enable-objc-interop -stack-check -sdk /Applications/Xcode-27.0.0-Release.Candidate.app/Contents/Developer/Platforms/XROS.platform/Developer/SDKs/XROS27.0.sdk -I /Users/admin/builder/spi-builder-workspace/.derivedData/Build/Products/Debug-xros -Isystem /Applications/Xcode-27.0.0-Release.Candidate.app/Contents/Developer/Platforms/XROS.platform/Developer/usr/lib -F /Users/admin/builder/spi-builder-workspace/.derivedData/Build/Products/Debug-xros -F /Applications/Xcode-27.0.0-Release.Candidate.app/Contents/Developer/Platforms/XROS.platform/Developer/Library/Frameworks -F /Applications/Xcode-27.0.0-Release.Candidate.app/Contents/Developer/Platforms/XROS.platform/Developer/SDKs/XROS27.0.sdk/Developer/Library/Frameworks -module-cache-path /Users/admin/builder/spi-builder-workspace/.derivedData/ModuleCache.noindex -no-color-diagnostics -Xcc -fno-color-diagnostics -enable-testing -g -debug-info-format\=dwarf -dwarf-version\=4 -suppress-warnings -swift-version 4.2 -Onone -D SWIFT_PACKAGE -D DEBUG -D SWIFT_MODULE_RESOURCE_BUNDLE_UNAVAILABLE -D Xcode -serialize-debugging-options -enable-experimental-feature DebugDescriptionMacro -empty-abi-descriptor -plugin-path /Applications/Xcode-27.0.0-Release.Candidate.app/Contents/Developer/Toolchains/XcodeDefault.xctoolchain/usr/lib/swift/host/plugins/testing -validate-clang-modules-once -clang-build-session-file /Users/admin/builder/spi-builder-workspace/.derivedData/ModuleCache.noindex/Session.modulevalidation -Xcc -working-directory -Xcc /Users/admin/builder/spi-builder-workspace/.swiftpm/xcode -enable-anonymous-context-mangled-names -file-compilation-dir /Users/admin/builder/spi-builder-workspace/.swiftpm/xcode -Xcc -D_LIBCPP_HARDENING_MODE\=_LIBCPP_HARDENING_MODE_DEBUG -Xcc -ivfsstatcache -Xcc /Users/admin/builder/spi-builder-workspace/.derivedData/SDKStatCaches.noindex/xros27.0-24M361-e829b21a6f8c9b70876ba0858053c044735bd543db762f57723cac368afd1ce4.sdkstatcache -Xcc -fmodules-prune-interval\=86400 -Xcc -fmodules-prune-after\=345600 -Xcc -I/Users/admin/builder/spi-builder-workspace/.derivedData/Build/Products/Debug-xros/include -Xcc -I/Users/admin/builder/spi-builder-workspace/.derivedData/Build/Intermediates.noindex/ShellOut.build/Debug-xros/ShellOut-t.build/DerivedSources-normal/arm64 -Xcc -I/Users/admin/builder/spi-builder-workspace/.derivedData/Build/Intermediates.noindex/ShellOut.build/Debug-xros/ShellOut-t.build/DerivedSources/arm64 -Xcc -I/Users/admin/builder/spi-builder-workspace/.derivedData/Build/Intermediates.noindex/ShellOut.build/Debug-xros/ShellOut-t.build/DerivedSources -Xcc -DSWIFT_PACKAGE -Xcc -DDEBUG\=1 -no-auto-bridging-header-chaining -module-name ShellOut -const-gather-protocols-file /Users/admin/builder/spi-builder-workspace/.derivedData/Build/Intermediates.noindex/ShellOut.build/Debug-xros/ShellOut-t.build/Objects-normal/arm64/ShellOut_const_extract_protocols.json -disable-clang-spi -target-sdk-version 27.0 -target-sdk-name xros27.0 -external-plugin-path /Applications/Xcode-27.0.0-Release.Candidate.app/Contents/Developer/Platforms/XROS.platform/Developer/usr/lib/swift/host/plugins\#/Applications/Xcode-27.0.0-Release.Candidate.app/Contents/Developer/Platforms/XROS.platform/Developer/usr/bin/swift-plugin-server -external-plugin-path /Applications/Xcode-27.0.0-Release.Candidate.app/Contents/Developer/Platforms/XROS.platform/Developer/usr/local/lib/swift/host/plugins\#/Applications/Xcode-27.0.0-Release.Candidate.app/Contents/Developer/Platforms/XROS.platform/Developer/usr/bin/swift-plugin-server -in-process-plugin-server-path /Applications/Xcode-27.0.0-Release.Candidate.app/Contents/Developer/Toolchains/XcodeDefault.xctoolchain/usr/lib/swift/host/libSwiftInProcPluginServer.dylib -plugin-path /Applications/Xcode-27.0.0-Release.Candidate.app/Contents/Developer/Toolchains/XcodeDefault.xctoolchain/usr/lib/swift/host/plugins -plugin-path /Applications/Xcode-27.0.0-Release.Candidate.app/Contents/Developer/Toolchains/XcodeDefault.xctoolchain/usr/local/lib/swift/host/plugins -emit-module-doc-path /Users/admin/builder/spi-builder-workspace/.derivedData/Build/Intermediates.noindex/ShellOut.build/Debug-xros/ShellOut-t.build/Objects-normal/arm64/ShellOut.swiftdoc -emit-module-source-info-path /Users/admin/builder/spi-builder-workspace/.derivedData/Build/Intermediates.noindex/ShellOut.build/Debug-xros/ShellOut-t.build/Objects-normal/arm64/ShellOut.swiftsourceinfo -emit-objc-header-path /Users/admin/builder/spi-builder-workspace/.derivedData/Build/Intermediates.noindex/ShellOut.build/Debug-xros/ShellOut-t.build/Objects-normal/arm64/ShellOut-Swift.h -serialize-diagnostics-path /Users/admin/builder/spi-builder-workspace/.derivedData/Build/Intermediates.noindex/ShellOut.build/Debug-xros/ShellOut-t.build/Objects-normal/arm64/ShellOut-primary-emit-module.dia -emit-dependencies-path /Users/admin/builder/spi-builder-workspace/.derivedData/Build/Intermediates.noindex/ShellOut.build/Debug-xros/ShellOut-t.build/Objects-normal/arm64/ShellOut-primary-emit-module.d -parse-as-library -o /Users/admin/builder/spi-builder-workspace/.derivedData/Build/Intermediates.noindex/ShellOut.build/Debug-xros/ShellOut-t.build/Objects-normal/arm64/ShellOut.swiftmodule -emit-abi-descriptor-path /Users/admin/builder/spi-builder-workspace/.derivedData/Build/Intermediates.noindex/ShellOut.build/Debug-xros/ShellOut-t.build/Objects-normal/arm64/ShellOut.abi.json
SwiftCompile normal arm64 Compiling\ ShellOut.swift /Users/admin/builder/spi-builder-workspace/.dependencies/checkouts/ShellOut/Sources/ShellOut.swift (in target 'ShellOut' from project 'ShellOut')
SwiftCompile normal arm64 /Users/admin/builder/spi-builder-workspace/.dependencies/checkouts/ShellOut/Sources/ShellOut.swift (in target 'ShellOut' from project 'ShellOut')
cd /Users/admin/builder/spi-builder-workspace/.swiftpm/xcode
builtin-SwiftPerFileCompile ShellOut.swift
/Users/admin/builder/spi-builder-workspace/.dependencies/checkouts/ShellOut/Sources/ShellOut.swift:34:14: error: cannot find type 'Process' in scope
32 | arguments: [String] = [],
33 | at path: String = ".",
34 | process: Process = .init(),
| `- error: cannot find type 'Process' in scope
35 | outputHandle: FileHandle? = nil,
36 | errorHandle: FileHandle? = nil
/Users/admin/builder/spi-builder-workspace/.dependencies/checkouts/ShellOut/Sources/ShellOut.swift:67:14: error: cannot find type 'Process' in scope
65 | to commands: [String],
66 | at path: String = ".",
67 | process: Process = .init(),
| `- error: cannot find type 'Process' in scope
68 | outputHandle: FileHandle? = nil,
69 | errorHandle: FileHandle? = nil
/Users/admin/builder/spi-builder-workspace/.dependencies/checkouts/ShellOut/Sources/ShellOut.swift:102:14: error: cannot find type 'Process' in scope
100 | to command: ShellOutCommand,
101 | at path: String = ".",
102 | process: Process = .init(),
| `- error: cannot find type 'Process' in scope
103 | outputHandle: FileHandle? = nil,
104 | errorHandle: FileHandle? = nil
SwiftEmitModule normal arm64 Emitting\ module\ for\ PathKit (in target 'PathKit' from project 'PathKit')
SwiftCompile normal arm64 (in target 'PathKit' from project 'PathKit')
cd /Users/admin/builder/spi-builder-workspace/.swiftpm/xcode
SwiftCompile normal arm64 Compiling\ PathKit.swift /Users/admin/builder/spi-builder-workspace/.dependencies/checkouts/PathKit/Sources/PathKit.swift (in target 'PathKit' from project 'PathKit')
SwiftCompile normal arm64 /Users/admin/builder/spi-builder-workspace/.dependencies/checkouts/PathKit/Sources/PathKit.swift (in target 'PathKit' from project 'PathKit')
cd /Users/admin/builder/spi-builder-workspace/.swiftpm/xcode
builtin-SwiftPerFileCompile PathKit.swift
SwiftCompile normal arm64 Compiling\ CommandType.swift /Users/admin/builder/spi-builder-workspace/.dependencies/checkouts/CoreCLI/Sources/CoreCLI/CommandType.swift (in target 'CoreCLI' from project 'CoreCLI')
SwiftCompile normal arm64 /Users/admin/builder/spi-builder-workspace/.dependencies/checkouts/CoreCLI/Sources/CoreCLI/CommandType.swift (in target 'CoreCLI' from project 'CoreCLI')
cd /Users/admin/builder/spi-builder-workspace/.swiftpm/xcode
builtin-SwiftPerFileCompile CommandType.swift
SwiftEmitModule normal arm64 Emitting\ module\ for\ CoreCLI (in target 'CoreCLI' from project 'CoreCLI')
SwiftCompile normal arm64 (in target 'CoreCLI' from project 'CoreCLI')
cd /Users/admin/builder/spi-builder-workspace/.swiftpm/xcode
SwiftCompile normal arm64 Compiling\ AutoArgumentsDecodable.swift /Users/admin/builder/spi-builder-workspace/.dependencies/checkouts/CoreCLI/Sources/CoreCLI/AutoArgumentsDecodable.swift (in target 'CoreCLI' from project 'CoreCLI')
SwiftCompile normal arm64 /Users/admin/builder/spi-builder-workspace/.dependencies/checkouts/CoreCLI/Sources/CoreCLI/AutoArgumentsDecodable.swift (in target 'CoreCLI' from project 'CoreCLI')
cd /Users/admin/builder/spi-builder-workspace/.swiftpm/xcode
builtin-SwiftPerFileCompile AutoArgumentsDecodable.swift
SwiftCompile normal arm64 Compiling\ ArgumentParser.swift /Users/admin/builder/spi-builder-workspace/.dependencies/checkouts/CoreCLI/Sources/CoreCLI/ArgumentParser.swift (in target 'CoreCLI' from project 'CoreCLI')
SwiftCompile normal arm64 /Users/admin/builder/spi-builder-workspace/.dependencies/checkouts/CoreCLI/Sources/CoreCLI/ArgumentParser.swift (in target 'CoreCLI' from project 'CoreCLI')
cd /Users/admin/builder/spi-builder-workspace/.swiftpm/xcode
builtin-SwiftPerFileCompile ArgumentParser.swift
SwiftCompile normal arm64 Compiling\ CommandRunner.swift /Users/admin/builder/spi-builder-workspace/.dependencies/checkouts/CoreCLI/Sources/CoreCLI/CommandRunner.swift (in target 'CoreCLI' from project 'CoreCLI')
SwiftCompile normal arm64 /Users/admin/builder/spi-builder-workspace/.dependencies/checkouts/CoreCLI/Sources/CoreCLI/CommandRunner.swift (in target 'CoreCLI' from project 'CoreCLI')
cd /Users/admin/builder/spi-builder-workspace/.swiftpm/xcode
builtin-SwiftPerFileCompile CommandRunner.swift
SwiftExplicitDependencyGeneratePcm arm64 /Users/admin/builder/spi-builder-workspace/.derivedData/SDKExplicitPrecompiledModules/_DarwinFoundation3-9ZHN6JKBS40BBA81RQMV8H0IC.pcm
PruneExplicitPrecompiledModules /Users/admin/builder/spi-builder-workspace/.derivedData/SDKExplicitPrecompiledModules
PruneExplicitPrecompiledModules /Users/admin/builder/spi-builder-workspace/.derivedData/Build/Intermediates.noindex/ExplicitPrecompiledModules
PruneExplicitPrecompiledModules /Users/admin/builder/spi-builder-workspace/.derivedData/Build/Intermediates.noindex/SwiftExplicitPrecompiledModules
2026-09-15 18:21:06.011 xcodebuild[1005:5927] [MT] IDERunDestination: Supported platforms for the buildables in the current scheme is empty.
** BUILD FAILED **
The following build commands failed:
SwiftCompile normal arm64 (in target 'ShellOut' from project 'ShellOut')
SwiftEmitModule normal arm64 Emitting\ module\ for\ ShellOut (in target 'ShellOut' from project 'ShellOut')
Building workspace hackscode with scheme hackscode
(3 failures)
BUILD FAILURE 6.4 visionOS