Build Information
Failed to build SwiftyCreatives, reference v2.4.0 (2e2c84), with Swift 6.4 for watchOS using Xcode 27.0 on 23 Sep 2026 04:08:19 UTC.
Build Command
env DEVELOPER_DIR=/Applications/Xcode-27.0.0-Release.Candidate.app xcrun xcodebuild -IDEClonedSourcePackagesDirPathOverride=$PWD/.dependencies -skipMacroValidation -skipPackagePluginValidation -derivedDataPath $PWD/.derivedData build -scheme SwiftyCreatives -destination generic/platform=watchOSBuild Log
CreateUniversalBinary /Users/admin/builder/spi-builder-workspace/.derivedData/Build/Products/Debug/SwiftSyntaxBuilder.o normal arm64\ x86_64 (in target 'SwiftSyntaxBuilder' from project 'swift-syntax')
cd /Users/admin/builder/spi-builder-workspace/.dependencies/checkouts/swift-syntax
/Applications/Xcode-27.0.0-Release.Candidate.app/Contents/Developer/Toolchains/XcodeDefault.xctoolchain/usr/bin/lipo -create /Users/admin/builder/spi-builder-workspace/.derivedData/Build/Intermediates.noindex/swift-syntax.build/Debug/SwiftSyntaxBuilder-t.build/Objects-normal/arm64/Binary/SwiftSyntaxBuilder.o /Users/admin/builder/spi-builder-workspace/.derivedData/Build/Intermediates.noindex/swift-syntax.build/Debug/SwiftSyntaxBuilder-t.build/Objects-normal/x86_64/Binary/SwiftSyntaxBuilder.o -output /Users/admin/builder/spi-builder-workspace/.derivedData/Build/Products/Debug/SwiftSyntaxBuilder.o
ExtractAppIntentsMetadata (in target 'SwiftSyntaxBuilder' from project 'swift-syntax')
cd /Users/admin/builder/spi-builder-workspace/.dependencies/checkouts/swift-syntax
/Applications/Xcode-27.0.0-Release.Candidate.app/Contents/Developer/Toolchains/XcodeDefault.xctoolchain/usr/bin/appintentsmetadataprocessor --toolchain-dir /var/run/com.apple.security.cryptexd/mnt/com.apple.MobileAsset.MetalToolchain-v27.1.266.1.7HqJiv/Metal.xctoolchain --module-name SwiftSyntaxBuilder --sdk-root /Applications/Xcode-27.0.0-Release.Candidate.app/Contents/Developer/Platforms/MacOSX.platform/Developer/SDKs/MacOSX27.0.sdk --xcode-version 27A266a --platform-family macOS --deployment-target 12.0 --bundle-identifier swift-syntax.SwiftSyntaxBuilder --output /Users/admin/builder/spi-builder-workspace/.derivedData/Build/Products/Debug/SwiftSyntaxBuilder.appintents --target-triple arm64-apple-macos12.0 --target-triple x86_64-apple-macos12.0 --binary-file /Users/admin/builder/spi-builder-workspace/.derivedData/Build/Products/Debug/SwiftSyntaxBuilder.o --dependency-file /Users/admin/builder/spi-builder-workspace/.derivedData/Build/Intermediates.noindex/swift-syntax.build/Debug/SwiftSyntaxBuilder-t.build/Objects-normal/arm64/SwiftSyntaxBuilder_dependency_info.dat --dependency-file /Users/admin/builder/spi-builder-workspace/.derivedData/Build/Intermediates.noindex/swift-syntax.build/Debug/SwiftSyntaxBuilder-t.build/Objects-normal/x86_64/SwiftSyntaxBuilder_dependency_info.dat --stringsdata-file /Users/admin/builder/spi-builder-workspace/.derivedData/Build/Intermediates.noindex/swift-syntax.build/Debug/SwiftSyntaxBuilder-t.build/Objects-normal/arm64/ExtractedAppShortcutsMetadata.stringsdata --stringsdata-file /Users/admin/builder/spi-builder-workspace/.derivedData/Build/Intermediates.noindex/swift-syntax.build/Debug/SwiftSyntaxBuilder-t.build/Objects-normal/x86_64/ExtractedAppShortcutsMetadata.stringsdata --source-file-list /Users/admin/builder/spi-builder-workspace/.derivedData/Build/Intermediates.noindex/swift-syntax.build/Debug/SwiftSyntaxBuilder-t.build/Objects-normal/arm64/SwiftSyntaxBuilder.SwiftFileList --source-file-list /Users/admin/builder/spi-builder-workspace/.derivedData/Build/Intermediates.noindex/swift-syntax.build/Debug/SwiftSyntaxBuilder-t.build/Objects-normal/x86_64/SwiftSyntaxBuilder.SwiftFileList --metadata-file-list /Users/admin/builder/spi-builder-workspace/.derivedData/Build/Intermediates.noindex/swift-syntax.build/Debug/SwiftSyntaxBuilder-t.build/SwiftSyntaxBuilder.DependencyMetadataFileList --static-metadata-file-list /Users/admin/builder/spi-builder-workspace/.derivedData/Build/Intermediates.noindex/swift-syntax.build/Debug/SwiftSyntaxBuilder-t.build/SwiftSyntaxBuilder.DependencyStaticMetadataFileList --swift-const-vals-list /Users/admin/builder/spi-builder-workspace/.derivedData/Build/Intermediates.noindex/swift-syntax.build/Debug/SwiftSyntaxBuilder-t.build/Objects-normal/arm64/SwiftSyntaxBuilder.SwiftConstValuesFileList --swift-const-vals-list /Users/admin/builder/spi-builder-workspace/.derivedData/Build/Intermediates.noindex/swift-syntax.build/Debug/SwiftSyntaxBuilder-t.build/Objects-normal/x86_64/SwiftSyntaxBuilder.SwiftConstValuesFileList --force --compile-time-extraction --deployment-aware-processing --no-app-shortcuts-localization
2026-09-23 00:08:04.489 appintentsmetadataprocessor[1864:10328] Starting appintentsmetadataprocessor export
2026-09-23 00:08:04.549 appintentsmetadataprocessor[1864:10328] Extracted no relevant App Intents symbols, skipping writing output
Ld /Users/admin/builder/spi-builder-workspace/.derivedData/Build/Intermediates.noindex/swift-syntax.build/Debug/SwiftSyntaxMacros-t.build/Objects-normal/x86_64/Binary/SwiftSyntaxMacros.o normal x86_64 (in target 'SwiftSyntaxMacros' from project 'swift-syntax')
cd /Users/admin/builder/spi-builder-workspace/.dependencies/checkouts/swift-syntax
/Applications/Xcode-27.0.0-Release.Candidate.app/Contents/Developer/Toolchains/XcodeDefault.xctoolchain/usr/bin/clang -Xlinker -reproducible -target x86_64-apple-macos12.0 -r -isysroot /Applications/Xcode-27.0.0-Release.Candidate.app/Contents/Developer/Platforms/MacOSX.platform/Developer/SDKs/MacOSX27.0.sdk -O0 -w -Xlinker -no_warn_duplicate_libraries -F/Users/admin/builder/spi-builder-workspace/.derivedData/Build/Intermediates.noindex/EagerLinkingTBDs/Debug -F/Users/admin/builder/spi-builder-workspace/.derivedData/Build/Products/Debug/PackageFrameworks -F/Users/admin/builder/spi-builder-workspace/.derivedData/Build/Products/Debug -iframework /Applications/Xcode-27.0.0-Release.Candidate.app/Contents/Developer/Platforms/MacOSX.platform/Developer/Library/Frameworks -filelist /Users/admin/builder/spi-builder-workspace/.derivedData/Build/Intermediates.noindex/swift-syntax.build/Debug/SwiftSyntaxMacros-t.build/Objects-normal/x86_64/SwiftSyntaxMacros.LinkFileList -nostdlib -Xlinker -object_path_lto -Xlinker /Users/admin/builder/spi-builder-workspace/.derivedData/Build/Intermediates.noindex/swift-syntax.build/Debug/SwiftSyntaxMacros-t.build/Objects-normal/x86_64/SwiftSyntaxMacros_lto.o -Xlinker -no_deduplicate -Xlinker -dependency_info -Xlinker /Users/admin/builder/spi-builder-workspace/.derivedData/Build/Intermediates.noindex/swift-syntax.build/Debug/SwiftSyntaxMacros-t.build/Objects-normal/x86_64/SwiftSyntaxMacros_dependency_info.dat -fobjc-link-runtime -L/Applications/Xcode-27.0.0-Release.Candidate.app/Contents/Developer/Toolchains/XcodeDefault.xctoolchain/usr/lib/swift/macosx -L/usr/lib/swift -Xlinker -add_ast_path -Xlinker /Users/admin/builder/spi-builder-workspace/.derivedData/Build/Intermediates.noindex/swift-syntax.build/Debug/SwiftSyntaxMacros-t.build/Objects-normal/x86_64/SwiftSyntaxMacros.swiftmodule -o /Users/admin/builder/spi-builder-workspace/.derivedData/Build/Intermediates.noindex/swift-syntax.build/Debug/SwiftSyntaxMacros-t.build/Objects-normal/x86_64/Binary/SwiftSyntaxMacros.o
Ld /Users/admin/builder/spi-builder-workspace/.derivedData/Build/Intermediates.noindex/swift-syntax.build/Debug/SwiftSyntaxMacros-t.build/Objects-normal/arm64/Binary/SwiftSyntaxMacros.o normal arm64 (in target 'SwiftSyntaxMacros' from project 'swift-syntax')
cd /Users/admin/builder/spi-builder-workspace/.dependencies/checkouts/swift-syntax
/Applications/Xcode-27.0.0-Release.Candidate.app/Contents/Developer/Toolchains/XcodeDefault.xctoolchain/usr/bin/clang -Xlinker -reproducible -target arm64-apple-macos12.0 -r -isysroot /Applications/Xcode-27.0.0-Release.Candidate.app/Contents/Developer/Platforms/MacOSX.platform/Developer/SDKs/MacOSX27.0.sdk -O0 -w -Xlinker -no_warn_duplicate_libraries -F/Users/admin/builder/spi-builder-workspace/.derivedData/Build/Intermediates.noindex/EagerLinkingTBDs/Debug -F/Users/admin/builder/spi-builder-workspace/.derivedData/Build/Products/Debug/PackageFrameworks -F/Users/admin/builder/spi-builder-workspace/.derivedData/Build/Products/Debug -iframework /Applications/Xcode-27.0.0-Release.Candidate.app/Contents/Developer/Platforms/MacOSX.platform/Developer/Library/Frameworks -filelist /Users/admin/builder/spi-builder-workspace/.derivedData/Build/Intermediates.noindex/swift-syntax.build/Debug/SwiftSyntaxMacros-t.build/Objects-normal/arm64/SwiftSyntaxMacros.LinkFileList -nostdlib -Xlinker -object_path_lto -Xlinker /Users/admin/builder/spi-builder-workspace/.derivedData/Build/Intermediates.noindex/swift-syntax.build/Debug/SwiftSyntaxMacros-t.build/Objects-normal/arm64/SwiftSyntaxMacros_lto.o -Xlinker -no_deduplicate -Xlinker -dependency_info -Xlinker /Users/admin/builder/spi-builder-workspace/.derivedData/Build/Intermediates.noindex/swift-syntax.build/Debug/SwiftSyntaxMacros-t.build/Objects-normal/arm64/SwiftSyntaxMacros_dependency_info.dat -fobjc-link-runtime -L/Applications/Xcode-27.0.0-Release.Candidate.app/Contents/Developer/Toolchains/XcodeDefault.xctoolchain/usr/lib/swift/macosx -L/usr/lib/swift -Xlinker -add_ast_path -Xlinker /Users/admin/builder/spi-builder-workspace/.derivedData/Build/Intermediates.noindex/swift-syntax.build/Debug/SwiftSyntaxMacros-t.build/Objects-normal/arm64/SwiftSyntaxMacros.swiftmodule -o /Users/admin/builder/spi-builder-workspace/.derivedData/Build/Intermediates.noindex/swift-syntax.build/Debug/SwiftSyntaxMacros-t.build/Objects-normal/arm64/Binary/SwiftSyntaxMacros.o
CreateUniversalBinary /Users/admin/builder/spi-builder-workspace/.derivedData/Build/Products/Debug/SwiftSyntaxMacros.o normal arm64\ x86_64 (in target 'SwiftSyntaxMacros' from project 'swift-syntax')
cd /Users/admin/builder/spi-builder-workspace/.dependencies/checkouts/swift-syntax
/Applications/Xcode-27.0.0-Release.Candidate.app/Contents/Developer/Toolchains/XcodeDefault.xctoolchain/usr/bin/lipo -create /Users/admin/builder/spi-builder-workspace/.derivedData/Build/Intermediates.noindex/swift-syntax.build/Debug/SwiftSyntaxMacros-t.build/Objects-normal/arm64/Binary/SwiftSyntaxMacros.o /Users/admin/builder/spi-builder-workspace/.derivedData/Build/Intermediates.noindex/swift-syntax.build/Debug/SwiftSyntaxMacros-t.build/Objects-normal/x86_64/Binary/SwiftSyntaxMacros.o -output /Users/admin/builder/spi-builder-workspace/.derivedData/Build/Products/Debug/SwiftSyntaxMacros.o
ExtractAppIntentsMetadata (in target 'SwiftSyntaxMacros' from project 'swift-syntax')
cd /Users/admin/builder/spi-builder-workspace/.dependencies/checkouts/swift-syntax
/Applications/Xcode-27.0.0-Release.Candidate.app/Contents/Developer/Toolchains/XcodeDefault.xctoolchain/usr/bin/appintentsmetadataprocessor --toolchain-dir /var/run/com.apple.security.cryptexd/mnt/com.apple.MobileAsset.MetalToolchain-v27.1.266.1.7HqJiv/Metal.xctoolchain --module-name SwiftSyntaxMacros --sdk-root /Applications/Xcode-27.0.0-Release.Candidate.app/Contents/Developer/Platforms/MacOSX.platform/Developer/SDKs/MacOSX27.0.sdk --xcode-version 27A266a --platform-family macOS --deployment-target 12.0 --bundle-identifier swift-syntax.SwiftSyntaxMacros --output /Users/admin/builder/spi-builder-workspace/.derivedData/Build/Products/Debug/SwiftSyntaxMacros.appintents --target-triple arm64-apple-macos12.0 --target-triple x86_64-apple-macos12.0 --binary-file /Users/admin/builder/spi-builder-workspace/.derivedData/Build/Products/Debug/SwiftSyntaxMacros.o --dependency-file /Users/admin/builder/spi-builder-workspace/.derivedData/Build/Intermediates.noindex/swift-syntax.build/Debug/SwiftSyntaxMacros-t.build/Objects-normal/arm64/SwiftSyntaxMacros_dependency_info.dat --dependency-file /Users/admin/builder/spi-builder-workspace/.derivedData/Build/Intermediates.noindex/swift-syntax.build/Debug/SwiftSyntaxMacros-t.build/Objects-normal/x86_64/SwiftSyntaxMacros_dependency_info.dat --stringsdata-file /Users/admin/builder/spi-builder-workspace/.derivedData/Build/Intermediates.noindex/swift-syntax.build/Debug/SwiftSyntaxMacros-t.build/Objects-normal/arm64/ExtractedAppShortcutsMetadata.stringsdata --stringsdata-file /Users/admin/builder/spi-builder-workspace/.derivedData/Build/Intermediates.noindex/swift-syntax.build/Debug/SwiftSyntaxMacros-t.build/Objects-normal/x86_64/ExtractedAppShortcutsMetadata.stringsdata --source-file-list /Users/admin/builder/spi-builder-workspace/.derivedData/Build/Intermediates.noindex/swift-syntax.build/Debug/SwiftSyntaxMacros-t.build/Objects-normal/arm64/SwiftSyntaxMacros.SwiftFileList --source-file-list /Users/admin/builder/spi-builder-workspace/.derivedData/Build/Intermediates.noindex/swift-syntax.build/Debug/SwiftSyntaxMacros-t.build/Objects-normal/x86_64/SwiftSyntaxMacros.SwiftFileList --metadata-file-list /Users/admin/builder/spi-builder-workspace/.derivedData/Build/Intermediates.noindex/swift-syntax.build/Debug/SwiftSyntaxMacros-t.build/SwiftSyntaxMacros.DependencyMetadataFileList --static-metadata-file-list /Users/admin/builder/spi-builder-workspace/.derivedData/Build/Intermediates.noindex/swift-syntax.build/Debug/SwiftSyntaxMacros-t.build/SwiftSyntaxMacros.DependencyStaticMetadataFileList --swift-const-vals-list /Users/admin/builder/spi-builder-workspace/.derivedData/Build/Intermediates.noindex/swift-syntax.build/Debug/SwiftSyntaxMacros-t.build/Objects-normal/arm64/SwiftSyntaxMacros.SwiftConstValuesFileList --swift-const-vals-list /Users/admin/builder/spi-builder-workspace/.derivedData/Build/Intermediates.noindex/swift-syntax.build/Debug/SwiftSyntaxMacros-t.build/Objects-normal/x86_64/SwiftSyntaxMacros.SwiftConstValuesFileList --force --compile-time-extraction --deployment-aware-processing --no-app-shortcuts-localization
2026-09-23 00:08:04.597 appintentsmetadataprocessor[1870:10355] Starting appintentsmetadataprocessor export
2026-09-23 00:08:04.652 appintentsmetadataprocessor[1870:10355] Extracted no relevant App Intents symbols, skipping writing output
Ld /Users/admin/builder/spi-builder-workspace/.derivedData/Build/Intermediates.noindex/swift-syntax.build/Debug/SwiftSyntaxMacroExpansion-t.build/Objects-normal/x86_64/Binary/SwiftSyntaxMacroExpansion.o normal x86_64 (in target 'SwiftSyntaxMacroExpansion' from project 'swift-syntax')
cd /Users/admin/builder/spi-builder-workspace/.dependencies/checkouts/swift-syntax
/Applications/Xcode-27.0.0-Release.Candidate.app/Contents/Developer/Toolchains/XcodeDefault.xctoolchain/usr/bin/clang -Xlinker -reproducible -target x86_64-apple-macos12.0 -r -isysroot /Applications/Xcode-27.0.0-Release.Candidate.app/Contents/Developer/Platforms/MacOSX.platform/Developer/SDKs/MacOSX27.0.sdk -O0 -w -Xlinker -no_warn_duplicate_libraries -F/Users/admin/builder/spi-builder-workspace/.derivedData/Build/Intermediates.noindex/EagerLinkingTBDs/Debug -F/Users/admin/builder/spi-builder-workspace/.derivedData/Build/Products/Debug/PackageFrameworks -F/Users/admin/builder/spi-builder-workspace/.derivedData/Build/Products/Debug -iframework /Applications/Xcode-27.0.0-Release.Candidate.app/Contents/Developer/Platforms/MacOSX.platform/Developer/Library/Frameworks -filelist /Users/admin/builder/spi-builder-workspace/.derivedData/Build/Intermediates.noindex/swift-syntax.build/Debug/SwiftSyntaxMacroExpansion-t.build/Objects-normal/x86_64/SwiftSyntaxMacroExpansion.LinkFileList -nostdlib -Xlinker -object_path_lto -Xlinker /Users/admin/builder/spi-builder-workspace/.derivedData/Build/Intermediates.noindex/swift-syntax.build/Debug/SwiftSyntaxMacroExpansion-t.build/Objects-normal/x86_64/SwiftSyntaxMacroExpansion_lto.o -Xlinker -no_deduplicate -Xlinker -dependency_info -Xlinker /Users/admin/builder/spi-builder-workspace/.derivedData/Build/Intermediates.noindex/swift-syntax.build/Debug/SwiftSyntaxMacroExpansion-t.build/Objects-normal/x86_64/SwiftSyntaxMacroExpansion_dependency_info.dat -fobjc-link-runtime -L/Applications/Xcode-27.0.0-Release.Candidate.app/Contents/Developer/Toolchains/XcodeDefault.xctoolchain/usr/lib/swift/macosx -L/usr/lib/swift -Xlinker -add_ast_path -Xlinker /Users/admin/builder/spi-builder-workspace/.derivedData/Build/Intermediates.noindex/swift-syntax.build/Debug/SwiftSyntaxMacroExpansion-t.build/Objects-normal/x86_64/SwiftSyntaxMacroExpansion.swiftmodule -o /Users/admin/builder/spi-builder-workspace/.derivedData/Build/Intermediates.noindex/swift-syntax.build/Debug/SwiftSyntaxMacroExpansion-t.build/Objects-normal/x86_64/Binary/SwiftSyntaxMacroExpansion.o
Ld /Users/admin/builder/spi-builder-workspace/.derivedData/Build/Intermediates.noindex/swift-syntax.build/Debug/SwiftSyntaxMacroExpansion-t.build/Objects-normal/arm64/Binary/SwiftSyntaxMacroExpansion.o normal arm64 (in target 'SwiftSyntaxMacroExpansion' from project 'swift-syntax')
cd /Users/admin/builder/spi-builder-workspace/.dependencies/checkouts/swift-syntax
/Applications/Xcode-27.0.0-Release.Candidate.app/Contents/Developer/Toolchains/XcodeDefault.xctoolchain/usr/bin/clang -Xlinker -reproducible -target arm64-apple-macos12.0 -r -isysroot /Applications/Xcode-27.0.0-Release.Candidate.app/Contents/Developer/Platforms/MacOSX.platform/Developer/SDKs/MacOSX27.0.sdk -O0 -w -Xlinker -no_warn_duplicate_libraries -F/Users/admin/builder/spi-builder-workspace/.derivedData/Build/Intermediates.noindex/EagerLinkingTBDs/Debug -F/Users/admin/builder/spi-builder-workspace/.derivedData/Build/Products/Debug/PackageFrameworks -F/Users/admin/builder/spi-builder-workspace/.derivedData/Build/Products/Debug -iframework /Applications/Xcode-27.0.0-Release.Candidate.app/Contents/Developer/Platforms/MacOSX.platform/Developer/Library/Frameworks -filelist /Users/admin/builder/spi-builder-workspace/.derivedData/Build/Intermediates.noindex/swift-syntax.build/Debug/SwiftSyntaxMacroExpansion-t.build/Objects-normal/arm64/SwiftSyntaxMacroExpansion.LinkFileList -nostdlib -Xlinker -object_path_lto -Xlinker /Users/admin/builder/spi-builder-workspace/.derivedData/Build/Intermediates.noindex/swift-syntax.build/Debug/SwiftSyntaxMacroExpansion-t.build/Objects-normal/arm64/SwiftSyntaxMacroExpansion_lto.o -Xlinker -no_deduplicate -Xlinker -dependency_info -Xlinker /Users/admin/builder/spi-builder-workspace/.derivedData/Build/Intermediates.noindex/swift-syntax.build/Debug/SwiftSyntaxMacroExpansion-t.build/Objects-normal/arm64/SwiftSyntaxMacroExpansion_dependency_info.dat -fobjc-link-runtime -L/Applications/Xcode-27.0.0-Release.Candidate.app/Contents/Developer/Toolchains/XcodeDefault.xctoolchain/usr/lib/swift/macosx -L/usr/lib/swift -Xlinker -add_ast_path -Xlinker /Users/admin/builder/spi-builder-workspace/.derivedData/Build/Intermediates.noindex/swift-syntax.build/Debug/SwiftSyntaxMacroExpansion-t.build/Objects-normal/arm64/SwiftSyntaxMacroExpansion.swiftmodule -o /Users/admin/builder/spi-builder-workspace/.derivedData/Build/Intermediates.noindex/swift-syntax.build/Debug/SwiftSyntaxMacroExpansion-t.build/Objects-normal/arm64/Binary/SwiftSyntaxMacroExpansion.o
CreateUniversalBinary /Users/admin/builder/spi-builder-workspace/.derivedData/Build/Products/Debug/SwiftSyntaxMacroExpansion.o normal arm64\ x86_64 (in target 'SwiftSyntaxMacroExpansion' from project 'swift-syntax')
cd /Users/admin/builder/spi-builder-workspace/.dependencies/checkouts/swift-syntax
/Applications/Xcode-27.0.0-Release.Candidate.app/Contents/Developer/Toolchains/XcodeDefault.xctoolchain/usr/bin/lipo -create /Users/admin/builder/spi-builder-workspace/.derivedData/Build/Intermediates.noindex/swift-syntax.build/Debug/SwiftSyntaxMacroExpansion-t.build/Objects-normal/arm64/Binary/SwiftSyntaxMacroExpansion.o /Users/admin/builder/spi-builder-workspace/.derivedData/Build/Intermediates.noindex/swift-syntax.build/Debug/SwiftSyntaxMacroExpansion-t.build/Objects-normal/x86_64/Binary/SwiftSyntaxMacroExpansion.o -output /Users/admin/builder/spi-builder-workspace/.derivedData/Build/Products/Debug/SwiftSyntaxMacroExpansion.o
ExtractAppIntentsMetadata (in target 'SwiftSyntaxMacroExpansion' from project 'swift-syntax')
cd /Users/admin/builder/spi-builder-workspace/.dependencies/checkouts/swift-syntax
/Applications/Xcode-27.0.0-Release.Candidate.app/Contents/Developer/Toolchains/XcodeDefault.xctoolchain/usr/bin/appintentsmetadataprocessor --toolchain-dir /var/run/com.apple.security.cryptexd/mnt/com.apple.MobileAsset.MetalToolchain-v27.1.266.1.7HqJiv/Metal.xctoolchain --module-name SwiftSyntaxMacroExpansion --sdk-root /Applications/Xcode-27.0.0-Release.Candidate.app/Contents/Developer/Platforms/MacOSX.platform/Developer/SDKs/MacOSX27.0.sdk --xcode-version 27A266a --platform-family macOS --deployment-target 12.0 --bundle-identifier swift-syntax.SwiftSyntaxMacroExpansion --output /Users/admin/builder/spi-builder-workspace/.derivedData/Build/Products/Debug/SwiftSyntaxMacroExpansion.appintents --target-triple arm64-apple-macos12.0 --target-triple x86_64-apple-macos12.0 --binary-file /Users/admin/builder/spi-builder-workspace/.derivedData/Build/Products/Debug/SwiftSyntaxMacroExpansion.o --dependency-file /Users/admin/builder/spi-builder-workspace/.derivedData/Build/Intermediates.noindex/swift-syntax.build/Debug/SwiftSyntaxMacroExpansion-t.build/Objects-normal/arm64/SwiftSyntaxMacroExpansion_dependency_info.dat --dependency-file /Users/admin/builder/spi-builder-workspace/.derivedData/Build/Intermediates.noindex/swift-syntax.build/Debug/SwiftSyntaxMacroExpansion-t.build/Objects-normal/x86_64/SwiftSyntaxMacroExpansion_dependency_info.dat --stringsdata-file /Users/admin/builder/spi-builder-workspace/.derivedData/Build/Intermediates.noindex/swift-syntax.build/Debug/SwiftSyntaxMacroExpansion-t.build/Objects-normal/arm64/ExtractedAppShortcutsMetadata.stringsdata --stringsdata-file /Users/admin/builder/spi-builder-workspace/.derivedData/Build/Intermediates.noindex/swift-syntax.build/Debug/SwiftSyntaxMacroExpansion-t.build/Objects-normal/x86_64/ExtractedAppShortcutsMetadata.stringsdata --source-file-list /Users/admin/builder/spi-builder-workspace/.derivedData/Build/Intermediates.noindex/swift-syntax.build/Debug/SwiftSyntaxMacroExpansion-t.build/Objects-normal/arm64/SwiftSyntaxMacroExpansion.SwiftFileList --source-file-list /Users/admin/builder/spi-builder-workspace/.derivedData/Build/Intermediates.noindex/swift-syntax.build/Debug/SwiftSyntaxMacroExpansion-t.build/Objects-normal/x86_64/SwiftSyntaxMacroExpansion.SwiftFileList --metadata-file-list /Users/admin/builder/spi-builder-workspace/.derivedData/Build/Intermediates.noindex/swift-syntax.build/Debug/SwiftSyntaxMacroExpansion-t.build/SwiftSyntaxMacroExpansion.DependencyMetadataFileList --static-metadata-file-list /Users/admin/builder/spi-builder-workspace/.derivedData/Build/Intermediates.noindex/swift-syntax.build/Debug/SwiftSyntaxMacroExpansion-t.build/SwiftSyntaxMacroExpansion.DependencyStaticMetadataFileList --swift-const-vals-list /Users/admin/builder/spi-builder-workspace/.derivedData/Build/Intermediates.noindex/swift-syntax.build/Debug/SwiftSyntaxMacroExpansion-t.build/Objects-normal/arm64/SwiftSyntaxMacroExpansion.SwiftConstValuesFileList --swift-const-vals-list /Users/admin/builder/spi-builder-workspace/.derivedData/Build/Intermediates.noindex/swift-syntax.build/Debug/SwiftSyntaxMacroExpansion-t.build/Objects-normal/x86_64/SwiftSyntaxMacroExpansion.SwiftConstValuesFileList --force --compile-time-extraction --deployment-aware-processing --no-app-shortcuts-localization
2026-09-23 00:08:04.700 appintentsmetadataprocessor[1876:10381] Starting appintentsmetadataprocessor export
2026-09-23 00:08:04.756 appintentsmetadataprocessor[1876:10381] Extracted no relevant App Intents symbols, skipping writing output
Ld /Users/admin/builder/spi-builder-workspace/.derivedData/Build/Intermediates.noindex/swift-syntax.build/Debug/SwiftCompilerPluginMessageHandling-t.build/Objects-normal/x86_64/Binary/SwiftCompilerPluginMessageHandling.o normal x86_64 (in target 'SwiftCompilerPluginMessageHandling' from project 'swift-syntax')
cd /Users/admin/builder/spi-builder-workspace/.dependencies/checkouts/swift-syntax
/Applications/Xcode-27.0.0-Release.Candidate.app/Contents/Developer/Toolchains/XcodeDefault.xctoolchain/usr/bin/clang -Xlinker -reproducible -target x86_64-apple-macos12.0 -r -isysroot /Applications/Xcode-27.0.0-Release.Candidate.app/Contents/Developer/Platforms/MacOSX.platform/Developer/SDKs/MacOSX27.0.sdk -O0 -w -Xlinker -no_warn_duplicate_libraries -F/Users/admin/builder/spi-builder-workspace/.derivedData/Build/Intermediates.noindex/EagerLinkingTBDs/Debug -F/Users/admin/builder/spi-builder-workspace/.derivedData/Build/Products/Debug/PackageFrameworks -F/Users/admin/builder/spi-builder-workspace/.derivedData/Build/Products/Debug -iframework /Applications/Xcode-27.0.0-Release.Candidate.app/Contents/Developer/Platforms/MacOSX.platform/Developer/Library/Frameworks -filelist /Users/admin/builder/spi-builder-workspace/.derivedData/Build/Intermediates.noindex/swift-syntax.build/Debug/SwiftCompilerPluginMessageHandling-t.build/Objects-normal/x86_64/SwiftCompilerPluginMessageHandling.LinkFileList -nostdlib -Xlinker -object_path_lto -Xlinker /Users/admin/builder/spi-builder-workspace/.derivedData/Build/Intermediates.noindex/swift-syntax.build/Debug/SwiftCompilerPluginMessageHandling-t.build/Objects-normal/x86_64/SwiftCompilerPluginMessageHandling_lto.o -Xlinker -no_deduplicate -Xlinker -dependency_info -Xlinker /Users/admin/builder/spi-builder-workspace/.derivedData/Build/Intermediates.noindex/swift-syntax.build/Debug/SwiftCompilerPluginMessageHandling-t.build/Objects-normal/x86_64/SwiftCompilerPluginMessageHandling_dependency_info.dat -fobjc-link-runtime -L/Applications/Xcode-27.0.0-Release.Candidate.app/Contents/Developer/Toolchains/XcodeDefault.xctoolchain/usr/lib/swift/macosx -L/usr/lib/swift -Xlinker -add_ast_path -Xlinker /Users/admin/builder/spi-builder-workspace/.derivedData/Build/Intermediates.noindex/swift-syntax.build/Debug/SwiftCompilerPluginMessageHandling-t.build/Objects-normal/x86_64/SwiftCompilerPluginMessageHandling.swiftmodule -o /Users/admin/builder/spi-builder-workspace/.derivedData/Build/Intermediates.noindex/swift-syntax.build/Debug/SwiftCompilerPluginMessageHandling-t.build/Objects-normal/x86_64/Binary/SwiftCompilerPluginMessageHandling.o
Ld /Users/admin/builder/spi-builder-workspace/.derivedData/Build/Intermediates.noindex/swift-syntax.build/Debug/SwiftCompilerPluginMessageHandling-t.build/Objects-normal/arm64/Binary/SwiftCompilerPluginMessageHandling.o normal arm64 (in target 'SwiftCompilerPluginMessageHandling' from project 'swift-syntax')
cd /Users/admin/builder/spi-builder-workspace/.dependencies/checkouts/swift-syntax
/Applications/Xcode-27.0.0-Release.Candidate.app/Contents/Developer/Toolchains/XcodeDefault.xctoolchain/usr/bin/clang -Xlinker -reproducible -target arm64-apple-macos12.0 -r -isysroot /Applications/Xcode-27.0.0-Release.Candidate.app/Contents/Developer/Platforms/MacOSX.platform/Developer/SDKs/MacOSX27.0.sdk -O0 -w -Xlinker -no_warn_duplicate_libraries -F/Users/admin/builder/spi-builder-workspace/.derivedData/Build/Intermediates.noindex/EagerLinkingTBDs/Debug -F/Users/admin/builder/spi-builder-workspace/.derivedData/Build/Products/Debug/PackageFrameworks -F/Users/admin/builder/spi-builder-workspace/.derivedData/Build/Products/Debug -iframework /Applications/Xcode-27.0.0-Release.Candidate.app/Contents/Developer/Platforms/MacOSX.platform/Developer/Library/Frameworks -filelist /Users/admin/builder/spi-builder-workspace/.derivedData/Build/Intermediates.noindex/swift-syntax.build/Debug/SwiftCompilerPluginMessageHandling-t.build/Objects-normal/arm64/SwiftCompilerPluginMessageHandling.LinkFileList -nostdlib -Xlinker -object_path_lto -Xlinker /Users/admin/builder/spi-builder-workspace/.derivedData/Build/Intermediates.noindex/swift-syntax.build/Debug/SwiftCompilerPluginMessageHandling-t.build/Objects-normal/arm64/SwiftCompilerPluginMessageHandling_lto.o -Xlinker -no_deduplicate -Xlinker -dependency_info -Xlinker /Users/admin/builder/spi-builder-workspace/.derivedData/Build/Intermediates.noindex/swift-syntax.build/Debug/SwiftCompilerPluginMessageHandling-t.build/Objects-normal/arm64/SwiftCompilerPluginMessageHandling_dependency_info.dat -fobjc-link-runtime -L/Applications/Xcode-27.0.0-Release.Candidate.app/Contents/Developer/Toolchains/XcodeDefault.xctoolchain/usr/lib/swift/macosx -L/usr/lib/swift -Xlinker -add_ast_path -Xlinker /Users/admin/builder/spi-builder-workspace/.derivedData/Build/Intermediates.noindex/swift-syntax.build/Debug/SwiftCompilerPluginMessageHandling-t.build/Objects-normal/arm64/SwiftCompilerPluginMessageHandling.swiftmodule -o /Users/admin/builder/spi-builder-workspace/.derivedData/Build/Intermediates.noindex/swift-syntax.build/Debug/SwiftCompilerPluginMessageHandling-t.build/Objects-normal/arm64/Binary/SwiftCompilerPluginMessageHandling.o
CreateUniversalBinary /Users/admin/builder/spi-builder-workspace/.derivedData/Build/Products/Debug/SwiftCompilerPluginMessageHandling.o normal arm64\ x86_64 (in target 'SwiftCompilerPluginMessageHandling' from project 'swift-syntax')
cd /Users/admin/builder/spi-builder-workspace/.dependencies/checkouts/swift-syntax
/Applications/Xcode-27.0.0-Release.Candidate.app/Contents/Developer/Toolchains/XcodeDefault.xctoolchain/usr/bin/lipo -create /Users/admin/builder/spi-builder-workspace/.derivedData/Build/Intermediates.noindex/swift-syntax.build/Debug/SwiftCompilerPluginMessageHandling-t.build/Objects-normal/arm64/Binary/SwiftCompilerPluginMessageHandling.o /Users/admin/builder/spi-builder-workspace/.derivedData/Build/Intermediates.noindex/swift-syntax.build/Debug/SwiftCompilerPluginMessageHandling-t.build/Objects-normal/x86_64/Binary/SwiftCompilerPluginMessageHandling.o -output /Users/admin/builder/spi-builder-workspace/.derivedData/Build/Products/Debug/SwiftCompilerPluginMessageHandling.o
ExtractAppIntentsMetadata (in target 'SwiftCompilerPluginMessageHandling' from project 'swift-syntax')
cd /Users/admin/builder/spi-builder-workspace/.dependencies/checkouts/swift-syntax
/Applications/Xcode-27.0.0-Release.Candidate.app/Contents/Developer/Toolchains/XcodeDefault.xctoolchain/usr/bin/appintentsmetadataprocessor --toolchain-dir /var/run/com.apple.security.cryptexd/mnt/com.apple.MobileAsset.MetalToolchain-v27.1.266.1.7HqJiv/Metal.xctoolchain --module-name SwiftCompilerPluginMessageHandling --sdk-root /Applications/Xcode-27.0.0-Release.Candidate.app/Contents/Developer/Platforms/MacOSX.platform/Developer/SDKs/MacOSX27.0.sdk --xcode-version 27A266a --platform-family macOS --deployment-target 12.0 --bundle-identifier swift-syntax.SwiftCompilerPluginMessageHandling --output /Users/admin/builder/spi-builder-workspace/.derivedData/Build/Products/Debug/SwiftCompilerPluginMessageHandling.appintents --target-triple arm64-apple-macos12.0 --target-triple x86_64-apple-macos12.0 --binary-file /Users/admin/builder/spi-builder-workspace/.derivedData/Build/Products/Debug/SwiftCompilerPluginMessageHandling.o --dependency-file /Users/admin/builder/spi-builder-workspace/.derivedData/Build/Intermediates.noindex/swift-syntax.build/Debug/SwiftCompilerPluginMessageHandling-t.build/Objects-normal/arm64/SwiftCompilerPluginMessageHandling_dependency_info.dat --dependency-file /Users/admin/builder/spi-builder-workspace/.derivedData/Build/Intermediates.noindex/swift-syntax.build/Debug/SwiftCompilerPluginMessageHandling-t.build/Objects-normal/x86_64/SwiftCompilerPluginMessageHandling_dependency_info.dat --stringsdata-file /Users/admin/builder/spi-builder-workspace/.derivedData/Build/Intermediates.noindex/swift-syntax.build/Debug/SwiftCompilerPluginMessageHandling-t.build/Objects-normal/arm64/ExtractedAppShortcutsMetadata.stringsdata --stringsdata-file /Users/admin/builder/spi-builder-workspace/.derivedData/Build/Intermediates.noindex/swift-syntax.build/Debug/SwiftCompilerPluginMessageHandling-t.build/Objects-normal/x86_64/ExtractedAppShortcutsMetadata.stringsdata --source-file-list /Users/admin/builder/spi-builder-workspace/.derivedData/Build/Intermediates.noindex/swift-syntax.build/Debug/SwiftCompilerPluginMessageHandling-t.build/Objects-normal/arm64/SwiftCompilerPluginMessageHandling.SwiftFileList --source-file-list /Users/admin/builder/spi-builder-workspace/.derivedData/Build/Intermediates.noindex/swift-syntax.build/Debug/SwiftCompilerPluginMessageHandling-t.build/Objects-normal/x86_64/SwiftCompilerPluginMessageHandling.SwiftFileList --metadata-file-list /Users/admin/builder/spi-builder-workspace/.derivedData/Build/Intermediates.noindex/swift-syntax.build/Debug/SwiftCompilerPluginMessageHandling-t.build/SwiftCompilerPluginMessageHandling.DependencyMetadataFileList --static-metadata-file-list /Users/admin/builder/spi-builder-workspace/.derivedData/Build/Intermediates.noindex/swift-syntax.build/Debug/SwiftCompilerPluginMessageHandling-t.build/SwiftCompilerPluginMessageHandling.DependencyStaticMetadataFileList --swift-const-vals-list /Users/admin/builder/spi-builder-workspace/.derivedData/Build/Intermediates.noindex/swift-syntax.build/Debug/SwiftCompilerPluginMessageHandling-t.build/Objects-normal/arm64/SwiftCompilerPluginMessageHandling.SwiftConstValuesFileList --swift-const-vals-list /Users/admin/builder/spi-builder-workspace/.derivedData/Build/Intermediates.noindex/swift-syntax.build/Debug/SwiftCompilerPluginMessageHandling-t.build/Objects-normal/x86_64/SwiftCompilerPluginMessageHandling.SwiftConstValuesFileList --force --compile-time-extraction --deployment-aware-processing --no-app-shortcuts-localization
2026-09-23 00:08:04.808 appintentsmetadataprocessor[1882:10408] Starting appintentsmetadataprocessor export
2026-09-23 00:08:04.864 appintentsmetadataprocessor[1882:10408] Extracted no relevant App Intents symbols, skipping writing output
Ld /Users/admin/builder/spi-builder-workspace/.derivedData/Build/Intermediates.noindex/swift-syntax.build/Debug/SwiftCompilerPlugin-t.build/Objects-normal/arm64/Binary/SwiftCompilerPlugin.o normal arm64 (in target 'SwiftCompilerPlugin' from project 'swift-syntax')
cd /Users/admin/builder/spi-builder-workspace/.dependencies/checkouts/swift-syntax
/Applications/Xcode-27.0.0-Release.Candidate.app/Contents/Developer/Toolchains/XcodeDefault.xctoolchain/usr/bin/clang -Xlinker -reproducible -target arm64-apple-macos12.0 -r -isysroot /Applications/Xcode-27.0.0-Release.Candidate.app/Contents/Developer/Platforms/MacOSX.platform/Developer/SDKs/MacOSX27.0.sdk -O0 -w -Xlinker -no_warn_duplicate_libraries -F/Users/admin/builder/spi-builder-workspace/.derivedData/Build/Intermediates.noindex/EagerLinkingTBDs/Debug -F/Users/admin/builder/spi-builder-workspace/.derivedData/Build/Products/Debug/PackageFrameworks -F/Users/admin/builder/spi-builder-workspace/.derivedData/Build/Products/Debug -iframework /Applications/Xcode-27.0.0-Release.Candidate.app/Contents/Developer/Platforms/MacOSX.platform/Developer/Library/Frameworks -filelist /Users/admin/builder/spi-builder-workspace/.derivedData/Build/Intermediates.noindex/swift-syntax.build/Debug/SwiftCompilerPlugin-t.build/Objects-normal/arm64/SwiftCompilerPlugin.LinkFileList -nostdlib -Xlinker -object_path_lto -Xlinker /Users/admin/builder/spi-builder-workspace/.derivedData/Build/Intermediates.noindex/swift-syntax.build/Debug/SwiftCompilerPlugin-t.build/Objects-normal/arm64/SwiftCompilerPlugin_lto.o -Xlinker -no_deduplicate -Xlinker -dependency_info -Xlinker /Users/admin/builder/spi-builder-workspace/.derivedData/Build/Intermediates.noindex/swift-syntax.build/Debug/SwiftCompilerPlugin-t.build/Objects-normal/arm64/SwiftCompilerPlugin_dependency_info.dat -fobjc-link-runtime -L/Applications/Xcode-27.0.0-Release.Candidate.app/Contents/Developer/Toolchains/XcodeDefault.xctoolchain/usr/lib/swift/macosx -L/usr/lib/swift -Xlinker -add_ast_path -Xlinker /Users/admin/builder/spi-builder-workspace/.derivedData/Build/Intermediates.noindex/swift-syntax.build/Debug/SwiftCompilerPlugin-t.build/Objects-normal/arm64/SwiftCompilerPlugin.swiftmodule -o /Users/admin/builder/spi-builder-workspace/.derivedData/Build/Intermediates.noindex/swift-syntax.build/Debug/SwiftCompilerPlugin-t.build/Objects-normal/arm64/Binary/SwiftCompilerPlugin.o
Ld /Users/admin/builder/spi-builder-workspace/.derivedData/Build/Intermediates.noindex/swift-syntax.build/Debug/SwiftCompilerPlugin-t.build/Objects-normal/x86_64/Binary/SwiftCompilerPlugin.o normal x86_64 (in target 'SwiftCompilerPlugin' from project 'swift-syntax')
cd /Users/admin/builder/spi-builder-workspace/.dependencies/checkouts/swift-syntax
/Applications/Xcode-27.0.0-Release.Candidate.app/Contents/Developer/Toolchains/XcodeDefault.xctoolchain/usr/bin/clang -Xlinker -reproducible -target x86_64-apple-macos12.0 -r -isysroot /Applications/Xcode-27.0.0-Release.Candidate.app/Contents/Developer/Platforms/MacOSX.platform/Developer/SDKs/MacOSX27.0.sdk -O0 -w -Xlinker -no_warn_duplicate_libraries -F/Users/admin/builder/spi-builder-workspace/.derivedData/Build/Intermediates.noindex/EagerLinkingTBDs/Debug -F/Users/admin/builder/spi-builder-workspace/.derivedData/Build/Products/Debug/PackageFrameworks -F/Users/admin/builder/spi-builder-workspace/.derivedData/Build/Products/Debug -iframework /Applications/Xcode-27.0.0-Release.Candidate.app/Contents/Developer/Platforms/MacOSX.platform/Developer/Library/Frameworks -filelist /Users/admin/builder/spi-builder-workspace/.derivedData/Build/Intermediates.noindex/swift-syntax.build/Debug/SwiftCompilerPlugin-t.build/Objects-normal/x86_64/SwiftCompilerPlugin.LinkFileList -nostdlib -Xlinker -object_path_lto -Xlinker /Users/admin/builder/spi-builder-workspace/.derivedData/Build/Intermediates.noindex/swift-syntax.build/Debug/SwiftCompilerPlugin-t.build/Objects-normal/x86_64/SwiftCompilerPlugin_lto.o -Xlinker -no_deduplicate -Xlinker -dependency_info -Xlinker /Users/admin/builder/spi-builder-workspace/.derivedData/Build/Intermediates.noindex/swift-syntax.build/Debug/SwiftCompilerPlugin-t.build/Objects-normal/x86_64/SwiftCompilerPlugin_dependency_info.dat -fobjc-link-runtime -L/Applications/Xcode-27.0.0-Release.Candidate.app/Contents/Developer/Toolchains/XcodeDefault.xctoolchain/usr/lib/swift/macosx -L/usr/lib/swift -Xlinker -add_ast_path -Xlinker /Users/admin/builder/spi-builder-workspace/.derivedData/Build/Intermediates.noindex/swift-syntax.build/Debug/SwiftCompilerPlugin-t.build/Objects-normal/x86_64/SwiftCompilerPlugin.swiftmodule -o /Users/admin/builder/spi-builder-workspace/.derivedData/Build/Intermediates.noindex/swift-syntax.build/Debug/SwiftCompilerPlugin-t.build/Objects-normal/x86_64/Binary/SwiftCompilerPlugin.o
CreateUniversalBinary /Users/admin/builder/spi-builder-workspace/.derivedData/Build/Products/Debug/SwiftCompilerPlugin.o normal arm64\ x86_64 (in target 'SwiftCompilerPlugin' from project 'swift-syntax')
cd /Users/admin/builder/spi-builder-workspace/.dependencies/checkouts/swift-syntax
/Applications/Xcode-27.0.0-Release.Candidate.app/Contents/Developer/Toolchains/XcodeDefault.xctoolchain/usr/bin/lipo -create /Users/admin/builder/spi-builder-workspace/.derivedData/Build/Intermediates.noindex/swift-syntax.build/Debug/SwiftCompilerPlugin-t.build/Objects-normal/arm64/Binary/SwiftCompilerPlugin.o /Users/admin/builder/spi-builder-workspace/.derivedData/Build/Intermediates.noindex/swift-syntax.build/Debug/SwiftCompilerPlugin-t.build/Objects-normal/x86_64/Binary/SwiftCompilerPlugin.o -output /Users/admin/builder/spi-builder-workspace/.derivedData/Build/Products/Debug/SwiftCompilerPlugin.o
ExtractAppIntentsMetadata (in target 'SwiftCompilerPlugin' from project 'swift-syntax')
cd /Users/admin/builder/spi-builder-workspace/.dependencies/checkouts/swift-syntax
/Applications/Xcode-27.0.0-Release.Candidate.app/Contents/Developer/Toolchains/XcodeDefault.xctoolchain/usr/bin/appintentsmetadataprocessor --toolchain-dir /var/run/com.apple.security.cryptexd/mnt/com.apple.MobileAsset.MetalToolchain-v27.1.266.1.7HqJiv/Metal.xctoolchain --module-name SwiftCompilerPlugin --sdk-root /Applications/Xcode-27.0.0-Release.Candidate.app/Contents/Developer/Platforms/MacOSX.platform/Developer/SDKs/MacOSX27.0.sdk --xcode-version 27A266a --platform-family macOS --deployment-target 12.0 --bundle-identifier swift-syntax.SwiftCompilerPlugin --output /Users/admin/builder/spi-builder-workspace/.derivedData/Build/Products/Debug/SwiftCompilerPlugin.appintents --target-triple arm64-apple-macos12.0 --target-triple x86_64-apple-macos12.0 --binary-file /Users/admin/builder/spi-builder-workspace/.derivedData/Build/Products/Debug/SwiftCompilerPlugin.o --dependency-file /Users/admin/builder/spi-builder-workspace/.derivedData/Build/Intermediates.noindex/swift-syntax.build/Debug/SwiftCompilerPlugin-t.build/Objects-normal/arm64/SwiftCompilerPlugin_dependency_info.dat --dependency-file /Users/admin/builder/spi-builder-workspace/.derivedData/Build/Intermediates.noindex/swift-syntax.build/Debug/SwiftCompilerPlugin-t.build/Objects-normal/x86_64/SwiftCompilerPlugin_dependency_info.dat --stringsdata-file /Users/admin/builder/spi-builder-workspace/.derivedData/Build/Intermediates.noindex/swift-syntax.build/Debug/SwiftCompilerPlugin-t.build/Objects-normal/arm64/ExtractedAppShortcutsMetadata.stringsdata --stringsdata-file /Users/admin/builder/spi-builder-workspace/.derivedData/Build/Intermediates.noindex/swift-syntax.build/Debug/SwiftCompilerPlugin-t.build/Objects-normal/x86_64/ExtractedAppShortcutsMetadata.stringsdata --source-file-list /Users/admin/builder/spi-builder-workspace/.derivedData/Build/Intermediates.noindex/swift-syntax.build/Debug/SwiftCompilerPlugin-t.build/Objects-normal/arm64/SwiftCompilerPlugin.SwiftFileList --source-file-list /Users/admin/builder/spi-builder-workspace/.derivedData/Build/Intermediates.noindex/swift-syntax.build/Debug/SwiftCompilerPlugin-t.build/Objects-normal/x86_64/SwiftCompilerPlugin.SwiftFileList --metadata-file-list /Users/admin/builder/spi-builder-workspace/.derivedData/Build/Intermediates.noindex/swift-syntax.build/Debug/SwiftCompilerPlugin-t.build/SwiftCompilerPlugin.DependencyMetadataFileList --static-metadata-file-list /Users/admin/builder/spi-builder-workspace/.derivedData/Build/Intermediates.noindex/swift-syntax.build/Debug/SwiftCompilerPlugin-t.build/SwiftCompilerPlugin.DependencyStaticMetadataFileList --swift-const-vals-list /Users/admin/builder/spi-builder-workspace/.derivedData/Build/Intermediates.noindex/swift-syntax.build/Debug/SwiftCompilerPlugin-t.build/Objects-normal/arm64/SwiftCompilerPlugin.SwiftConstValuesFileList --swift-const-vals-list /Users/admin/builder/spi-builder-workspace/.derivedData/Build/Intermediates.noindex/swift-syntax.build/Debug/SwiftCompilerPlugin-t.build/Objects-normal/x86_64/SwiftCompilerPlugin.SwiftConstValuesFileList --force --compile-time-extraction --deployment-aware-processing --no-app-shortcuts-localization
2026-09-23 00:08:04.906 appintentsmetadataprocessor[1888:10432] Starting appintentsmetadataprocessor export
2026-09-23 00:08:04.963 appintentsmetadataprocessor[1888:10432] Extracted no relevant App Intents symbols, skipping writing output
WriteAuxiliaryFile /Users/admin/builder/spi-builder-workspace/.derivedData/Build/Intermediates.noindex/SwiftyCreatives.build/Debug/SwiftyCreativesMacro-t.build/SwiftyCreativesMacro.DependencyMetadataFileList (in target 'SwiftyCreativesMacro' from project 'SwiftyCreatives')
cd /Users/admin/builder/spi-builder-workspace
write-file /Users/admin/builder/spi-builder-workspace/.derivedData/Build/Intermediates.noindex/SwiftyCreatives.build/Debug/SwiftyCreativesMacro-t.build/SwiftyCreativesMacro.DependencyMetadataFileList
WriteAuxiliaryFile /Users/admin/builder/spi-builder-workspace/.derivedData/Build/Intermediates.noindex/SwiftyCreatives.build/Debug/SwiftyCreativesMacro-t.build/SwiftyCreativesMacro.DependencyStaticMetadataFileList (in target 'SwiftyCreativesMacro' from project 'SwiftyCreatives')
cd /Users/admin/builder/spi-builder-workspace
write-file /Users/admin/builder/spi-builder-workspace/.derivedData/Build/Intermediates.noindex/SwiftyCreatives.build/Debug/SwiftyCreativesMacro-t.build/SwiftyCreativesMacro.DependencyStaticMetadataFileList
WriteAuxiliaryFile /Users/admin/builder/spi-builder-workspace/.derivedData/Build/Intermediates.noindex/SwiftyCreatives.build/Debug/SwiftyCreativesMacro-t.build/Objects-normal/arm64/SwiftyCreativesMacro.SwiftFileList (in target 'SwiftyCreativesMacro' from project 'SwiftyCreatives')
cd /Users/admin/builder/spi-builder-workspace
write-file /Users/admin/builder/spi-builder-workspace/.derivedData/Build/Intermediates.noindex/SwiftyCreatives.build/Debug/SwiftyCreativesMacro-t.build/Objects-normal/arm64/SwiftyCreativesMacro.SwiftFileList
WriteAuxiliaryFile /Users/admin/builder/spi-builder-workspace/.derivedData/Build/Intermediates.noindex/SwiftyCreatives.build/Debug/SwiftyCreativesMacro-t.build/Objects-normal/arm64/SwiftyCreativesMacro-OutputFileMap.json (in target 'SwiftyCreativesMacro' from project 'SwiftyCreatives')
cd /Users/admin/builder/spi-builder-workspace
write-file /Users/admin/builder/spi-builder-workspace/.derivedData/Build/Intermediates.noindex/SwiftyCreatives.build/Debug/SwiftyCreativesMacro-t.build/Objects-normal/arm64/SwiftyCreativesMacro-OutputFileMap.json
WriteAuxiliaryFile /Users/admin/builder/spi-builder-workspace/.derivedData/Build/Intermediates.noindex/SwiftyCreatives.build/Debug/SwiftyCreativesMacro-t.build/Objects-normal/arm64/SwiftyCreativesMacro_const_extract_protocols.json (in target 'SwiftyCreativesMacro' from project 'SwiftyCreatives')
cd /Users/admin/builder/spi-builder-workspace
write-file /Users/admin/builder/spi-builder-workspace/.derivedData/Build/Intermediates.noindex/SwiftyCreatives.build/Debug/SwiftyCreativesMacro-t.build/Objects-normal/arm64/SwiftyCreativesMacro_const_extract_protocols.json
WriteAuxiliaryFile /Users/admin/builder/spi-builder-workspace/.derivedData/Build/Intermediates.noindex/SwiftyCreatives.build/Debug/SwiftyCreativesMacro-t.build/Objects-normal/arm64/SwiftyCreativesMacro.LinkFileList (in target 'SwiftyCreativesMacro' from project 'SwiftyCreatives')
cd /Users/admin/builder/spi-builder-workspace
write-file /Users/admin/builder/spi-builder-workspace/.derivedData/Build/Intermediates.noindex/SwiftyCreatives.build/Debug/SwiftyCreativesMacro-t.build/Objects-normal/arm64/SwiftyCreativesMacro.LinkFileList
WriteAuxiliaryFile /Users/admin/builder/spi-builder-workspace/.derivedData/Build/Intermediates.noindex/EasyMetalShader.build/Debug/EasyMetalShaderMacro-t.build/Objects-normal/arm64/EasyMetalShaderMacro_const_extract_protocols.json (in target 'EasyMetalShaderMacro' from project 'EasyMetalShader')
cd /Users/admin/builder/spi-builder-workspace/.dependencies/checkouts/EasyMetalShader
write-file /Users/admin/builder/spi-builder-workspace/.derivedData/Build/Intermediates.noindex/EasyMetalShader.build/Debug/EasyMetalShaderMacro-t.build/Objects-normal/arm64/EasyMetalShaderMacro_const_extract_protocols.json
WriteAuxiliaryFile /Users/admin/builder/spi-builder-workspace/.derivedData/Build/Intermediates.noindex/EasyMetalShader.build/Debug/EasyMetalShaderMacro-t.build/Objects-normal/arm64/EasyMetalShaderMacro.SwiftFileList (in target 'EasyMetalShaderMacro' from project 'EasyMetalShader')
cd /Users/admin/builder/spi-builder-workspace/.dependencies/checkouts/EasyMetalShader
write-file /Users/admin/builder/spi-builder-workspace/.derivedData/Build/Intermediates.noindex/EasyMetalShader.build/Debug/EasyMetalShaderMacro-t.build/Objects-normal/arm64/EasyMetalShaderMacro.SwiftFileList
WriteAuxiliaryFile /Users/admin/builder/spi-builder-workspace/.derivedData/Build/Intermediates.noindex/EasyMetalShader.build/Debug/EasyMetalShaderMacro-t.build/Objects-normal/arm64/EasyMetalShaderMacro.LinkFileList (in target 'EasyMetalShaderMacro' from project 'EasyMetalShader')
cd /Users/admin/builder/spi-builder-workspace/.dependencies/checkouts/EasyMetalShader
write-file /Users/admin/builder/spi-builder-workspace/.derivedData/Build/Intermediates.noindex/EasyMetalShader.build/Debug/EasyMetalShaderMacro-t.build/Objects-normal/arm64/EasyMetalShaderMacro.LinkFileList
WriteAuxiliaryFile /Users/admin/builder/spi-builder-workspace/.derivedData/Build/Intermediates.noindex/EasyMetalShader.build/Debug/EasyMetalShaderMacro-t.build/Objects-normal/arm64/EasyMetalShaderMacro-OutputFileMap.json (in target 'EasyMetalShaderMacro' from project 'EasyMetalShader')
cd /Users/admin/builder/spi-builder-workspace/.dependencies/checkouts/EasyMetalShader
write-file /Users/admin/builder/spi-builder-workspace/.derivedData/Build/Intermediates.noindex/EasyMetalShader.build/Debug/EasyMetalShaderMacro-t.build/Objects-normal/arm64/EasyMetalShaderMacro-OutputFileMap.json
WriteAuxiliaryFile /Users/admin/builder/spi-builder-workspace/.derivedData/Build/Intermediates.noindex/EasyMetalShader.build/Debug/EasyMetalShaderMacro-t.build/EasyMetalShaderMacro.DependencyStaticMetadataFileList (in target 'EasyMetalShaderMacro' from project 'EasyMetalShader')
cd /Users/admin/builder/spi-builder-workspace/.dependencies/checkouts/EasyMetalShader
write-file /Users/admin/builder/spi-builder-workspace/.derivedData/Build/Intermediates.noindex/EasyMetalShader.build/Debug/EasyMetalShaderMacro-t.build/EasyMetalShaderMacro.DependencyStaticMetadataFileList
WriteAuxiliaryFile /Users/admin/builder/spi-builder-workspace/.derivedData/Build/Intermediates.noindex/EasyMetalShader.build/Debug/EasyMetalShaderMacro-t.build/EasyMetalShaderMacro.DependencyMetadataFileList (in target 'EasyMetalShaderMacro' from project 'EasyMetalShader')
cd /Users/admin/builder/spi-builder-workspace/.dependencies/checkouts/EasyMetalShader
write-file /Users/admin/builder/spi-builder-workspace/.derivedData/Build/Intermediates.noindex/EasyMetalShader.build/Debug/EasyMetalShaderMacro-t.build/EasyMetalShaderMacro.DependencyMetadataFileList
SwiftDriver SwiftyCreativesMacro normal arm64 com.apple.xcode.tools.swift.compiler (in target 'SwiftyCreativesMacro' from project 'SwiftyCreatives')
cd /Users/admin/builder/spi-builder-workspace/.swiftpm/xcode
builtin-SwiftDriver -- /Applications/Xcode-27.0.0-Release.Candidate.app/Contents/Developer/Toolchains/XcodeDefault.xctoolchain/usr/bin/swiftc -parse-as-library -module-name SwiftyCreativesMacro -Onone @/Users/admin/builder/spi-builder-workspace/.derivedData/Build/Intermediates.noindex/SwiftyCreatives.build/Debug/SwiftyCreativesMacro-t.build/Objects-normal/arm64/SwiftyCreativesMacro.SwiftFileList -DSWIFT_PACKAGE -DDEBUG -Xcc -fmodule-map-file\=/Users/admin/builder/spi-builder-workspace/.dependencies/checkouts/swift-syntax/Sources/_SwiftSyntaxCShims/include/module.modulemap -DXcode -plugin-path /Applications/Xcode-27.0.0-Release.Candidate.app/Contents/Developer/Toolchains/XcodeDefault.xctoolchain/usr/lib/swift/host/plugins/testing -enable-experimental-feature DebugDescriptionMacro -sdk /Applications/Xcode-27.0.0-Release.Candidate.app/Contents/Developer/Platforms/MacOSX.platform/Developer/SDKs/MacOSX27.0.sdk -target arm64-apple-macos13.0 -g -module-cache-path /Users/admin/builder/spi-builder-workspace/.derivedData/ModuleCache.noindex -Xfrontend -serialize-debugging-options -enable-testing -index-store-path /Users/admin/builder/spi-builder-workspace/.derivedData/Index.noindex/DataStore -Xcc -D_LIBCPP_HARDENING_MODE\=_LIBCPP_HARDENING_MODE_DEBUG -swift-version 5 -I /Users/admin/builder/spi-builder-workspace/.derivedData/Build/Products/Debug -Isystem /Applications/Xcode-27.0.0-Release.Candidate.app/Contents/Developer/Platforms/MacOSX.platform/Developer/usr/lib -F /Users/admin/builder/spi-builder-workspace/.derivedData/Build/Products/Debug/PackageFrameworks -F /Users/admin/builder/spi-builder-workspace/.derivedData/Build/Products/Debug -F /Applications/Xcode-27.0.0-Release.Candidate.app/Contents/Developer/Platforms/MacOSX.platform/Developer/Library/Frameworks -c -j10 -enable-batch-mode -incremental -Xcc -ivfsstatcache -Xcc /Users/admin/builder/spi-builder-workspace/.derivedData/SDKStatCaches.noindex/macosx27.0-26A425-e829b21a6f8c9b70876ba0858053c0446a22442a12e9d48fe1a705f55a1adfc4.sdkstatcache -output-file-map /Users/admin/builder/spi-builder-workspace/.derivedData/Build/Intermediates.noindex/SwiftyCreatives.build/Debug/SwiftyCreativesMacro-t.build/Objects-normal/arm64/SwiftyCreativesMacro-OutputFileMap.json -save-temps -no-color-diagnostics -explicit-module-build -module-cache-path /Users/admin/builder/spi-builder-workspace/.derivedData/Build/Intermediates.noindex/SwiftExplicitPrecompiledModules -clang-scanner-module-cache-path /Users/admin/builder/spi-builder-workspace/.derivedData/ModuleCache.noindex -sdk-module-cache-path /Users/admin/builder/spi-builder-workspace/.derivedData/SDKExplicitPrecompiledModules -emit-dependencies -emit-module -emit-module-path /Users/admin/builder/spi-builder-workspace/.derivedData/Build/Intermediates.noindex/SwiftyCreatives.build/Debug/SwiftyCreativesMacro-t.build/Objects-normal/arm64/SwiftyCreativesMacro.swiftmodule -serialize-diagnostics -dependency-scan-serialize-diagnostics-path /Users/admin/builder/spi-builder-workspace/.derivedData/Build/Intermediates.noindex/SwiftyCreatives.build/Debug/SwiftyCreativesMacro-t.build/Objects-normal/arm64/SwiftyCreativesMacro-dependency-scan.dia -validate-clang-modules-once -clang-build-session-file /Users/admin/builder/spi-builder-workspace/.derivedData/ModuleCache.noindex/Session.modulevalidation -Xcc -fmodules-prune-interval\=86400 -Xcc -fmodules-prune-after\=345600 -package-name spi_builder_workspace -emit-const-values -const-gather-protocols-list /Users/admin/builder/spi-builder-workspace/.derivedData/Build/Intermediates.noindex/SwiftyCreatives.build/Debug/SwiftyCreativesMacro-t.build/Objects-normal/arm64/SwiftyCreativesMacro_const_extract_protocols.json -Xcc -I/Users/admin/builder/spi-builder-workspace/.dependencies/checkouts/swift-syntax/Sources/_SwiftSyntaxCShims/include -Xcc -I/Users/admin/builder/spi-builder-workspace/.derivedData/Build/Products/Debug/include -Xcc -I/Users/admin/builder/spi-builder-workspace/.derivedData/Build/Intermediates.noindex/SwiftyCreatives.build/Debug/SwiftyCreativesMacro-t.build/DerivedSources-normal/arm64 -Xcc -I/Users/admin/builder/spi-builder-workspace/.derivedData/Build/Intermediates.noindex/SwiftyCreatives.build/Debug/SwiftyCreativesMacro-t.build/DerivedSources/arm64 -Xcc -I/Users/admin/builder/spi-builder-workspace/.derivedData/Build/Intermediates.noindex/SwiftyCreatives.build/Debug/SwiftyCreativesMacro-t.build/DerivedSources -Xcc -DSWIFT_PACKAGE -Xcc -DDEBUG\=1 -working-directory /Users/admin/builder/spi-builder-workspace/.swiftpm/xcode -experimental-emit-module-separately -disable-cmo
SwiftDriver EasyMetalShaderMacro normal arm64 com.apple.xcode.tools.swift.compiler (in target 'EasyMetalShaderMacro' from project 'EasyMetalShader')
cd /Users/admin/builder/spi-builder-workspace/.swiftpm/xcode
builtin-SwiftDriver -- /Applications/Xcode-27.0.0-Release.Candidate.app/Contents/Developer/Toolchains/XcodeDefault.xctoolchain/usr/bin/swiftc -parse-as-library -module-name EasyMetalShaderMacro -Onone @/Users/admin/builder/spi-builder-workspace/.derivedData/Build/Intermediates.noindex/EasyMetalShader.build/Debug/EasyMetalShaderMacro-t.build/Objects-normal/arm64/EasyMetalShaderMacro.SwiftFileList -DSWIFT_PACKAGE -DDEBUG -Xcc -fmodule-map-file\=/Users/admin/builder/spi-builder-workspace/.dependencies/checkouts/swift-syntax/Sources/_SwiftSyntaxCShims/include/module.modulemap -DXcode -plugin-path /Applications/Xcode-27.0.0-Release.Candidate.app/Contents/Developer/Toolchains/XcodeDefault.xctoolchain/usr/lib/swift/host/plugins/testing -enable-experimental-feature DebugDescriptionMacro -sdk /Applications/Xcode-27.0.0-Release.Candidate.app/Contents/Developer/Platforms/MacOSX.platform/Developer/SDKs/MacOSX27.0.sdk -target arm64-apple-macos12.0 -g -module-cache-path /Users/admin/builder/spi-builder-workspace/.derivedData/ModuleCache.noindex -Xfrontend -serialize-debugging-options -enable-testing -suppress-warnings -index-store-path /Users/admin/builder/spi-builder-workspace/.derivedData/Index.noindex/DataStore -Xcc -D_LIBCPP_HARDENING_MODE\=_LIBCPP_HARDENING_MODE_DEBUG -swift-version 5 -I /Users/admin/builder/spi-builder-workspace/.derivedData/Build/Products/Debug -Isystem /Applications/Xcode-27.0.0-Release.Candidate.app/Contents/Developer/Platforms/MacOSX.platform/Developer/usr/lib -F /Users/admin/builder/spi-builder-workspace/.derivedData/Build/Products/Debug/PackageFrameworks -F /Users/admin/builder/spi-builder-workspace/.derivedData/Build/Products/Debug -F /Applications/Xcode-27.0.0-Release.Candidate.app/Contents/Developer/Platforms/MacOSX.platform/Developer/Library/Frameworks -c -j10 -enable-batch-mode -incremental -Xcc -ivfsstatcache -Xcc /Users/admin/builder/spi-builder-workspace/.derivedData/SDKStatCaches.noindex/macosx27.0-26A425-e829b21a6f8c9b70876ba0858053c0446a22442a12e9d48fe1a705f55a1adfc4.sdkstatcache -output-file-map /Users/admin/builder/spi-builder-workspace/.derivedData/Build/Intermediates.noindex/EasyMetalShader.build/Debug/EasyMetalShaderMacro-t.build/Objects-normal/arm64/EasyMetalShaderMacro-OutputFileMap.json -save-temps -no-color-diagnostics -explicit-module-build -module-cache-path /Users/admin/builder/spi-builder-workspace/.derivedData/Build/Intermediates.noindex/SwiftExplicitPrecompiledModules -clang-scanner-module-cache-path /Users/admin/builder/spi-builder-workspace/.derivedData/ModuleCache.noindex -sdk-module-cache-path /Users/admin/builder/spi-builder-workspace/.derivedData/SDKExplicitPrecompiledModules -emit-dependencies -emit-module -emit-module-path /Users/admin/builder/spi-builder-workspace/.derivedData/Build/Intermediates.noindex/EasyMetalShader.build/Debug/EasyMetalShaderMacro-t.build/Objects-normal/arm64/EasyMetalShaderMacro.swiftmodule -serialize-diagnostics -dependency-scan-serialize-diagnostics-path /Users/admin/builder/spi-builder-workspace/.derivedData/Build/Intermediates.noindex/EasyMetalShader.build/Debug/EasyMetalShaderMacro-t.build/Objects-normal/arm64/EasyMetalShaderMacro-dependency-scan.dia -validate-clang-modules-once -clang-build-session-file /Users/admin/builder/spi-builder-workspace/.derivedData/ModuleCache.noindex/Session.modulevalidation -Xcc -fmodules-prune-interval\=86400 -Xcc -fmodules-prune-after\=345600 -package-name easymetalshader -emit-const-values -const-gather-protocols-list /Users/admin/builder/spi-builder-workspace/.derivedData/Build/Intermediates.noindex/EasyMetalShader.build/Debug/EasyMetalShaderMacro-t.build/Objects-normal/arm64/EasyMetalShaderMacro_const_extract_protocols.json -Xcc -I/Users/admin/builder/spi-builder-workspace/.dependencies/checkouts/swift-syntax/Sources/_SwiftSyntaxCShims/include -Xcc -I/Users/admin/builder/spi-builder-workspace/.derivedData/Build/Products/Debug/include -Xcc -I/Users/admin/builder/spi-builder-workspace/.derivedData/Build/Intermediates.noindex/EasyMetalShader.build/Debug/EasyMetalShaderMacro-t.build/DerivedSources-normal/arm64 -Xcc -I/Users/admin/builder/spi-builder-workspace/.derivedData/Build/Intermediates.noindex/EasyMetalShader.build/Debug/EasyMetalShaderMacro-t.build/DerivedSources/arm64 -Xcc -I/Users/admin/builder/spi-builder-workspace/.derivedData/Build/Intermediates.noindex/EasyMetalShader.build/Debug/EasyMetalShaderMacro-t.build/DerivedSources -Xcc -DSWIFT_PACKAGE -Xcc -DDEBUG\=1 -working-directory /Users/admin/builder/spi-builder-workspace/.swiftpm/xcode -experimental-emit-module-separately -disable-cmo
SwiftExplicitDependencyGeneratePcm arm64 /Users/admin/builder/spi-builder-workspace/.derivedData/SDKExplicitPrecompiledModules/SwiftShims-C4V0DQ62WSTCYBYGILXXGQNO3.pcm
SwiftExplicitDependencyGeneratePcm arm64 /Users/admin/builder/spi-builder-workspace/.derivedData/SDKExplicitPrecompiledModules/_SwiftConcurrencyShims-BLUUWKI6AGMD7TJ4RGYS7DP6T.pcm
SwiftExplicitDependencyGeneratePcm arm64 /Users/admin/builder/spi-builder-workspace/.derivedData/SDKExplicitPrecompiledModules/_Builtin_stdarg-7CFWA9OSW5N24E7PG4ZOCF1VH.pcm
SwiftExplicitDependencyGeneratePcm arm64 /Users/admin/builder/spi-builder-workspace/.derivedData/SDKExplicitPrecompiledModules/ptrauth-2W92ZJRLNJU99RJUQGGJG3OC3.pcm
SwiftExplicitDependencyGeneratePcm arm64 /Users/admin/builder/spi-builder-workspace/.derivedData/SDKExplicitPrecompiledModules/_AvailabilityInternal-CJTV5E7EL3MWRA437DUFPBVN2.pcm
SwiftExplicitDependencyGeneratePcm arm64 /Users/admin/builder/spi-builder-workspace/.derivedData/SDKExplicitPrecompiledModules/_Builtin_stdbool-KYV2HKP8IKLKMKQS9DGA2GUQ.pcm
SwiftExplicitDependencyGeneratePcm arm64 /Users/admin/builder/spi-builder-workspace/.derivedData/SDKExplicitPrecompiledModules/_Builtin_float-105CRCDRP90FQCQO5ZX1LHV7H.pcm
SwiftExplicitDependencyGeneratePcm arm64 /Users/admin/builder/spi-builder-workspace/.derivedData/SDKExplicitPrecompiledModules/ptrcheck-DHLCBWKPNUZOYTPJ1J3QVTCXK.pcm
SwiftExplicitDependencyGeneratePcm arm64 /Users/admin/builder/spi-builder-workspace/.derivedData/SDKExplicitPrecompiledModules/_Builtin_stddef-3GI9GOKXSW3QCTFOI1USFLDZO.pcm
SwiftExplicitDependencyGeneratePcm arm64 /Users/admin/builder/spi-builder-workspace/.derivedData/SDKExplicitPrecompiledModules/_DarwinFoundation1-7PRJIG163YE9KSKYA3BS35ZZP.pcm
SwiftExplicitDependencyGeneratePcm arm64 /Users/admin/builder/spi-builder-workspace/.derivedData/SDKExplicitPrecompiledModules/_DarwinFoundation2-94WUUGE4H5R03OWXE0QFZX1DN.pcm
SwiftExplicitDependencyGeneratePcm arm64 /Users/admin/builder/spi-builder-workspace/.derivedData/SDKExplicitPrecompiledModules/_Builtin_limits-AXGUGXBFPC0I7QDLJFB0K341Y.pcm
SwiftExplicitDependencyGeneratePcm arm64 /Users/admin/builder/spi-builder-workspace/.derivedData/SDKExplicitPrecompiledModules/sys_types-F4RNCN6UR5R5OWTLTOUM7TN3E.pcm
SwiftExplicitDependencyGeneratePcm arm64 /Users/admin/builder/spi-builder-workspace/.derivedData/SDKExplicitPrecompiledModules/_Builtin_stdint-22CBBOK8BNSF0UELDCAXSHGB.pcm
SwiftExplicitDependencyGeneratePcm arm64 /Users/admin/builder/spi-builder-workspace/.derivedData/SDKExplicitPrecompiledModules/string_h-10WPXBF3YFYMX5HUAW06LSABR.pcm
SwiftExplicitDependencyGeneratePcm arm64 /Users/admin/builder/spi-builder-workspace/.derivedData/SDKExplicitPrecompiledModules/_Builtin_stdatomic-8LN7S35C6I48KJOCW7VPXX04X.pcm
SwiftExplicitDependencyGeneratePcm arm64 /Users/admin/builder/spi-builder-workspace/.derivedData/SDKExplicitPrecompiledModules/_DarwinFoundation3-32PO5Q4RCB6WXH5VFO3HA3AVS.pcm
SwiftExplicitDependencyGeneratePcm arm64 /Users/admin/builder/spi-builder-workspace/.derivedData/SDKExplicitPrecompiledModules/libDER-5RCYOD0PCUUY2UGMBNE9LI8N9.pcm
SwiftExplicitDependencyGeneratePcm arm64 /Users/admin/builder/spi-builder-workspace/.derivedData/Build/Intermediates.noindex/SwiftExplicitPrecompiledModules/_SwiftSyntaxCShims-2QTB1OKFQBGHP8A5205JAEZJX.pcm
SwiftExplicitDependencyGeneratePcm arm64 /Users/admin/builder/spi-builder-workspace/.derivedData/SDKExplicitPrecompiledModules/_Builtin_inttypes-1U6AP9A8AJ4G9WD98E9RHLGTJ.pcm
SwiftExplicitDependencyGeneratePcm arm64 /Users/admin/builder/spi-builder-workspace/.derivedData/SDKExplicitPrecompiledModules/Darwin-1RAAWNGKQM8YGHV0YJNNN5YDY.pcm
SwiftExplicitDependencyGeneratePcm arm64 /Users/admin/builder/spi-builder-workspace/.derivedData/SDKExplicitPrecompiledModules/DeveloperToolsSupport-13SNQ6N57G3DOS3KQA7V91OE7.pcm
SwiftExplicitDependencyGeneratePcm arm64 /Users/admin/builder/spi-builder-workspace/.derivedData/SDKExplicitPrecompiledModules/_Builtin_intrinsics-4O6R03GTH5FLWSHEUBP0Z3GZ2.pcm
SwiftExplicitDependencyGeneratePcm arm64 /Users/admin/builder/spi-builder-workspace/.derivedData/SDKExplicitPrecompiledModules/_Builtin_tgmath-52XE6HC8DWOG6S7B5QAI046D1.pcm
SwiftExplicitDependencyGeneratePcm arm64 /Users/admin/builder/spi-builder-workspace/.derivedData/SDKExplicitPrecompiledModules/Darwin-1RAAWNGKQM8YGHV0YJNNN5YDY.pcm
SwiftExplicitDependencyGeneratePcm arm64 /Users/admin/builder/spi-builder-workspace/.derivedData/SDKExplicitPrecompiledModules/libkern-22MDXN9G35RPO3OLKX9B2PN16.pcm
SwiftExplicitDependencyGeneratePcm arm64 /Users/admin/builder/spi-builder-workspace/.derivedData/SDKExplicitPrecompiledModules/launch-2XAORMJNLLVS0OVKC1M0752GY.pcm
SwiftExplicitDependencyGeneratePcm arm64 /Users/admin/builder/spi-builder-workspace/.derivedData/SDKExplicitPrecompiledModules/MachO-AWTJ65TFR7TMST2NUE6ZCC1SL.pcm
SwiftExplicitDependencyGeneratePcm arm64 /Users/admin/builder/spi-builder-workspace/.derivedData/SDKExplicitPrecompiledModules/simd-A9TKR8OE9APRJ1RNS7F0OBY4Q.pcm
SwiftExplicitDependencyGeneratePcm arm64 /Users/admin/builder/spi-builder-workspace/.derivedData/SDKExplicitPrecompiledModules/ObjectiveC-B89IQP2TC4CFSWOUMTUZRI1VZ.pcm
SwiftExplicitDependencyGeneratePcm arm64 /Users/admin/builder/spi-builder-workspace/.derivedData/SDKExplicitPrecompiledModules/os_object-3KLCCI03OX6OQTLJ92KQH2KIO.pcm
SwiftExplicitDependencyGeneratePcm arm64 /Users/admin/builder/spi-builder-workspace/.derivedData/SDKExplicitPrecompiledModules/CUPS-45MNISAOHSEBD6VQA5G0MXN9H.pcm
SwiftExplicitDependencyGeneratePcm arm64 /Users/admin/builder/spi-builder-workspace/.derivedData/SDKExplicitPrecompiledModules/launch-2XAORMJNLLVS0OVKC1M0752GY.pcm
SwiftExplicitDependencyGeneratePcm arm64 /Users/admin/builder/spi-builder-workspace/.derivedData/SDKExplicitPrecompiledModules/MachO-AWTJ65TFR7TMST2NUE6ZCC1SL.pcm
SwiftExplicitDependencyGeneratePcm arm64 /Users/admin/builder/spi-builder-workspace/.derivedData/SDKExplicitPrecompiledModules/libkern-22MDXN9G35RPO3OLKX9B2PN16.pcm
SwiftExplicitDependencyGeneratePcm arm64 /Users/admin/builder/spi-builder-workspace/.derivedData/SDKExplicitPrecompiledModules/os_workgroup-10SJ5M8R2OB4BG1TPFL9SZMKV.pcm
SwiftExplicitDependencyGeneratePcm arm64 /Users/admin/builder/spi-builder-workspace/.derivedData/SDKExplicitPrecompiledModules/ObjectiveC-B89IQP2TC4CFSWOUMTUZRI1VZ.pcm
SwiftExplicitDependencyGeneratePcm arm64 /Users/admin/builder/spi-builder-workspace/.derivedData/SDKExplicitPrecompiledModules/Dispatch-NAMWF9KN29KC7Z5OS3TTTAE8.pcm
SwiftExplicitDependencyGeneratePcm arm64 /Users/admin/builder/spi-builder-workspace/.derivedData/SDKExplicitPrecompiledModules/os_object-3KLCCI03OX6OQTLJ92KQH2KIO.pcm
SwiftExplicitDependencyGeneratePcm arm64 /Users/admin/builder/spi-builder-workspace/.derivedData/SDKExplicitPrecompiledModules/XPC-E1MSAZG4ZNL24S2WK6K6Y7GWW.pcm
SwiftExplicitDependencyGeneratePcm arm64 /Users/admin/builder/spi-builder-workspace/.derivedData/SDKExplicitPrecompiledModules/CoreFoundation-4ZIITQ30SOGUQE8KJAB99ZV0Q.pcm
SwiftExplicitDependencyGeneratePcm arm64 /Users/admin/builder/spi-builder-workspace/.derivedData/SDKExplicitPrecompiledModules/os_workgroup-10SJ5M8R2OB4BG1TPFL9SZMKV.pcm
SwiftExplicitDependencyGeneratePcm arm64 /Users/admin/builder/spi-builder-workspace/.derivedData/SDKExplicitPrecompiledModules/Spatial-2JNOU2HNJ0Q174XCFCD0GCOUQ.pcm
SwiftExplicitDependencyGeneratePcm arm64 /Users/admin/builder/spi-builder-workspace/.derivedData/SDKExplicitPrecompiledModules/os-BYOEVK2GEMB4Q8WWHGZGREA00.pcm
SwiftExplicitDependencyGeneratePcm arm64 /Users/admin/builder/spi-builder-workspace/.derivedData/SDKExplicitPrecompiledModules/Dispatch-NAMWF9KN29KC7Z5OS3TTTAE8.pcm
SwiftExplicitDependencyGeneratePcm arm64 /Users/admin/builder/spi-builder-workspace/.derivedData/SDKExplicitPrecompiledModules/CFNetwork-CVHS5CT20191MFYXQIEDWSRGJ.pcm
SwiftExplicitDependencyGeneratePcm arm64 /Users/admin/builder/spi-builder-workspace/.derivedData/SDKExplicitPrecompiledModules/IOKit-6H3X691EDBH124EYTC2PEOP5T.pcm
SwiftExplicitDependencyGeneratePcm arm64 /Users/admin/builder/spi-builder-workspace/.derivedData/SDKExplicitPrecompiledModules/Security-ESPJ7FP0YAY1EL3VXBGY9MCZ8.pcm
SwiftExplicitDependencyGeneratePcm arm64 /Users/admin/builder/spi-builder-workspace/.derivedData/SDKExplicitPrecompiledModules/XPC-E1MSAZG4ZNL24S2WK6K6Y7GWW.pcm
SwiftExplicitDependencyGeneratePcm arm64 /Users/admin/builder/spi-builder-workspace/.derivedData/SDKExplicitPrecompiledModules/CoreFoundation-4ZIITQ30SOGUQE8KJAB99ZV0Q.pcm
SwiftExplicitDependencyGeneratePcm arm64 /Users/admin/builder/spi-builder-workspace/.derivedData/SDKExplicitPrecompiledModules/os-BYOEVK2GEMB4Q8WWHGZGREA00.pcm
SwiftExplicitDependencyGeneratePcm arm64 /Users/admin/builder/spi-builder-workspace/.derivedData/SDKExplicitPrecompiledModules/Security-ESPJ7FP0YAY1EL3VXBGY9MCZ8.pcm
SwiftExplicitDependencyGeneratePcm arm64 /Users/admin/builder/spi-builder-workspace/.derivedData/SDKExplicitPrecompiledModules/CFNetwork-CVHS5CT20191MFYXQIEDWSRGJ.pcm
SwiftExplicitDependencyGeneratePcm arm64 /Users/admin/builder/spi-builder-workspace/.derivedData/SDKExplicitPrecompiledModules/IOKit-6H3X691EDBH124EYTC2PEOP5T.pcm
SwiftExplicitDependencyGeneratePcm arm64 /Users/admin/builder/spi-builder-workspace/.derivedData/SDKExplicitPrecompiledModules/ColorSync-BBCIZDDQ6O3QECFAWJQ6RU4ZJ.pcm
SwiftExplicitDependencyGeneratePcm arm64 /Users/admin/builder/spi-builder-workspace/.derivedData/SDKExplicitPrecompiledModules/DiskArbitration-ZNZZU7T0SYELB0DAR56WQF0R.pcm
SwiftExplicitDependencyGeneratePcm arm64 /Users/admin/builder/spi-builder-workspace/.derivedData/SDKExplicitPrecompiledModules/CoreServices-CGCGY0FOMEQGSNMO3HQSC09XU.pcm
SwiftExplicitDependencyGeneratePcm arm64 /Users/admin/builder/spi-builder-workspace/.derivedData/SDKExplicitPrecompiledModules/CoreGraphics-5TRMNDB7ZP6FFMRNSZCWEOZMD.pcm
SwiftExplicitDependencyGeneratePcm arm64 /Users/admin/builder/spi-builder-workspace/.derivedData/SDKExplicitPrecompiledModules/DiskArbitration-ZNZZU7T0SYELB0DAR56WQF0R.pcm
SwiftExplicitDependencyGeneratePcm arm64 /Users/admin/builder/spi-builder-workspace/.derivedData/SDKExplicitPrecompiledModules/CoreServices-CGCGY0FOMEQGSNMO3HQSC09XU.pcm
SwiftExplicitDependencyGeneratePcm arm64 /Users/admin/builder/spi-builder-workspace/.derivedData/SDKExplicitPrecompiledModules/ImageIO-88YNP2EU498GB5YXIFJ9ANNYW.pcm
SwiftExplicitDependencyGeneratePcm arm64 /Users/admin/builder/spi-builder-workspace/.derivedData/SDKExplicitPrecompiledModules/CoreText-C1WSF2HWGIKVJ2XHWBKXQBSEY.pcm
SwiftExplicitDependencyGeneratePcm arm64 /Users/admin/builder/spi-builder-workspace/.derivedData/SDKExplicitPrecompiledModules/Foundation-44WR0NU86C67CV5BW8W1MGKNG.pcm
SwiftExplicitDependencyGeneratePcm arm64 /Users/admin/builder/spi-builder-workspace/.derivedData/SDKExplicitPrecompiledModules/Foundation-44WR0NU86C67CV5BW8W1MGKNG.pcm
SwiftExplicitDependencyGeneratePcm arm64 /Users/admin/builder/spi-builder-workspace/.derivedData/SDKExplicitPrecompiledModules/OSLog-1GSRGGGEESVJH9OULZA91RAA3.pcm
SwiftEmitModule normal arm64 Emitting\ module\ for\ SwiftyCreativesMacro (in target 'SwiftyCreativesMacro' from project 'SwiftyCreatives')
SwiftCompile normal arm64 (in target 'SwiftyCreativesMacro' from project 'SwiftyCreatives')
cd /Users/admin/builder/spi-builder-workspace/.swiftpm/xcode
/Users/admin/builder/spi-builder-workspace/Sources/SwiftyCreativesMacro/Utils/String+Error.swift:10:1: warning: extension declares a conformance of imported type 'String' to imported protocol 'Error'; this will not behave correctly if the owners of 'Swift' introduce this conformance in the future
8 | import Foundation
9 |
10 | extension String: Error {}
| |- warning: extension declares a conformance of imported type 'String' to imported protocol 'Error'; this will not behave correctly if the owners of 'Swift' introduce this conformance in the future
| `- note: add '@retroactive' to silence this warning
11 |
SwiftCompile normal arm64 Compiling\ SwiftyCreativesMacroPlugin.swift /Users/admin/builder/spi-builder-workspace/Sources/SwiftyCreativesMacro/SwiftyCreativesMacroPlugin.swift (in target 'SwiftyCreativesMacro' from project 'SwiftyCreatives')
SwiftCompile normal arm64 /Users/admin/builder/spi-builder-workspace/Sources/SwiftyCreativesMacro/SwiftyCreativesMacroPlugin.swift (in target 'SwiftyCreativesMacro' from project 'SwiftyCreatives')
cd /Users/admin/builder/spi-builder-workspace/.swiftpm/xcode
builtin-SwiftPerFileCompile SwiftyCreativesMacroPlugin.swift
SwiftCompile normal arm64 Compiling\ SketchObject.swift /Users/admin/builder/spi-builder-workspace/Sources/SwiftyCreativesMacro/SketchObject/SketchObject.swift (in target 'SwiftyCreativesMacro' from project 'SwiftyCreatives')
SwiftCompile normal arm64 /Users/admin/builder/spi-builder-workspace/Sources/SwiftyCreativesMacro/SketchObject/SketchObject.swift (in target 'SwiftyCreativesMacro' from project 'SwiftyCreatives')
cd /Users/admin/builder/spi-builder-workspace/.swiftpm/xcode
builtin-SwiftPerFileCompile SketchObject.swift
SwiftCompile normal arm64 Compiling\ String+Error.swift /Users/admin/builder/spi-builder-workspace/Sources/SwiftyCreativesMacro/Utils/String+Error.swift (in target 'SwiftyCreativesMacro' from project 'SwiftyCreatives')
/Users/admin/builder/spi-builder-workspace/Sources/SwiftyCreativesMacro/Utils/String+Error.swift:10:1: warning: extension declares a conformance of imported type 'String' to imported protocol 'Error'; this will not behave correctly if the owners of 'Swift' introduce this conformance in the future
8 | import Foundation
9 |
10 | extension String: Error {}
| |- warning: extension declares a conformance of imported type 'String' to imported protocol 'Error'; this will not behave correctly if the owners of 'Swift' introduce this conformance in the future
| `- note: add '@retroactive' to silence this warning
11 |
SwiftCompile normal arm64 /Users/admin/builder/spi-builder-workspace/Sources/SwiftyCreativesMacro/Utils/String+Error.swift (in target 'SwiftyCreativesMacro' from project 'SwiftyCreatives')
cd /Users/admin/builder/spi-builder-workspace/.swiftpm/xcode
builtin-SwiftPerFileCompile String+Error.swift
SwiftExplicitDependencyGeneratePcm arm64 /Users/admin/builder/spi-builder-workspace/.derivedData/SDKExplicitPrecompiledModules/Symbols-2NFSQR6R0R96WH1KKGBXW1J.pcm
SwiftExplicitDependencyGeneratePcm arm64 /Users/admin/builder/spi-builder-workspace/.derivedData/SDKExplicitPrecompiledModules/CoreData-4EPJ39F9L3QQ9486B5AMG5G6J.pcm
SwiftExplicitDependencyGeneratePcm arm64 /Users/admin/builder/spi-builder-workspace/.derivedData/SDKExplicitPrecompiledModules/Accessibility-6F38G4T85MOHD9AA2EH4U2PJS.pcm
SwiftExplicitDependencyGeneratePcm arm64 /Users/admin/builder/spi-builder-workspace/.derivedData/SDKExplicitPrecompiledModules/OSLog-1GSRGGGEESVJH9OULZA91RAA3.pcm
SwiftExplicitDependencyGeneratePcm arm64 /Users/admin/builder/spi-builder-workspace/.derivedData/SDKExplicitPrecompiledModules/IOSurface-1TUG4NQVIPJF59WSUNATZ447F.pcm
SwiftExplicitDependencyGeneratePcm arm64 /Users/admin/builder/spi-builder-workspace/.derivedData/SDKExplicitPrecompiledModules/DataDetection-5GDUUWT6YIA10PE5D9A8SXWZ9.pcm
SwiftExplicitDependencyGeneratePcm arm64 /Users/admin/builder/spi-builder-workspace/.derivedData/SDKExplicitPrecompiledModules/ApplicationServices-ALXSS633FQY42UMJSLR6MNLSK.pcm
SwiftDriverJobDiscovery normal arm64 Emitting module for SwiftyCreativesMacro (in target 'SwiftyCreativesMacro' from project 'SwiftyCreatives')
SwiftDriver\ Compilation\ Requirements SwiftyCreativesMacro normal arm64 com.apple.xcode.tools.swift.compiler (in target 'SwiftyCreativesMacro' from project 'SwiftyCreatives')
cd /Users/admin/builder/spi-builder-workspace/.swiftpm/xcode
builtin-Swift-Compilation-Requirements -- /Applications/Xcode-27.0.0-Release.Candidate.app/Contents/Developer/Toolchains/XcodeDefault.xctoolchain/usr/bin/swiftc -parse-as-library -module-name SwiftyCreativesMacro -Onone @/Users/admin/builder/spi-builder-workspace/.derivedData/Build/Intermediates.noindex/SwiftyCreatives.build/Debug/SwiftyCreativesMacro-t.build/Objects-normal/arm64/SwiftyCreativesMacro.SwiftFileList -DSWIFT_PACKAGE -DDEBUG -Xcc -fmodule-map-file\=/Users/admin/builder/spi-builder-workspace/.dependencies/checkouts/swift-syntax/Sources/_SwiftSyntaxCShims/include/module.modulemap -DXcode -plugin-path /Applications/Xcode-27.0.0-Release.Candidate.app/Contents/Developer/Toolchains/XcodeDefault.xctoolchain/usr/lib/swift/host/plugins/testing -enable-experimental-feature DebugDescriptionMacro -sdk /Applications/Xcode-27.0.0-Release.Candidate.app/Contents/Developer/Platforms/MacOSX.platform/Developer/SDKs/MacOSX27.0.sdk -target arm64-apple-macos13.0 -g -module-cache-path /Users/admin/builder/spi-builder-workspace/.derivedData/ModuleCache.noindex -Xfrontend -serialize-debugging-options -enable-testing -index-store-path /Users/admin/builder/spi-builder-workspace/.derivedData/Index.noindex/DataStore -Xcc -D_LIBCPP_HARDENING_MODE\=_LIBCPP_HARDENING_MODE_DEBUG -swift-version 5 -I /Users/admin/builder/spi-builder-workspace/.derivedData/Build/Products/Debug -Isystem /Applications/Xcode-27.0.0-Release.Candidate.app/Contents/Developer/Platforms/MacOSX.platform/Developer/usr/lib -F /Users/admin/builder/spi-builder-workspace/.derivedData/Build/Products/Debug/PackageFrameworks -F /Users/admin/builder/spi-builder-workspace/.derivedData/Build/Products/Debug -F /Applications/Xcode-27.0.0-Release.Candidate.app/Contents/Developer/Platforms/MacOSX.platform/Developer/Library/Frameworks -c -j10 -enable-batch-mode -incremental -Xcc -ivfsstatcache -Xcc /Users/admin/builder/spi-builder-workspace/.derivedData/SDKStatCaches.noindex/macosx27.0-26A425-e829b21a6f8c9b70876ba0858053c0446a22442a12e9d48fe1a705f55a1adfc4.sdkstatcache -output-file-map /Users/admin/builder/spi-builder-workspace/.derivedData/Build/Intermediates.noindex/SwiftyCreatives.build/Debug/SwiftyCreativesMacro-t.build/Objects-normal/arm64/SwiftyCreativesMacro-OutputFileMap.json -save-temps -no-color-diagnostics -explicit-module-build -module-cache-path /Users/admin/builder/spi-builder-workspace/.derivedData/Build/Intermediates.noindex/SwiftExplicitPrecompiledModules -clang-scanner-module-cache-path /Users/admin/builder/spi-builder-workspace/.derivedData/ModuleCache.noindex -sdk-module-cache-path /Users/admin/builder/spi-builder-workspace/.derivedData/SDKExplicitPrecompiledModules -emit-dependencies -emit-module -emit-module-path /Users/admin/builder/spi-builder-workspace/.derivedData/Build/Intermediates.noindex/SwiftyCreatives.build/Debug/SwiftyCreativesMacro-t.build/Objects-normal/arm64/SwiftyCreativesMacro.swiftmodule -serialize-diagnostics -dependency-scan-serialize-diagnostics-path /Users/admin/builder/spi-builder-workspace/.derivedData/Build/Intermediates.noindex/SwiftyCreatives.build/Debug/SwiftyCreativesMacro-t.build/Objects-normal/arm64/SwiftyCreativesMacro-dependency-scan.dia -validate-clang-modules-once -clang-build-session-file /Users/admin/builder/spi-builder-workspace/.derivedData/ModuleCache.noindex/Session.modulevalidation -Xcc -fmodules-prune-interval\=86400 -Xcc -fmodules-prune-after\=345600 -package-name spi_builder_workspace -emit-const-values -const-gather-protocols-list /Users/admin/builder/spi-builder-workspace/.derivedData/Build/Intermediates.noindex/SwiftyCreatives.build/Debug/SwiftyCreativesMacro-t.build/Objects-normal/arm64/SwiftyCreativesMacro_const_extract_protocols.json -Xcc -I/Users/admin/builder/spi-builder-workspace/.dependencies/checkouts/swift-syntax/Sources/_SwiftSyntaxCShims/include -Xcc -I/Users/admin/builder/spi-builder-workspace/.derivedData/Build/Products/Debug/include -Xcc -I/Users/admin/builder/spi-builder-workspace/.derivedData/Build/Intermediates.noindex/SwiftyCreatives.build/Debug/SwiftyCreativesMacro-t.build/DerivedSources-normal/arm64 -Xcc -I/Users/admin/builder/spi-builder-workspace/.derivedData/Build/Intermediates.noindex/SwiftyCreatives.build/Debug/SwiftyCreativesMacro-t.build/DerivedSources/arm64 -Xcc -I/Users/admin/builder/spi-builder-workspace/.derivedData/Build/Intermediates.noindex/SwiftyCreatives.build/Debug/SwiftyCreativesMacro-t.build/DerivedSources -Xcc -DSWIFT_PACKAGE -Xcc -DDEBUG\=1 -working-directory /Users/admin/builder/spi-builder-workspace/.swiftpm/xcode -experimental-emit-module-separately -disable-cmo
SwiftExplicitDependencyGeneratePcm arm64 /Users/admin/builder/spi-builder-workspace/.derivedData/SDKExplicitPrecompiledModules/CoreTransferable-2HJ1Z8HJBPECRD89AVJ0X7S63.pcm
SwiftExplicitDependencyGeneratePcm arm64 /Users/admin/builder/spi-builder-workspace/.derivedData/SDKExplicitPrecompiledModules/ModelIO-DDYGUGUF89MI925N926LD12GY.pcm
SwiftExplicitDependencyGeneratePcm arm64 /Users/admin/builder/spi-builder-workspace/.derivedData/SDKExplicitPrecompiledModules/UniformTypeIdentifiers-5LG8RE3Q01MBLZVRR3FFHHL5H.pcm
SwiftExplicitDependencyGeneratePcm arm64 /Users/admin/builder/spi-builder-workspace/.derivedData/SDKExplicitPrecompiledModules/Metal-KM8CI04R5X5OUWMGRMNZE4KP.pcm
SwiftDriverJobDiscovery normal arm64 Compiling String+Error.swift (in target 'SwiftyCreativesMacro' from project 'SwiftyCreatives')
SwiftExplicitDependencyGeneratePcm arm64 /Users/admin/builder/spi-builder-workspace/.derivedData/SDKExplicitPrecompiledModules/OpenGL-FXV81CD8YS42YTVJKJH1VLGA.pcm
SwiftDriverJobDiscovery normal arm64 Compiling SwiftyCreativesMacroPlugin.swift (in target 'SwiftyCreativesMacro' from project 'SwiftyCreatives')
SwiftDriverJobDiscovery normal arm64 Compiling SketchObject.swift (in target 'SwiftyCreativesMacro' from project 'SwiftyCreatives')
SwiftDriver\ Compilation SwiftyCreativesMacro normal arm64 com.apple.xcode.tools.swift.compiler (in target 'SwiftyCreativesMacro' from project 'SwiftyCreatives')
cd /Users/admin/builder/spi-builder-workspace/.swiftpm/xcode
builtin-Swift-Compilation -- /Applications/Xcode-27.0.0-Release.Candidate.app/Contents/Developer/Toolchains/XcodeDefault.xctoolchain/usr/bin/swiftc -parse-as-library -module-name SwiftyCreativesMacro -Onone @/Users/admin/builder/spi-builder-workspace/.derivedData/Build/Intermediates.noindex/SwiftyCreatives.build/Debug/SwiftyCreativesMacro-t.build/Objects-normal/arm64/SwiftyCreativesMacro.SwiftFileList -DSWIFT_PACKAGE -DDEBUG -Xcc -fmodule-map-file\=/Users/admin/builder/spi-builder-workspace/.dependencies/checkouts/swift-syntax/Sources/_SwiftSyntaxCShims/include/module.modulemap -DXcode -plugin-path /Applications/Xcode-27.0.0-Release.Candidate.app/Contents/Developer/Toolchains/XcodeDefault.xctoolchain/usr/lib/swift/host/plugins/testing -enable-experimental-feature DebugDescriptionMacro -sdk /Applications/Xcode-27.0.0-Release.Candidate.app/Contents/Developer/Platforms/MacOSX.platform/Developer/SDKs/MacOSX27.0.sdk -target arm64-apple-macos13.0 -g -module-cache-path /Users/admin/builder/spi-builder-workspace/.derivedData/ModuleCache.noindex -Xfrontend -serialize-debugging-options -enable-testing -index-store-path /Users/admin/builder/spi-builder-workspace/.derivedData/Index.noindex/DataStore -Xcc -D_LIBCPP_HARDENING_MODE\=_LIBCPP_HARDENING_MODE_DEBUG -swift-version 5 -I /Users/admin/builder/spi-builder-workspace/.derivedData/Build/Products/Debug -Isystem /Applications/Xcode-27.0.0-Release.Candidate.app/Contents/Developer/Platforms/MacOSX.platform/Developer/usr/lib -F /Users/admin/builder/spi-builder-workspace/.derivedData/Build/Products/Debug/PackageFrameworks -F /Users/admin/builder/spi-builder-workspace/.derivedData/Build/Products/Debug -F /Applications/Xcode-27.0.0-Release.Candidate.app/Contents/Developer/Platforms/MacOSX.platform/Developer/Library/Frameworks -c -j10 -enable-batch-mode -incremental -Xcc -ivfsstatcache -Xcc /Users/admin/builder/spi-builder-workspace/.derivedData/SDKStatCaches.noindex/macosx27.0-26A425-e829b21a6f8c9b70876ba0858053c0446a22442a12e9d48fe1a705f55a1adfc4.sdkstatcache -output-file-map /Users/admin/builder/spi-builder-workspace/.derivedData/Build/Intermediates.noindex/SwiftyCreatives.build/Debug/SwiftyCreativesMacro-t.build/Objects-normal/arm64/SwiftyCreativesMacro-OutputFileMap.json -save-temps -no-color-diagnostics -explicit-module-build -module-cache-path /Users/admin/builder/spi-builder-workspace/.derivedData/Build/Intermediates.noindex/SwiftExplicitPrecompiledModules -clang-scanner-module-cache-path /Users/admin/builder/spi-builder-workspace/.derivedData/ModuleCache.noindex -sdk-module-cache-path /Users/admin/builder/spi-builder-workspace/.derivedData/SDKExplicitPrecompiledModules -emit-dependencies -emit-module -emit-module-path /Users/admin/builder/spi-builder-workspace/.derivedData/Build/Intermediates.noindex/SwiftyCreatives.build/Debug/SwiftyCreativesMacro-t.build/Objects-normal/arm64/SwiftyCreativesMacro.swiftmodule -serialize-diagnostics -dependency-scan-serialize-diagnostics-path /Users/admin/builder/spi-builder-workspace/.derivedData/Build/Intermediates.noindex/SwiftyCreatives.build/Debug/SwiftyCreativesMacro-t.build/Objects-normal/arm64/SwiftyCreativesMacro-dependency-scan.dia -validate-clang-modules-once -clang-build-session-file /Users/admin/builder/spi-builder-workspace/.derivedData/ModuleCache.noindex/Session.modulevalidation -Xcc -fmodules-prune-interval\=86400 -Xcc -fmodules-prune-after\=345600 -package-name spi_builder_workspace -emit-const-values -const-gather-protocols-list /Users/admin/builder/spi-builder-workspace/.derivedData/Build/Intermediates.noindex/SwiftyCreatives.build/Debug/SwiftyCreativesMacro-t.build/Objects-normal/arm64/SwiftyCreativesMacro_const_extract_protocols.json -Xcc -I/Users/admin/builder/spi-builder-workspace/.dependencies/checkouts/swift-syntax/Sources/_SwiftSyntaxCShims/include -Xcc -I/Users/admin/builder/spi-builder-workspace/.derivedData/Build/Products/Debug/include -Xcc -I/Users/admin/builder/spi-builder-workspace/.derivedData/Build/Intermediates.noindex/SwiftyCreatives.build/Debug/SwiftyCreativesMacro-t.build/DerivedSources-normal/arm64 -Xcc -I/Users/admin/builder/spi-builder-workspace/.derivedData/Build/Intermediates.noindex/SwiftyCreatives.build/Debug/SwiftyCreativesMacro-t.build/DerivedSources/arm64 -Xcc -I/Users/admin/builder/spi-builder-workspace/.derivedData/Build/Intermediates.noindex/SwiftyCreatives.build/Debug/SwiftyCreativesMacro-t.build/DerivedSources -Xcc -DSWIFT_PACKAGE -Xcc -DDEBUG\=1 -working-directory /Users/admin/builder/spi-builder-workspace/.swiftpm/xcode -experimental-emit-module-separately -disable-cmo
Ld /Users/admin/builder/spi-builder-workspace/.derivedData/Build/Products/Debug/SwiftyCreativesMacro normal (in target 'SwiftyCreativesMacro' from project 'SwiftyCreatives')
cd /Users/admin/builder/spi-builder-workspace
/Applications/Xcode-27.0.0-Release.Candidate.app/Contents/Developer/Toolchains/XcodeDefault.xctoolchain/usr/bin/swiftc -Xlinker -reproducible -target arm64-apple-macos13.0 -emit-executable -sdk /Applications/Xcode-27.0.0-Release.Candidate.app/Contents/Developer/Platforms/MacOSX.platform/Developer/SDKs/MacOSX27.0.sdk -Xlinker -no_warn_duplicate_libraries -L/Users/admin/builder/spi-builder-workspace/.derivedData/Build/Intermediates.noindex/EagerLinkingTBDs/Debug -L/Users/admin/builder/spi-builder-workspace/.derivedData/Build/Products/Debug -L/Applications/Xcode-27.0.0-Release.Candidate.app/Contents/Developer/Platforms/MacOSX.platform/Developer/usr/lib -F/Users/admin/builder/spi-builder-workspace/.derivedData/Build/Intermediates.noindex/EagerLinkingTBDs/Debug -F/Users/admin/builder/spi-builder-workspace/.derivedData/Build/Products/Debug/PackageFrameworks -F/Users/admin/builder/spi-builder-workspace/.derivedData/Build/Products/Debug -Fsystem /Applications/Xcode-27.0.0-Release.Candidate.app/Contents/Developer/Platforms/MacOSX.platform/Developer/Library/Frameworks @/Users/admin/builder/spi-builder-workspace/.derivedData/Build/Intermediates.noindex/SwiftyCreatives.build/Debug/SwiftyCreativesMacro-t.build/Objects-normal/arm64/SwiftyCreativesMacro.LinkFileList -Xlinker -rpath -Xlinker /usr/lib/swift -Xlinker -rpath -Xlinker @loader_path -Xlinker -rpath -Xlinker /Users/admin/builder/spi-builder-workspace/.derivedData/Build/Products/Debug/PackageFrameworks -Xlinker -object_path_lto -Xlinker /Users/admin/builder/spi-builder-workspace/.derivedData/Build/Intermediates.noindex/SwiftyCreatives.build/Debug/SwiftyCreativesMacro-t.build/Objects-normal/arm64/SwiftyCreativesMacro_lto.o -Xclang-linker -rdynamic -Xlinker -no_deduplicate -Xlinker -dependency_info -Xlinker /Users/admin/builder/spi-builder-workspace/.derivedData/Build/Intermediates.noindex/SwiftyCreatives.build/Debug/SwiftyCreativesMacro-t.build/Objects-normal/arm64/SwiftyCreativesMacro_dependency_info.dat -link-objc-runtime -L/Applications/Xcode-27.0.0-Release.Candidate.app/Contents/Developer/Toolchains/XcodeDefault.xctoolchain/usr/lib/swift/macosx -L/usr/lib/swift -Xlinker -add_ast_path -Xlinker /Users/admin/builder/spi-builder-workspace/.derivedData/Build/Intermediates.noindex/SwiftyCreatives.build/Debug/SwiftyCreativesMacro-t.build/Objects-normal/arm64/SwiftyCreativesMacro.swiftmodule -o /Users/admin/builder/spi-builder-workspace/.derivedData/Build/Products/Debug/SwiftyCreativesMacro -no-stdlib-rpath
SwiftExplicitDependencyGeneratePcm arm64 /Users/admin/builder/spi-builder-workspace/.derivedData/SDKExplicitPrecompiledModules/CoreVideo-11TKSDKW0L2K02H4B9ZHWLM3B.pcm
SwiftExplicitDependencyGeneratePcm arm64 /Users/admin/builder/spi-builder-workspace/.derivedData/SDKExplicitPrecompiledModules/QuartzCore-AP21NXF3BYPWOG416U3DI6QME.pcm
SwiftExplicitDependencyGeneratePcm arm64 /Users/admin/builder/spi-builder-workspace/.derivedData/SDKExplicitPrecompiledModules/CoreImage-AKYY8VSFWQ6KIIXG3EQJ7PW5T.pcm
SwiftExplicitDependencyGeneratePcm arm64 /Users/admin/builder/spi-builder-workspace/.derivedData/SDKExplicitPrecompiledModules/SwiftUICore-ESLJM4CVIQEQNCRTK6KPAF1I7.pcm
SwiftExplicitDependencyGeneratePcm arm64 /Users/admin/builder/spi-builder-workspace/.derivedData/SDKExplicitPrecompiledModules/AppKit-C2WRQ26QXORUMMNQB0M8H4QYD.pcm
RegisterExecutionPolicyException /Users/admin/builder/spi-builder-workspace/.derivedData/Build/Products/Debug/SwiftyCreativesMacro (in target 'SwiftyCreativesMacro' from project 'SwiftyCreatives')
cd /Users/admin/builder/spi-builder-workspace
builtin-RegisterExecutionPolicyException /Users/admin/builder/spi-builder-workspace/.derivedData/Build/Products/Debug/SwiftyCreativesMacro
SwiftExplicitDependencyGeneratePcm arm64 /Users/admin/builder/spi-builder-workspace/.derivedData/SDKExplicitPrecompiledModules/MetalKit-91XHDD8IGE00G2HTIZ2X9VMEK.pcm
SwiftEmitModule normal arm64 Emitting\ module\ for\ EasyMetalShaderMacro (in target 'EasyMetalShaderMacro' from project 'EasyMetalShader')
SwiftCompile normal arm64 (in target 'EasyMetalShaderMacro' from project 'EasyMetalShader')
cd /Users/admin/builder/spi-builder-workspace/.swiftpm/xcode
SwiftCompile normal arm64 Compiling\ InitRender.swift,\ RenderFunctionStrings.swift /Users/admin/builder/spi-builder-workspace/.dependencies/checkouts/EasyMetalShader/Sources/EasyMetalShaderMacro/EMRenderShader/RenderFunctionStrings/InitRender.swift /Users/admin/builder/spi-builder-workspace/.dependencies/checkouts/EasyMetalShader/Sources/EasyMetalShaderMacro/EMRenderShader/RenderFunctionStrings/RenderFunctionStrings.swift (in target 'EasyMetalShaderMacro' from project 'EasyMetalShader')
SwiftCompile normal arm64 /Users/admin/builder/spi-builder-workspace/.dependencies/checkouts/EasyMetalShader/Sources/EasyMetalShaderMacro/EMRenderShader/RenderFunctionStrings/InitRender.swift (in target 'EasyMetalShaderMacro' from project 'EasyMetalShader')
cd /Users/admin/builder/spi-builder-workspace/.swiftpm/xcode
builtin-SwiftPerFileCompile InitRender.swift
SwiftCompile normal arm64 /Users/admin/builder/spi-builder-workspace/.dependencies/checkouts/EasyMetalShader/Sources/EasyMetalShaderMacro/EMRenderShader/RenderFunctionStrings/RenderFunctionStrings.swift (in target 'EasyMetalShaderMacro' from project 'EasyMetalShader')
cd /Users/admin/builder/spi-builder-workspace/.swiftpm/xcode
builtin-SwiftPerFileCompile RenderFunctionStrings.swift
SwiftCompile normal arm64 Compiling\ EMTextureArgument.swift,\ EasyMetalShaderMacroPlugin.swift /Users/admin/builder/spi-builder-workspace/.dependencies/checkouts/EasyMetalShader/Sources/EasyMetalShaderMacro/EMTextureArgument/EMTextureArgument.swift /Users/admin/builder/spi-builder-workspace/.dependencies/checkouts/EasyMetalShader/Sources/EasyMetalShaderMacro/EasyMetalShaderMacroPlugin.swift (in target 'EasyMetalShaderMacro' from project 'EasyMetalShader')
SwiftCompile normal arm64 /Users/admin/builder/spi-builder-workspace/.dependencies/checkouts/EasyMetalShader/Sources/EasyMetalShaderMacro/EMTextureArgument/EMTextureArgument.swift (in target 'EasyMetalShaderMacro' from project 'EasyMetalShader')
cd /Users/admin/builder/spi-builder-workspace/.swiftpm/xcode
builtin-SwiftPerFileCompile EMTextureArgument.swift
SwiftCompile normal arm64 /Users/admin/builder/spi-builder-workspace/.dependencies/checkouts/EasyMetalShader/Sources/EasyMetalShaderMacro/EasyMetalShaderMacroPlugin.swift (in target 'EasyMetalShaderMacro' from project 'EasyMetalShader')
cd /Users/admin/builder/spi-builder-workspace/.swiftpm/xcode
builtin-SwiftPerFileCompile EasyMetalShaderMacroPlugin.swift
SwiftCompile normal arm64 Compiling\ EMComputeShader+ExtensionMacro.swift,\ EMComputeShader+MemberAttributeMacro.swift,\ EMComputeShader+MemberMacro.swift /Users/admin/builder/spi-builder-workspace/.dependencies/checkouts/EasyMetalShader/Sources/EasyMetalShaderMacro/EMComputeShader/EMComputeShader+ExtensionMacro.swift /Users/admin/builder/spi-builder-workspace/.dependencies/checkouts/EasyMetalShader/Sources/EasyMetalShaderMacro/EMComputeShader/EMComputeShader+MemberAttributeMacro.swift /Users/admin/builder/spi-builder-workspace/.dependencies/checkouts/EasyMetalShader/Sources/EasyMetalShaderMacro/EMComputeShader/EMComputeShader+MemberMacro.swift (in target 'EasyMetalShaderMacro' from project 'EasyMetalShader')
SwiftCompile normal arm64 /Users/admin/builder/spi-builder-workspace/.dependencies/checkouts/EasyMetalShader/Sources/EasyMetalShaderMacro/EMComputeShader/EMComputeShader+ExtensionMacro.swift (in target 'EasyMetalShaderMacro' from project 'EasyMetalShader')
cd /Users/admin/builder/spi-builder-workspace/.swiftpm/xcode
builtin-SwiftPerFileCompile EMComputeShader+ExtensionMacro.swift
SwiftCompile normal arm64 /Users/admin/builder/spi-builder-workspace/.dependencies/checkouts/EasyMetalShader/Sources/EasyMetalShaderMacro/EMComputeShader/EMComputeShader+MemberAttributeMacro.swift (in target 'EasyMetalShaderMacro' from project 'EasyMetalShader')
cd /Users/admin/builder/spi-builder-workspace/.swiftpm/xcode
builtin-SwiftPerFileCompile EMComputeShader+MemberAttributeMacro.swift
SwiftCompile normal arm64 /Users/admin/builder/spi-builder-workspace/.dependencies/checkouts/EasyMetalShader/Sources/EasyMetalShaderMacro/EMComputeShader/EMComputeShader+MemberMacro.swift (in target 'EasyMetalShaderMacro' from project 'EasyMetalShader')
cd /Users/admin/builder/spi-builder-workspace/.swiftpm/xcode
builtin-SwiftPerFileCompile EMComputeShader+MemberMacro.swift
SwiftCompile normal arm64 Compiling\ EMRenderShader+MemberMacro.swift,\ EMRenderShader.swift /Users/admin/builder/spi-builder-workspace/.dependencies/checkouts/EasyMetalShader/Sources/EasyMetalShaderMacro/EMRenderShader/EMRenderShader+MemberMacro.swift /Users/admin/builder/spi-builder-workspace/.dependencies/checkouts/EasyMetalShader/Sources/EasyMetalShaderMacro/EMRenderShader/EMRenderShader.swift (in target 'EasyMetalShaderMacro' from project 'EasyMetalShader')
SwiftCompile normal arm64 /Users/admin/builder/spi-builder-workspace/.dependencies/checkouts/EasyMetalShader/Sources/EasyMetalShaderMacro/EMRenderShader/EMRenderShader+MemberMacro.swift (in target 'EasyMetalShaderMacro' from project 'EasyMetalShader')
cd /Users/admin/builder/spi-builder-workspace/.swiftpm/xcode
builtin-SwiftPerFileCompile EMRenderShader+MemberMacro.swift
SwiftCompile normal arm64 /Users/admin/builder/spi-builder-workspace/.dependencies/checkouts/EasyMetalShader/Sources/EasyMetalShaderMacro/EMRenderShader/EMRenderShader.swift (in target 'EasyMetalShaderMacro' from project 'EasyMetalShader')
cd /Users/admin/builder/spi-builder-workspace/.swiftpm/xcode
builtin-SwiftPerFileCompile EMRenderShader.swift
SwiftCompile normal arm64 Compiling\ EMComputeShader3D+ExtensionMacro.swift,\ EMComputeShader3D+MemberAttributeMacro.swift /Users/admin/builder/spi-builder-workspace/.dependencies/checkouts/EasyMetalShader/Sources/EasyMetalShaderMacro/EMComputeShader3D/EMComputeShader3D+ExtensionMacro.swift /Users/admin/builder/spi-builder-workspace/.dependencies/checkouts/EasyMetalShader/Sources/EasyMetalShaderMacro/EMComputeShader3D/EMComputeShader3D+MemberAttributeMacro.swift (in target 'EasyMetalShaderMacro' from project 'EasyMetalShader')
SwiftCompile normal arm64 /Users/admin/builder/spi-builder-workspace/.dependencies/checkouts/EasyMetalShader/Sources/EasyMetalShaderMacro/EMComputeShader3D/EMComputeShader3D+ExtensionMacro.swift (in target 'EasyMetalShaderMacro' from project 'EasyMetalShader')
cd /Users/admin/builder/spi-builder-workspace/.swiftpm/xcode
builtin-SwiftPerFileCompile EMComputeShader3D+ExtensionMacro.swift
SwiftCompile normal arm64 /Users/admin/builder/spi-builder-workspace/.dependencies/checkouts/EasyMetalShader/Sources/EasyMetalShaderMacro/EMComputeShader3D/EMComputeShader3D+MemberAttributeMacro.swift (in target 'EasyMetalShaderMacro' from project 'EasyMetalShader')
cd /Users/admin/builder/spi-builder-workspace/.swiftpm/xcode
builtin-SwiftPerFileCompile EMComputeShader3D+MemberAttributeMacro.swift
SwiftCompile normal arm64 Compiling\ EMRenderShader+ExtensionMacro.swift,\ EMRenderShader+MemberAttributeMacro.swift /Users/admin/builder/spi-builder-workspace/.dependencies/checkouts/EasyMetalShader/Sources/EasyMetalShaderMacro/EMRenderShader/EMRenderShader+ExtensionMacro.swift /Users/admin/builder/spi-builder-workspace/.dependencies/checkouts/EasyMetalShader/Sources/EasyMetalShaderMacro/EMRenderShader/EMRenderShader+MemberAttributeMacro.swift (in target 'EasyMetalShaderMacro' from project 'EasyMetalShader')
SwiftCompile normal arm64 /Users/admin/builder/spi-builder-workspace/.dependencies/checkouts/EasyMetalShader/Sources/EasyMetalShaderMacro/EMRenderShader/EMRenderShader+ExtensionMacro.swift (in target 'EasyMetalShaderMacro' from project 'EasyMetalShader')
cd /Users/admin/builder/spi-builder-workspace/.swiftpm/xcode
builtin-SwiftPerFileCompile EMRenderShader+ExtensionMacro.swift
SwiftCompile normal arm64 /Users/admin/builder/spi-builder-workspace/.dependencies/checkouts/EasyMetalShader/Sources/EasyMetalShaderMacro/EMRenderShader/EMRenderShader+MemberAttributeMacro.swift (in target 'EasyMetalShaderMacro' from project 'EasyMetalShader')
cd /Users/admin/builder/spi-builder-workspace/.swiftpm/xcode
builtin-SwiftPerFileCompile EMRenderShader+MemberAttributeMacro.swift
SwiftCompile normal arm64 Compiling\ EMArgument.swift,\ ComputeFunctionStrings.swift,\ InitCompute.swift /Users/admin/builder/spi-builder-workspace/.dependencies/checkouts/EasyMetalShader/Sources/EasyMetalShaderMacro/EMArgument/EMArgument.swift /Users/admin/builder/spi-builder-workspace/.dependencies/checkouts/EasyMetalShader/Sources/EasyMetalShaderMacro/EMComputeShader/ComputeFunctionStrings/ComputeFunctionStrings.swift /Users/admin/builder/spi-builder-workspace/.dependencies/checkouts/EasyMetalShader/Sources/EasyMetalShaderMacro/EMComputeShader/ComputeFunctionStrings/InitCompute.swift (in target 'EasyMetalShaderMacro' from project 'EasyMetalShader')
SwiftCompile normal arm64 /Users/admin/builder/spi-builder-workspace/.dependencies/checkouts/EasyMetalShader/Sources/EasyMetalShaderMacro/EMArgument/EMArgument.swift (in target 'EasyMetalShaderMacro' from project 'EasyMetalShader')
cd /Users/admin/builder/spi-builder-workspace/.swiftpm/xcode
builtin-SwiftPerFileCompile EMArgument.swift
SwiftCompile normal arm64 /Users/admin/builder/spi-builder-workspace/.dependencies/checkouts/EasyMetalShader/Sources/EasyMetalShaderMacro/EMComputeShader/ComputeFunctionStrings/ComputeFunctionStrings.swift (in target 'EasyMetalShaderMacro' from project 'EasyMetalShader')
cd /Users/admin/builder/spi-builder-workspace/.swiftpm/xcode
builtin-SwiftPerFileCompile ComputeFunctionStrings.swift
SwiftCompile normal arm64 /Users/admin/builder/spi-builder-workspace/.dependencies/checkouts/EasyMetalShader/Sources/EasyMetalShaderMacro/EMComputeShader/ComputeFunctionStrings/InitCompute.swift (in target 'EasyMetalShaderMacro' from project 'EasyMetalShader')
cd /Users/admin/builder/spi-builder-workspace/.swiftpm/xcode
builtin-SwiftPerFileCompile InitCompute.swift
SwiftCompile normal arm64 Compiling\ EMComputeShader.swift,\ ComputeFunctionStrings3D.swift,\ InitCompute3D.swift /Users/admin/builder/spi-builder-workspace/.dependencies/checkouts/EasyMetalShader/Sources/EasyMetalShaderMacro/EMComputeShader/EMComputeShader.swift /Users/admin/builder/spi-builder-workspace/.dependencies/checkouts/EasyMetalShader/Sources/EasyMetalShaderMacro/EMComputeShader3D/ComputeFunctionStrings3D/ComputeFunctionStrings3D.swift /Users/admin/builder/spi-builder-workspace/.dependencies/checkouts/EasyMetalShader/Sources/EasyMetalShaderMacro/EMComputeShader3D/ComputeFunctionStrings3D/InitCompute3D.swift (in target 'EasyMetalShaderMacro' from project 'EasyMetalShader')
SwiftCompile normal arm64 /Users/admin/builder/spi-builder-workspace/.dependencies/checkouts/EasyMetalShader/Sources/EasyMetalShaderMacro/EMComputeShader/EMComputeShader.swift (in target 'EasyMetalShaderMacro' from project 'EasyMetalShader')
cd /Users/admin/builder/spi-builder-workspace/.swiftpm/xcode
builtin-SwiftPerFileCompile EMComputeShader.swift
SwiftCompile normal arm64 /Users/admin/builder/spi-builder-workspace/.dependencies/checkouts/EasyMetalShader/Sources/EasyMetalShaderMacro/EMComputeShader3D/ComputeFunctionStrings3D/ComputeFunctionStrings3D.swift (in target 'EasyMetalShaderMacro' from project 'EasyMetalShader')
cd /Users/admin/builder/spi-builder-workspace/.swiftpm/xcode
builtin-SwiftPerFileCompile ComputeFunctionStrings3D.swift
SwiftCompile normal arm64 /Users/admin/builder/spi-builder-workspace/.dependencies/checkouts/EasyMetalShader/Sources/EasyMetalShaderMacro/EMComputeShader3D/ComputeFunctionStrings3D/InitCompute3D.swift (in target 'EasyMetalShaderMacro' from project 'EasyMetalShader')
cd /Users/admin/builder/spi-builder-workspace/.swiftpm/xcode
builtin-SwiftPerFileCompile InitCompute3D.swift
SwiftCompile normal arm64 Compiling\ String+Error.swift,\ Util.swift /Users/admin/builder/spi-builder-workspace/.dependencies/checkouts/EasyMetalShader/Sources/EasyMetalShaderMacro/Utils/String+Error.swift /Users/admin/builder/spi-builder-workspace/.dependencies/checkouts/EasyMetalShader/Sources/EasyMetalShaderMacro/Utils/Util.swift (in target 'EasyMetalShaderMacro' from project 'EasyMetalShader')
SwiftCompile normal arm64 /Users/admin/builder/spi-builder-workspace/.dependencies/checkouts/EasyMetalShader/Sources/EasyMetalShaderMacro/Utils/String+Error.swift (in target 'EasyMetalShaderMacro' from project 'EasyMetalShader')
cd /Users/admin/builder/spi-builder-workspace/.swiftpm/xcode
builtin-SwiftPerFileCompile String+Error.swift
SwiftCompile normal arm64 /Users/admin/builder/spi-builder-workspace/.dependencies/checkouts/EasyMetalShader/Sources/EasyMetalShaderMacro/Utils/Util.swift (in target 'EasyMetalShaderMacro' from project 'EasyMetalShader')
cd /Users/admin/builder/spi-builder-workspace/.swiftpm/xcode
builtin-SwiftPerFileCompile Util.swift
SwiftCompile normal arm64 Compiling\ EMComputeShader3D+MemberMacro.swift,\ EMComputeShader3D.swift /Users/admin/builder/spi-builder-workspace/.dependencies/checkouts/EasyMetalShader/Sources/EasyMetalShaderMacro/EMComputeShader3D/EMComputeShader3D+MemberMacro.swift /Users/admin/builder/spi-builder-workspace/.dependencies/checkouts/EasyMetalShader/Sources/EasyMetalShaderMacro/EMComputeShader3D/EMComputeShader3D.swift (in target 'EasyMetalShaderMacro' from project 'EasyMetalShader')
SwiftCompile normal arm64 /Users/admin/builder/spi-builder-workspace/.dependencies/checkouts/EasyMetalShader/Sources/EasyMetalShaderMacro/EMComputeShader3D/EMComputeShader3D+MemberMacro.swift (in target 'EasyMetalShaderMacro' from project 'EasyMetalShader')
cd /Users/admin/builder/spi-builder-workspace/.swiftpm/xcode
builtin-SwiftPerFileCompile EMComputeShader3D+MemberMacro.swift
SwiftCompile normal arm64 /Users/admin/builder/spi-builder-workspace/.dependencies/checkouts/EasyMetalShader/Sources/EasyMetalShaderMacro/EMComputeShader3D/EMComputeShader3D.swift (in target 'EasyMetalShaderMacro' from project 'EasyMetalShader')
cd /Users/admin/builder/spi-builder-workspace/.swiftpm/xcode
builtin-SwiftPerFileCompile EMComputeShader3D.swift
SwiftDriverJobDiscovery normal arm64 Emitting module for EasyMetalShaderMacro (in target 'EasyMetalShaderMacro' from project 'EasyMetalShader')
SwiftDriver\ Compilation\ Requirements EasyMetalShaderMacro normal arm64 com.apple.xcode.tools.swift.compiler (in target 'EasyMetalShaderMacro' from project 'EasyMetalShader')
cd /Users/admin/builder/spi-builder-workspace/.swiftpm/xcode
builtin-Swift-Compilation-Requirements -- /Applications/Xcode-27.0.0-Release.Candidate.app/Contents/Developer/Toolchains/XcodeDefault.xctoolchain/usr/bin/swiftc -parse-as-library -module-name EasyMetalShaderMacro -Onone @/Users/admin/builder/spi-builder-workspace/.derivedData/Build/Intermediates.noindex/EasyMetalShader.build/Debug/EasyMetalShaderMacro-t.build/Objects-normal/arm64/EasyMetalShaderMacro.SwiftFileList -DSWIFT_PACKAGE -DDEBUG -Xcc -fmodule-map-file\=/Users/admin/builder/spi-builder-workspace/.dependencies/checkouts/swift-syntax/Sources/_SwiftSyntaxCShims/include/module.modulemap -DXcode -plugin-path /Applications/Xcode-27.0.0-Release.Candidate.app/Contents/Developer/Toolchains/XcodeDefault.xctoolchain/usr/lib/swift/host/plugins/testing -enable-experimental-feature DebugDescriptionMacro -sdk /Applications/Xcode-27.0.0-Release.Candidate.app/Contents/Developer/Platforms/MacOSX.platform/Developer/SDKs/MacOSX27.0.sdk -target arm64-apple-macos12.0 -g -module-cache-path /Users/admin/builder/spi-builder-workspace/.derivedData/ModuleCache.noindex -Xfrontend -serialize-debugging-options -enable-testing -suppress-warnings -index-store-path /Users/admin/builder/spi-builder-workspace/.derivedData/Index.noindex/DataStore -Xcc -D_LIBCPP_HARDENING_MODE\=_LIBCPP_HARDENING_MODE_DEBUG -swift-version 5 -I /Users/admin/builder/spi-builder-workspace/.derivedData/Build/Products/Debug -Isystem /Applications/Xcode-27.0.0-Release.Candidate.app/Contents/Developer/Platforms/MacOSX.platform/Developer/usr/lib -F /Users/admin/builder/spi-builder-workspace/.derivedData/Build/Products/Debug/PackageFrameworks -F /Users/admin/builder/spi-builder-workspace/.derivedData/Build/Products/Debug -F /Applications/Xcode-27.0.0-Release.Candidate.app/Contents/Developer/Platforms/MacOSX.platform/Developer/Library/Frameworks -c -j10 -enable-batch-mode -incremental -Xcc -ivfsstatcache -Xcc /Users/admin/builder/spi-builder-workspace/.derivedData/SDKStatCaches.noindex/macosx27.0-26A425-e829b21a6f8c9b70876ba0858053c0446a22442a12e9d48fe1a705f55a1adfc4.sdkstatcache -output-file-map /Users/admin/builder/spi-builder-workspace/.derivedData/Build/Intermediates.noindex/EasyMetalShader.build/Debug/EasyMetalShaderMacro-t.build/Objects-normal/arm64/EasyMetalShaderMacro-OutputFileMap.json -save-temps -no-color-diagnostics -explicit-module-build -module-cache-path /Users/admin/builder/spi-builder-workspace/.derivedData/Build/Intermediates.noindex/SwiftExplicitPrecompiledModules -clang-scanner-module-cache-path /Users/admin/builder/spi-builder-workspace/.derivedData/ModuleCache.noindex -sdk-module-cache-path /Users/admin/builder/spi-builder-workspace/.derivedData/SDKExplicitPrecompiledModules -emit-dependencies -emit-module -emit-module-path /Users/admin/builder/spi-builder-workspace/.derivedData/Build/Intermediates.noindex/EasyMetalShader.build/Debug/EasyMetalShaderMacro-t.build/Objects-normal/arm64/EasyMetalShaderMacro.swiftmodule -serialize-diagnostics -dependency-scan-serialize-diagnostics-path /Users/admin/builder/spi-builder-workspace/.derivedData/Build/Intermediates.noindex/EasyMetalShader.build/Debug/EasyMetalShaderMacro-t.build/Objects-normal/arm64/EasyMetalShaderMacro-dependency-scan.dia -validate-clang-modules-once -clang-build-session-file /Users/admin/builder/spi-builder-workspace/.derivedData/ModuleCache.noindex/Session.modulevalidation -Xcc -fmodules-prune-interval\=86400 -Xcc -fmodules-prune-after\=345600 -package-name easymetalshader -emit-const-values -const-gather-protocols-list /Users/admin/builder/spi-builder-workspace/.derivedData/Build/Intermediates.noindex/EasyMetalShader.build/Debug/EasyMetalShaderMacro-t.build/Objects-normal/arm64/EasyMetalShaderMacro_const_extract_protocols.json -Xcc -I/Users/admin/builder/spi-builder-workspace/.dependencies/checkouts/swift-syntax/Sources/_SwiftSyntaxCShims/include -Xcc -I/Users/admin/builder/spi-builder-workspace/.derivedData/Build/Products/Debug/include -Xcc -I/Users/admin/builder/spi-builder-workspace/.derivedData/Build/Intermediates.noindex/EasyMetalShader.build/Debug/EasyMetalShaderMacro-t.build/DerivedSources-normal/arm64 -Xcc -I/Users/admin/builder/spi-builder-workspace/.derivedData/Build/Intermediates.noindex/EasyMetalShader.build/Debug/EasyMetalShaderMacro-t.build/DerivedSources/arm64 -Xcc -I/Users/admin/builder/spi-builder-workspace/.derivedData/Build/Intermediates.noindex/EasyMetalShader.build/Debug/EasyMetalShaderMacro-t.build/DerivedSources -Xcc -DSWIFT_PACKAGE -Xcc -DDEBUG\=1 -working-directory /Users/admin/builder/spi-builder-workspace/.swiftpm/xcode -experimental-emit-module-separately -disable-cmo
SwiftDriverJobDiscovery normal arm64 Compiling InitRender.swift, RenderFunctionStrings.swift (in target 'EasyMetalShaderMacro' from project 'EasyMetalShader')
SwiftDriverJobDiscovery normal arm64 Compiling EMComputeShader.swift, ComputeFunctionStrings3D.swift, InitCompute3D.swift (in target 'EasyMetalShaderMacro' from project 'EasyMetalShader')
SwiftDriverJobDiscovery normal arm64 Compiling EMArgument.swift, ComputeFunctionStrings.swift, InitCompute.swift (in target 'EasyMetalShaderMacro' from project 'EasyMetalShader')
SwiftDriverJobDiscovery normal arm64 Compiling EMRenderShader+ExtensionMacro.swift, EMRenderShader+MemberAttributeMacro.swift (in target 'EasyMetalShaderMacro' from project 'EasyMetalShader')
SwiftDriverJobDiscovery normal arm64 Compiling EMTextureArgument.swift, EasyMetalShaderMacroPlugin.swift (in target 'EasyMetalShaderMacro' from project 'EasyMetalShader')
SwiftDriverJobDiscovery normal arm64 Compiling EMComputeShader3D+ExtensionMacro.swift, EMComputeShader3D+MemberAttributeMacro.swift (in target 'EasyMetalShaderMacro' from project 'EasyMetalShader')
SwiftDriverJobDiscovery normal arm64 Compiling EMRenderShader+MemberMacro.swift, EMRenderShader.swift (in target 'EasyMetalShaderMacro' from project 'EasyMetalShader')
SwiftDriverJobDiscovery normal arm64 Compiling EMComputeShader+ExtensionMacro.swift, EMComputeShader+MemberAttributeMacro.swift, EMComputeShader+MemberMacro.swift (in target 'EasyMetalShaderMacro' from project 'EasyMetalShader')
SwiftDriverJobDiscovery normal arm64 Compiling EMComputeShader3D+MemberMacro.swift, EMComputeShader3D.swift (in target 'EasyMetalShaderMacro' from project 'EasyMetalShader')
SwiftDriverJobDiscovery normal arm64 Compiling String+Error.swift, Util.swift (in target 'EasyMetalShaderMacro' from project 'EasyMetalShader')
SwiftDriver\ Compilation EasyMetalShaderMacro normal arm64 com.apple.xcode.tools.swift.compiler (in target 'EasyMetalShaderMacro' from project 'EasyMetalShader')
cd /Users/admin/builder/spi-builder-workspace/.swiftpm/xcode
builtin-Swift-Compilation -- /Applications/Xcode-27.0.0-Release.Candidate.app/Contents/Developer/Toolchains/XcodeDefault.xctoolchain/usr/bin/swiftc -parse-as-library -module-name EasyMetalShaderMacro -Onone @/Users/admin/builder/spi-builder-workspace/.derivedData/Build/Intermediates.noindex/EasyMetalShader.build/Debug/EasyMetalShaderMacro-t.build/Objects-normal/arm64/EasyMetalShaderMacro.SwiftFileList -DSWIFT_PACKAGE -DDEBUG -Xcc -fmodule-map-file\=/Users/admin/builder/spi-builder-workspace/.dependencies/checkouts/swift-syntax/Sources/_SwiftSyntaxCShims/include/module.modulemap -DXcode -plugin-path /Applications/Xcode-27.0.0-Release.Candidate.app/Contents/Developer/Toolchains/XcodeDefault.xctoolchain/usr/lib/swift/host/plugins/testing -enable-experimental-feature DebugDescriptionMacro -sdk /Applications/Xcode-27.0.0-Release.Candidate.app/Contents/Developer/Platforms/MacOSX.platform/Developer/SDKs/MacOSX27.0.sdk -target arm64-apple-macos12.0 -g -module-cache-path /Users/admin/builder/spi-builder-workspace/.derivedData/ModuleCache.noindex -Xfrontend -serialize-debugging-options -enable-testing -suppress-warnings -index-store-path /Users/admin/builder/spi-builder-workspace/.derivedData/Index.noindex/DataStore -Xcc -D_LIBCPP_HARDENING_MODE\=_LIBCPP_HARDENING_MODE_DEBUG -swift-version 5 -I /Users/admin/builder/spi-builder-workspace/.derivedData/Build/Products/Debug -Isystem /Applications/Xcode-27.0.0-Release.Candidate.app/Contents/Developer/Platforms/MacOSX.platform/Developer/usr/lib -F /Users/admin/builder/spi-builder-workspace/.derivedData/Build/Products/Debug/PackageFrameworks -F /Users/admin/builder/spi-builder-workspace/.derivedData/Build/Products/Debug -F /Applications/Xcode-27.0.0-Release.Candidate.app/Contents/Developer/Platforms/MacOSX.platform/Developer/Library/Frameworks -c -j10 -enable-batch-mode -incremental -Xcc -ivfsstatcache -Xcc /Users/admin/builder/spi-builder-workspace/.derivedData/SDKStatCaches.noindex/macosx27.0-26A425-e829b21a6f8c9b70876ba0858053c0446a22442a12e9d48fe1a705f55a1adfc4.sdkstatcache -output-file-map /Users/admin/builder/spi-builder-workspace/.derivedData/Build/Intermediates.noindex/EasyMetalShader.build/Debug/EasyMetalShaderMacro-t.build/Objects-normal/arm64/EasyMetalShaderMacro-OutputFileMap.json -save-temps -no-color-diagnostics -explicit-module-build -module-cache-path /Users/admin/builder/spi-builder-workspace/.derivedData/Build/Intermediates.noindex/SwiftExplicitPrecompiledModules -clang-scanner-module-cache-path /Users/admin/builder/spi-builder-workspace/.derivedData/ModuleCache.noindex -sdk-module-cache-path /Users/admin/builder/spi-builder-workspace/.derivedData/SDKExplicitPrecompiledModules -emit-dependencies -emit-module -emit-module-path /Users/admin/builder/spi-builder-workspace/.derivedData/Build/Intermediates.noindex/EasyMetalShader.build/Debug/EasyMetalShaderMacro-t.build/Objects-normal/arm64/EasyMetalShaderMacro.swiftmodule -serialize-diagnostics -dependency-scan-serialize-diagnostics-path /Users/admin/builder/spi-builder-workspace/.derivedData/Build/Intermediates.noindex/EasyMetalShader.build/Debug/EasyMetalShaderMacro-t.build/Objects-normal/arm64/EasyMetalShaderMacro-dependency-scan.dia -validate-clang-modules-once -clang-build-session-file /Users/admin/builder/spi-builder-workspace/.derivedData/ModuleCache.noindex/Session.modulevalidation -Xcc -fmodules-prune-interval\=86400 -Xcc -fmodules-prune-after\=345600 -package-name easymetalshader -emit-const-values -const-gather-protocols-list /Users/admin/builder/spi-builder-workspace/.derivedData/Build/Intermediates.noindex/EasyMetalShader.build/Debug/EasyMetalShaderMacro-t.build/Objects-normal/arm64/EasyMetalShaderMacro_const_extract_protocols.json -Xcc -I/Users/admin/builder/spi-builder-workspace/.dependencies/checkouts/swift-syntax/Sources/_SwiftSyntaxCShims/include -Xcc -I/Users/admin/builder/spi-builder-workspace/.derivedData/Build/Products/Debug/include -Xcc -I/Users/admin/builder/spi-builder-workspace/.derivedData/Build/Intermediates.noindex/EasyMetalShader.build/Debug/EasyMetalShaderMacro-t.build/DerivedSources-normal/arm64 -Xcc -I/Users/admin/builder/spi-builder-workspace/.derivedData/Build/Intermediates.noindex/EasyMetalShader.build/Debug/EasyMetalShaderMacro-t.build/DerivedSources/arm64 -Xcc -I/Users/admin/builder/spi-builder-workspace/.derivedData/Build/Intermediates.noindex/EasyMetalShader.build/Debug/EasyMetalShaderMacro-t.build/DerivedSources -Xcc -DSWIFT_PACKAGE -Xcc -DDEBUG\=1 -working-directory /Users/admin/builder/spi-builder-workspace/.swiftpm/xcode -experimental-emit-module-separately -disable-cmo
Ld /Users/admin/builder/spi-builder-workspace/.derivedData/Build/Products/Debug/EasyMetalShaderMacro normal (in target 'EasyMetalShaderMacro' from project 'EasyMetalShader')
cd /Users/admin/builder/spi-builder-workspace/.dependencies/checkouts/EasyMetalShader
/Applications/Xcode-27.0.0-Release.Candidate.app/Contents/Developer/Toolchains/XcodeDefault.xctoolchain/usr/bin/swiftc -Xlinker -reproducible -target arm64-apple-macos12.0 -emit-executable -sdk /Applications/Xcode-27.0.0-Release.Candidate.app/Contents/Developer/Platforms/MacOSX.platform/Developer/SDKs/MacOSX27.0.sdk -suppress-warnings -Xlinker -no_warn_duplicate_libraries -L/Users/admin/builder/spi-builder-workspace/.derivedData/Build/Intermediates.noindex/EagerLinkingTBDs/Debug -L/Users/admin/builder/spi-builder-workspace/.derivedData/Build/Products/Debug -L/Applications/Xcode-27.0.0-Release.Candidate.app/Contents/Developer/Platforms/MacOSX.platform/Developer/usr/lib -F/Users/admin/builder/spi-builder-workspace/.derivedData/Build/Intermediates.noindex/EagerLinkingTBDs/Debug -F/Users/admin/builder/spi-builder-workspace/.derivedData/Build/Products/Debug/PackageFrameworks -F/Users/admin/builder/spi-builder-workspace/.derivedData/Build/Products/Debug -Fsystem /Applications/Xcode-27.0.0-Release.Candidate.app/Contents/Developer/Platforms/MacOSX.platform/Developer/Library/Frameworks @/Users/admin/builder/spi-builder-workspace/.derivedData/Build/Intermediates.noindex/EasyMetalShader.build/Debug/EasyMetalShaderMacro-t.build/Objects-normal/arm64/EasyMetalShaderMacro.LinkFileList -Xlinker -rpath -Xlinker /usr/lib/swift -Xlinker -rpath -Xlinker @loader_path -Xlinker -rpath -Xlinker /Users/admin/builder/spi-builder-workspace/.derivedData/Build/Products/Debug/PackageFrameworks -Xlinker -object_path_lto -Xlinker /Users/admin/builder/spi-builder-workspace/.derivedData/Build/Intermediates.noindex/EasyMetalShader.build/Debug/EasyMetalShaderMacro-t.build/Objects-normal/arm64/EasyMetalShaderMacro_lto.o -Xclang-linker -rdynamic -Xlinker -no_deduplicate -Xlinker -dependency_info -Xlinker /Users/admin/builder/spi-builder-workspace/.derivedData/Build/Intermediates.noindex/EasyMetalShader.build/Debug/EasyMetalShaderMacro-t.build/Objects-normal/arm64/EasyMetalShaderMacro_dependency_info.dat -link-objc-runtime -L/Applications/Xcode-27.0.0-Release.Candidate.app/Contents/Developer/Toolchains/XcodeDefault.xctoolchain/usr/lib/swift/macosx -L/usr/lib/swift -Xlinker -add_ast_path -Xlinker /Users/admin/builder/spi-builder-workspace/.derivedData/Build/Intermediates.noindex/EasyMetalShader.build/Debug/EasyMetalShaderMacro-t.build/Objects-normal/arm64/EasyMetalShaderMacro.swiftmodule -o /Users/admin/builder/spi-builder-workspace/.derivedData/Build/Products/Debug/EasyMetalShaderMacro -no-stdlib-rpath
RegisterExecutionPolicyException /Users/admin/builder/spi-builder-workspace/.derivedData/Build/Products/Debug/EasyMetalShaderMacro (in target 'EasyMetalShaderMacro' from project 'EasyMetalShader')
cd /Users/admin/builder/spi-builder-workspace/.dependencies/checkouts/EasyMetalShader
builtin-RegisterExecutionPolicyException /Users/admin/builder/spi-builder-workspace/.derivedData/Build/Products/Debug/EasyMetalShaderMacro
SwiftDriver EasyMetalShader normal arm64_32 com.apple.xcode.tools.swift.compiler (in target 'EasyMetalShader' from project 'EasyMetalShader')
cd /Users/admin/builder/spi-builder-workspace/.swiftpm/xcode
builtin-SwiftDriver -- /Applications/Xcode-27.0.0-Release.Candidate.app/Contents/Developer/Toolchains/XcodeDefault.xctoolchain/usr/bin/swiftc -parse-as-library -module-name EasyMetalShader -Onone @/Users/admin/builder/spi-builder-workspace/.derivedData/Build/Intermediates.noindex/EasyMetalShader.build/Debug-watchos/EasyMetalShader-t.build/Objects-normal/arm64_32/EasyMetalShader.SwiftFileList -DSWIFT_PACKAGE -DDEBUG -DSWIFT_MODULE_RESOURCE_BUNDLE_UNAVAILABLE -DXcode -plugin-path /Applications/Xcode-27.0.0-Release.Candidate.app/Contents/Developer/Toolchains/XcodeDefault.xctoolchain/usr/lib/swift/host/plugins/testing -enable-experimental-feature DebugDescriptionMacro -sdk /Applications/Xcode-27.0.0-Release.Candidate.app/Contents/Developer/Platforms/WatchOS.platform/Developer/SDKs/WatchOS27.0.sdk -target arm64_32-apple-watchos9.0 -g -module-cache-path /Users/admin/builder/spi-builder-workspace/.derivedData/ModuleCache.noindex -Xfrontend -serialize-debugging-options -enable-testing -suppress-warnings -index-store-path /Users/admin/builder/spi-builder-workspace/.derivedData/Index.noindex/DataStore -Xcc -D_LIBCPP_HARDENING_MODE\=_LIBCPP_HARDENING_MODE_DEBUG -swift-version 5 -I /Users/admin/builder/spi-builder-workspace/.derivedData/Build/Products/Debug-watchos -Isystem /Applications/Xcode-27.0.0-Release.Candidate.app/Contents/Developer/Platforms/WatchOS.platform/Developer/usr/lib -F /Users/admin/builder/spi-builder-workspace/.derivedData/Build/Products/Debug-watchos -F /Applications/Xcode-27.0.0-Release.Candidate.app/Contents/Developer/Platforms/WatchOS.platform/Developer/Library/Frameworks -F /Applications/Xcode-27.0.0-Release.Candidate.app/Contents/Developer/Platforms/WatchOS.platform/Developer/SDKs/WatchOS27.0.sdk/Developer/Library/Frameworks -Xfrontend -load-plugin-executable -Xfrontend /Users/admin/builder/spi-builder-workspace/.derivedData/Build/Products/Debug/EasyMetalShaderMacro\#EasyMetalShaderMacro -c -j10 -enable-batch-mode -incremental -Xcc -ivfsstatcache -Xcc /Users/admin/builder/spi-builder-workspace/.derivedData/SDKStatCaches.noindex/watchos27.0-24R360-e829b21a6f8c9b70876ba0858053c04477534ef55a1706bf4c1112bbb242f0a2.sdkstatcache -output-file-map /Users/admin/builder/spi-builder-workspace/.derivedData/Build/Intermediates.noindex/EasyMetalShader.build/Debug-watchos/EasyMetalShader-t.build/Objects-normal/arm64_32/EasyMetalShader-OutputFileMap.json -save-temps -no-color-diagnostics -explicit-module-build -module-cache-path /Users/admin/builder/spi-builder-workspace/.derivedData/Build/Intermediates.noindex/SwiftExplicitPrecompiledModules -clang-scanner-module-cache-path /Users/admin/builder/spi-builder-workspace/.derivedData/ModuleCache.noindex -sdk-module-cache-path /Users/admin/builder/spi-builder-workspace/.derivedData/SDKExplicitPrecompiledModules -emit-dependencies -emit-module -emit-module-path /Users/admin/builder/spi-builder-workspace/.derivedData/Build/Intermediates.noindex/EasyMetalShader.build/Debug-watchos/EasyMetalShader-t.build/Objects-normal/arm64_32/EasyMetalShader.swiftmodule -serialize-diagnostics -dependency-scan-serialize-diagnostics-path /Users/admin/builder/spi-builder-workspace/.derivedData/Build/Intermediates.noindex/EasyMetalShader.build/Debug-watchos/EasyMetalShader-t.build/Objects-normal/arm64_32/EasyMetalShader-dependency-scan.dia -validate-clang-modules-once -clang-build-session-file /Users/admin/builder/spi-builder-workspace/.derivedData/ModuleCache.noindex/Session.modulevalidation -Xcc -fmodules-prune-interval\=86400 -Xcc -fmodules-prune-after\=345600 -package-name easymetalshader -emit-const-values -const-gather-protocols-list /Users/admin/builder/spi-builder-workspace/.derivedData/Build/Intermediates.noindex/EasyMetalShader.build/Debug-watchos/EasyMetalShader-t.build/Objects-normal/arm64_32/EasyMetalShader_const_extract_protocols.json -Xcc -I/Users/admin/builder/spi-builder-workspace/.derivedData/Build/Products/Debug-watchos/include -Xcc -I/Users/admin/builder/spi-builder-workspace/.derivedData/Build/Intermediates.noindex/EasyMetalShader.build/Debug-watchos/EasyMetalShader-t.build/DerivedSources-normal/arm64_32 -Xcc -I/Users/admin/builder/spi-builder-workspace/.derivedData/Build/Intermediates.noindex/EasyMetalShader.build/Debug-watchos/EasyMetalShader-t.build/DerivedSources/arm64_32 -Xcc -I/Users/admin/builder/spi-builder-workspace/.derivedData/Build/Intermediates.noindex/EasyMetalShader.build/Debug-watchos/EasyMetalShader-t.build/DerivedSources -Xcc -DSWIFT_PACKAGE -Xcc -DDEBUG\=1 -emit-objc-header -emit-objc-header-path /Users/admin/builder/spi-builder-workspace/.derivedData/Build/Intermediates.noindex/EasyMetalShader.build/Debug-watchos/EasyMetalShader-t.build/Objects-normal/arm64_32/EasyMetalShader-Swift.h -working-directory /Users/admin/builder/spi-builder-workspace/.swiftpm/xcode -experimental-emit-module-separately -disable-cmo
/Users/admin/builder/spi-builder-workspace/.dependencies/checkouts/EasyMetalShader/Sources/EasyMetalShader/EXPORTER.swift:9:19: error: Unable to resolve module dependency: 'MetalKit' (in target 'EasyMetalShader' from project 'EasyMetalShader')
note: A dependency of main module 'EasyMetalShader'
/Users/admin/builder/spi-builder-workspace/.dependencies/checkouts/EasyMetalShader/Sources/EasyMetalShader/Macros/EMTextureArgument.swift:8:8: note: Also imported here
/Users/admin/builder/spi-builder-workspace/.dependencies/checkouts/EasyMetalShader/Sources/EasyMetalShader/Models/ArrayBuffer.swift:8:8: note: Also imported here
/Users/admin/builder/spi-builder-workspace/.dependencies/checkouts/EasyMetalShader/Sources/EasyMetalShader/Models/EMMetalArgument.swift:9:8: note: Also imported here
/Users/admin/builder/spi-builder-workspace/.dependencies/checkouts/EasyMetalShader/Sources/EasyMetalShader/Models/EMMetalTexture.swift:8:8: note: Also imported here
/Users/admin/builder/spi-builder-workspace/.dependencies/checkouts/EasyMetalShader/Sources/EasyMetalShader/Pipelines/EMMetalComputeFunction.swift:10:8: note: Also imported here
/Users/admin/builder/spi-builder-workspace/.dependencies/checkouts/EasyMetalShader/Sources/EasyMetalShader/Pipelines/EMMetalDispatch.swift:8:8: note: Also imported here
/Users/admin/builder/spi-builder-workspace/.dependencies/checkouts/EasyMetalShader/Sources/EasyMetalShader/Pipelines/EMMetalRenderFunction.swift:10:8: note: Also imported here
/Users/admin/builder/spi-builder-workspace/.dependencies/checkouts/EasyMetalShader/Sources/EasyMetalShader/Pipelines/ShaderRenderer.swift:8:8: note: Also imported here
/Users/admin/builder/spi-builder-workspace/.dependencies/checkouts/EasyMetalShader/Sources/EasyMetalShader/Views/EasyShaderView.swift:8:8: note: Also imported here
/Users/admin/builder/spi-builder-workspace/.dependencies/checkouts/EasyMetalShader/Sources/EasyMetalShader/EXPORTER.swift:9:19: note: A dependency of main module 'EasyMetalShader'
@_exported import MetalKit
^ (in target 'EasyMetalShader' from project 'EasyMetalShader')
/Users/admin/builder/spi-builder-workspace/.dependencies/checkouts/EasyMetalShader/Sources/EasyMetalShader/Macros/EMTextureArgument.swift:8:8: note: Also imported here
import MetalKit
^ (in target 'EasyMetalShader' from project 'EasyMetalShader')
/Users/admin/builder/spi-builder-workspace/.dependencies/checkouts/EasyMetalShader/Sources/EasyMetalShader/Models/ArrayBuffer.swift:8:8: note: Also imported here
import MetalKit
^ (in target 'EasyMetalShader' from project 'EasyMetalShader')
/Users/admin/builder/spi-builder-workspace/.dependencies/checkouts/EasyMetalShader/Sources/EasyMetalShader/Models/EMMetalArgument.swift:9:8: note: Also imported here
import MetalKit
^ (in target 'EasyMetalShader' from project 'EasyMetalShader')
/Users/admin/builder/spi-builder-workspace/.dependencies/checkouts/EasyMetalShader/Sources/EasyMetalShader/Models/EMMetalTexture.swift:8:8: note: Also imported here
import MetalKit
^ (in target 'EasyMetalShader' from project 'EasyMetalShader')
/Users/admin/builder/spi-builder-workspace/.dependencies/checkouts/EasyMetalShader/Sources/EasyMetalShader/Pipelines/EMMetalComputeFunction.swift:10:8: note: Also imported here
import MetalKit
^ (in target 'EasyMetalShader' from project 'EasyMetalShader')
/Users/admin/builder/spi-builder-workspace/.dependencies/checkouts/EasyMetalShader/Sources/EasyMetalShader/Pipelines/EMMetalDispatch.swift:8:8: note: Also imported here
import MetalKit
^ (in target 'EasyMetalShader' from project 'EasyMetalShader')
/Users/admin/builder/spi-builder-workspace/.dependencies/checkouts/EasyMetalShader/Sources/EasyMetalShader/Pipelines/EMMetalRenderFunction.swift:10:8: note: Also imported here
import MetalKit
^ (in target 'EasyMetalShader' from project 'EasyMetalShader')
/Users/admin/builder/spi-builder-workspace/.dependencies/checkouts/EasyMetalShader/Sources/EasyMetalShader/Pipelines/ShaderRenderer.swift:8:8: note: Also imported here
import MetalKit
^ (in target 'EasyMetalShader' from project 'EasyMetalShader')
/Users/admin/builder/spi-builder-workspace/.dependencies/checkouts/EasyMetalShader/Sources/EasyMetalShader/Views/EasyShaderView.swift:8:8: note: Also imported here
import MetalKit
^ (in target 'EasyMetalShader' from project 'EasyMetalShader')
SwiftDriver EasyMetalShader normal arm64 com.apple.xcode.tools.swift.compiler (in target 'EasyMetalShader' from project 'EasyMetalShader')
cd /Users/admin/builder/spi-builder-workspace/.swiftpm/xcode
builtin-SwiftDriver -- /Applications/Xcode-27.0.0-Release.Candidate.app/Contents/Developer/Toolchains/XcodeDefault.xctoolchain/usr/bin/swiftc -parse-as-library -module-name EasyMetalShader -Onone @/Users/admin/builder/spi-builder-workspace/.derivedData/Build/Intermediates.noindex/EasyMetalShader.build/Debug-watchos/EasyMetalShader-t.build/Objects-normal/arm64/EasyMetalShader.SwiftFileList -DSWIFT_PACKAGE -DDEBUG -DSWIFT_MODULE_RESOURCE_BUNDLE_UNAVAILABLE -DXcode -plugin-path /Applications/Xcode-27.0.0-Release.Candidate.app/Contents/Developer/Toolchains/XcodeDefault.xctoolchain/usr/lib/swift/host/plugins/testing -enable-experimental-feature DebugDescriptionMacro -sdk /Applications/Xcode-27.0.0-Release.Candidate.app/Contents/Developer/Platforms/WatchOS.platform/Developer/SDKs/WatchOS27.0.sdk -target arm64-apple-watchos9.0 -g -module-cache-path /Users/admin/builder/spi-builder-workspace/.derivedData/ModuleCache.noindex -Xfrontend -serialize-debugging-options -enable-testing -suppress-warnings -index-store-path /Users/admin/builder/spi-builder-workspace/.derivedData/Index.noindex/DataStore -Xcc -D_LIBCPP_HARDENING_MODE\=_LIBCPP_HARDENING_MODE_DEBUG -swift-version 5 -I /Users/admin/builder/spi-builder-workspace/.derivedData/Build/Products/Debug-watchos -Isystem /Applications/Xcode-27.0.0-Release.Candidate.app/Contents/Developer/Platforms/WatchOS.platform/Developer/usr/lib -F /Users/admin/builder/spi-builder-workspace/.derivedData/Build/Products/Debug-watchos -F /Applications/Xcode-27.0.0-Release.Candidate.app/Contents/Developer/Platforms/WatchOS.platform/Developer/Library/Frameworks -F /Applications/Xcode-27.0.0-Release.Candidate.app/Contents/Developer/Platforms/WatchOS.platform/Developer/SDKs/WatchOS27.0.sdk/Developer/Library/Frameworks -Xfrontend -load-plugin-executable -Xfrontend /Users/admin/builder/spi-builder-workspace/.derivedData/Build/Products/Debug/EasyMetalShaderMacro\#EasyMetalShaderMacro -c -j10 -enable-batch-mode -incremental -Xcc -ivfsstatcache -Xcc /Users/admin/builder/spi-builder-workspace/.derivedData/SDKStatCaches.noindex/watchos27.0-24R360-e829b21a6f8c9b70876ba0858053c04477534ef55a1706bf4c1112bbb242f0a2.sdkstatcache -output-file-map /Users/admin/builder/spi-builder-workspace/.derivedData/Build/Intermediates.noindex/EasyMetalShader.build/Debug-watchos/EasyMetalShader-t.build/Objects-normal/arm64/EasyMetalShader-OutputFileMap.json -save-temps -no-color-diagnostics -explicit-module-build -module-cache-path /Users/admin/builder/spi-builder-workspace/.derivedData/Build/Intermediates.noindex/SwiftExplicitPrecompiledModules -clang-scanner-module-cache-path /Users/admin/builder/spi-builder-workspace/.derivedData/ModuleCache.noindex -sdk-module-cache-path /Users/admin/builder/spi-builder-workspace/.derivedData/SDKExplicitPrecompiledModules -emit-dependencies -emit-module -emit-module-path /Users/admin/builder/spi-builder-workspace/.derivedData/Build/Intermediates.noindex/EasyMetalShader.build/Debug-watchos/EasyMetalShader-t.build/Objects-normal/arm64/EasyMetalShader.swiftmodule -serialize-diagnostics -dependency-scan-serialize-diagnostics-path /Users/admin/builder/spi-builder-workspace/.derivedData/Build/Intermediates.noindex/EasyMetalShader.build/Debug-watchos/EasyMetalShader-t.build/Objects-normal/arm64/EasyMetalShader-dependency-scan.dia -validate-clang-modules-once -clang-build-session-file /Users/admin/builder/spi-builder-workspace/.derivedData/ModuleCache.noindex/Session.modulevalidation -Xcc -fmodules-prune-interval\=86400 -Xcc -fmodules-prune-after\=345600 -package-name easymetalshader -emit-const-values -const-gather-protocols-list /Users/admin/builder/spi-builder-workspace/.derivedData/Build/Intermediates.noindex/EasyMetalShader.build/Debug-watchos/EasyMetalShader-t.build/Objects-normal/arm64/EasyMetalShader_const_extract_protocols.json -Xcc -I/Users/admin/builder/spi-builder-workspace/.derivedData/Build/Products/Debug-watchos/include -Xcc -I/Users/admin/builder/spi-builder-workspace/.derivedData/Build/Intermediates.noindex/EasyMetalShader.build/Debug-watchos/EasyMetalShader-t.build/DerivedSources-normal/arm64 -Xcc -I/Users/admin/builder/spi-builder-workspace/.derivedData/Build/Intermediates.noindex/EasyMetalShader.build/Debug-watchos/EasyMetalShader-t.build/DerivedSources/arm64 -Xcc -I/Users/admin/builder/spi-builder-workspace/.derivedData/Build/Intermediates.noindex/EasyMetalShader.build/Debug-watchos/EasyMetalShader-t.build/DerivedSources -Xcc -DSWIFT_PACKAGE -Xcc -DDEBUG\=1 -emit-objc-header -emit-objc-header-path /Users/admin/builder/spi-builder-workspace/.derivedData/Build/Intermediates.noindex/EasyMetalShader.build/Debug-watchos/EasyMetalShader-t.build/Objects-normal/arm64/EasyMetalShader-Swift.h -working-directory /Users/admin/builder/spi-builder-workspace/.swiftpm/xcode -experimental-emit-module-separately -disable-cmo
/Users/admin/builder/spi-builder-workspace/.dependencies/checkouts/EasyMetalShader/Sources/EasyMetalShader/EXPORTER.swift:9:19: error: Unable to resolve module dependency: 'MetalKit' (in target 'EasyMetalShader' from project 'EasyMetalShader')
note: A dependency of main module 'EasyMetalShader'
/Users/admin/builder/spi-builder-workspace/.dependencies/checkouts/EasyMetalShader/Sources/EasyMetalShader/Macros/EMTextureArgument.swift:8:8: note: Also imported here
/Users/admin/builder/spi-builder-workspace/.dependencies/checkouts/EasyMetalShader/Sources/EasyMetalShader/Models/ArrayBuffer.swift:8:8: note: Also imported here
/Users/admin/builder/spi-builder-workspace/.dependencies/checkouts/EasyMetalShader/Sources/EasyMetalShader/Models/EMMetalArgument.swift:9:8: note: Also imported here
/Users/admin/builder/spi-builder-workspace/.dependencies/checkouts/EasyMetalShader/Sources/EasyMetalShader/Models/EMMetalTexture.swift:8:8: note: Also imported here
/Users/admin/builder/spi-builder-workspace/.dependencies/checkouts/EasyMetalShader/Sources/EasyMetalShader/Pipelines/EMMetalComputeFunction.swift:10:8: note: Also imported here
/Users/admin/builder/spi-builder-workspace/.dependencies/checkouts/EasyMetalShader/Sources/EasyMetalShader/Pipelines/EMMetalDispatch.swift:8:8: note: Also imported here
/Users/admin/builder/spi-builder-workspace/.dependencies/checkouts/EasyMetalShader/Sources/EasyMetalShader/Pipelines/EMMetalRenderFunction.swift:10:8: note: Also imported here
/Users/admin/builder/spi-builder-workspace/.dependencies/checkouts/EasyMetalShader/Sources/EasyMetalShader/Pipelines/ShaderRenderer.swift:8:8: note: Also imported here
/Users/admin/builder/spi-builder-workspace/.dependencies/checkouts/EasyMetalShader/Sources/EasyMetalShader/Views/EasyShaderView.swift:8:8: note: Also imported here
/Users/admin/builder/spi-builder-workspace/.dependencies/checkouts/EasyMetalShader/Sources/EasyMetalShader/EXPORTER.swift:9:19: note: A dependency of main module 'EasyMetalShader'
@_exported import MetalKit
^ (in target 'EasyMetalShader' from project 'EasyMetalShader')
/Users/admin/builder/spi-builder-workspace/.dependencies/checkouts/EasyMetalShader/Sources/EasyMetalShader/Macros/EMTextureArgument.swift:8:8: note: Also imported here
import MetalKit
^ (in target 'EasyMetalShader' from project 'EasyMetalShader')
/Users/admin/builder/spi-builder-workspace/.dependencies/checkouts/EasyMetalShader/Sources/EasyMetalShader/Models/ArrayBuffer.swift:8:8: note: Also imported here
import MetalKit
^ (in target 'EasyMetalShader' from project 'EasyMetalShader')
/Users/admin/builder/spi-builder-workspace/.dependencies/checkouts/EasyMetalShader/Sources/EasyMetalShader/Models/EMMetalArgument.swift:9:8: note: Also imported here
import MetalKit
^ (in target 'EasyMetalShader' from project 'EasyMetalShader')
/Users/admin/builder/spi-builder-workspace/.dependencies/checkouts/EasyMetalShader/Sources/EasyMetalShader/Models/EMMetalTexture.swift:8:8: note: Also imported here
import MetalKit
^ (in target 'EasyMetalShader' from project 'EasyMetalShader')
/Users/admin/builder/spi-builder-workspace/.dependencies/checkouts/EasyMetalShader/Sources/EasyMetalShader/Pipelines/EMMetalComputeFunction.swift:10:8: note: Also imported here
import MetalKit
^ (in target 'EasyMetalShader' from project 'EasyMetalShader')
/Users/admin/builder/spi-builder-workspace/.dependencies/checkouts/EasyMetalShader/Sources/EasyMetalShader/Pipelines/EMMetalDispatch.swift:8:8: note: Also imported here
import MetalKit
^ (in target 'EasyMetalShader' from project 'EasyMetalShader')
/Users/admin/builder/spi-builder-workspace/.dependencies/checkouts/EasyMetalShader/Sources/EasyMetalShader/Pipelines/EMMetalRenderFunction.swift:10:8: note: Also imported here
import MetalKit
^ (in target 'EasyMetalShader' from project 'EasyMetalShader')
/Users/admin/builder/spi-builder-workspace/.dependencies/checkouts/EasyMetalShader/Sources/EasyMetalShader/Pipelines/ShaderRenderer.swift:8:8: note: Also imported here
import MetalKit
^ (in target 'EasyMetalShader' from project 'EasyMetalShader')
/Users/admin/builder/spi-builder-workspace/.dependencies/checkouts/EasyMetalShader/Sources/EasyMetalShader/Views/EasyShaderView.swift:8:8: note: Also imported here
import MetalKit
^ (in target 'EasyMetalShader' from project 'EasyMetalShader')
PruneExplicitPrecompiledModules /Users/admin/builder/spi-builder-workspace/.derivedData/Build/Intermediates.noindex/SwiftExplicitPrecompiledModules
PruneExplicitPrecompiledModules /Users/admin/builder/spi-builder-workspace/.derivedData/Build/Intermediates.noindex/ExplicitPrecompiledModules
PruneExplicitPrecompiledModules /Users/admin/builder/spi-builder-workspace/.derivedData/SDKExplicitPrecompiledModules
2026-09-23 00:07:26.557 xcodebuild[1033:5822] [MT] IDERunDestination: Supported platforms for the buildables in the current scheme is empty.
2026-09-23 00:07:26.659 xcodebuild[1033:5822] [MT] IDERunDestination: Supported platforms for the buildables in the current scheme is empty.
** BUILD FAILED **
The following build commands failed:
SwiftDriver EasyMetalShader normal arm64_32 com.apple.xcode.tools.swift.compiler (in target 'EasyMetalShader' from project 'EasyMetalShader')
SwiftDriver EasyMetalShader normal arm64 com.apple.xcode.tools.swift.compiler (in target 'EasyMetalShader' from project 'EasyMetalShader')
Building workspace SwiftyCreatives with scheme SwiftyCreatives
(3 failures)
Command line invocation:
/Applications/Xcode-27.0.0-Release.Candidate.app/Contents/Developer/usr/bin/xcodebuild -IDEClonedSourcePackagesDirPathOverride=/Users/admin/builder/spi-builder-workspace/.dependencies -resolvePackageDependencies
Resolve Package Graph
Conflicting identity for swift-syntax: dependency 'github.com/swiftlang/swift-syntax' and dependency 'github.com/apple/swift-syntax' both point to the same package identity 'swift-syntax'. The dependencies are introduced through the following chains: (A) /users/admin/builder/spi-builder-workspace->github.com/pointfreeco/swift-snapshot-testing->github.com/swiftlang/swift-syntax (B) /users/admin/builder/spi-builder-workspace->github.com/apple/swift-syntax. If there are multiple chains that lead to the same dependency, only the first chain is shown here. To see all chains use debug output option. To resolve the conflict, coordinate with the maintainer of the package that introduces the conflicting dependency. This will be escalated to an error in future versions of SwiftPM.
Resolved source packages:
SwiftyCoreText: https://github.com/yukiny0811/SwiftyCoreText @ 1.0.0
SimpleSimdSwift: https://github.com/yukiny0811/SimpleSimdSwift @ 1.0.1
SwiftyCreatives: /Users/admin/builder/spi-builder-workspace
swift-custom-dump: https://github.com/pointfreeco/swift-custom-dump @ 1.3.3
FontVertexBuilder: https://github.com/yukiny0811/FontVertexBuilder @ 1.2.5
swift-snapshot-testing: https://github.com/pointfreeco/swift-snapshot-testing @ 1.18.7
xctest-dynamic-overlay: https://github.com/pointfreeco/xctest-dynamic-overlay @ 1.7.0
SVGPath: https://github.com/yukiny0811/SVGPath @ 1.0.0
swift-syntax: https://github.com/apple/swift-syntax.git @ 600.0.1
EasyMetalShader: https://github.com/yukiny0811/EasyMetalShader.git @ 3.3.1
resolved source packages: SwiftyCoreText, SimpleSimdSwift, SwiftyCreatives, swift-custom-dump, FontVertexBuilder, swift-snapshot-testing, xctest-dynamic-overlay, SVGPath, swift-syntax, EasyMetalShader
2026-09-23 00:08:12.343 xcodebuild[2029:11043] [MT] IDERunDestination: Supported platforms for the buildables in the current scheme is empty.
2026-09-23 00:08:12.445 xcodebuild[2029:11043] [MT] IDERunDestination: Supported platforms for the buildables in the current scheme is empty.
{
"dependencies" : [
{
"identity" : "swift-snapshot-testing",
"requirement" : {
"exact" : [
"1.18.7"
]
},
"type" : "sourceControl",
"url" : "https://github.com/pointfreeco/swift-snapshot-testing"
},
{
"identity" : "simplesimdswift",
"requirement" : {
"exact" : [
"1.0.1"
]
},
"type" : "sourceControl",
"url" : "https://github.com/yukiny0811/SimpleSimdSwift"
},
{
"identity" : "fontvertexbuilder",
"requirement" : {
"exact" : [
"1.2.5"
]
},
"type" : "sourceControl",
"url" : "https://github.com/yukiny0811/FontVertexBuilder"
},
{
"identity" : "easymetalshader",
"requirement" : {
"exact" : [
"3.3.1"
]
},
"type" : "sourceControl",
"url" : "https://github.com/yukiny0811/EasyMetalShader.git"
},
{
"identity" : "swift-syntax",
"requirement" : {
"range" : [
{
"lower_bound" : "600.0.1",
"upper_bound" : "601.0.0"
}
]
},
"type" : "sourceControl",
"url" : "https://github.com/apple/swift-syntax.git"
}
],
"manifest_display_name" : "SwiftyCreatives",
"name" : "SwiftyCreatives",
"path" : "/Users/admin/builder/spi-builder-workspace",
"platforms" : [
{
"name" : "ios",
"version" : "17.0"
},
{
"name" : "macos",
"version" : "13.0"
},
{
"name" : "tvos",
"version" : "17.0"
},
{
"name" : "visionos",
"version" : "1.0"
}
],
"products" : [
{
"name" : "SwiftyCreatives",
"targets" : [
"SwiftyCreatives"
],
"type" : {
"library" : [
"automatic"
]
}
},
{
"name" : "SwiftyCreativesMacro",
"targets" : [
"SwiftyCreativesMacro"
],
"type" : {
"macro" : null
}
}
],
"targets" : [
{
"c99name" : "SwiftyCreativesTests",
"module_type" : "SwiftTarget",
"name" : "SwiftyCreativesTests",
"path" : "Tests/SwiftyCreativesTests",
"product_dependencies" : [
"SnapshotTesting"
],
"resources" : [
{
"path" : "/Users/admin/builder/spi-builder-workspace/Tests/SwiftyCreativesTests/Resources/Media.xcassets",
"rule" : {
"process" : {
}
}
},
{
"path" : "/Users/admin/builder/spi-builder-workspace/Tests/SwiftyCreativesTests/Resources/SampleObject.mtl",
"rule" : {
"process" : {
}
}
},
{
"path" : "/Users/admin/builder/spi-builder-workspace/Tests/SwiftyCreativesTests/Resources/SampleObject.obj",
"rule" : {
"process" : {
}
}
},
{
"path" : "/Users/admin/builder/spi-builder-workspace/Tests/SwiftyCreativesTests/Resources/SampleObjectWithTexture.mtl",
"rule" : {
"process" : {
}
}
},
{
"path" : "/Users/admin/builder/spi-builder-workspace/Tests/SwiftyCreativesTests/Resources/SampleObjectWithTexture.obj",
"rule" : {
"process" : {
}
}
},
{
"path" : "/Users/admin/builder/spi-builder-workspace/Tests/SwiftyCreativesTests/Resources/sampleSvg.svg",
"rule" : {
"process" : {
}
}
}
],
"sources" : [
"SnapshotTests/Functions/BoldLineTests.swift",
"SnapshotTests/Functions/BoxTests.swift",
"SnapshotTests/Functions/CircleTests.swift",
"SnapshotTests/Functions/ColorTests.swift",
"SnapshotTests/Functions/FogTests.swift",
"SnapshotTests/Functions/HitTestableBoxTests.swift",
"SnapshotTests/Functions/HitTestableImgTests.swift",
"SnapshotTests/Functions/ImgTests.swift",
"SnapshotTests/Functions/LineTests.swift",
"SnapshotTests/Functions/MeshTests.swift",
"SnapshotTests/Functions/ModelTests.swift",
"SnapshotTests/Functions/PushPopTests.swift",
"SnapshotTests/Functions/RectTests.swift",
"SnapshotTests/Functions/SVGTests.swift",
"SnapshotTests/Functions/SketchForTest.swift",
"SnapshotTests/Functions/TextTests.swift",
"SnapshotTests/Functions/TriangleTests.swift",
"SnapshotTests/Renderers/AddRendererTests.swift",
"SnapshotTests/Renderers/NormalRendererTests.swift",
"SnapshotTests/Renderers/TransparentRendererTests.swift",
"SnapshotTests/SnapshotTestUtil.swift"
],
"target_dependencies" : [
"SwiftyCreatives"
],
"type" : "test"
},
{
"c99name" : "SwiftyCreativesSound",
"module_type" : "SwiftTarget",
"name" : "SwiftyCreativesSound",
"path" : "Sources/SwiftyCreativesSound",
"product_memberships" : [
"SwiftyCreatives"
],
"sources" : [
"AudioCapturer.swift",
"DetailedAudioCapturer.swift",
"FFT/FFTBandCalculationMethod.swift",
"FFT/FFTNoiseExtractionMethod.swift",
"FFT/FFTResultComponent.swift",
"FFT/TempiFFT.swift",
"FFT/TempiFFTWindowType.swift",
"FFTVisualizer.swift",
"FastAudioCapturer.swift",
"Utils/NoiseExtractor.swift"
],
"type" : "library"
},
{
"c99name" : "SwiftyCreativesMacro",
"module_type" : "SwiftTarget",
"name" : "SwiftyCreativesMacro",
"path" : "Sources/SwiftyCreativesMacro",
"product_dependencies" : [
"SwiftSyntaxMacros",
"SwiftCompilerPlugin"
],
"product_memberships" : [
"SwiftyCreatives",
"SwiftyCreativesMacro"
],
"sources" : [
"SketchObject/SketchObject.swift",
"SwiftyCreativesMacroPlugin.swift",
"Utils/String+Error.swift"
],
"type" : "macro"
},
{
"c99name" : "SwiftyCreatives",
"module_type" : "SwiftTarget",
"name" : "SwiftyCreatives",
"path" : "Sources/SwiftyCreatives",
"product_dependencies" : [
"SimpleSimdSwift",
"FontVertexBuilder",
"EasyMetalShader"
],
"product_memberships" : [
"SwiftyCreatives"
],
"resources" : [
{
"path" : "/Users/admin/builder/spi-builder-workspace/Sources/SwiftyCreatives/Resources/Shaders/AddShader.metal",
"rule" : {
"process" : {
}
}
},
{
"path" : "/Users/admin/builder/spi-builder-workspace/Sources/SwiftyCreatives/Resources/Shaders/Functions.metal",
"rule" : {
"process" : {
}
}
},
{
"path" : "/Users/admin/builder/spi-builder-workspace/Sources/SwiftyCreatives/Resources/Shaders/NormalShader.metal",
"rule" : {
"process" : {
}
}
},
{
"path" : "/Users/admin/builder/spi-builder-workspace/Sources/SwiftyCreatives/Resources/Shaders/SharedIndices.h",
"rule" : {
"process" : {
}
}
},
{
"path" : "/Users/admin/builder/spi-builder-workspace/Sources/SwiftyCreatives/Resources/Shaders/TransparentShader.metal",
"rule" : {
"process" : {
}
}
},
{
"path" : "/Users/admin/builder/spi-builder-workspace/Sources/SwiftyCreatives/Resources/Shaders/TransparentShaderVision.metal",
"rule" : {
"process" : {
}
}
},
{
"path" : "/Users/admin/builder/spi-builder-workspace/Sources/SwiftyCreatives/Resources/Shaders/Types.metal",
"rule" : {
"process" : {
}
}
}
],
"sources" : [
"Camera/Config/CameraConfig.swift",
"Camera/Config/DefaultOrthographicConfig.swift",
"Camera/Config/DefaultPerspectiveConfig.swift",
"Camera/EasyCameraType.swift",
"Camera/MainCamera.swift",
"DrawUtils/Config/DefaultDrawConfig.swift",
"DrawUtils/Config/DrawConfig.swift",
"Extensions/Bool+.swift",
"Extensions/CGPoint+.swift",
"Extensions/CGSize+.swift",
"Extensions/Comparable+.swift",
"Extensions/Float+.swift",
"Extensions/MTLCommandBuffer+.swift",
"Extensions/MTLTexture+.swift",
"Extensions/Numeric+.swift",
"Extensions/UIView+.swift",
"GeometryPresets/Box.swift",
"Macros/SketchObject.swift",
"Macros/SketchObjectHasDraw.swift",
"PostProcess/Presets/BloomPostProcessor.swift",
"PostProcess/Presets/CornerRadiusPostProcessor.swift",
"Primitives/Basics/Img.swift",
"Primitives/Basics/ModelObject.swift",
"Primitives/Basics/SVGObj.swift",
"Primitives/HitTestables/HitTestableBox.swift",
"Primitives/HitTestables/HitTestableImg.swift",
"Primitives/HitTestables/HitTestableRect.swift",
"Primitives/HitTestables/UIViewObject.swift",
"Primitives/PrimitiveUtils/Abstract/HitTestablePrimitive.swift",
"Primitives/PrimitiveUtils/Abstract/ImageAdjustOption.swift",
"Primitives/PrimitiveUtils/Abstract/ImageAdjuster.swift",
"Primitives/PrimitiveUtils/Abstract/ImageLoadable.swift",
"Primitives/PrimitiveUtils/Abstract/RectanglePlanePrimitive.swift",
"Primitives/PrimitiveUtils/Abstract/ScaleSettable.swift",
"Primitives/PrimitiveUtils/Info/BoxInfo.swift",
"Primitives/PrimitiveUtils/Info/CircleInfo.swift",
"Primitives/PrimitiveUtils/Info/ModelObjectInfo.swift",
"Primitives/PrimitiveUtils/Info/PrimitiveInfo.swift",
"Primitives/PrimitiveUtils/Info/RectShapeInfo.swift",
"Primitives/PrimitiveUtils/Info/TriangleInfo.swift",
"Primitives/PrimitiveUtils/Primitive.swift",
"Primitives/Texts/Factory/RawTextFactory.swift",
"Primitives/Texts/Factory/TextFactory.swift",
"Primitives/Texts/LetterCache.swift",
"Primitives/Texts/Text/Text2D.swift",
"Primitives/Texts/Text/Text3D.swift",
"Primitives/Texts/Text/Text3DRaw.swift",
"Primitives/Texts/Text/TextBufferCreationError.swift",
"PropertyWrappers/SCAnimatable.swift",
"Renderers/AddRenderer.swift",
"Renderers/Base/RendererBase+Functions.swift",
"Renderers/Base/RendererBase+StaticFunctions.swift",
"Renderers/Base/RendererBase.swift",
"Renderers/NormalBlendRenderer.swift",
"Renderers/TransparentRenderer.swift",
"Renderers/visionOS/AddBlendRendererVision.swift",
"Renderers/visionOS/NormalBlendRendererVision.swift",
"Renderers/visionOS/TransparentRendererVision.swift",
"Renderers/visionOS/visionOSSettings.swift",
"ShaderUtils/ShaderCore.swift",
"Sketch/FunctionBase/FunctionBase+BoldLine.swift",
"Sketch/FunctionBase/FunctionBase+Box.swift",
"Sketch/FunctionBase/FunctionBase+Circle.swift",
"Sketch/FunctionBase/FunctionBase+Color.swift",
"Sketch/FunctionBase/FunctionBase+Fog.swift",
"Sketch/FunctionBase/FunctionBase+HitTestableBox.swift",
"Sketch/FunctionBase/FunctionBase+HitTestableImg.swift",
"Sketch/FunctionBase/FunctionBase+Img.swift",
"Sketch/FunctionBase/FunctionBase+Line.swift",
"Sketch/FunctionBase/FunctionBase+Mesh.swift",
"Sketch/FunctionBase/FunctionBase+ModelObject.swift",
"Sketch/FunctionBase/FunctionBase+PushPop.swift",
"Sketch/FunctionBase/FunctionBase+Rect.swift",
"Sketch/FunctionBase/FunctionBase+Rotate.swift",
"Sketch/FunctionBase/FunctionBase+SVG.swift",
"Sketch/FunctionBase/FunctionBase+Scale.swift",
"Sketch/FunctionBase/FunctionBase+Text.swift",
"Sketch/FunctionBase/FunctionBase+Translate.swift",
"Sketch/FunctionBase/FunctionBase+Triangle.swift",
"Sketch/FunctionBase/FunctionBase.swift",
"Sketch/SCPacket.swift",
"Sketch/Sketch.swift",
"Sketch/SketchFunctions/Sketch+UtilFunctions.swift",
"Utils/Alias.swift",
"Utils/AssetUtil.swift",
"Utils/BlendMode.swift",
"Utils/DefaultBuffers.swift",
"Utils/EXPORTER.swift",
"Utils/MathUtil.swift",
"Utils/SharedIndices.swift",
"Views/KitSketchView.swift",
"Views/SketchView.swift",
"Views/TouchableMTKView/TouchableMTKView+Configure.swift",
"Views/TouchableMTKView/TouchableMTKView+Deinitializer.swift",
"Views/TouchableMTKView/TouchableMTKView+Initializer.swift",
"Views/TouchableMTKView/TouchableMTKView+Utils.swift",
"Views/TouchableMTKView/TouchableMTKView.swift"
],
"target_dependencies" : [
"SwiftyCreativesSound",
"SwiftyCreativesMacro"
],
"type" : "library"
}
],
"tools_version" : "5.9"
}
{
"workspace" : {
"name" : "SwiftyCreatives",
"schemes" : [
"EasyMetalShader",
"EasyMetalShaderTests",
"SwiftyCreatives",
"SwiftyCreativesTests"
]
}
}
2026-09-23 00:08:14.040 xcodebuild[2038:11120] [MT] IDERunDestination: Supported platforms for the buildables in the current scheme is empty.
2026-09-23 00:08:14.141 xcodebuild[2038:11120] [MT] IDERunDestination: Supported platforms for the buildables in the current scheme is empty.
{
"workspace" : {
"name" : "SwiftyCreatives",
"schemes" : [
"EasyMetalShader",
"EasyMetalShaderTests",
"SwiftyCreatives",
"SwiftyCreativesTests"
]
}
}
2026-09-23 00:08:15.439 xcodebuild[2041:11161] [MT] IDERunDestination: Supported platforms for the buildables in the current scheme is empty.
2026-09-23 00:08:15.538 xcodebuild[2041:11161] [MT] IDERunDestination: Supported platforms for the buildables in the current scheme is empty.
Running build ...
env DEVELOPER_DIR=/Applications/Xcode-27.0.0-Release.Candidate.app xcrun xcodebuild -IDEClonedSourcePackagesDirPathOverride=$PWD/.dependencies -skipMacroValidation -skipPackagePluginValidation -derivedDataPath $PWD/.derivedData build -scheme SwiftyCreatives -destination generic/platform=watchOS
Command line invocation:
/Applications/Xcode-27.0.0-Release.Candidate.app/Contents/Developer/usr/bin/xcodebuild -IDEClonedSourcePackagesDirPathOverride=/Users/admin/builder/spi-builder-workspace/.dependencies -skipMacroValidation -skipPackagePluginValidation -derivedDataPath /Users/admin/builder/spi-builder-workspace/.derivedData build -scheme SwiftyCreatives -destination generic/platform=watchOS
Resolve Package Graph
Conflicting identity for swift-syntax: dependency 'github.com/swiftlang/swift-syntax' and dependency 'github.com/apple/swift-syntax' both point to the same package identity 'swift-syntax'. The dependencies are introduced through the following chains: (A) /users/admin/builder/spi-builder-workspace->github.com/pointfreeco/swift-snapshot-testing->github.com/swiftlang/swift-syntax (B) /users/admin/builder/spi-builder-workspace->github.com/apple/swift-syntax. If there are multiple chains that lead to the same dependency, only the first chain is shown here. To see all chains use debug output option. To resolve the conflict, coordinate with the maintainer of the package that introduces the conflicting dependency. This will be escalated to an error in future versions of SwiftPM.
Resolved source packages:
EasyMetalShader: https://github.com/yukiny0811/EasyMetalShader.git @ 3.3.1
SwiftyCoreText: https://github.com/yukiny0811/SwiftyCoreText @ 1.0.0
FontVertexBuilder: https://github.com/yukiny0811/FontVertexBuilder @ 1.2.5
SimpleSimdSwift: https://github.com/yukiny0811/SimpleSimdSwift @ 1.0.1
SVGPath: https://github.com/yukiny0811/SVGPath @ 1.0.0
xctest-dynamic-overlay: https://github.com/pointfreeco/xctest-dynamic-overlay @ 1.7.0
SwiftyCreatives: /Users/admin/builder/spi-builder-workspace
swift-syntax: https://github.com/apple/swift-syntax.git @ 600.0.1
swift-snapshot-testing: https://github.com/pointfreeco/swift-snapshot-testing @ 1.18.7
swift-custom-dump: https://github.com/pointfreeco/swift-custom-dump @ 1.3.3
ComputePackagePrebuildTargetDependencyGraph
Prepare packages
CreateBuildRequest
SendProjectDescription
CreateBuildOperation
ComputeTargetDependencyGraph
note: Building targets in dependency order
note: Target dependency graph (36 targets)
Target 'SwiftyCreatives-product' in project 'SwiftyCreatives'
➜ Explicit dependency on target 'SwiftyCreatives' in project 'SwiftyCreatives'
➜ Explicit dependency on target 'SwiftyCreatives_SwiftyCreatives' in project 'SwiftyCreatives'
➜ Explicit dependency on target 'SwiftyCreativesSound' in project 'SwiftyCreatives'
➜ Explicit dependency on target 'SwiftyCreativesMacro' in project 'SwiftyCreatives'
➜ Explicit dependency on target 'SimpleSimdSwift-product' in project 'SimpleSimdSwift'
➜ Explicit dependency on target 'FontVertexBuilder-product' in project 'FontVertexBuilder'
➜ Explicit dependency on target 'EasyMetalShader-product' in project 'EasyMetalShader'
Target 'SwiftyCreatives' in project 'SwiftyCreatives'
➜ Explicit dependency on target 'SwiftyCreatives_SwiftyCreatives' in project 'SwiftyCreatives'
➜ Explicit dependency on target 'SwiftyCreativesSound' in project 'SwiftyCreatives'
➜ Explicit dependency on target 'SwiftyCreativesMacro' in project 'SwiftyCreatives'
➜ Explicit dependency on target 'SimpleSimdSwift-product' in project 'SimpleSimdSwift'
➜ Explicit dependency on target 'FontVertexBuilder-product' in project 'FontVertexBuilder'
➜ Explicit dependency on target 'EasyMetalShader-product' in project 'EasyMetalShader'
Target 'EasyMetalShader-product' in project 'EasyMetalShader'
➜ Explicit dependency on target 'EasyMetalShader' in project 'EasyMetalShader'
➜ Explicit dependency on target 'EasyMetalShaderMacro' in project 'EasyMetalShader'
Target 'EasyMetalShader' in project 'EasyMetalShader'
➜ Explicit dependency on target 'EasyMetalShaderMacro' in project 'EasyMetalShader'
Target 'EasyMetalShaderMacro' in project 'EasyMetalShader'
➜ Explicit dependency on target 'SwiftSyntaxMacros-product' in project 'swift-syntax'
➜ Explicit dependency on target 'SwiftCompilerPlugin-product' in project 'swift-syntax'
Target 'FontVertexBuilder-product' in project 'FontVertexBuilder'
➜ Explicit dependency on target 'FontVertexBuilder' in project 'FontVertexBuilder'
➜ Explicit dependency on target 'SVGVertexBuilder' in project 'FontVertexBuilder'
➜ Explicit dependency on target 'iGeometry' in project 'FontVertexBuilder'
➜ Explicit dependency on target 'iShapeTriangulation' in project 'FontVertexBuilder'
➜ Explicit dependency on target 'SimpleSimdSwift-product' in project 'SimpleSimdSwift'
➜ Explicit dependency on target 'SwiftyCoreText-product' in project 'SwiftyCoreText'
➜ Explicit dependency on target 'SVGPath-product' in project 'SVGPath'
Target 'SVGVertexBuilder' in project 'FontVertexBuilder'
➜ Explicit dependency on target 'iGeometry' in project 'FontVertexBuilder'
➜ Explicit dependency on target 'iShapeTriangulation' in project 'FontVertexBuilder'
➜ Explicit dependency on target 'SimpleSimdSwift-product' in project 'SimpleSimdSwift'
➜ Explicit dependency on target 'SVGPath-product' in project 'SVGPath'
Target 'SVGPath-product' in project 'SVGPath'
➜ Explicit dependency on target 'SVGPath' in project 'SVGPath'
Target 'SVGPath' in project 'SVGPath' (no dependencies)
Target 'FontVertexBuilder' in project 'FontVertexBuilder'
➜ Explicit dependency on target 'iGeometry' in project 'FontVertexBuilder'
➜ Explicit dependency on target 'iShapeTriangulation' in project 'FontVertexBuilder'
➜ Explicit dependency on target 'SimpleSimdSwift-product' in project 'SimpleSimdSwift'
➜ Explicit dependency on target 'SwiftyCoreText-product' in project 'SwiftyCoreText'
Target 'SwiftyCoreText-product' in project 'SwiftyCoreText'
➜ Explicit dependency on target 'SwiftyCoreText' in project 'SwiftyCoreText'
Target 'SwiftyCoreText' in project 'SwiftyCoreText' (no dependencies)
Target 'iShapeTriangulation' in project 'FontVertexBuilder'
➜ Explicit dependency on target 'iGeometry' in project 'FontVertexBuilder'
➜ Explicit dependency on target 'SimpleSimdSwift-product' in project 'SimpleSimdSwift'
Target 'iGeometry' in project 'FontVertexBuilder'
➜ Explicit dependency on target 'SimpleSimdSwift-product' in project 'SimpleSimdSwift'
Target 'SimpleSimdSwift-product' in project 'SimpleSimdSwift'
➜ Explicit dependency on target 'SimpleSimdSwift' in project 'SimpleSimdSwift'
Target 'SimpleSimdSwift' in project 'SimpleSimdSwift' (no dependencies)
Target 'SwiftyCreativesMacro' in project 'SwiftyCreatives'
➜ Explicit dependency on target 'SwiftSyntaxMacros-product' in project 'swift-syntax'
➜ Explicit dependency on target 'SwiftCompilerPlugin-product' in project 'swift-syntax'
Target 'SwiftCompilerPlugin-product' in project 'swift-syntax'
➜ Explicit dependency on target 'SwiftCompilerPlugin' in project 'swift-syntax'
➜ Explicit dependency on target '_SwiftSyntaxCShims' in project 'swift-syntax'
➜ Explicit dependency on target 'SwiftSyntax509' in project 'swift-syntax'
➜ Explicit dependency on target 'SwiftSyntax510' in project 'swift-syntax'
➜ Explicit dependency on target 'SwiftSyntax600' in project 'swift-syntax'
➜ Explicit dependency on target 'SwiftSyntax' in project 'swift-syntax'
➜ Explicit dependency on target 'SwiftDiagnostics' in project 'swift-syntax'
➜ Explicit dependency on target 'SwiftParser' in project 'swift-syntax'
➜ Explicit dependency on target 'SwiftOperators' in project 'swift-syntax'
➜ Explicit dependency on target 'SwiftBasicFormat' in project 'swift-syntax'
➜ Explicit dependency on target 'SwiftParserDiagnostics' in project 'swift-syntax'
➜ Explicit dependency on target 'SwiftSyntaxBuilder' in project 'swift-syntax'
➜ Explicit dependency on target 'SwiftSyntaxMacros' in project 'swift-syntax'
➜ Explicit dependency on target 'SwiftSyntaxMacroExpansion' in project 'swift-syntax'
➜ Explicit dependency on target 'SwiftCompilerPluginMessageHandling' in project 'swift-syntax'
Target 'SwiftCompilerPlugin' in project 'swift-syntax'
➜ Explicit dependency on target '_SwiftSyntaxCShims' in project 'swift-syntax'
➜ Explicit dependency on target 'SwiftSyntax509' in project 'swift-syntax'
➜ Explicit dependency on target 'SwiftSyntax510' in project 'swift-syntax'
➜ Explicit dependency on target 'SwiftSyntax600' in project 'swift-syntax'
➜ Explicit dependency on target 'SwiftSyntax' in project 'swift-syntax'
➜ Explicit dependency on target 'SwiftDiagnostics' in project 'swift-syntax'
➜ Explicit dependency on target 'SwiftParser' in project 'swift-syntax'
➜ Explicit dependency on target 'SwiftOperators' in project 'swift-syntax'
➜ Explicit dependency on target 'SwiftBasicFormat' in project 'swift-syntax'
➜ Explicit dependency on target 'SwiftParserDiagnostics' in project 'swift-syntax'
➜ Explicit dependency on target 'SwiftSyntaxBuilder' in project 'swift-syntax'
➜ Explicit dependency on target 'SwiftSyntaxMacros' in project 'swift-syntax'
➜ Explicit dependency on target 'SwiftSyntaxMacroExpansion' in project 'swift-syntax'
➜ Explicit dependency on target 'SwiftCompilerPluginMessageHandling' in project 'swift-syntax'
Target 'SwiftCompilerPluginMessageHandling' in project 'swift-syntax'
➜ Explicit dependency on target '_SwiftSyntaxCShims' in project 'swift-syntax'
➜ Explicit dependency on target 'SwiftSyntax509' in project 'swift-syntax'
➜ Explicit dependency on target 'SwiftSyntax510' in project 'swift-syntax'
➜ Explicit dependency on target 'SwiftSyntax600' in project 'swift-syntax'
➜ Explicit dependency on target 'SwiftSyntax' in project 'swift-syntax'
➜ Explicit dependency on target 'SwiftDiagnostics' in project 'swift-syntax'
➜ Explicit dependency on target 'SwiftParser' in project 'swift-syntax'
➜ Explicit dependency on target 'SwiftOperators' in project 'swift-syntax'
➜ Explicit dependency on target 'SwiftBasicFormat' in project 'swift-syntax'
➜ Explicit dependency on target 'SwiftParserDiagnostics' in project 'swift-syntax'
➜ Explicit dependency on target 'SwiftSyntaxBuilder' in project 'swift-syntax'
➜ Explicit dependency on target 'SwiftSyntaxMacros' in project 'swift-syntax'
➜ Explicit dependency on target 'SwiftSyntaxMacroExpansion' in project 'swift-syntax'
Target 'SwiftSyntaxMacroExpansion' in project 'swift-syntax'
➜ Explicit dependency on target '_SwiftSyntaxCShims' in project 'swift-syntax'
➜ Explicit dependency on target 'SwiftSyntax509' in project 'swift-syntax'
➜ Explicit dependency on target 'SwiftSyntax510' in project 'swift-syntax'
➜ Explicit dependency on target 'SwiftSyntax600' in project 'swift-syntax'
➜ Explicit dependency on target 'SwiftSyntax' in project 'swift-syntax'
➜ Explicit dependency on target 'SwiftBasicFormat' in project 'swift-syntax'
➜ Explicit dependency on target 'SwiftParser' in project 'swift-syntax'
➜ Explicit dependency on target 'SwiftDiagnostics' in project 'swift-syntax'
➜ Explicit dependency on target 'SwiftParserDiagnostics' in project 'swift-syntax'
➜ Explicit dependency on target 'SwiftSyntaxBuilder' in project 'swift-syntax'
➜ Explicit dependency on target 'SwiftSyntaxMacros' in project 'swift-syntax'
➜ Explicit dependency on target 'SwiftOperators' in project 'swift-syntax'
Target 'SwiftOperators' in project 'swift-syntax'
➜ Explicit dependency on target '_SwiftSyntaxCShims' in project 'swift-syntax'
➜ Explicit dependency on target 'SwiftSyntax509' in project 'swift-syntax'
➜ Explicit dependency on target 'SwiftSyntax510' in project 'swift-syntax'
➜ Explicit dependency on target 'SwiftSyntax600' in project 'swift-syntax'
➜ Explicit dependency on target 'SwiftSyntax' in project 'swift-syntax'
➜ Explicit dependency on target 'SwiftDiagnostics' in project 'swift-syntax'
➜ Explicit dependency on target 'SwiftParser' in project 'swift-syntax'
Target 'SwiftSyntaxMacros-product' in project 'swift-syntax'
➜ Explicit dependency on target 'SwiftSyntaxMacros' in project 'swift-syntax'
➜ Explicit dependency on target '_SwiftSyntaxCShims' in project 'swift-syntax'
➜ Explicit dependency on target 'SwiftSyntax509' in project 'swift-syntax'
➜ Explicit dependency on target 'SwiftSyntax510' in project 'swift-syntax'
➜ Explicit dependency on target 'SwiftSyntax600' in project 'swift-syntax'
➜ Explicit dependency on target 'SwiftSyntax' in project 'swift-syntax'
➜ Explicit dependency on target 'SwiftDiagnostics' in project 'swift-syntax'
➜ Explicit dependency on target 'SwiftParser' in project 'swift-syntax'
➜ Explicit dependency on target 'SwiftBasicFormat' in project 'swift-syntax'
➜ Explicit dependency on target 'SwiftParserDiagnostics' in project 'swift-syntax'
➜ Explicit dependency on target 'SwiftSyntaxBuilder' in project 'swift-syntax'
Target 'SwiftSyntaxMacros' in project 'swift-syntax'
➜ Explicit dependency on target '_SwiftSyntaxCShims' in project 'swift-syntax'
➜ Explicit dependency on target 'SwiftSyntax509' in project 'swift-syntax'
➜ Explicit dependency on target 'SwiftSyntax510' in project 'swift-syntax'
➜ Explicit dependency on target 'SwiftSyntax600' in project 'swift-syntax'
➜ Explicit dependency on target 'SwiftSyntax' in project 'swift-syntax'
➜ Explicit dependency on target 'SwiftDiagnostics' in project 'swift-syntax'
➜ Explicit dependency on target 'SwiftParser' in project 'swift-syntax'
➜ Explicit dependency on target 'SwiftBasicFormat' in project 'swift-syntax'
➜ Explicit dependency on target 'SwiftParserDiagnostics' in project 'swift-syntax'
➜ Explicit dependency on target 'SwiftSyntaxBuilder' in project 'swift-syntax'
Target 'SwiftSyntaxBuilder' in project 'swift-syntax'
➜ Explicit dependency on target '_SwiftSyntaxCShims' in project 'swift-syntax'
➜ Explicit dependency on target 'SwiftSyntax509' in project 'swift-syntax'
➜ Explicit dependency on target 'SwiftSyntax510' in project 'swift-syntax'
➜ Explicit dependency on target 'SwiftSyntax600' in project 'swift-syntax'
➜ Explicit dependency on target 'SwiftSyntax' in project 'swift-syntax'
➜ Explicit dependency on target 'SwiftBasicFormat' in project 'swift-syntax'
➜ Explicit dependency on target 'SwiftParser' in project 'swift-syntax'
➜ Explicit dependency on target 'SwiftDiagnostics' in project 'swift-syntax'
➜ Explicit dependency on target 'SwiftParserDiagnostics' in project 'swift-syntax'
Target 'SwiftParserDiagnostics' in project 'swift-syntax'
➜ Explicit dependency on target '_SwiftSyntaxCShims' in project 'swift-syntax'
➜ Explicit dependency on target 'SwiftSyntax509' in project 'swift-syntax'
➜ Explicit dependency on target 'SwiftSyntax510' in project 'swift-syntax'
➜ Explicit dependency on target 'SwiftSyntax600' in project 'swift-syntax'
➜ Explicit dependency on target 'SwiftSyntax' in project 'swift-syntax'
➜ Explicit dependency on target 'SwiftBasicFormat' in project 'swift-syntax'
➜ Explicit dependency on target 'SwiftDiagnostics' in project 'swift-syntax'
➜ Explicit dependency on target 'SwiftParser' in project 'swift-syntax'
Target 'SwiftBasicFormat' in project 'swift-syntax'
➜ Explicit dependency on target '_SwiftSyntaxCShims' in project 'swift-syntax'
➜ Explicit dependency on target 'SwiftSyntax509' in project 'swift-syntax'
➜ Explicit dependency on target 'SwiftSyntax510' in project 'swift-syntax'
➜ Explicit dependency on target 'SwiftSyntax600' in project 'swift-syntax'
➜ Explicit dependency on target 'SwiftSyntax' in project 'swift-syntax'
Target 'SwiftParser' in project 'swift-syntax'
➜ Explicit dependency on target '_SwiftSyntaxCShims' in project 'swift-syntax'
➜ Explicit dependency on target 'SwiftSyntax509' in project 'swift-syntax'
➜ Explicit dependency on target 'SwiftSyntax510' in project 'swift-syntax'
➜ Explicit dependency on target 'SwiftSyntax600' in project 'swift-syntax'
➜ Explicit dependency on target 'SwiftSyntax' in project 'swift-syntax'
Target 'SwiftDiagnostics' in project 'swift-syntax'
➜ Explicit dependency on target '_SwiftSyntaxCShims' in project 'swift-syntax'
➜ Explicit dependency on target 'SwiftSyntax509' in project 'swift-syntax'
➜ Explicit dependency on target 'SwiftSyntax510' in project 'swift-syntax'
➜ Explicit dependency on target 'SwiftSyntax600' in project 'swift-syntax'
➜ Explicit dependency on target 'SwiftSyntax' in project 'swift-syntax'
Target 'SwiftSyntax' in project 'swift-syntax'
➜ Explicit dependency on target '_SwiftSyntaxCShims' in project 'swift-syntax'
➜ Explicit dependency on target 'SwiftSyntax509' in project 'swift-syntax'
➜ Explicit dependency on target 'SwiftSyntax510' in project 'swift-syntax'
➜ Explicit dependency on target 'SwiftSyntax600' in project 'swift-syntax'
Target 'SwiftSyntax600' in project 'swift-syntax' (no dependencies)
Target 'SwiftSyntax510' in project 'swift-syntax' (no dependencies)
Target 'SwiftSyntax509' in project 'swift-syntax' (no dependencies)
Target '_SwiftSyntaxCShims' in project 'swift-syntax' (no dependencies)
Target 'SwiftyCreativesSound' in project 'SwiftyCreatives' (no dependencies)
Target 'SwiftyCreatives_SwiftyCreatives' in project 'SwiftyCreatives' (no dependencies)
GatherProvisioningInputs
CreateBuildDescription
ClangStatCache /Applications/Xcode-27.0.0-Release.Candidate.app/Contents/Developer/Toolchains/XcodeDefault.xctoolchain/usr/bin/clang-stat-cache /Applications/Xcode-27.0.0-Release.Candidate.app/Contents/Developer/Platforms/WatchOS.platform/Developer/SDKs/WatchOS27.0.sdk /Users/admin/builder/spi-builder-workspace/.derivedData/SDKStatCaches.noindex/watchos27.0-24R360-e829b21a6f8c9b70876ba0858053c04477534ef55a1706bf4c1112bbb242f0a2.sdkstatcache
cd /Users/admin/builder/spi-builder-workspace/.swiftpm/xcode
/Applications/Xcode-27.0.0-Release.Candidate.app/Contents/Developer/Toolchains/XcodeDefault.xctoolchain/usr/bin/clang-stat-cache /Applications/Xcode-27.0.0-Release.Candidate.app/Contents/Developer/Platforms/WatchOS.platform/Developer/SDKs/WatchOS27.0.sdk -o /Users/admin/builder/spi-builder-workspace/.derivedData/SDKStatCaches.noindex/watchos27.0-24R360-e829b21a6f8c9b70876ba0858053c04477534ef55a1706bf4c1112bbb242f0a2.sdkstatcache
ClangStatCache /Applications/Xcode-27.0.0-Release.Candidate.app/Contents/Developer/Toolchains/XcodeDefault.xctoolchain/usr/bin/clang-stat-cache /Applications/Xcode-27.0.0-Release.Candidate.app/Contents/Developer/Platforms/MacOSX.platform/Developer/SDKs/MacOSX27.0.sdk /Users/admin/builder/spi-builder-workspace/.derivedData/SDKStatCaches.noindex/macosx27.0-26A425-e829b21a6f8c9b70876ba0858053c0446a22442a12e9d48fe1a705f55a1adfc4.sdkstatcache
cd /Users/admin/builder/spi-builder-workspace/.swiftpm/xcode
/Applications/Xcode-27.0.0-Release.Candidate.app/Contents/Developer/Toolchains/XcodeDefault.xctoolchain/usr/bin/clang-stat-cache /Applications/Xcode-27.0.0-Release.Candidate.app/Contents/Developer/Platforms/MacOSX.platform/Developer/SDKs/MacOSX27.0.sdk -o /Users/admin/builder/spi-builder-workspace/.derivedData/SDKStatCaches.noindex/macosx27.0-26A425-e829b21a6f8c9b70876ba0858053c0446a22442a12e9d48fe1a705f55a1adfc4.sdkstatcache
SwiftDriver EasyMetalShader normal arm64_32 com.apple.xcode.tools.swift.compiler (in target 'EasyMetalShader' from project 'EasyMetalShader')
cd /Users/admin/builder/spi-builder-workspace/.swiftpm/xcode
builtin-SwiftDriver -- /Applications/Xcode-27.0.0-Release.Candidate.app/Contents/Developer/Toolchains/XcodeDefault.xctoolchain/usr/bin/swiftc -parse-as-library -module-name EasyMetalShader -Onone @/Users/admin/builder/spi-builder-workspace/.derivedData/Build/Intermediates.noindex/EasyMetalShader.build/Debug-watchos/EasyMetalShader-t.build/Objects-normal/arm64_32/EasyMetalShader.SwiftFileList -DSWIFT_PACKAGE -DDEBUG -DSWIFT_MODULE_RESOURCE_BUNDLE_UNAVAILABLE -DXcode -plugin-path /Applications/Xcode-27.0.0-Release.Candidate.app/Contents/Developer/Toolchains/XcodeDefault.xctoolchain/usr/lib/swift/host/plugins/testing -enable-experimental-feature DebugDescriptionMacro -sdk /Applications/Xcode-27.0.0-Release.Candidate.app/Contents/Developer/Platforms/WatchOS.platform/Developer/SDKs/WatchOS27.0.sdk -target arm64_32-apple-watchos9.0 -g -module-cache-path /Users/admin/builder/spi-builder-workspace/.derivedData/ModuleCache.noindex -Xfrontend -serialize-debugging-options -enable-testing -suppress-warnings -index-store-path /Users/admin/builder/spi-builder-workspace/.derivedData/Index.noindex/DataStore -Xcc -D_LIBCPP_HARDENING_MODE\=_LIBCPP_HARDENING_MODE_DEBUG -swift-version 5 -I /Users/admin/builder/spi-builder-workspace/.derivedData/Build/Products/Debug-watchos -Isystem /Applications/Xcode-27.0.0-Release.Candidate.app/Contents/Developer/Platforms/WatchOS.platform/Developer/usr/lib -F /Users/admin/builder/spi-builder-workspace/.derivedData/Build/Products/Debug-watchos -F /Applications/Xcode-27.0.0-Release.Candidate.app/Contents/Developer/Platforms/WatchOS.platform/Developer/Library/Frameworks -F /Applications/Xcode-27.0.0-Release.Candidate.app/Contents/Developer/Platforms/WatchOS.platform/Developer/SDKs/WatchOS27.0.sdk/Developer/Library/Frameworks -Xfrontend -load-plugin-executable -Xfrontend /Users/admin/builder/spi-builder-workspace/.derivedData/Build/Products/Debug/EasyMetalShaderMacro\#EasyMetalShaderMacro -c -j10 -enable-batch-mode -incremental -Xcc -ivfsstatcache -Xcc /Users/admin/builder/spi-builder-workspace/.derivedData/SDKStatCaches.noindex/watchos27.0-24R360-e829b21a6f8c9b70876ba0858053c04477534ef55a1706bf4c1112bbb242f0a2.sdkstatcache -output-file-map /Users/admin/builder/spi-builder-workspace/.derivedData/Build/Intermediates.noindex/EasyMetalShader.build/Debug-watchos/EasyMetalShader-t.build/Objects-normal/arm64_32/EasyMetalShader-OutputFileMap.json -save-temps -no-color-diagnostics -explicit-module-build -module-cache-path /Users/admin/builder/spi-builder-workspace/.derivedData/Build/Intermediates.noindex/SwiftExplicitPrecompiledModules -clang-scanner-module-cache-path /Users/admin/builder/spi-builder-workspace/.derivedData/ModuleCache.noindex -sdk-module-cache-path /Users/admin/builder/spi-builder-workspace/.derivedData/SDKExplicitPrecompiledModules -emit-dependencies -emit-module -emit-module-path /Users/admin/builder/spi-builder-workspace/.derivedData/Build/Intermediates.noindex/EasyMetalShader.build/Debug-watchos/EasyMetalShader-t.build/Objects-normal/arm64_32/EasyMetalShader.swiftmodule -serialize-diagnostics -dependency-scan-serialize-diagnostics-path /Users/admin/builder/spi-builder-workspace/.derivedData/Build/Intermediates.noindex/EasyMetalShader.build/Debug-watchos/EasyMetalShader-t.build/Objects-normal/arm64_32/EasyMetalShader-dependency-scan.dia -validate-clang-modules-once -clang-build-session-file /Users/admin/builder/spi-builder-workspace/.derivedData/ModuleCache.noindex/Session.modulevalidation -Xcc -fmodules-prune-interval\=86400 -Xcc -fmodules-prune-after\=345600 -package-name easymetalshader -emit-const-values -const-gather-protocols-list /Users/admin/builder/spi-builder-workspace/.derivedData/Build/Intermediates.noindex/EasyMetalShader.build/Debug-watchos/EasyMetalShader-t.build/Objects-normal/arm64_32/EasyMetalShader_const_extract_protocols.json -Xcc -I/Users/admin/builder/spi-builder-workspace/.derivedData/Build/Products/Debug-watchos/include -Xcc -I/Users/admin/builder/spi-builder-workspace/.derivedData/Build/Intermediates.noindex/EasyMetalShader.build/Debug-watchos/EasyMetalShader-t.build/DerivedSources-normal/arm64_32 -Xcc -I/Users/admin/builder/spi-builder-workspace/.derivedData/Build/Intermediates.noindex/EasyMetalShader.build/Debug-watchos/EasyMetalShader-t.build/DerivedSources/arm64_32 -Xcc -I/Users/admin/builder/spi-builder-workspace/.derivedData/Build/Intermediates.noindex/EasyMetalShader.build/Debug-watchos/EasyMetalShader-t.build/DerivedSources -Xcc -DSWIFT_PACKAGE -Xcc -DDEBUG\=1 -emit-objc-header -emit-objc-header-path /Users/admin/builder/spi-builder-workspace/.derivedData/Build/Intermediates.noindex/EasyMetalShader.build/Debug-watchos/EasyMetalShader-t.build/Objects-normal/arm64_32/EasyMetalShader-Swift.h -working-directory /Users/admin/builder/spi-builder-workspace/.swiftpm/xcode -experimental-emit-module-separately -disable-cmo
/Users/admin/builder/spi-builder-workspace/.dependencies/checkouts/EasyMetalShader/Sources/EasyMetalShader/EXPORTER.swift:9:19: error: Unable to resolve module dependency: 'MetalKit' (in target 'EasyMetalShader' from project 'EasyMetalShader')
note: A dependency of main module 'EasyMetalShader'
/Users/admin/builder/spi-builder-workspace/.dependencies/checkouts/EasyMetalShader/Sources/EasyMetalShader/Macros/EMTextureArgument.swift:8:8: note: Also imported here
/Users/admin/builder/spi-builder-workspace/.dependencies/checkouts/EasyMetalShader/Sources/EasyMetalShader/Models/ArrayBuffer.swift:8:8: note: Also imported here
/Users/admin/builder/spi-builder-workspace/.dependencies/checkouts/EasyMetalShader/Sources/EasyMetalShader/Models/EMMetalArgument.swift:9:8: note: Also imported here
/Users/admin/builder/spi-builder-workspace/.dependencies/checkouts/EasyMetalShader/Sources/EasyMetalShader/Models/EMMetalTexture.swift:8:8: note: Also imported here
/Users/admin/builder/spi-builder-workspace/.dependencies/checkouts/EasyMetalShader/Sources/EasyMetalShader/Pipelines/EMMetalComputeFunction.swift:10:8: note: Also imported here
/Users/admin/builder/spi-builder-workspace/.dependencies/checkouts/EasyMetalShader/Sources/EasyMetalShader/Pipelines/EMMetalDispatch.swift:8:8: note: Also imported here
/Users/admin/builder/spi-builder-workspace/.dependencies/checkouts/EasyMetalShader/Sources/EasyMetalShader/Pipelines/EMMetalRenderFunction.swift:10:8: note: Also imported here
/Users/admin/builder/spi-builder-workspace/.dependencies/checkouts/EasyMetalShader/Sources/EasyMetalShader/Pipelines/ShaderRenderer.swift:8:8: note: Also imported here
/Users/admin/builder/spi-builder-workspace/.dependencies/checkouts/EasyMetalShader/Sources/EasyMetalShader/Views/EasyShaderView.swift:8:8: note: Also imported here
/Users/admin/builder/spi-builder-workspace/.dependencies/checkouts/EasyMetalShader/Sources/EasyMetalShader/EXPORTER.swift:9:19: note: A dependency of main module 'EasyMetalShader'
@_exported import MetalKit
^ (in target 'EasyMetalShader' from project 'EasyMetalShader')
/Users/admin/builder/spi-builder-workspace/.dependencies/checkouts/EasyMetalShader/Sources/EasyMetalShader/Macros/EMTextureArgument.swift:8:8: note: Also imported here
import MetalKit
^ (in target 'EasyMetalShader' from project 'EasyMetalShader')
/Users/admin/builder/spi-builder-workspace/.dependencies/checkouts/EasyMetalShader/Sources/EasyMetalShader/Models/ArrayBuffer.swift:8:8: note: Also imported here
import MetalKit
^ (in target 'EasyMetalShader' from project 'EasyMetalShader')
/Users/admin/builder/spi-builder-workspace/.dependencies/checkouts/EasyMetalShader/Sources/EasyMetalShader/Models/EMMetalArgument.swift:9:8: note: Also imported here
import MetalKit
^ (in target 'EasyMetalShader' from project 'EasyMetalShader')
/Users/admin/builder/spi-builder-workspace/.dependencies/checkouts/EasyMetalShader/Sources/EasyMetalShader/Models/EMMetalTexture.swift:8:8: note: Also imported here
import MetalKit
^ (in target 'EasyMetalShader' from project 'EasyMetalShader')
/Users/admin/builder/spi-builder-workspace/.dependencies/checkouts/EasyMetalShader/Sources/EasyMetalShader/Pipelines/EMMetalComputeFunction.swift:10:8: note: Also imported here
import MetalKit
^ (in target 'EasyMetalShader' from project 'EasyMetalShader')
/Users/admin/builder/spi-builder-workspace/.dependencies/checkouts/EasyMetalShader/Sources/EasyMetalShader/Pipelines/EMMetalDispatch.swift:8:8: note: Also imported here
import MetalKit
^ (in target 'EasyMetalShader' from project 'EasyMetalShader')
/Users/admin/builder/spi-builder-workspace/.dependencies/checkouts/EasyMetalShader/Sources/EasyMetalShader/Pipelines/EMMetalRenderFunction.swift:10:8: note: Also imported here
import MetalKit
^ (in target 'EasyMetalShader' from project 'EasyMetalShader')
/Users/admin/builder/spi-builder-workspace/.dependencies/checkouts/EasyMetalShader/Sources/EasyMetalShader/Pipelines/ShaderRenderer.swift:8:8: note: Also imported here
import MetalKit
^ (in target 'EasyMetalShader' from project 'EasyMetalShader')
/Users/admin/builder/spi-builder-workspace/.dependencies/checkouts/EasyMetalShader/Sources/EasyMetalShader/Views/EasyShaderView.swift:8:8: note: Also imported here
import MetalKit
^ (in target 'EasyMetalShader' from project 'EasyMetalShader')
SwiftDriver EasyMetalShader normal arm64 com.apple.xcode.tools.swift.compiler (in target 'EasyMetalShader' from project 'EasyMetalShader')
cd /Users/admin/builder/spi-builder-workspace/.swiftpm/xcode
builtin-SwiftDriver -- /Applications/Xcode-27.0.0-Release.Candidate.app/Contents/Developer/Toolchains/XcodeDefault.xctoolchain/usr/bin/swiftc -parse-as-library -module-name EasyMetalShader -Onone @/Users/admin/builder/spi-builder-workspace/.derivedData/Build/Intermediates.noindex/EasyMetalShader.build/Debug-watchos/EasyMetalShader-t.build/Objects-normal/arm64/EasyMetalShader.SwiftFileList -DSWIFT_PACKAGE -DDEBUG -DSWIFT_MODULE_RESOURCE_BUNDLE_UNAVAILABLE -DXcode -plugin-path /Applications/Xcode-27.0.0-Release.Candidate.app/Contents/Developer/Toolchains/XcodeDefault.xctoolchain/usr/lib/swift/host/plugins/testing -enable-experimental-feature DebugDescriptionMacro -sdk /Applications/Xcode-27.0.0-Release.Candidate.app/Contents/Developer/Platforms/WatchOS.platform/Developer/SDKs/WatchOS27.0.sdk -target arm64-apple-watchos9.0 -g -module-cache-path /Users/admin/builder/spi-builder-workspace/.derivedData/ModuleCache.noindex -Xfrontend -serialize-debugging-options -enable-testing -suppress-warnings -index-store-path /Users/admin/builder/spi-builder-workspace/.derivedData/Index.noindex/DataStore -Xcc -D_LIBCPP_HARDENING_MODE\=_LIBCPP_HARDENING_MODE_DEBUG -swift-version 5 -I /Users/admin/builder/spi-builder-workspace/.derivedData/Build/Products/Debug-watchos -Isystem /Applications/Xcode-27.0.0-Release.Candidate.app/Contents/Developer/Platforms/WatchOS.platform/Developer/usr/lib -F /Users/admin/builder/spi-builder-workspace/.derivedData/Build/Products/Debug-watchos -F /Applications/Xcode-27.0.0-Release.Candidate.app/Contents/Developer/Platforms/WatchOS.platform/Developer/Library/Frameworks -F /Applications/Xcode-27.0.0-Release.Candidate.app/Contents/Developer/Platforms/WatchOS.platform/Developer/SDKs/WatchOS27.0.sdk/Developer/Library/Frameworks -Xfrontend -load-plugin-executable -Xfrontend /Users/admin/builder/spi-builder-workspace/.derivedData/Build/Products/Debug/EasyMetalShaderMacro\#EasyMetalShaderMacro -c -j10 -enable-batch-mode -incremental -Xcc -ivfsstatcache -Xcc /Users/admin/builder/spi-builder-workspace/.derivedData/SDKStatCaches.noindex/watchos27.0-24R360-e829b21a6f8c9b70876ba0858053c04477534ef55a1706bf4c1112bbb242f0a2.sdkstatcache -output-file-map /Users/admin/builder/spi-builder-workspace/.derivedData/Build/Intermediates.noindex/EasyMetalShader.build/Debug-watchos/EasyMetalShader-t.build/Objects-normal/arm64/EasyMetalShader-OutputFileMap.json -save-temps -no-color-diagnostics -explicit-module-build -module-cache-path /Users/admin/builder/spi-builder-workspace/.derivedData/Build/Intermediates.noindex/SwiftExplicitPrecompiledModules -clang-scanner-module-cache-path /Users/admin/builder/spi-builder-workspace/.derivedData/ModuleCache.noindex -sdk-module-cache-path /Users/admin/builder/spi-builder-workspace/.derivedData/SDKExplicitPrecompiledModules -emit-dependencies -emit-module -emit-module-path /Users/admin/builder/spi-builder-workspace/.derivedData/Build/Intermediates.noindex/EasyMetalShader.build/Debug-watchos/EasyMetalShader-t.build/Objects-normal/arm64/EasyMetalShader.swiftmodule -serialize-diagnostics -dependency-scan-serialize-diagnostics-path /Users/admin/builder/spi-builder-workspace/.derivedData/Build/Intermediates.noindex/EasyMetalShader.build/Debug-watchos/EasyMetalShader-t.build/Objects-normal/arm64/EasyMetalShader-dependency-scan.dia -validate-clang-modules-once -clang-build-session-file /Users/admin/builder/spi-builder-workspace/.derivedData/ModuleCache.noindex/Session.modulevalidation -Xcc -fmodules-prune-interval\=86400 -Xcc -fmodules-prune-after\=345600 -package-name easymetalshader -emit-const-values -const-gather-protocols-list /Users/admin/builder/spi-builder-workspace/.derivedData/Build/Intermediates.noindex/EasyMetalShader.build/Debug-watchos/EasyMetalShader-t.build/Objects-normal/arm64/EasyMetalShader_const_extract_protocols.json -Xcc -I/Users/admin/builder/spi-builder-workspace/.derivedData/Build/Products/Debug-watchos/include -Xcc -I/Users/admin/builder/spi-builder-workspace/.derivedData/Build/Intermediates.noindex/EasyMetalShader.build/Debug-watchos/EasyMetalShader-t.build/DerivedSources-normal/arm64 -Xcc -I/Users/admin/builder/spi-builder-workspace/.derivedData/Build/Intermediates.noindex/EasyMetalShader.build/Debug-watchos/EasyMetalShader-t.build/DerivedSources/arm64 -Xcc -I/Users/admin/builder/spi-builder-workspace/.derivedData/Build/Intermediates.noindex/EasyMetalShader.build/Debug-watchos/EasyMetalShader-t.build/DerivedSources -Xcc -DSWIFT_PACKAGE -Xcc -DDEBUG\=1 -emit-objc-header -emit-objc-header-path /Users/admin/builder/spi-builder-workspace/.derivedData/Build/Intermediates.noindex/EasyMetalShader.build/Debug-watchos/EasyMetalShader-t.build/Objects-normal/arm64/EasyMetalShader-Swift.h -working-directory /Users/admin/builder/spi-builder-workspace/.swiftpm/xcode -experimental-emit-module-separately -disable-cmo
/Users/admin/builder/spi-builder-workspace/.dependencies/checkouts/EasyMetalShader/Sources/EasyMetalShader/EXPORTER.swift:9:19: error: Unable to resolve module dependency: 'MetalKit' (in target 'EasyMetalShader' from project 'EasyMetalShader')
note: A dependency of main module 'EasyMetalShader'
/Users/admin/builder/spi-builder-workspace/.dependencies/checkouts/EasyMetalShader/Sources/EasyMetalShader/Macros/EMTextureArgument.swift:8:8: note: Also imported here
/Users/admin/builder/spi-builder-workspace/.dependencies/checkouts/EasyMetalShader/Sources/EasyMetalShader/Models/ArrayBuffer.swift:8:8: note: Also imported here
/Users/admin/builder/spi-builder-workspace/.dependencies/checkouts/EasyMetalShader/Sources/EasyMetalShader/Models/EMMetalArgument.swift:9:8: note: Also imported here
/Users/admin/builder/spi-builder-workspace/.dependencies/checkouts/EasyMetalShader/Sources/EasyMetalShader/Models/EMMetalTexture.swift:8:8: note: Also imported here
/Users/admin/builder/spi-builder-workspace/.dependencies/checkouts/EasyMetalShader/Sources/EasyMetalShader/Pipelines/EMMetalComputeFunction.swift:10:8: note: Also imported here
/Users/admin/builder/spi-builder-workspace/.dependencies/checkouts/EasyMetalShader/Sources/EasyMetalShader/Pipelines/EMMetalDispatch.swift:8:8: note: Also imported here
/Users/admin/builder/spi-builder-workspace/.dependencies/checkouts/EasyMetalShader/Sources/EasyMetalShader/Pipelines/EMMetalRenderFunction.swift:10:8: note: Also imported here
/Users/admin/builder/spi-builder-workspace/.dependencies/checkouts/EasyMetalShader/Sources/EasyMetalShader/Pipelines/ShaderRenderer.swift:8:8: note: Also imported here
/Users/admin/builder/spi-builder-workspace/.dependencies/checkouts/EasyMetalShader/Sources/EasyMetalShader/Views/EasyShaderView.swift:8:8: note: Also imported here
/Users/admin/builder/spi-builder-workspace/.dependencies/checkouts/EasyMetalShader/Sources/EasyMetalShader/EXPORTER.swift:9:19: note: A dependency of main module 'EasyMetalShader'
@_exported import MetalKit
^ (in target 'EasyMetalShader' from project 'EasyMetalShader')
/Users/admin/builder/spi-builder-workspace/.dependencies/checkouts/EasyMetalShader/Sources/EasyMetalShader/Macros/EMTextureArgument.swift:8:8: note: Also imported here
import MetalKit
^ (in target 'EasyMetalShader' from project 'EasyMetalShader')
/Users/admin/builder/spi-builder-workspace/.dependencies/checkouts/EasyMetalShader/Sources/EasyMetalShader/Models/ArrayBuffer.swift:8:8: note: Also imported here
import MetalKit
^ (in target 'EasyMetalShader' from project 'EasyMetalShader')
/Users/admin/builder/spi-builder-workspace/.dependencies/checkouts/EasyMetalShader/Sources/EasyMetalShader/Models/EMMetalArgument.swift:9:8: note: Also imported here
import MetalKit
^ (in target 'EasyMetalShader' from project 'EasyMetalShader')
/Users/admin/builder/spi-builder-workspace/.dependencies/checkouts/EasyMetalShader/Sources/EasyMetalShader/Models/EMMetalTexture.swift:8:8: note: Also imported here
import MetalKit
^ (in target 'EasyMetalShader' from project 'EasyMetalShader')
/Users/admin/builder/spi-builder-workspace/.dependencies/checkouts/EasyMetalShader/Sources/EasyMetalShader/Pipelines/EMMetalComputeFunction.swift:10:8: note: Also imported here
import MetalKit
^ (in target 'EasyMetalShader' from project 'EasyMetalShader')
/Users/admin/builder/spi-builder-workspace/.dependencies/checkouts/EasyMetalShader/Sources/EasyMetalShader/Pipelines/EMMetalDispatch.swift:8:8: note: Also imported here
import MetalKit
^ (in target 'EasyMetalShader' from project 'EasyMetalShader')
/Users/admin/builder/spi-builder-workspace/.dependencies/checkouts/EasyMetalShader/Sources/EasyMetalShader/Pipelines/EMMetalRenderFunction.swift:10:8: note: Also imported here
import MetalKit
^ (in target 'EasyMetalShader' from project 'EasyMetalShader')
/Users/admin/builder/spi-builder-workspace/.dependencies/checkouts/EasyMetalShader/Sources/EasyMetalShader/Pipelines/ShaderRenderer.swift:8:8: note: Also imported here
import MetalKit
^ (in target 'EasyMetalShader' from project 'EasyMetalShader')
/Users/admin/builder/spi-builder-workspace/.dependencies/checkouts/EasyMetalShader/Sources/EasyMetalShader/Views/EasyShaderView.swift:8:8: note: Also imported here
import MetalKit
^ (in target 'EasyMetalShader' from project 'EasyMetalShader')
PruneExplicitPrecompiledModules /Users/admin/builder/spi-builder-workspace/.derivedData/Build/Intermediates.noindex/SwiftExplicitPrecompiledModules
PruneExplicitPrecompiledModules /Users/admin/builder/spi-builder-workspace/.derivedData/SDKExplicitPrecompiledModules
PruneExplicitPrecompiledModules /Users/admin/builder/spi-builder-workspace/.derivedData/Build/Intermediates.noindex/ExplicitPrecompiledModules
2026-09-23 00:08:16.790 xcodebuild[2043:11192] [MT] IDERunDestination: Supported platforms for the buildables in the current scheme is empty.
2026-09-23 00:08:16.894 xcodebuild[2043:11192] [MT] IDERunDestination: Supported platforms for the buildables in the current scheme is empty.
** BUILD FAILED **
The following build commands failed:
SwiftDriver EasyMetalShader normal arm64_32 com.apple.xcode.tools.swift.compiler (in target 'EasyMetalShader' from project 'EasyMetalShader')
SwiftDriver EasyMetalShader normal arm64 com.apple.xcode.tools.swift.compiler (in target 'EasyMetalShader' from project 'EasyMetalShader')
Building workspace SwiftyCreatives with scheme SwiftyCreatives
(3 failures)
BUILD FAILURE 6.4 watchOS