Build Information
Failed to build AIChatKitLlama, reference 1.0.3 (0801dd), with Swift 6.1 for Android on 30 Sep 2026 14:39:23 UTC.
Build Command
bash -c docker run --pull=always --rm -v "checkouts-54344845-2":/host -w "$PWD" -e JAVA_HOME="/root/.sdkman/candidates/java/current" -e SPI_BUILD="1" -e SPI_PROCESSING="1" registry.gitlab.com/saguaro1/spi-images:android-6.1-latest swift build --swift-sdk aarch64-unknown-linux-android24 2>&1Build Log
========================================
RunAll
========================================
Builder version: 5.1.1
Interrupt handler set up.
========================================
Checkout
========================================
Clone URL: https://github.com/NerdSnipe-Inc/AIChatKitLlama.git
Reference: 1.0.3
Initialized empty Git repository in /host/spi-builder-workspace/.git/
hint: Using 'master' as the name for the initial branch. This default branch name
hint: is subject to change. To configure the initial branch name to use in all
hint: of your new repositories, which will suppress this warning, call:
hint:
hint: git config --global init.defaultBranch <name>
hint:
hint: Names commonly chosen instead of 'master' are 'main', 'trunk' and
hint: 'development'. The just-created branch can be renamed via this command:
hint:
hint: git branch -m <name>
From https://github.com/NerdSnipe-Inc/AIChatKitLlama
* tag 1.0.3 -> FETCH_HEAD
HEAD is now at 0801dd4 Release 1.0.3: accept AIChatKit 2.x; pin llama.swift to 2.9469.x (newer builds change the sampler API)
Cloned https://github.com/NerdSnipe-Inc/AIChatKitLlama.git
Revision (git rev-parse @):
0801dd4499a2996d352afdc58eaaacf34835d704
SPI manifest file found: $PWD/.spi.yml
SUCCESS checkout https://github.com/NerdSnipe-Inc/AIChatKitLlama.git at 1.0.3
========================================
Build
========================================
Selected platform: android
Swift version: 6.1
Building package at path: $PWD
https://github.com/NerdSnipe-Inc/AIChatKitLlama.git
https://github.com/NerdSnipe-Inc/AIChatKitLlama.git
WARNING: environment variable SUPPRESS_SWIFT_6_FLAGS is not set
Running build ...
bash -c docker run --pull=always --rm -v "checkouts-54344845-2":/host -w "$PWD" -e JAVA_HOME="/root/.sdkman/candidates/java/current" -e SPI_BUILD="1" -e SPI_PROCESSING="1" registry.gitlab.com/saguaro1/spi-images:android-6.1-latest swift build --swift-sdk aarch64-unknown-linux-android24 -Xswiftc -Xfrontend -Xswiftc -stats-output-dir -Xswiftc -Xfrontend -Xswiftc .stats -Xswiftc -strict-concurrency=complete -Xswiftc -enable-upcoming-feature -Xswiftc StrictConcurrency -Xswiftc -enable-upcoming-feature -Xswiftc DisableOutwardActorInference -Xswiftc -enable-upcoming-feature -Xswiftc GlobalActorIsolatedTypesUsability -Xswiftc -enable-upcoming-feature -Xswiftc InferSendableFromCaptures 2>&1
android-6.1-latest: Pulling from saguaro1/spi-images
Digest: sha256:a7f4f752e160f6cbd9e0c26490aa43ccd5312d524c4c6d77f8b144559b526afa
Status: Image is up to date for registry.gitlab.com/saguaro1/spi-images:android-6.1-latest
Fetching https://github.com/NerdSnipe-Inc/AIChatKit.git
Fetching https://github.com/mattt/llama.swift
[1/7528] Fetching llama.swift
Fetched https://github.com/mattt/llama.swift from cache (0.63s)
[1/293] Fetching aichatkit
Fetched https://github.com/NerdSnipe-Inc/AIChatKit.git from cache (0.85s)
Computing version for https://github.com/mattt/llama.swift
Computed https://github.com/mattt/llama.swift at 2.9469.0 (1.11s)
Computing version for https://github.com/NerdSnipe-Inc/AIChatKit.git
Computed https://github.com/NerdSnipe-Inc/AIChatKit.git at 2.0.0 (0.23s)
Fetching https://github.com/JohnSundell/Splash.git
Fetching https://github.com/gonzalezreal/swift-markdown-ui.git
Fetching https://github.com/kevinhermawan/swift-json-schema.git
[1/2180] Fetching splash
[110/10702] Fetching splash, swift-markdown-ui
[2608/10925] Fetching splash, swift-markdown-ui, swift-json-schema
Fetched https://github.com/kevinhermawan/swift-json-schema.git from cache (0.66s)
[2692/10702] Fetching splash, swift-markdown-ui
Fetched https://github.com/JohnSundell/Splash.git from cache (1.52s)
Fetched https://github.com/gonzalezreal/swift-markdown-ui.git from cache (1.56s)
Computing version for https://github.com/JohnSundell/Splash.git
Computed https://github.com/JohnSundell/Splash.git at 0.16.0 (1.81s)
Computing version for https://github.com/kevinhermawan/swift-json-schema.git
Computed https://github.com/kevinhermawan/swift-json-schema.git at 2.0.1 (0.24s)
Computing version for https://github.com/gonzalezreal/swift-markdown-ui.git
Computed https://github.com/gonzalezreal/swift-markdown-ui.git at 2.4.1 (0.26s)
Fetching https://github.com/swiftlang/swift-cmark
Fetching https://github.com/gonzalezreal/NetworkImage
[1/1072] Fetching networkimage
Fetched https://github.com/gonzalezreal/NetworkImage from cache (0.83s)
[1/18603] Fetching swift-cmark
Fetched https://github.com/swiftlang/swift-cmark from cache (1.70s)
Computing version for https://github.com/gonzalezreal/NetworkImage
Computed https://github.com/gonzalezreal/NetworkImage at 6.0.1 (2.03s)
Computing version for https://github.com/swiftlang/swift-cmark
Computed https://github.com/swiftlang/swift-cmark at 0.9.0 (0.33s)
Creating working copy for https://github.com/gonzalezreal/NetworkImage
Working copy of https://github.com/gonzalezreal/NetworkImage resolved at 6.0.1
Creating working copy for https://github.com/swiftlang/swift-cmark
Working copy of https://github.com/swiftlang/swift-cmark resolved at 0.9.0
Creating working copy for https://github.com/gonzalezreal/swift-markdown-ui.git
Working copy of https://github.com/gonzalezreal/swift-markdown-ui.git resolved at 2.4.1
Creating working copy for https://github.com/NerdSnipe-Inc/AIChatKit.git
Working copy of https://github.com/NerdSnipe-Inc/AIChatKit.git resolved at 2.0.0
Creating working copy for https://github.com/kevinhermawan/swift-json-schema.git
Working copy of https://github.com/kevinhermawan/swift-json-schema.git resolved at 2.0.1
Creating working copy for https://github.com/mattt/llama.swift
Working copy of https://github.com/mattt/llama.swift resolved at 2.9469.0
Creating working copy for https://github.com/JohnSundell/Splash.git
Working copy of https://github.com/JohnSundell/Splash.git resolved at 0.16.0
Downloading binary artifact https://github.com/ggml-org/llama.cpp/releases/download/b9469/llama-b9469-xcframework.zip
[16375/199598168] Downloading https://github.com/ggml-org/llama.cpp/releases/download/b9469/llama-b9469-xcframework.zip
Downloaded https://github.com/ggml-org/llama.cpp/releases/download/b9469/llama-b9469-xcframework.zip (13.62s)
Building for debugging...
[0/5] Write sources
[4/5] Write swift-version-24593BA9C3E375BF.txt
error: emit-module command failed with exit code 1 (use -v to see invocation)
[6/16] Emitting module LlamaSwift
<unknown>:0: warning: upcoming feature 'InferSendableFromCaptures' is already enabled as of Swift version 6
<unknown>:0: warning: upcoming feature 'GlobalActorIsolatedTypesUsability' is already enabled as of Swift version 6
<unknown>:0: warning: upcoming feature 'DisableOutwardActorInference' is already enabled as of Swift version 6
/host/spi-builder-workspace/.build/checkouts/llama.swift/Sources/LlamaSwift/Llama.swift:1:35: error: no such module 'llama'
1 | @_exported @preconcurrency import llama
| `- error: no such module 'llama'
2 |
[7/16] Compiling LlamaSwift Llama.swift
<unknown>:0: warning: upcoming feature 'InferSendableFromCaptures' is already enabled as of Swift version 6
<unknown>:0: warning: upcoming feature 'GlobalActorIsolatedTypesUsability' is already enabled as of Swift version 6
<unknown>:0: warning: upcoming feature 'DisableOutwardActorInference' is already enabled as of Swift version 6
/host/spi-builder-workspace/.build/checkouts/llama.swift/Sources/LlamaSwift/Llama.swift:1:35: error: no such module 'llama'
1 | @_exported @preconcurrency import llama
| `- error: no such module 'llama'
2 |
Running build ...
bash -c docker run --pull=always --rm -v "checkouts-54344845-2":/host -w "$PWD" -e JAVA_HOME="/root/.sdkman/candidates/java/current" -e SPI_BUILD="1" -e SPI_PROCESSING="1" registry.gitlab.com/saguaro1/spi-images:android-6.1-latest swift build --swift-sdk aarch64-unknown-linux-android24 2>&1
android-6.1-latest: Pulling from saguaro1/spi-images
Digest: sha256:a7f4f752e160f6cbd9e0c26490aa43ccd5312d524c4c6d77f8b144559b526afa
Status: Image is up to date for registry.gitlab.com/saguaro1/spi-images:android-6.1-latest
[0/1] Planning build
Building for debugging...
[0/1] Write swift-version-24593BA9C3E375BF.txt
[2/12] Compiling LlamaSwift Llama.swift
/host/spi-builder-workspace/.build/checkouts/llama.swift/Sources/LlamaSwift/Llama.swift:1:35: error: no such module 'llama'
1 | @_exported @preconcurrency import llama
| `- error: no such module 'llama'
2 |
error: emit-module command failed with exit code 1 (use -v to see invocation)
[3/12] Emitting module LlamaSwift
/host/spi-builder-workspace/.build/checkouts/llama.swift/Sources/LlamaSwift/Llama.swift:1:35: error: no such module 'llama'
1 | @_exported @preconcurrency import llama
| `- error: no such module 'llama'
2 |
BUILD FAILURE 6.1 android