The Swift Package Index logo.Swift Package Index

Build Information

Failed to build swift-authentication-jwt, reference main (a3dcd2), with Swift 6.3 for Wasm on 5 Oct 2026 18:12:01 UTC.

Build Command

bash -c docker run --pull=always --rm -v "checkouts-54344843-1":/host -w "$PWD" -e JAVA_HOME="/root/.sdkman/candidates/java/current" -e SPI_BUILD="1" -e SPI_PROCESSING="1" registry.gitlab.com/saguaro1/spi-images:wasm-6.3-latest swift build --swift-sdk swift-6.3.2-RELEASE_wasm 2>&1

Build Log

========================================
RunAll
========================================
Builder version: 5.1.1
Interrupt handler set up.
========================================
Checkout
========================================
Clone URL: https://github.com/swift-microservices/swift-authentication-jwt.git
Reference: main
Initialized empty Git repository in /host/spi-builder-workspace/.git/
hint: Using 'master' as the name for the initial branch. This default branch name
hint: is subject to change. To configure the initial branch name to use in all
hint: of your new repositories, which will suppress this warning, call:
hint:
hint: 	git config --global init.defaultBranch <name>
hint:
hint: Names commonly chosen instead of 'master' are 'main', 'trunk' and
hint: 'development'. The just-created branch can be renamed via this command:
hint:
hint: 	git branch -m <name>
From https://github.com/swift-microservices/swift-authentication-jwt
 * branch            main       -> FETCH_HEAD
 * [new branch]      main       -> origin/main
HEAD is now at a3dcd21 Verify issuer and audience in every JWT example (#8)
Cloned https://github.com/swift-microservices/swift-authentication-jwt.git
Revision (git rev-parse @):
a3dcd2102df67c01538f22a946162c76f001687e
SPI manifest file found: $PWD/.spi.yml
SUCCESS checkout https://github.com/swift-microservices/swift-authentication-jwt.git at main
========================================
Build
========================================
Selected platform:         wasm
Swift version:             6.3
Building package at path:  $PWD
https://github.com/swift-microservices/swift-authentication-jwt.git
Running build ...
bash -c docker run --pull=always --rm -v "checkouts-54344843-1":/host -w "$PWD" -e JAVA_HOME="/root/.sdkman/candidates/java/current" -e SPI_BUILD="1" -e SPI_PROCESSING="1" registry.gitlab.com/saguaro1/spi-images:wasm-6.3-latest swift build --swift-sdk swift-6.3.2-RELEASE_wasm 2>&1
wasm-6.3-latest: Pulling from saguaro1/spi-images
Digest: sha256:df2e9038ff906af397ec7b7e13902ccb183f8867606bc33419e44453a9abdb4b
Status: Image is up to date for registry.gitlab.com/saguaro1/spi-images:wasm-6.3-latest
Fetching https://github.com/swift-microservices/swift-authentication.git
Fetching https://github.com/vapor/jwt-kit.git
[1/211] Fetching swift-authentication
Fetched https://github.com/swift-microservices/swift-authentication.git from cache (0.51s)
[1/10254] Fetching jwt-kit
Fetched https://github.com/vapor/jwt-kit.git from cache (1.27s)
Computing version for https://github.com/vapor/jwt-kit.git
Computed https://github.com/vapor/jwt-kit.git at 5.7.1 (1.59s)
Fetching https://github.com/apple/swift-crypto.git
Fetching https://github.com/apple/swift-log.git
[1/8232] Fetching swift-log
[2389/26804] Fetching swift-log, swift-crypto
Fetched https://github.com/apple/swift-log.git from cache (0.71s)
[1486/18572] Fetching swift-crypto
Fetching https://github.com/apple/swift-certificates.git
Fetched https://github.com/apple/swift-crypto.git from cache (2.20s)
[1/7607] Fetching swift-certificates
Fetched https://github.com/apple/swift-certificates.git from cache (0.79s)
Computing version for https://github.com/swift-microservices/swift-authentication.git
Computed https://github.com/swift-microservices/swift-authentication.git at 0.3.1 (3.28s)
Fetching https://github.com/apple/swift-service-context.git
[15/1436] Fetching swift-service-context
Fetched https://github.com/apple/swift-service-context.git from cache (0.95s)
Computing version for https://github.com/apple/swift-service-context.git
Computed https://github.com/apple/swift-service-context.git at 1.3.0 (1.36s)
Computing version for https://github.com/apple/swift-crypto.git
Computed https://github.com/apple/swift-crypto.git at 4.5.2 (1.76s)
Fetching https://github.com/apple/swift-asn1.git
[20/1986] Fetching swift-asn1
Fetched https://github.com/apple/swift-asn1.git from cache (0.57s)
Computing version for https://github.com/apple/swift-asn1.git
Computed https://github.com/apple/swift-asn1.git at 1.7.3 (0.93s)
Computing version for https://github.com/apple/swift-certificates.git
Computed https://github.com/apple/swift-certificates.git at 1.21.0 (0.49s)
Computing version for https://github.com/apple/swift-log.git
Computed https://github.com/apple/swift-log.git at 1.15.1 (0.33s)
Creating working copy for https://github.com/vapor/jwt-kit.git
Working copy of https://github.com/vapor/jwt-kit.git resolved at 5.7.1
Creating working copy for https://github.com/apple/swift-certificates.git
Working copy of https://github.com/apple/swift-certificates.git resolved at 1.21.0
Creating working copy for https://github.com/apple/swift-service-context.git
Working copy of https://github.com/apple/swift-service-context.git resolved at 1.3.0
Creating working copy for https://github.com/swift-microservices/swift-authentication.git
Working copy of https://github.com/swift-microservices/swift-authentication.git resolved at 0.3.1
Creating working copy for https://github.com/apple/swift-log.git
Working copy of https://github.com/apple/swift-log.git resolved at 1.15.1
Creating working copy for https://github.com/apple/swift-asn1.git
Working copy of https://github.com/apple/swift-asn1.git resolved at 1.7.3
Creating working copy for https://github.com/apple/swift-crypto.git
Working copy of https://github.com/apple/swift-crypto.git resolved at 4.5.2
Building for debugging...
[0/385] Write sources
[12/385] Compiling KeccakHash.c
[13/385] Compiling CXKCPShims shims.c
[14/385] Compiling KeccakSponge.c
[15/385] Compiling SimpleFIPS202.c
[16/385] Compiling fiat_p256_adx_sqr.S
[17/385] Compiling fiat_curve25519_adx_square.S
[18/385] Compiling fiat_curve25519_adx_mul.S
[19/385] Compiling fiat_p256_adx_mul.S
[20/385] Compiling md5-x86_64-linux.S
[21/385] Compiling md5-x86_64-apple.S
[22/385] Write swift-version-24593BA9C3E375BF.txt
[23/385] Compiling md5-586-linux.S
[24/385] Compiling md5-586-apple.S
[25/385] Compiling chacha20_poly1305_x86_64-linux.S
[26/385] Compiling chacha20_poly1305_armv8-win.S
[27/385] Compiling chacha20_poly1305_x86_64-apple.S
[28/387] Compiling CCryptoBoringSSLShims shims.c
[29/405] Compiling chacha20_poly1305_armv8-linux.S
[30/407] Compiling chacha20_poly1305_armv8-apple.S
[31/407] Compiling chacha-x86_64-linux.S
[32/418] Compiling chacha-x86-linux.S
[33/418] Compiling chacha-x86_64-apple.S
[34/418] Compiling chacha-x86-apple.S
[35/418] Compiling chacha-armv8-win.S
[36/418] Compiling chacha-armv8-linux.S
[37/418] Compiling chacha-armv8-apple.S
[38/418] Compiling chacha-armv4-linux.S
[39/418] Compiling aes128gcmsiv-x86_64-linux.S
[41/418] Emitting module _CertificateInternals
[41/418] Compiling aes128gcmsiv-x86_64-apple.S
[42/418] Compiling x86_64-mont5-linux.S
[43/418] Compiling err_data.cc
[44/418] Compiling x86_64-mont5-apple.S
[45/418] Compiling x86_64-mont-linux.S
[46/418] Compiling x86_64-mont-apple.S
[47/418] Compiling x86-mont-linux.S
[48/418] Compiling x86-mont-apple.S
[49/418] Compiling vpaes-x86_64-linux.S
[50/418] Compiling vpaes-x86-linux.S
[51/418] Compiling vpaes-x86_64-apple.S
[52/418] Compiling vpaes-armv8-win.S
[53/418] Compiling vpaes-x86-apple.S
[54/418] Compiling vpaes-armv8-linux.S
[55/418] Compiling vpaes-armv8-apple.S
[56/418] Compiling vpaes-armv7-linux.S
[57/418] Compiling sha512-x86_64-linux.S
[58/418] Compiling sha512-x86_64-apple.S
[59/418] Compiling sha512-armv8-win.S
[60/418] Compiling sha512-armv4-linux.S
[61/418] Compiling sha512-armv8-apple.S
[62/418] Compiling sha512-armv8-linux.S
[63/418] Compiling sha512-586-linux.S
[64/418] Compiling sha512-586-apple.S
[65/418] Compiling sha256-x86_64-linux.S
[66/418] Compiling sha256-x86_64-apple.S
[67/418] Compiling sha256-armv8-win.S
[68/418] Compiling sha256-armv8-linux.S
[69/418] Compiling sha256-armv4-linux.S
[70/418] Compiling sha256-armv8-apple.S
[71/418] Compiling sha256-586-linux.S
[72/418] Compiling sha256-586-apple.S
[73/418] Compiling sha1-x86_64-linux.S
[74/418] Compiling sha1-armv8-win.S
[75/418] Compiling sha1-x86_64-apple.S
[76/418] Compiling sha1-armv8-linux.S
[77/418] Compiling sha1-armv8-apple.S
[78/418] Compiling sha1-586-apple.S
[79/418] Compiling sha1-586-linux.S
[80/418] Compiling sha1-armv4-large-linux.S
[81/418] Compiling rsaz-avx2-apple.S
[82/418] Compiling rsaz-avx2-linux.S
[83/418] Compiling rdrand-x86_64-linux.S
[84/418] Compiling rdrand-x86_64-apple.S
[85/418] Compiling p256_beeu-x86_64-asm-apple.S
[86/418] Compiling p256_beeu-x86_64-asm-linux.S
[87/418] Compiling p256_beeu-armv8-asm-win.S
[88/418] Compiling p256_beeu-armv8-asm-linux.S
[89/418] Compiling p256-x86_64-asm-linux.S
[90/418] Compiling p256_beeu-armv8-asm-apple.S
[91/418] Compiling p256-armv8-asm-win.S
[92/418] Compiling p256-x86_64-asm-apple.S
[93/418] Compiling p256-armv8-asm-linux.S
[94/418] Compiling ghashv8-armv8-win.S
[95/418] Compiling ghashv8-armv8-linux.S
[96/418] Compiling ghashv8-armv8-apple.S
[97/418] Compiling p256-armv8-asm-apple.S
[98/418] Compiling ghashv8-armv7-linux.S
[99/418] Compiling ghash-x86_64-apple.S
[99/418] Compiling ghash-x86_64-linux.S
[101/418] Compiling ghash-x86-linux.S
[102/418] Compiling ghash-x86-apple.S
[103/418] Compiling ghash-ssse3-x86_64-linux.S
[104/418] Compiling ghash-ssse3-x86_64-apple.S
[105/418] Compiling ghash-ssse3-x86-linux.S
[106/418] Compiling ghash-neon-armv8-win.S
[107/418] Compiling ghash-ssse3-x86-apple.S
[108/418] Compiling ghash-neon-armv8-apple.S
[109/418] Compiling ghash-armv4-linux.S
[110/418] Compiling ghash-neon-armv8-linux.S
[111/418] Compiling bsaes-armv7-linux.S
[112/418] Compiling co-586-linux.S
[113/418] Compiling co-586-apple.S
[114/418] Compiling bn-armv8-win.S
[115/418] Compiling bn-armv8-apple.S
[116/418] Compiling bn-armv8-linux.S
[117/418] Compiling bn-586-linux.S
[118/418] Compiling bn-586-apple.S
[119/418] Compiling armv8-mont-win.S
[120/418] Compiling armv4-mont-linux.S
[121/418] Compiling armv8-mont-linux.S
[122/418] Compiling armv8-mont-apple.S
[123/418] Compiling aesv8-gcm-armv8-win.S
[124/418] Compiling aesv8-gcm-armv8-linux.S
[125/418] Compiling aesv8-gcm-armv8-apple.S
[126/418] Compiling aesv8-armv8-win.S
[127/418] Compiling aesv8-armv8-linux.S
[128/418] Compiling aesv8-armv7-linux.S
[129/418] Compiling aesv8-armv8-apple.S
[130/418] Compiling aesni-x86_64-linux.S
[131/418] Compiling aesni-x86_64-apple.S
[132/418] Compiling aesni-x86-linux.S
[133/418] Compiling aesni-x86-apple.S
[134/418] Compiling aesni-gcm-x86_64-linux.S
[135/418] Compiling aesni-gcm-x86_64-apple.S
[136/418] Compiling aes-gcm-avx512-x86_64-linux.S
[137/418] Compiling aes-gcm-avx512-x86_64-apple.S
[137/418] Compiling aes-gcm-avx2-x86_64-linux.S
[139/418] Compiling aes-gcm-avx2-x86_64-apple.S
[141/418] Emitting module SwiftASN1
[141/420] Compiling xwing.cc
[142/420] Compiling x_x509a.cc
[143/420] Compiling x_x509.cc
[144/420] Compiling x_sig.cc
[145/420] Compiling x_req.cc
[147/420] Compiling ServiceContextModule ServiceContextKey.swift
[148/420] Compiling Logging LoggingSystem.swift
[149/421] Compiling Logging SwiftLogNoOpLogHandler.swift
[150/421] Compiling Logging Locks.swift
[151/421] Compiling ServiceContextModule ServiceContext.swift
[152/421] Emitting module ServiceContextModule
[153/422] Compiling SwiftASN1 DER.swift
[154/422] Compiling SwiftASN1 Errors.swift
[155/422] Compiling _CertificateInternals _TinyArray.swift
[158/423] Compiling Logging LogEvent.swift
[159/423] Compiling Logging LogHandler.swift
[160/423] Compiling Logging Logger+Attributes.swift
[161/423] Compiling Logging Logger.swift
[162/423] Compiling Logging Logger+With.swift
[162/423] Compiling x_spki.cc
[166/423] Compiling Logging MetadataProvider.swift
[167/428] Emitting module Authentication
[168/428] Compiling Authentication PrincipalKey.swift
[169/428] Compiling SwiftASN1 ObjectIdentifier.swift
[170/428] Compiling SwiftASN1 PEMDocument.swift
[171/428] Compiling Logging MultiplexLogHandler.swift
[172/428] Compiling Logging StreamLogHandler.swift
[173/428] Compiling SwiftASN1 ASN1Identifier.swift
[174/428] Compiling SwiftASN1 TimeUtilities.swift
[175/428] Compiling SwiftASN1 UTCTime.swift
[176/428] Compiling SwiftASN1 ArraySliceBigint.swift
[177/428] Compiling SwiftASN1 GeneralizedTime.swift
[180/428] Compiling SwiftASN1 ASN1.swift
[181/428] Compiling SwiftASN1 BER.swift
[182/428] Compiling SwiftASN1 ASN1Any.swift
[183/428] Compiling Authentication CredentialIssuer.swift
[184/428] Compiling Authentication Authenticator.swift
[185/428] Compiling Authentication Principal.swift
[188/429] Emitting module Logging
[191/431] Compiling x_name.cc
[192/431] Compiling x_pubkey.cc
[193/431] Compiling x_crl.cc
[194/431] Compiling x_exten.cc
[195/431] Compiling x_algor.cc
[196/431] Compiling x509rset.cc
[197/431] Compiling x_attrib.cc
[198/431] Compiling x_all.cc
[199/431] Compiling x509spki.cc
[200/431] Compiling x509name.cc
[201/431] Compiling x509_vpm.cc
[202/431] Compiling x509_set.cc
[203/431] Compiling x509cset.cc
[204/431] Compiling x509_lu.cc
[205/431] Compiling x509_v3.cc
[206/431] Compiling x509_vfy.cc
[207/431] Compiling x509_trs.cc
[208/431] Compiling x509_txt.cc
[209/431] Compiling KeccakP-1600-opt64.c
[210/431] Compiling x509_ext.cc
[211/431] Compiling x509_req.cc
[212/431] Compiling x509_obj.cc
[213/431] Compiling x509_cmp.cc
[214/431] Compiling x509_def.cc
[215/431] Compiling v3_skey.cc
[216/431] Compiling x509_att.cc
[217/431] Compiling x509_d2.cc
[218/431] Compiling x509.cc
[219/431] Compiling v3_utl.cc
[220/431] Compiling v3_purp.cc
[221/431] Compiling v3_pcons.cc
[222/431] Compiling v3_pmaps.cc
[223/431] Compiling v3_prn.cc
[224/431] Compiling v3_ncons.cc
[225/431] Compiling v3_lib.cc
[226/431] Compiling v3_ocsp.cc
[227/431] Compiling v3_int.cc
[228/431] Compiling v3_ia5.cc
[229/431] Compiling v3_info.cc
[230/431] Compiling v3_crld.cc
[231/431] Compiling v3_genn.cc
[232/431] Compiling v3_extku.cc
[233/431] Compiling v3_enum.cc
[234/431] Compiling v3_bcons.cc
[235/431] Compiling v3_akeya.cc
[236/431] Compiling v3_conf.cc
[237/431] Compiling v3_bitst.cc
[238/431] Compiling v3_cpols.cc
[239/431] Compiling t_x509.cc
[240/431] Compiling v3_alt.cc
[241/431] Compiling t_req.cc
[242/431] Compiling t_x509a.cc
[243/431] Compiling v3_akey.cc
[244/431] Compiling t_crl.cc
[245/431] Compiling rsa_pss.cc
[246/431] Compiling i2d_pr.cc
[247/431] Compiling policy.cc
[248/431] Compiling name_print.cc
[249/431] Compiling by_file.cc
[250/431] Compiling a_digest.cc
[251/431] Compiling a_sign.cc
[252/431] Compiling by_dir.cc
[253/431] Compiling algorithm.cc
[254/431] Compiling a_verify.cc
[255/431] Compiling asn1_gen.cc
[256/431] Compiling trust_token.cc
[257/431] Compiling voprf.cc
[258/431] Compiling thread_win.cc
[259/431] Compiling thread_none.cc
[260/431] Compiling pmbtoken.cc
[261/431] Compiling thread_pthread.cc
[262/431] Compiling thread.cc
[263/431] Compiling siphash.cc
[264/431] Compiling sha512.cc
[265/431] Compiling spake2plus.cc
[266/431] Compiling stack.cc
[267/431] Compiling slhdsa.cc
[268/431] Compiling sha256.cc
[269/431] Compiling rsa_print.cc
[270/431] Compiling rc4.cc
[271/431] Compiling sha1.cc
[272/431] Compiling windows.cc
[273/431] Compiling refcount.cc
[274/431] Compiling rsa_extra.cc
[275/431] Compiling rsa_crypt.cc
[276/431] Compiling trusty.cc
[277/431] Compiling urandom.cc
[278/431] Compiling ios.cc
[278/431] Compiling passive.cc
[280/431] Compiling rand.cc
[281/431] Compiling rsa_asn1.cc
[282/431] Compiling poly1305_arm_asm.S
[283/431] Compiling getentropy.cc
[284/431] Compiling forkunsafe.cc
[285/431] Compiling fork_detect.cc
[286/431] Compiling poly1305_arm.cc
[287/431] Compiling poly1305_vec.cc
[288/431] Compiling deterministic.cc
[289/431] Compiling p5_pbev2.cc
[290/431] Compiling poly1305.cc
[291/431] Compiling pool.cc
[292/431] Compiling pkcs8.cc
[293/431] Compiling pem_pk8.cc
[294/431] Compiling pkcs7.cc
[295/431] Compiling pkcs8_x509.cc
[296/431] Compiling pem_oth.cc
[297/431] Compiling pem_xaux.cc
[298/431] Compiling pem_pkey.cc
[299/431] Compiling pkcs7_x509.cc
[300/431] Compiling pem_x509.cc
[301/431] Compiling mlkem.cc
[302/431] Compiling pem_lib.cc
[303/431] Compiling pem_all.cc
[304/431] Compiling obj.cc
[305/431] Compiling pem_info.cc
[306/431] Compiling md5.cc
[307/431] Compiling mldsa.cc
[308/431] Compiling mem.cc
[309/431] Compiling poly_rq_mul.S
[310/431] Compiling fips_shared_support.cc
[311/431] Compiling obj_xref.cc
[312/431] Compiling lhash.cc
[313/431] Compiling md4.cc
[314/431] Compiling fuzzer_mode.cc
[315/431] Compiling scrypt.cc
[316/431] Compiling hpke.cc
[317/431] Compiling hrss.cc
[318/431] Compiling kyber.cc
[319/431] Compiling ex_data.cc
[320/431] Compiling pbkdf.cc
[321/431] Compiling p_x25519_asn1.cc
[322/431] Compiling sign.cc
[323/431] Compiling print.cc
[324/431] Compiling p_rsa_asn1.cc
[325/431] Compiling p_x25519.cc
[326/431] Compiling p_rsa.cc
[327/431] Compiling p_hkdf.cc
[328/431] Compiling p_ed25519_asn1.cc
[329/431] Compiling p_ed25519.cc
[330/431] Compiling p_ec_asn1.cc
[331/431] Compiling p_ec.cc
[332/431] Compiling p_dh_asn1.cc
[333/431] Compiling evp_ctx.cc
[334/431] Compiling p_dh.cc
[335/431] Compiling p_dsa_asn1.cc
[336/431] Compiling err.cc
[337/431] Compiling engine.cc
[338/431] Compiling evp.cc
[339/431] Compiling ec_derive.cc
[340/431] Compiling ecdsa_p1363.cc
[341/431] Compiling evp_asn1.cc
[342/431] Compiling ecdh.cc
[343/431] Compiling hash_to_curve.cc
[344/431] Compiling ecdsa_asn1.cc
[345/431] Compiling ec_asn1.cc
[346/431] Compiling dsa_asn1.cc
[347/431] Compiling dsa.cc
[348/431] Compiling digest_extra.cc
[349/431] Compiling x25519-asm-arm.S
[350/431] Compiling bcm.cc
[351/431] Compiling curve25519_64_adx.cc
[352/431] Compiling des.cc
[353/431] Compiling dh_asn1.cc
[354/431] Compiling params.cc
[355/431] Compiling curve25519.cc
[356/431] Compiling spake25519.cc
[357/431] Compiling cpu_arm_linux.cc
[358/431] Compiling cpu_intel.cc
[359/431] Compiling crypto.cc
[360/431] Compiling cpu_arm_freebsd.cc
[361/431] Compiling cpu_aarch64_win.cc
[362/431] Compiling cpu_aarch64_sysreg.cc
[363/431] Compiling cpu_aarch64_fuchsia.cc
[364/431] Compiling cpu_aarch64_openbsd.cc
[365/431] Compiling cpu_aarch64_linux.cc
[366/431] Compiling conf.cc
[367/431] Compiling cpu_aarch64_apple.cc
[368/431] Compiling tls_cbc.cc
[369/431] Compiling e_rc4.cc
[370/431] Compiling e_rc2.cc
[371/431] Compiling e_des.cc
[372/431] Compiling e_null.cc
[373/431] Compiling get_cipher.cc
[374/431] Compiling e_tls.cc
[375/431] Compiling e_aeseax.cc
[376/431] Compiling e_chacha20poly1305.cc
[377/431] Compiling e_aesgcmsiv.cc
[378/431] Compiling cms.cc
[379/431] Compiling derive_key.cc
[380/431] Compiling e_aesctrhmac.cc
[381/431] Compiling chacha.cc
[382/431] Compiling unicode.cc
[383/431] Compiling cbs.cc
[384/431] Compiling buf.cc
[385/431] Compiling cbb.cc
[386/431] Compiling asn1_compat.cc
[387/431] Compiling exponentiation.cc
[388/431] Compiling sqrt.cc
[389/431] Compiling ber.cc
[390/431] Compiling convert.cc
[391/431] Compiling blake2.cc
[392/431] Compiling hexdump.cc
[393/431] Compiling div.cc
[394/431] Compiling printf.cc
[395/431] Compiling file.cc
[396/431] Compiling fd.cc
[397/431] Compiling errno.cc
[398/431] Compiling pair.cc
[399/431] Compiling bn_asn1.cc
[400/431] Compiling tasn_typ.cc
[401/431] Compiling bio.cc
[402/431] Compiling base64.cc
[403/431] Compiling bio_mem.cc
[404/431] Compiling tasn_utl.cc
[405/431] Compiling f_string.cc
[406/431] Compiling posix_time.cc
[407/431] Compiling tasn_fre.cc
[408/431] Compiling f_int.cc
[409/431] Compiling tasn_enc.cc
[410/431] Compiling tasn_new.cc
[411/431] Compiling tasn_dec.cc
[412/431] Compiling asn1_par.cc
[413/431] Compiling asn_pack.cc
[414/431] Compiling a_time.cc
[415/431] Compiling a_utctm.cc
[416/431] Compiling a_type.cc
[417/431] Compiling asn1_lib.cc
[418/431] Compiling a_octet.cc
[419/431] Compiling a_strnid.cc
[420/431] Compiling a_gentm.cc
[421/431] Compiling a_strex.cc
[422/431] Compiling a_object.cc
[423/431] Compiling a_d2i_fp.cc
[424/431] Compiling a_i2d_fp.cc
[425/431] Compiling a_bool.cc
[426/431] Compiling a_mbstr.cc
[427/431] Compiling a_bitstr.cc
[428/431] Compiling a_dup.cc
[429/431] Compiling a_int.cc
[430/431] Compiling aes.cc
[432/439] Compiling CryptoBoringWrapper RandomBytes.swift
[433/439] Compiling CryptoBoringWrapper CryptoKitErrors_boring.swift
[434/439] Emitting module CryptoBoringWrapper
[435/439] Compiling CryptoBoringWrapper BoringSSLAEAD.swift
[436/439] Compiling CryptoBoringWrapper EllipticCurvePoint.swift
[437/439] Compiling CryptoBoringWrapper FiniteFieldArithmeticContext.swift
[438/439] Compiling CryptoBoringWrapper ArbitraryPrecisionInteger.swift
[439/439] Compiling CryptoBoringWrapper EllipticCurve.swift
[441/524] Compiling Crypto ASN1Null.swift
[442/524] Compiling Crypto ASN1OctetString.swift
[443/524] Compiling Crypto ASN1Strings.swift
[444/524] Compiling Crypto ArraySliceBigint.swift
[445/524] Compiling Crypto GeneralizedTime.swift
[446/524] Compiling Crypto ObjectIdentifier.swift
[447/524] Compiling Crypto ECDSASignature.swift
[448/524] Compiling Crypto PEMDocument.swift
[449/524] Compiling Crypto PKCS8PrivateKey.swift
[450/524] Compiling Crypto SEC1PrivateKey.swift
[451/524] Compiling Crypto SubjectPublicKeyInfo.swift
[452/524] Compiling Crypto CryptoError_boring.swift
[453/535] Emitting module Crypto
[454/535] Compiling Crypto HKDF.swift
[455/535] Compiling Crypto AESWrap.swift
[456/535] Compiling Crypto AESWrap_boring.swift
[457/535] Compiling Crypto Ed25519_boring.swift
[458/535] Compiling Crypto NISTCurvesKeys_boring.swift
[459/535] Compiling Crypto X25519Keys_boring.swift
[460/535] Compiling Crypto Curve25519.swift
[461/535] Compiling Crypto Ed25519Keys.swift
[462/535] Compiling Crypto NISTCurvesKeys.swift
[463/535] Compiling Crypto X25519Keys.swift
[464/535] Compiling Crypto SymmetricKeys.swift
[465/535] Compiling Crypto HMAC.swift
[466/535] Compiling Crypto HPKE-LabeledExtract.swift
[467/535] Compiling Crypto HPKE-Utils.swift
[468/535] Compiling Crypto DHKEM.swift
[469/535] Compiling Crypto HPKE-KEM-Curve25519.swift
[470/535] Compiling Crypto HPKE-NIST-EC-KEMs.swift
[471/535] Compiling Crypto HPKE-KEM.swift
[472/535] Compiling Crypto HPKE-Errors.swift
[473/535] Compiling Crypto HPKE.swift
[474/535] Compiling Crypto HPKE-Context.swift
[475/535] Compiling Crypto HPKE-KeySchedule.swift
[476/535] Compiling Crypto HPKE-Modes.swift
[477/535] Compiling Crypto Insecure.swift
[478/535] Compiling Crypto AES-GCM.swift
[479/535] Compiling Crypto AES-GCM_boring.swift
[480/535] Compiling Crypto ChaChaPoly_boring.swift
[481/535] Compiling Crypto ChaChaPoly.swift
[482/535] Compiling Crypto Cipher.swift
[483/535] Compiling Crypto Nonces.swift
[484/535] Compiling Crypto ASN1.swift
[485/535] Compiling Crypto ASN1Any.swift
[486/535] Compiling Crypto ASN1BitString.swift
[487/535] Compiling Crypto ASN1Boolean.swift
[488/535] Compiling Crypto ASN1Identifier.swift
[489/535] Compiling Crypto ASN1Integer.swift
[490/535] Compiling Crypto CryptoKitErrors.swift
[491/535] Compiling Crypto Digest_boring.swift
[492/535] Compiling Crypto Digest.swift
[493/535] Compiling Crypto Digests.swift
[494/535] Compiling Crypto HashFunctions.swift
[495/535] Compiling Crypto HashFunctions_SHA2.swift
[496/535] Compiling Crypto HashFunctions_SHA3.swift
[497/535] Compiling Crypto Digest_xkcp.swift
[498/535] Compiling Crypto HPKE-AEAD.swift
[499/535] Compiling Crypto HPKE-Ciphersuite.swift
[500/535] Compiling Crypto HPKE-KDF.swift
[501/535] Compiling Crypto HPKE-KexKeyDerivation.swift
[502/535] Compiling Crypto Signature.swift
[503/535] Compiling Crypto CryptoKitErrors_boring.swift
[504/535] Compiling Crypto Optional+withUnsafeBytes_boring.swift
[505/535] Compiling Crypto RNG_boring.swift
[506/535] Compiling Crypto SafeCompare_boring.swift
[507/535] Compiling Crypto Zeroization_boring.swift
[508/535] Compiling Crypto _CryptoModuleAnchor.swift
[509/535] Compiling Crypto PrettyBytes.swift
[510/535] Compiling Crypto SafeCompare.swift
[511/535] Compiling Crypto SecureBytes.swift
[512/535] Compiling Crypto Zeroization.swift
[513/535] Compiling Crypto MACFunctions.swift
[514/535] Compiling Crypto MessageAuthenticationCode.swift
[515/535] Compiling Crypto AES.swift
[516/535] Compiling Crypto ECDSASignature_boring.swift
[517/535] Compiling Crypto ECDSA_boring.swift
[518/535] Compiling Crypto EdDSA_boring.swift
[519/535] Compiling Crypto MLDSA_boring.swift
[520/535] Compiling Crypto MLDSA_wrapper.swift
[521/535] Compiling Crypto ECDSA.swift
[522/535] Compiling Crypto Ed25519.swift
[523/535] Compiling Crypto MLDSA.swift
[524/535] Compiling Crypto Insecure_HashFunctions.swift
[525/535] Compiling Crypto MLKEM_boring.swift
[526/535] Compiling Crypto MLKEM_wrapper.swift
[527/535] Compiling Crypto XWing_boring.swift
[528/535] Compiling Crypto KEM-Errors.swift
[529/535] Compiling Crypto KEM.swift
[530/535] Compiling Crypto MLKEM.swift
[531/535] Compiling Crypto XWing.swift
[532/535] Compiling Crypto ECDH_boring.swift
[533/535] Compiling Crypto DH.swift
[534/535] Compiling Crypto ECDH.swift
[535/535] Compiling Crypto ANSIx963.swift
error: emit-module command failed with exit code 1 (use -v to see invocation)
[537/598] Emitting module CryptoExtras
/host/spi-builder-workspace/.build/checkouts/swift-crypto/Sources/CryptoExtras/Util/ThreadSpecific/ThreadSpecific.swift:33:36: error: cannot find type 'ThreadOpsSystem' in scope
 31 |
 32 |     private class Key {
 33 |         private var underlyingKey: ThreadOpsSystem.ThreadSpecificKey
    |                                    `- error: cannot find type 'ThreadOpsSystem' in scope
 34 |
 35 |         internal init(destructor: @escaping ThreadOpsSystem.ThreadSpecificKeyDestructor) {
/host/spi-builder-workspace/.build/checkouts/swift-crypto/Sources/CryptoExtras/Util/ThreadSpecific/ThreadSpecific.swift:35:45: error: cannot find type 'ThreadOpsSystem' in scope
 33 |         private var underlyingKey: ThreadOpsSystem.ThreadSpecificKey
 34 |
 35 |         internal init(destructor: @escaping ThreadOpsSystem.ThreadSpecificKeyDestructor) {
    |                                             `- error: cannot find type 'ThreadOpsSystem' in scope
 36 |             self.underlyingKey = ThreadOpsSystem.allocateThreadSpecificValue(destructor: destructor)
 37 |         }
/host/spi-builder-workspace/.build/checkouts/swift-crypto/Sources/CryptoExtras/Util/ThreadSpecific/ThreadSpecific.swift:35:35: error: '@escaping' only applies to function types
 33 |         private var underlyingKey: ThreadOpsSystem.ThreadSpecificKey
 34 |
 35 |         internal init(destructor: @escaping ThreadOpsSystem.ThreadSpecificKeyDestructor) {
    |                                   `- error: '@escaping' only applies to function types
 36 |             self.underlyingKey = ThreadOpsSystem.allocateThreadSpecificValue(destructor: destructor)
 37 |         }
[538/606] Compiling CryptoExtras Data+Extensions.swift
[539/606] Compiling CryptoExtras DigestType.swift
[540/606] Compiling CryptoExtras Error.swift
[541/606] Compiling CryptoExtras I2OSP.swift
[542/606] Compiling CryptoExtras IntegerEncoding.swift
[543/606] Compiling CryptoExtras PEMDocument.swift
[544/606] Compiling CryptoExtras PrettyBytes.swift
[545/606] Compiling CryptoExtras SubjectPublicKeyInfo.swift
[546/606] Compiling CryptoExtras ARCServer.swift
[547/606] Compiling CryptoExtras ChaCha20CTR_boring.swift
[548/606] Compiling CryptoExtras ChaCha20CTR.swift
[549/606] Compiling CryptoExtras BoringSSLSHA512256Context.swift
[550/606] Compiling CryptoExtras BoringSSLSHA512256HashFunction.swift
[551/606] Compiling CryptoExtras SHA512256.swift
[552/606] Compiling CryptoExtras SHA512256Digest.swift
[553/606] Compiling CryptoExtras Curve25519+PEM.swift
[554/606] Compiling CryptoExtras ObjectIdentifier.swift
[555/606] Compiling CryptoExtras PKCS8DERRepresentation.swift
[556/606] Compiling CryptoExtras PKCS8PrivateKey.swift
[557/606] Compiling CryptoExtras RFC8410AlgorithmIdentifier.swift
[558/606] Compiling CryptoExtras ECToolbox_boring.swift
[559/606] Compiling CryptoExtras ECToolbox.swift
[560/606] Compiling CryptoExtras HashToField.swift
[561/606] Compiling CryptoExtras KDF.swift
[562/606] Compiling CryptoExtras PBKDF2_boring.swift
[563/606] Compiling CryptoExtras PBKDF2_commoncrypto.swift
[564/606] Compiling CryptoExtras ThreadOps.swift
/host/spi-builder-workspace/.build/checkouts/swift-crypto/Sources/CryptoExtras/Util/ThreadSpecific/ThreadSpecific.swift:33:36: error: cannot find type 'ThreadOpsSystem' in scope
 31 |
 32 |     private class Key {
 33 |         private var underlyingKey: ThreadOpsSystem.ThreadSpecificKey
    |                                    `- error: cannot find type 'ThreadOpsSystem' in scope
 34 |
 35 |         internal init(destructor: @escaping ThreadOpsSystem.ThreadSpecificKeyDestructor) {
/host/spi-builder-workspace/.build/checkouts/swift-crypto/Sources/CryptoExtras/Util/ThreadSpecific/ThreadSpecific.swift:35:45: error: cannot find type 'ThreadOpsSystem' in scope
 33 |         private var underlyingKey: ThreadOpsSystem.ThreadSpecificKey
 34 |
 35 |         internal init(destructor: @escaping ThreadOpsSystem.ThreadSpecificKeyDestructor) {
    |                                             `- error: cannot find type 'ThreadOpsSystem' in scope
 36 |             self.underlyingKey = ThreadOpsSystem.allocateThreadSpecificValue(destructor: destructor)
 37 |         }
/host/spi-builder-workspace/.build/checkouts/swift-crypto/Sources/CryptoExtras/Util/ThreadSpecific/ThreadSpecific.swift:35:35: error: '@escaping' only applies to function types
 33 |         private var underlyingKey: ThreadOpsSystem.ThreadSpecificKey
 34 |
 35 |         internal init(destructor: @escaping ThreadOpsSystem.ThreadSpecificKeyDestructor) {
    |                                   `- error: '@escaping' only applies to function types
 36 |             self.underlyingKey = ThreadOpsSystem.allocateThreadSpecificValue(destructor: destructor)
 37 |         }
/host/spi-builder-workspace/.build/checkouts/swift-crypto/Sources/CryptoExtras/Util/ThreadSpecific/ThreadSpecific.swift:36:34: error: cannot find 'ThreadOpsSystem' in scope
 34 |
 35 |         internal init(destructor: @escaping ThreadOpsSystem.ThreadSpecificKeyDestructor) {
 36 |             self.underlyingKey = ThreadOpsSystem.allocateThreadSpecificValue(destructor: destructor)
    |                                  `- error: cannot find 'ThreadOpsSystem' in scope
 37 |         }
 38 |
/host/spi-builder-workspace/.build/checkouts/swift-crypto/Sources/CryptoExtras/Util/ThreadSpecific/ThreadSpecific.swift:40:13: error: cannot find 'ThreadOpsSystem' in scope
 38 |
 39 |         deinit {
 40 |             ThreadOpsSystem.deallocateThreadSpecificValue(self.underlyingKey)
    |             `- error: cannot find 'ThreadOpsSystem' in scope
 41 |         }
 42 |
/host/spi-builder-workspace/.build/checkouts/swift-crypto/Sources/CryptoExtras/Util/ThreadSpecific/ThreadSpecific.swift:44:13: error: cannot find 'ThreadOpsSystem' in scope
 42 |
 43 |         func get() -> UnsafeMutableRawPointer? {
 44 |             ThreadOpsSystem.getThreadSpecificValue(self.underlyingKey)
    |             `- error: cannot find 'ThreadOpsSystem' in scope
 45 |         }
 46 |
/host/spi-builder-workspace/.build/checkouts/swift-crypto/Sources/CryptoExtras/Util/ThreadSpecific/ThreadSpecific.swift:48:13: error: cannot find 'ThreadOpsSystem' in scope
 46 |
 47 |         func set(value: UnsafeMutableRawPointer?) {
 48 |             ThreadOpsSystem.setThreadSpecificValue(key: self.underlyingKey, value: value)
    |             `- error: cannot find 'ThreadOpsSystem' in scope
 49 |         }
 50 |     }
[565/606] Compiling CryptoExtras ThreadPosix.swift
/host/spi-builder-workspace/.build/checkouts/swift-crypto/Sources/CryptoExtras/Util/ThreadSpecific/ThreadSpecific.swift:33:36: error: cannot find type 'ThreadOpsSystem' in scope
 31 |
 32 |     private class Key {
 33 |         private var underlyingKey: ThreadOpsSystem.ThreadSpecificKey
    |                                    `- error: cannot find type 'ThreadOpsSystem' in scope
 34 |
 35 |         internal init(destructor: @escaping ThreadOpsSystem.ThreadSpecificKeyDestructor) {
/host/spi-builder-workspace/.build/checkouts/swift-crypto/Sources/CryptoExtras/Util/ThreadSpecific/ThreadSpecific.swift:35:45: error: cannot find type 'ThreadOpsSystem' in scope
 33 |         private var underlyingKey: ThreadOpsSystem.ThreadSpecificKey
 34 |
 35 |         internal init(destructor: @escaping ThreadOpsSystem.ThreadSpecificKeyDestructor) {
    |                                             `- error: cannot find type 'ThreadOpsSystem' in scope
 36 |             self.underlyingKey = ThreadOpsSystem.allocateThreadSpecificValue(destructor: destructor)
 37 |         }
/host/spi-builder-workspace/.build/checkouts/swift-crypto/Sources/CryptoExtras/Util/ThreadSpecific/ThreadSpecific.swift:35:35: error: '@escaping' only applies to function types
 33 |         private var underlyingKey: ThreadOpsSystem.ThreadSpecificKey
 34 |
 35 |         internal init(destructor: @escaping ThreadOpsSystem.ThreadSpecificKeyDestructor) {
    |                                   `- error: '@escaping' only applies to function types
 36 |             self.underlyingKey = ThreadOpsSystem.allocateThreadSpecificValue(destructor: destructor)
 37 |         }
/host/spi-builder-workspace/.build/checkouts/swift-crypto/Sources/CryptoExtras/Util/ThreadSpecific/ThreadSpecific.swift:36:34: error: cannot find 'ThreadOpsSystem' in scope
 34 |
 35 |         internal init(destructor: @escaping ThreadOpsSystem.ThreadSpecificKeyDestructor) {
 36 |             self.underlyingKey = ThreadOpsSystem.allocateThreadSpecificValue(destructor: destructor)
    |                                  `- error: cannot find 'ThreadOpsSystem' in scope
 37 |         }
 38 |
/host/spi-builder-workspace/.build/checkouts/swift-crypto/Sources/CryptoExtras/Util/ThreadSpecific/ThreadSpecific.swift:40:13: error: cannot find 'ThreadOpsSystem' in scope
 38 |
 39 |         deinit {
 40 |             ThreadOpsSystem.deallocateThreadSpecificValue(self.underlyingKey)
    |             `- error: cannot find 'ThreadOpsSystem' in scope
 41 |         }
 42 |
/host/spi-builder-workspace/.build/checkouts/swift-crypto/Sources/CryptoExtras/Util/ThreadSpecific/ThreadSpecific.swift:44:13: error: cannot find 'ThreadOpsSystem' in scope
 42 |
 43 |         func get() -> UnsafeMutableRawPointer? {
 44 |             ThreadOpsSystem.getThreadSpecificValue(self.underlyingKey)
    |             `- error: cannot find 'ThreadOpsSystem' in scope
 45 |         }
 46 |
/host/spi-builder-workspace/.build/checkouts/swift-crypto/Sources/CryptoExtras/Util/ThreadSpecific/ThreadSpecific.swift:48:13: error: cannot find 'ThreadOpsSystem' in scope
 46 |
 47 |         func set(value: UnsafeMutableRawPointer?) {
 48 |             ThreadOpsSystem.setThreadSpecificValue(key: self.underlyingKey, value: value)
    |             `- error: cannot find 'ThreadOpsSystem' in scope
 49 |         }
 50 |     }
[566/606] Compiling CryptoExtras ThreadSpecific.swift
/host/spi-builder-workspace/.build/checkouts/swift-crypto/Sources/CryptoExtras/Util/ThreadSpecific/ThreadSpecific.swift:33:36: error: cannot find type 'ThreadOpsSystem' in scope
 31 |
 32 |     private class Key {
 33 |         private var underlyingKey: ThreadOpsSystem.ThreadSpecificKey
    |                                    `- error: cannot find type 'ThreadOpsSystem' in scope
 34 |
 35 |         internal init(destructor: @escaping ThreadOpsSystem.ThreadSpecificKeyDestructor) {
/host/spi-builder-workspace/.build/checkouts/swift-crypto/Sources/CryptoExtras/Util/ThreadSpecific/ThreadSpecific.swift:35:45: error: cannot find type 'ThreadOpsSystem' in scope
 33 |         private var underlyingKey: ThreadOpsSystem.ThreadSpecificKey
 34 |
 35 |         internal init(destructor: @escaping ThreadOpsSystem.ThreadSpecificKeyDestructor) {
    |                                             `- error: cannot find type 'ThreadOpsSystem' in scope
 36 |             self.underlyingKey = ThreadOpsSystem.allocateThreadSpecificValue(destructor: destructor)
 37 |         }
/host/spi-builder-workspace/.build/checkouts/swift-crypto/Sources/CryptoExtras/Util/ThreadSpecific/ThreadSpecific.swift:35:35: error: '@escaping' only applies to function types
 33 |         private var underlyingKey: ThreadOpsSystem.ThreadSpecificKey
 34 |
 35 |         internal init(destructor: @escaping ThreadOpsSystem.ThreadSpecificKeyDestructor) {
    |                                   `- error: '@escaping' only applies to function types
 36 |             self.underlyingKey = ThreadOpsSystem.allocateThreadSpecificValue(destructor: destructor)
 37 |         }
/host/spi-builder-workspace/.build/checkouts/swift-crypto/Sources/CryptoExtras/Util/ThreadSpecific/ThreadSpecific.swift:36:34: error: cannot find 'ThreadOpsSystem' in scope
 34 |
 35 |         internal init(destructor: @escaping ThreadOpsSystem.ThreadSpecificKeyDestructor) {
 36 |             self.underlyingKey = ThreadOpsSystem.allocateThreadSpecificValue(destructor: destructor)
    |                                  `- error: cannot find 'ThreadOpsSystem' in scope
 37 |         }
 38 |
/host/spi-builder-workspace/.build/checkouts/swift-crypto/Sources/CryptoExtras/Util/ThreadSpecific/ThreadSpecific.swift:40:13: error: cannot find 'ThreadOpsSystem' in scope
 38 |
 39 |         deinit {
 40 |             ThreadOpsSystem.deallocateThreadSpecificValue(self.underlyingKey)
    |             `- error: cannot find 'ThreadOpsSystem' in scope
 41 |         }
 42 |
/host/spi-builder-workspace/.build/checkouts/swift-crypto/Sources/CryptoExtras/Util/ThreadSpecific/ThreadSpecific.swift:44:13: error: cannot find 'ThreadOpsSystem' in scope
 42 |
 43 |         func get() -> UnsafeMutableRawPointer? {
 44 |             ThreadOpsSystem.getThreadSpecificValue(self.underlyingKey)
    |             `- error: cannot find 'ThreadOpsSystem' in scope
 45 |         }
 46 |
/host/spi-builder-workspace/.build/checkouts/swift-crypto/Sources/CryptoExtras/Util/ThreadSpecific/ThreadSpecific.swift:48:13: error: cannot find 'ThreadOpsSystem' in scope
 46 |
 47 |         func set(value: UnsafeMutableRawPointer?) {
 48 |             ThreadOpsSystem.setThreadSpecificValue(key: self.underlyingKey, value: value)
    |             `- error: cannot find 'ThreadOpsSystem' in scope
 49 |         }
 50 |     }
[567/606] Compiling CryptoExtras ThreadWindows.swift
/host/spi-builder-workspace/.build/checkouts/swift-crypto/Sources/CryptoExtras/Util/ThreadSpecific/ThreadSpecific.swift:33:36: error: cannot find type 'ThreadOpsSystem' in scope
 31 |
 32 |     private class Key {
 33 |         private var underlyingKey: ThreadOpsSystem.ThreadSpecificKey
    |                                    `- error: cannot find type 'ThreadOpsSystem' in scope
 34 |
 35 |         internal init(destructor: @escaping ThreadOpsSystem.ThreadSpecificKeyDestructor) {
/host/spi-builder-workspace/.build/checkouts/swift-crypto/Sources/CryptoExtras/Util/ThreadSpecific/ThreadSpecific.swift:35:45: error: cannot find type 'ThreadOpsSystem' in scope
 33 |         private var underlyingKey: ThreadOpsSystem.ThreadSpecificKey
 34 |
 35 |         internal init(destructor: @escaping ThreadOpsSystem.ThreadSpecificKeyDestructor) {
    |                                             `- error: cannot find type 'ThreadOpsSystem' in scope
 36 |             self.underlyingKey = ThreadOpsSystem.allocateThreadSpecificValue(destructor: destructor)
 37 |         }
/host/spi-builder-workspace/.build/checkouts/swift-crypto/Sources/CryptoExtras/Util/ThreadSpecific/ThreadSpecific.swift:35:35: error: '@escaping' only applies to function types
 33 |         private var underlyingKey: ThreadOpsSystem.ThreadSpecificKey
 34 |
 35 |         internal init(destructor: @escaping ThreadOpsSystem.ThreadSpecificKeyDestructor) {
    |                                   `- error: '@escaping' only applies to function types
 36 |             self.underlyingKey = ThreadOpsSystem.allocateThreadSpecificValue(destructor: destructor)
 37 |         }
/host/spi-builder-workspace/.build/checkouts/swift-crypto/Sources/CryptoExtras/Util/ThreadSpecific/ThreadSpecific.swift:36:34: error: cannot find 'ThreadOpsSystem' in scope
 34 |
 35 |         internal init(destructor: @escaping ThreadOpsSystem.ThreadSpecificKeyDestructor) {
 36 |             self.underlyingKey = ThreadOpsSystem.allocateThreadSpecificValue(destructor: destructor)
    |                                  `- error: cannot find 'ThreadOpsSystem' in scope
 37 |         }
 38 |
/host/spi-builder-workspace/.build/checkouts/swift-crypto/Sources/CryptoExtras/Util/ThreadSpecific/ThreadSpecific.swift:40:13: error: cannot find 'ThreadOpsSystem' in scope
 38 |
 39 |         deinit {
 40 |             ThreadOpsSystem.deallocateThreadSpecificValue(self.underlyingKey)
    |             `- error: cannot find 'ThreadOpsSystem' in scope
 41 |         }
 42 |
/host/spi-builder-workspace/.build/checkouts/swift-crypto/Sources/CryptoExtras/Util/ThreadSpecific/ThreadSpecific.swift:44:13: error: cannot find 'ThreadOpsSystem' in scope
 42 |
 43 |         func get() -> UnsafeMutableRawPointer? {
 44 |             ThreadOpsSystem.getThreadSpecificValue(self.underlyingKey)
    |             `- error: cannot find 'ThreadOpsSystem' in scope
 45 |         }
 46 |
/host/spi-builder-workspace/.build/checkouts/swift-crypto/Sources/CryptoExtras/Util/ThreadSpecific/ThreadSpecific.swift:48:13: error: cannot find 'ThreadOpsSystem' in scope
 46 |
 47 |         func set(value: UnsafeMutableRawPointer?) {
 48 |             ThreadOpsSystem.setThreadSpecificValue(key: self.underlyingKey, value: value)
    |             `- error: cannot find 'ThreadOpsSystem' in scope
 49 |         }
 50 |     }
[568/606] Compiling CryptoExtras DLEQ.swift
/host/spi-builder-workspace/.build/checkouts/swift-crypto/Sources/CryptoExtras/Util/ThreadSpecific/ThreadSpecific.swift:33:36: error: cannot find type 'ThreadOpsSystem' in scope
 31 |
 32 |     private class Key {
 33 |         private var underlyingKey: ThreadOpsSystem.ThreadSpecificKey
    |                                    `- error: cannot find type 'ThreadOpsSystem' in scope
 34 |
 35 |         internal init(destructor: @escaping ThreadOpsSystem.ThreadSpecificKeyDestructor) {
/host/spi-builder-workspace/.build/checkouts/swift-crypto/Sources/CryptoExtras/Util/ThreadSpecific/ThreadSpecific.swift:35:45: error: cannot find type 'ThreadOpsSystem' in scope
 33 |         private var underlyingKey: ThreadOpsSystem.ThreadSpecificKey
 34 |
 35 |         internal init(destructor: @escaping ThreadOpsSystem.ThreadSpecificKeyDestructor) {
    |                                             `- error: cannot find type 'ThreadOpsSystem' in scope
 36 |             self.underlyingKey = ThreadOpsSystem.allocateThreadSpecificValue(destructor: destructor)
 37 |         }
/host/spi-builder-workspace/.build/checkouts/swift-crypto/Sources/CryptoExtras/Util/ThreadSpecific/ThreadSpecific.swift:35:35: error: '@escaping' only applies to function types
 33 |         private var underlyingKey: ThreadOpsSystem.ThreadSpecificKey
 34 |
 35 |         internal init(destructor: @escaping ThreadOpsSystem.ThreadSpecificKeyDestructor) {
    |                                   `- error: '@escaping' only applies to function types
 36 |             self.underlyingKey = ThreadOpsSystem.allocateThreadSpecificValue(destructor: destructor)
 37 |         }
/host/spi-builder-workspace/.build/checkouts/swift-crypto/Sources/CryptoExtras/Util/ThreadSpecific/ThreadSpecific.swift:36:34: error: cannot find 'ThreadOpsSystem' in scope
 34 |
 35 |         internal init(destructor: @escaping ThreadOpsSystem.ThreadSpecificKeyDestructor) {
 36 |             self.underlyingKey = ThreadOpsSystem.allocateThreadSpecificValue(destructor: destructor)
    |                                  `- error: cannot find 'ThreadOpsSystem' in scope
 37 |         }
 38 |
/host/spi-builder-workspace/.build/checkouts/swift-crypto/Sources/CryptoExtras/Util/ThreadSpecific/ThreadSpecific.swift:40:13: error: cannot find 'ThreadOpsSystem' in scope
 38 |
 39 |         deinit {
 40 |             ThreadOpsSystem.deallocateThreadSpecificValue(self.underlyingKey)
    |             `- error: cannot find 'ThreadOpsSystem' in scope
 41 |         }
 42 |
/host/spi-builder-workspace/.build/checkouts/swift-crypto/Sources/CryptoExtras/Util/ThreadSpecific/ThreadSpecific.swift:44:13: error: cannot find 'ThreadOpsSystem' in scope
 42 |
 43 |         func get() -> UnsafeMutableRawPointer? {
 44 |             ThreadOpsSystem.getThreadSpecificValue(self.underlyingKey)
    |             `- error: cannot find 'ThreadOpsSystem' in scope
 45 |         }
 46 |
/host/spi-builder-workspace/.build/checkouts/swift-crypto/Sources/CryptoExtras/Util/ThreadSpecific/ThreadSpecific.swift:48:13: error: cannot find 'ThreadOpsSystem' in scope
 46 |
 47 |         func set(value: UnsafeMutableRawPointer?) {
 48 |             ThreadOpsSystem.setThreadSpecificValue(key: self.underlyingKey, value: value)
    |             `- error: cannot find 'ThreadOpsSystem' in scope
 49 |         }
 50 |     }
[569/606] Compiling CryptoExtras Prover.swift
/host/spi-builder-workspace/.build/checkouts/swift-crypto/Sources/CryptoExtras/Util/ThreadSpecific/ThreadSpecific.swift:33:36: error: cannot find type 'ThreadOpsSystem' in scope
 31 |
 32 |     private class Key {
 33 |         private var underlyingKey: ThreadOpsSystem.ThreadSpecificKey
    |                                    `- error: cannot find type 'ThreadOpsSystem' in scope
 34 |
 35 |         internal init(destructor: @escaping ThreadOpsSystem.ThreadSpecificKeyDestructor) {
/host/spi-builder-workspace/.build/checkouts/swift-crypto/Sources/CryptoExtras/Util/ThreadSpecific/ThreadSpecific.swift:35:45: error: cannot find type 'ThreadOpsSystem' in scope
 33 |         private var underlyingKey: ThreadOpsSystem.ThreadSpecificKey
 34 |
 35 |         internal init(destructor: @escaping ThreadOpsSystem.ThreadSpecificKeyDestructor) {
    |                                             `- error: cannot find type 'ThreadOpsSystem' in scope
 36 |             self.underlyingKey = ThreadOpsSystem.allocateThreadSpecificValue(destructor: destructor)
 37 |         }
/host/spi-builder-workspace/.build/checkouts/swift-crypto/Sources/CryptoExtras/Util/ThreadSpecific/ThreadSpecific.swift:35:35: error: '@escaping' only applies to function types
 33 |         private var underlyingKey: ThreadOpsSystem.ThreadSpecificKey
 34 |
 35 |         internal init(destructor: @escaping ThreadOpsSystem.ThreadSpecificKeyDestructor) {
    |                                   `- error: '@escaping' only applies to function types
 36 |             self.underlyingKey = ThreadOpsSystem.allocateThreadSpecificValue(destructor: destructor)
 37 |         }
/host/spi-builder-workspace/.build/checkouts/swift-crypto/Sources/CryptoExtras/Util/ThreadSpecific/ThreadSpecific.swift:36:34: error: cannot find 'ThreadOpsSystem' in scope
 34 |
 35 |         internal init(destructor: @escaping ThreadOpsSystem.ThreadSpecificKeyDestructor) {
 36 |             self.underlyingKey = ThreadOpsSystem.allocateThreadSpecificValue(destructor: destructor)
    |                                  `- error: cannot find 'ThreadOpsSystem' in scope
 37 |         }
 38 |
/host/spi-builder-workspace/.build/checkouts/swift-crypto/Sources/CryptoExtras/Util/ThreadSpecific/ThreadSpecific.swift:40:13: error: cannot find 'ThreadOpsSystem' in scope
 38 |
 39 |         deinit {
 40 |             ThreadOpsSystem.deallocateThreadSpecificValue(self.underlyingKey)
    |             `- error: cannot find 'ThreadOpsSystem' in scope
 41 |         }
 42 |
/host/spi-builder-workspace/.build/checkouts/swift-crypto/Sources/CryptoExtras/Util/ThreadSpecific/ThreadSpecific.swift:44:13: error: cannot find 'ThreadOpsSystem' in scope
 42 |
 43 |         func get() -> UnsafeMutableRawPointer? {
 44 |             ThreadOpsSystem.getThreadSpecificValue(self.underlyingKey)
    |             `- error: cannot find 'ThreadOpsSystem' in scope
 45 |         }
 46 |
/host/spi-builder-workspace/.build/checkouts/swift-crypto/Sources/CryptoExtras/Util/ThreadSpecific/ThreadSpecific.swift:48:13: error: cannot find 'ThreadOpsSystem' in scope
 46 |
 47 |         func set(value: UnsafeMutableRawPointer?) {
 48 |             ThreadOpsSystem.setThreadSpecificValue(key: self.underlyingKey, value: value)
    |             `- error: cannot find 'ThreadOpsSystem' in scope
 49 |         }
 50 |     }
[570/606] Compiling CryptoExtras Verifier.swift
/host/spi-builder-workspace/.build/checkouts/swift-crypto/Sources/CryptoExtras/Util/ThreadSpecific/ThreadSpecific.swift:33:36: error: cannot find type 'ThreadOpsSystem' in scope
 31 |
 32 |     private class Key {
 33 |         private var underlyingKey: ThreadOpsSystem.ThreadSpecificKey
    |                                    `- error: cannot find type 'ThreadOpsSystem' in scope
 34 |
 35 |         internal init(destructor: @escaping ThreadOpsSystem.ThreadSpecificKeyDestructor) {
/host/spi-builder-workspace/.build/checkouts/swift-crypto/Sources/CryptoExtras/Util/ThreadSpecific/ThreadSpecific.swift:35:45: error: cannot find type 'ThreadOpsSystem' in scope
 33 |         private var underlyingKey: ThreadOpsSystem.ThreadSpecificKey
 34 |
 35 |         internal init(destructor: @escaping ThreadOpsSystem.ThreadSpecificKeyDestructor) {
    |                                             `- error: cannot find type 'ThreadOpsSystem' in scope
 36 |             self.underlyingKey = ThreadOpsSystem.allocateThreadSpecificValue(destructor: destructor)
 37 |         }
/host/spi-builder-workspace/.build/checkouts/swift-crypto/Sources/CryptoExtras/Util/ThreadSpecific/ThreadSpecific.swift:35:35: error: '@escaping' only applies to function types
 33 |         private var underlyingKey: ThreadOpsSystem.ThreadSpecificKey
 34 |
 35 |         internal init(destructor: @escaping ThreadOpsSystem.ThreadSpecificKeyDestructor) {
    |                                   `- error: '@escaping' only applies to function types
 36 |             self.underlyingKey = ThreadOpsSystem.allocateThreadSpecificValue(destructor: destructor)
 37 |         }
/host/spi-builder-workspace/.build/checkouts/swift-crypto/Sources/CryptoExtras/Util/ThreadSpecific/ThreadSpecific.swift:36:34: error: cannot find 'ThreadOpsSystem' in scope
 34 |
 35 |         internal init(destructor: @escaping ThreadOpsSystem.ThreadSpecificKeyDestructor) {
 36 |             self.underlyingKey = ThreadOpsSystem.allocateThreadSpecificValue(destructor: destructor)
    |                                  `- error: cannot find 'ThreadOpsSystem' in scope
 37 |         }
 38 |
/host/spi-builder-workspace/.build/checkouts/swift-crypto/Sources/CryptoExtras/Util/ThreadSpecific/ThreadSpecific.swift:40:13: error: cannot find 'ThreadOpsSystem' in scope
 38 |
 39 |         deinit {
 40 |             ThreadOpsSystem.deallocateThreadSpecificValue(self.underlyingKey)
    |             `- error: cannot find 'ThreadOpsSystem' in scope
 41 |         }
 42 |
/host/spi-builder-workspace/.build/checkouts/swift-crypto/Sources/CryptoExtras/Util/ThreadSpecific/ThreadSpecific.swift:44:13: error: cannot find 'ThreadOpsSystem' in scope
 42 |
 43 |         func get() -> UnsafeMutableRawPointer? {
 44 |             ThreadOpsSystem.getThreadSpecificValue(self.underlyingKey)
    |             `- error: cannot find 'ThreadOpsSystem' in scope
 45 |         }
 46 |
/host/spi-builder-workspace/.build/checkouts/swift-crypto/Sources/CryptoExtras/Util/ThreadSpecific/ThreadSpecific.swift:48:13: error: cannot find 'ThreadOpsSystem' in scope
 46 |
 47 |         func set(value: UnsafeMutableRawPointer?) {
 48 |             ThreadOpsSystem.setThreadSpecificValue(key: self.underlyingKey, value: value)
    |             `- error: cannot find 'ThreadOpsSystem' in scope
 49 |         }
 50 |     }
[571/606] Compiling CryptoExtras ZKPToolbox.swift
/host/spi-builder-workspace/.build/checkouts/swift-crypto/Sources/CryptoExtras/Util/ThreadSpecific/ThreadSpecific.swift:33:36: error: cannot find type 'ThreadOpsSystem' in scope
 31 |
 32 |     private class Key {
 33 |         private var underlyingKey: ThreadOpsSystem.ThreadSpecificKey
    |                                    `- error: cannot find type 'ThreadOpsSystem' in scope
 34 |
 35 |         internal init(destructor: @escaping ThreadOpsSystem.ThreadSpecificKeyDestructor) {
/host/spi-builder-workspace/.build/checkouts/swift-crypto/Sources/CryptoExtras/Util/ThreadSpecific/ThreadSpecific.swift:35:45: error: cannot find type 'ThreadOpsSystem' in scope
 33 |         private var underlyingKey: ThreadOpsSystem.ThreadSpecificKey
 34 |
 35 |         internal init(destructor: @escaping ThreadOpsSystem.ThreadSpecificKeyDestructor) {
    |                                             `- error: cannot find type 'ThreadOpsSystem' in scope
 36 |             self.underlyingKey = ThreadOpsSystem.allocateThreadSpecificValue(destructor: destructor)
 37 |         }
/host/spi-builder-workspace/.build/checkouts/swift-crypto/Sources/CryptoExtras/Util/ThreadSpecific/ThreadSpecific.swift:35:35: error: '@escaping' only applies to function types
 33 |         private var underlyingKey: ThreadOpsSystem.ThreadSpecificKey
 34 |
 35 |         internal init(destructor: @escaping ThreadOpsSystem.ThreadSpecificKeyDestructor) {
    |                                   `- error: '@escaping' only applies to function types
 36 |             self.underlyingKey = ThreadOpsSystem.allocateThreadSpecificValue(destructor: destructor)
 37 |         }
/host/spi-builder-workspace/.build/checkouts/swift-crypto/Sources/CryptoExtras/Util/ThreadSpecific/ThreadSpecific.swift:36:34: error: cannot find 'ThreadOpsSystem' in scope
 34 |
 35 |         internal init(destructor: @escaping ThreadOpsSystem.ThreadSpecificKeyDestructor) {
 36 |             self.underlyingKey = ThreadOpsSystem.allocateThreadSpecificValue(destructor: destructor)
    |                                  `- error: cannot find 'ThreadOpsSystem' in scope
 37 |         }
 38 |
/host/spi-builder-workspace/.build/checkouts/swift-crypto/Sources/CryptoExtras/Util/ThreadSpecific/ThreadSpecific.swift:40:13: error: cannot find 'ThreadOpsSystem' in scope
 38 |
 39 |         deinit {
 40 |             ThreadOpsSystem.deallocateThreadSpecificValue(self.underlyingKey)
    |             `- error: cannot find 'ThreadOpsSystem' in scope
 41 |         }
 42 |
/host/spi-builder-workspace/.build/checkouts/swift-crypto/Sources/CryptoExtras/Util/ThreadSpecific/ThreadSpecific.swift:44:13: error: cannot find 'ThreadOpsSystem' in scope
 42 |
 43 |         func get() -> UnsafeMutableRawPointer? {
 44 |             ThreadOpsSystem.getThreadSpecificValue(self.underlyingKey)
    |             `- error: cannot find 'ThreadOpsSystem' in scope
 45 |         }
 46 |
/host/spi-builder-workspace/.build/checkouts/swift-crypto/Sources/CryptoExtras/Util/ThreadSpecific/ThreadSpecific.swift:48:13: error: cannot find 'ThreadOpsSystem' in scope
 46 |
 47 |         func set(value: UnsafeMutableRawPointer?) {
 48 |             ThreadOpsSystem.setThreadSpecificValue(key: self.underlyingKey, value: value)
    |             `- error: cannot find 'ThreadOpsSystem' in scope
 49 |         }
 50 |     }
[572/606] Compiling CryptoExtras PBKDF2.swift
[573/606] Compiling CryptoExtras Scrypt_boring.swift
[574/606] Compiling CryptoExtras Scrypt.swift
[575/606] Compiling CryptoExtras OPRF.swift
[576/606] Compiling CryptoExtras OPRFClient.swift
[577/606] Compiling CryptoExtras OPRFServer.swift
[578/606] Compiling CryptoExtras VOPRF+API.swift
[579/606] Compiling CryptoExtras VOPRFClient.swift
[580/606] Compiling CryptoExtras VOPRFServer.swift
[581/606] Compiling CryptoExtras CMAC.swift
[582/606] Compiling CryptoExtras ARC+API.swift
[583/606] Compiling CryptoExtras ARC.swift
[584/606] Compiling CryptoExtras ARCCredential.swift
[585/606] Compiling CryptoExtras ARCEncoding.swift
[586/606] Compiling CryptoExtras ARCPrecredential.swift
[587/606] Compiling CryptoExtras ARCPresentation.swift
[588/606] Compiling CryptoExtras ARCRequest.swift
[589/606] Compiling CryptoExtras ARCResponse.swift
[590/606] Compiling CryptoExtras AES_CBC.swift
[591/606] Compiling CryptoExtras AES_CFB.swift
[592/606] Compiling CryptoExtras AES_CTR.swift
[593/606] Compiling CryptoExtras AES_GCM_SIV.swift
[594/606] Compiling CryptoExtras Block Function.swift
[595/606] Compiling CryptoExtras AES_CBC_boring.swift
[596/606] Compiling CryptoExtras AES_CFB_boring.swift
[597/606] Compiling CryptoExtras AES_CTR_boring.swift
[598/606] Compiling CryptoExtras AES_GCM_SIV_boring.swift
[599/606] Compiling CryptoExtras BoringSSLPassphraseCallbackManager.swift
[600/606] Compiling CryptoExtras RSA+BlindSigning.swift
[601/606] Compiling CryptoExtras RSA.swift
[602/606] Compiling CryptoExtras RSA_boring.swift
[603/606] Compiling CryptoExtras Reexport.swift
[604/606] Compiling CryptoExtras Zeroization_boring.swift
[605/606] Compiling CryptoExtras BoringSSLHelpers.swift
[606/606] Compiling CryptoExtras CryptoKitErrors_boring.swift
BUILD FAILURE 6.3 wasm