The Swift Package Index logo.Swift Package Index

Build Information

Failed to build Project7IIIScreenshots, reference main (cc3f33), with Swift 6.4 for Wasm on 25 Sep 2026 17:52:41 UTC.

Build Command

bash -c docker run --pull=always --rm -v "checkouts-54344845-2":/host -w "$PWD" -e JAVA_HOME="/root/.sdkman/candidates/java/current" -e SPI_BUILD="1" -e SPI_PROCESSING="1" registry.gitlab.com/saguaro1/spi-images:wasm-6.4-latest swift build --swift-sdk swift-6.4.x-DEVELOPMENT-SNAPSHOT-2026-09-04-a_wasm 2>&1

Build Log

========================================
RunAll
========================================
Builder version: 5.1.0
Interrupt handler set up.
========================================
Checkout
========================================
Clone URL: https://github.com/nilsmango/project7III-Screenshots.git
Reference: main
Initialized empty Git repository in /host/spi-builder-workspace/.git/
hint: Using 'master' as the name for the initial branch. This default branch name
hint: is subject to change. To configure the initial branch name to use in all
hint: of your new repositories, which will suppress this warning, call:
hint:
hint: 	git config --global init.defaultBranch <name>
hint:
hint: Names commonly chosen instead of 'master' are 'main', 'trunk' and
hint: 'development'. The just-created branch can be renamed via this command:
hint:
hint: 	git branch -m <name>
From https://github.com/nilsmango/project7III-Screenshots
 * branch            main       -> FETCH_HEAD
 * [new branch]      main       -> origin/main
HEAD is now at cc3f336 Fixed readme info about bezels
Cloned https://github.com/nilsmango/project7III-Screenshots.git
Revision (git rev-parse @):
cc3f33669d6f18bb757bdc71e5da6762baa38f68
SUCCESS checkout https://github.com/nilsmango/project7III-Screenshots.git at main
========================================
Build
========================================
Selected platform:         wasm
Swift version:             6.4
Building package at path:  $PWD
https://github.com/nilsmango/project7III-Screenshots.git
Running build ...
bash -c docker run --pull=always --rm -v "checkouts-54344845-2":/host -w "$PWD" -e JAVA_HOME="/root/.sdkman/candidates/java/current" -e SPI_BUILD="1" -e SPI_PROCESSING="1" registry.gitlab.com/saguaro1/spi-images:wasm-6.4-latest swift build --swift-sdk swift-6.4.x-DEVELOPMENT-SNAPSHOT-2026-09-04-a_wasm 2>&1
wasm-6.4-latest: Pulling from saguaro1/spi-images
Digest: sha256:4328fdb43c680d205c1d6761b1e3267aa38277eefdda9ddfb17b6a0f1a77857a
Status: Image is up to date for registry.gitlab.com/saguaro1/spi-images:wasm-6.4-latest
warning: No bezels found in /root/.cache/com.nilsmango.Project7IIIScreenshots/AppleDesignResource. Please run the command to download bezels first.
 "swift run Project7IIIScreenshotsCLI download-bezel-image"
Building for debugging...
[Pre-planning 1 / 239]
[Starting]
error: SwiftCompile normal wasm32 failed with a nonzero exit code. Command line:     cd /host

/host/spi-builder-workspace/Sources/Project7IIIScreenshotsCLI/RSSHandler.swift:19:67: error: type 'URLSession' (aka 'AnyObject') has no member 'shared'
17 |     let urlSession: URLSessionProtocol
18 |
19 |     init(rssURL: URL, urlSession: URLSessionProtocol = URLSession.shared) {
   |                                                                   `- error: type 'URLSession' (aka 'AnyObject') has no member 'shared'
20 |         self.rssURL = rssURL
21 |         self.urlSession = urlSession
/host/spi-builder-workspace/Sources/Project7IIIScreenshotsCLI/BezelImageDownloader.swift:29:53: error: type 'URLSession' (aka 'AnyObject') has no member 'shared'
 27 |         dmgHandler: ((URL) -> DMGHandlerProtocol) = { DMGHandler(mountPointURL: $0) },
 28 |         shell: (() -> ShellProtocol) = { Shell() },
 29 |         urlSession: URLSessionProtocol = URLSession.shared,
    |                                                     `- error: type 'URLSession' (aka 'AnyObject') has no member 'shared'
 30 |         additionalDMGURLs: [URL] = []
 31 |     ) {
/host/spi-builder-workspace/Sources/Project7IIIScreenshotsCLI/URLSession+Protocol.swift:13:53: error: 'URLResponse' is unavailable: This type has moved to the FoundationNetworking module. Import that module to use it.
11 | /// Implement this protocol in types that need to perform network requests, such as `URLSession` or mock objects in test cases.
12 | protocol URLSessionProtocol {
13 |     func data(from url: URL) async throws -> (Data, URLResponse)
   |                                                     `- error: 'URLResponse' is unavailable: This type has moved to the FoundationNetworking module. Import that module to use it.
14 | }
15 |
Foundation.URLResponse:2:18: note: 'URLResponse' has been explicitly marked unavailable here
1 | @available(*, unavailable, message: "This type has moved to the FoundationNetworking module. Import that module to use it.")
2 | public typealias URLResponse = AnyObject
  |                  `- note: 'URLResponse' has been explicitly marked unavailable here
/host/spi-builder-workspace/Sources/Project7IIIScreenshotsCLI/URLSession+Protocol.swift:16:1: error: non-nominal type 'URLSession' (aka 'AnyObject') cannot be extended [#]8;;https://docs.swift.org/compiler/documentation/diagnostics/nominal-types\NominalTypes]8;;\]
14 | }
15 |
16 | extension URLSession: URLSessionProtocol {}
   | `- error: non-nominal type 'URLSession' (aka 'AnyObject') cannot be extended [#]8;;https://docs.swift.org/compiler/documentation/diagnostics/nominal-types\NominalTypes]8;;\]
17 |
[#NominalTypes]: <https://docs.swift.org/compiler/documentation/diagnostics/nominal-types>
Failed frontend command:
/usr/bin/swift-frontend -frontend -emit-module -experimental-skip-non-inlinable-function-bodies-without-types /host/spi-builder-workspace/Sources/Project7IIIScreenshotsCLI/ArgumentsParser.swift /host/spi-builder-workspace/Sources/Project7IIIScreenshotsCLI/BezelImageDownloader.swift /host/spi-builder-workspace/Sources/Project7IIIScreenshotsCLI/CLIError.swift /host/spi-builder-workspace/Sources/Project7IIIScreenshotsCLI/DMGHandler.swift /host/spi-builder-workspace/Sources/Project7IIIScreenshotsCLI/FileManager+Protocol.swift /host/spi-builder-workspace/Sources/Project7IIIScreenshotsCLI/Project7IIIScreenshotsCLI.swift /host/spi-builder-workspace/Sources/Project7IIIScreenshotsCLI/RSSHandler.swift /host/spi-builder-workspace/Sources/Project7IIIScreenshotsCLI/Shell.swift /host/spi-builder-workspace/Sources/Project7IIIScreenshotsCLI/SketchDocument.swift /host/spi-builder-workspace/Sources/Project7IIIScreenshotsCLI/URLSession+Protocol.swift -target wasm32-unknown-wasip1 -disable-objc-interop -sdk /root/.swiftpm/swift-sdks/swift-6.4.x-DEVELOPMENT-SNAPSHOT-2026-09-04-a_wasm.artifactbundle/swift-6.4.x-DEVELOPMENT-SNAPSHOT-2026-09-04-a_wasm/wasm32-unknown-wasip1/WASI.sdk -sysroot /root/.swiftpm/swift-sdks/swift-6.4.x-DEVELOPMENT-SNAPSHOT-2026-09-04-a_wasm.artifactbundle/swift-6.4.x-DEVELOPMENT-SNAPSHOT-2026-09-04-a_wasm/wasm32-unknown-wasip1/WASI.sdk -I /host/spi-builder-workspace/.build/out/Products/Debug-webassembly-wasm32 -module-cache-path /host/spi-builder-workspace/.build/out/ModuleCache.noindex -color-diagnostics -Xcc -fcolor-diagnostics -enable-testing -g -debug-info-format\=dwarf -dwarf-version\=4 -swift-version 6 -Onone -D SWIFT_PACKAGE -D DEBUG -D Xcode -serialize-debugging-options -enable-experimental-feature DebugDescriptionMacro -empty-abi-descriptor -external-plugin-path /usr/lib/swift/host/plugins/testing\#/usr/bin/swift-plugin-server -validate-clang-modules-once -clang-build-session-file /host/spi-builder-workspace/.build/out/ModuleCache.noindex/Session.modulevalidation -Xcc -working-directory -Xcc /host -resource-dir /root/.swiftpm/swift-sdks/swift-6.4.x-DEVELOPMENT-SNAPSHOT-2026-09-04-a_wasm.artifactbundle/swift-6.4.x-DEVELOPMENT-SNAPSHOT-2026-09-04-a_wasm/wasm32-unknown-wasip1/swift.xctoolchain/usr/lib/swift_static -use-static-resource-dir -enable-anonymous-context-mangled-names -file-compilation-dir /host -Xcc -resource-dir -Xcc /root/.swiftpm/swift-sdks/swift-6.4.x-DEVELOPMENT-SNAPSHOT-2026-09-04-a_wasm.artifactbundle/swift-6.4.x-DEVELOPMENT-SNAPSHOT-2026-09-04-a_wasm/wasm32-unknown-wasip1/swift.xctoolchain/usr/lib/swift_static/clang -Xcc -D_LIBCPP_HARDENING_MODE\=_LIBCPP_HARDENING_MODE_DEBUG -Xcc -fmodules-prune-interval\=86400 -Xcc -fmodules-prune-after\=345600 -Xcc -I/host/spi-builder-workspace/.build/out/Products/Debug-webassembly-wasm32/include -Xcc -I/host/spi-builder-workspace/.build/out/Intermediates.noindex/Project7IIIScreenshots.build/Debug-webassembly-wasm32/Project7IIIScreenshotsCLI-p.build/DerivedSources-normal/wasm32 -Xcc -I/host/spi-builder-workspace/.build/out/Intermediates.noindex/Project7IIIScreenshots.build/Debug-webassembly-wasm32/Project7IIIScreenshotsCLI-p.build/DerivedSources/wasm32 -Xcc -I/host/spi-builder-workspace/.build/out/Intermediates.noindex/Project7IIIScreenshots.build/Debug-webassembly-wasm32/Project7IIIScreenshotsCLI-p.build/DerivedSources -Xcc -DSWIFT_PACKAGE -Xcc -DDEBUG\=1 -no-auto-bridging-header-chaining -module-name Project7IIIScreenshotsCLI -package-name spi_builder_workspace -const-gather-protocols-file /host/spi-builder-workspace/.build/out/Intermediates.noindex/Project7IIIScreenshots.build/Debug-webassembly-wasm32/Project7IIIScreenshotsCLI-p.build/Objects-normal/wasm32/Project7IIIScreenshotsCLI_const_extract_protocols.json -in-process-plugin-server-path /usr/lib/swift/host/libSwiftInProcPluginServer.so -plugin-path /usr/lib/swift/host/plugins -plugin-path /usr/local/lib/swift/host/plugins -emit-module-doc-path /host/spi-builder-workspace/.build/out/Intermediates.noindex/Project7IIIScreenshots.build/Debug-webassembly-wasm32/Project7IIIScreenshotsCLI-p.build/Objects-normal/wasm32/Modules/Project7IIIScreenshotsCLI.swiftdoc -emit-module-source-info-path /host/spi-builder-workspace/.build/out/Intermediates.noindex/Project7IIIScreenshots.build/Debug-webassembly-wasm32/Project7IIIScreenshotsCLI-p.build/Objects-normal/wasm32/Modules/Project7IIIScreenshotsCLI.swiftsourceinfo -serialize-diagnostics-path /host/spi-builder-workspace/.build/out/Intermediates.noindex/Project7IIIScreenshots.build/Debug-webassembly-wasm32/Project7IIIScreenshotsCLI-p.build/Objects-normal/wasm32/Project7IIIScreenshotsCLI-primary-emit-module.dia -emit-dependencies-path /host/spi-builder-workspace/.build/out/Intermediates.noindex/Project7IIIScreenshots.build/Debug-webassembly-wasm32/Project7IIIScreenshotsCLI-p.build/Objects-normal/wasm32/Project7IIIScreenshotsCLI-primary-emit-module.d -parse-as-library -o /host/spi-builder-workspace/.build/out/Intermediates.noindex/Project7IIIScreenshots.build/Debug-webassembly-wasm32/Project7IIIScreenshotsCLI-p.build/Objects-normal/wasm32/Modules/Project7IIIScreenshotsCLI.swiftmodule
[55 / 90] Project7IIIScreenshotCore
error: Build failed
BUILD FAILURE 6.4 wasm