Build Information
Failed to build GoogleCloudBlockChainNodeEngineV1, reference 0.5.0 (4795cf), with Swift 6.2 for Android on 11 Oct 2026 04:59:55 UTC.
Build Command
bash -c docker run --pull=always --rm -v "checkouts-54344849-0":/host -w "$PWD" -e JAVA_HOME="/root/.sdkman/candidates/java/current" -e SPI_BUILD="1" -e SPI_PROCESSING="1" registry.gitlab.com/saguaro1/spi-images:android-6.2-latest swift build --swift-sdk aarch64-unknown-linux-android28 2>&1Build Log
========================================
RunAll
========================================
Builder version: 5.1.1
Interrupt handler set up.
========================================
Checkout
========================================
Clone URL: https://github.com/googleapis/swift-google-cloud-blockchainnodeengine-v1.git
Reference: 0.5.0
Initialized empty Git repository in /host/spi-builder-workspace/.git/
hint: Using 'master' as the name for the initial branch. This default branch name
hint: is subject to change. To configure the initial branch name to use in all
hint: of your new repositories, which will suppress this warning, call:
hint:
hint: git config --global init.defaultBranch <name>
hint:
hint: Names commonly chosen instead of 'master' are 'main', 'trunk' and
hint: 'development'. The just-created branch can be renamed via this command:
hint:
hint: git branch -m <name>
From https://github.com/googleapis/swift-google-cloud-blockchainnodeengine-v1
* tag 0.5.0 -> FETCH_HEAD
HEAD is now at 4795cf0 chore: release circa 2026-10-07 (#1382)
Cloned https://github.com/googleapis/swift-google-cloud-blockchainnodeengine-v1.git
Revision (git rev-parse @):
4795cf0c684b1a02259470d1053951f740d6af49
SPI manifest file found: $PWD/.spi.yml
SUCCESS checkout https://github.com/googleapis/swift-google-cloud-blockchainnodeengine-v1.git at 0.5.0
========================================
Build
========================================
Selected platform: android
Swift version: 6.2
Building package at path: $PWD
https://github.com/googleapis/swift-google-cloud-blockchainnodeengine-v1.git
Running build ...
bash -c docker run --pull=always --rm -v "checkouts-54344849-0":/host -w "$PWD" -e JAVA_HOME="/root/.sdkman/candidates/java/current" -e SPI_BUILD="1" -e SPI_PROCESSING="1" registry.gitlab.com/saguaro1/spi-images:android-6.2-latest swift build --swift-sdk aarch64-unknown-linux-android28 2>&1
android-6.2-latest: Pulling from saguaro1/spi-images
Digest: sha256:a839c9ce201f1dacc8eb056626ec7ab0a1c6d53d7b77c83feda395f4507c51be
Status: Image is up to date for registry.gitlab.com/saguaro1/spi-images:android-6.2-latest
Fetching https://github.com/googleapis/swift-google-cloud-location
Fetching https://github.com/apple/swift-log
Fetching https://github.com/googleapis/swift-google-wkt
Fetching https://github.com/googleapis/swift-google-longrunning
Fetching https://github.com/googleapis/swift-google-rpc
Fetching https://github.com/googleapis/swift-google-gax
[1/619] Fetching swift-google-longrunning
[280/8876] Fetching swift-google-longrunning, swift-log
[522/9428] Fetching swift-google-longrunning, swift-log, swift-google-cloud-location
[572/10451] Fetching swift-google-longrunning, swift-log, swift-google-cloud-location, swift-google-wkt
[665/10873] Fetching swift-google-longrunning, swift-log, swift-google-cloud-location, swift-google-wkt, swift-google-rpc
Fetched https://github.com/googleapis/swift-google-rpc from cache (0.39s)
[5250/10451] Fetching swift-google-longrunning, swift-log, swift-google-cloud-location, swift-google-wkt
Fetching https://github.com/googleapis/swift-google-auth
[10452/12199] Fetching swift-google-longrunning, swift-log, swift-google-cloud-location, swift-google-wkt, swift-google-gax
Fetched https://github.com/googleapis/swift-google-cloud-location from cache (0.50s)
Fetched https://github.com/googleapis/swift-google-longrunning from cache (0.50s)
Fetched https://github.com/googleapis/swift-google-wkt from cache (0.50s)
Fetched https://github.com/googleapis/swift-google-gax from cache (0.50s)
Fetched https://github.com/apple/swift-log from cache (0.50s)
[1/1023] Fetching swift-google-auth
Fetched https://github.com/googleapis/swift-google-auth from cache (0.41s)
Computing version for https://github.com/googleapis/swift-google-wkt
Computed https://github.com/googleapis/swift-google-wkt at 0.5.0 (0.95s)
Fetching https://github.com/swift-extras/swift-extras-base64
[1/954] Fetching swift-extras-base64
Fetched https://github.com/swift-extras/swift-extras-base64 from cache (0.39s)
Computing version for https://github.com/googleapis/swift-google-rpc
Computed https://github.com/googleapis/swift-google-rpc at 0.5.0 (0.54s)
Computing version for https://github.com/googleapis/swift-google-longrunning
Computed https://github.com/googleapis/swift-google-longrunning at 0.5.0 (0.14s)
Computing version for https://github.com/googleapis/swift-google-gax
Computed https://github.com/googleapis/swift-google-gax at 0.5.0 (0.15s)
Fetching https://github.com/apple/swift-nio
Fetching https://github.com/swift-server/async-http-client.git
[1/16464] Fetching async-http-client
[16465/102838] Fetching async-http-client, swift-nio
Fetched https://github.com/swift-server/async-http-client.git from cache (2.95s)
Fetched https://github.com/apple/swift-nio from cache (2.98s)
Computing version for https://github.com/googleapis/swift-google-cloud-location
Computed https://github.com/googleapis/swift-google-cloud-location at 0.5.0 (3.13s)
Computing version for https://github.com/googleapis/swift-google-auth
Computed https://github.com/googleapis/swift-google-auth at 0.5.0 (0.13s)
Fetching https://github.com/vapor/jwt-kit.git
Fetching https://github.com/apple/swift-system.git
[1/7241] Fetching swift-system
[7242/17495] Fetching swift-system, jwt-kit
Fetched https://github.com/apple/swift-system.git from cache (0.85s)
Fetched https://github.com/vapor/jwt-kit.git from cache (0.85s)
Computing version for https://github.com/swift-extras/swift-extras-base64
Computed https://github.com/swift-extras/swift-extras-base64 at 1.2.0 (0.98s)
Computing version for https://github.com/swift-server/async-http-client.git
Computed https://github.com/swift-server/async-http-client.git at 1.36.2 (0.15s)
Fetching https://github.com/apple/swift-service-context.git
Fetching https://github.com/apple/swift-configuration.git
Fetching https://github.com/apple/swift-atomics.git
Fetching https://github.com/apple/swift-nio-transport-services.git
Fetching https://github.com/apple/swift-nio-http2.git
Fetching https://github.com/apple/swift-distributed-tracing.git
[1/1500] Fetching swift-service-context
[76/3389] Fetching swift-service-context, swift-atomics
[152/6256] Fetching swift-service-context, swift-atomics, swift-nio-transport-services
[391/10184] Fetching swift-service-context, swift-atomics, swift-nio-transport-services, swift-configuration
[8968/16735] Fetching swift-service-context, swift-atomics, swift-nio-transport-services, swift-configuration, swift-distributed-tracing
Fetched https://github.com/apple/swift-nio-transport-services.git from cache (0.44s)
Fetching https://github.com/apple/swift-nio-ssl.git
[7449/13868] Fetching swift-service-context, swift-atomics, swift-configuration, swift-distributed-tracing
Fetched https://github.com/apple/swift-atomics.git from cache (0.47s)
[6084/11979] Fetching swift-service-context, swift-configuration, swift-distributed-tracing
Fetching https://github.com/apple/swift-nio-extras.git
[6543/24273] Fetching swift-service-context, swift-configuration, swift-distributed-tracing, swift-nio-http2
Fetched https://github.com/apple/swift-service-context.git from cache (0.48s)
Fetching https://github.com/apple/swift-algorithms.git
[5109/22773] Fetching swift-configuration, swift-distributed-tracing, swift-nio-http2
Fetched https://github.com/apple/swift-distributed-tracing.git from cache (0.58s)
[6756/16222] Fetching swift-configuration, swift-nio-http2
[16223/33093] Fetching swift-configuration, swift-nio-http2, swift-nio-ssl
[17067/39257] Fetching swift-configuration, swift-nio-http2, swift-nio-ssl, swift-algorithms
[17129/45960] Fetching swift-configuration, swift-nio-http2, swift-nio-ssl, swift-algorithms, swift-nio-extras
Fetched https://github.com/apple/swift-configuration.git from cache (0.90s)
[14516/42032] Fetching swift-nio-http2, swift-nio-ssl, swift-algorithms, swift-nio-extras
Fetched https://github.com/apple/swift-nio-http2.git from cache (0.91s)
[2536/29738] Fetching swift-nio-ssl, swift-algorithms, swift-nio-extras
Fetched https://github.com/apple/swift-algorithms.git from cache (0.51s)
[9909/23574] Fetching swift-nio-ssl, swift-nio-extras
Fetched https://github.com/apple/swift-nio-extras.git from cache (0.53s)
[3712/16871] Fetching swift-nio-ssl
Fetched https://github.com/apple/swift-nio-ssl.git from cache (1.09s)
Computing version for https://github.com/apple/swift-service-context.git
Computed https://github.com/apple/swift-service-context.git at 1.3.0 (1.68s)
Computing version for https://github.com/apple/swift-algorithms.git
Computed https://github.com/apple/swift-algorithms.git at 1.2.1 (0.85s)
Fetching https://github.com/apple/swift-numerics.git
[1/6728] Fetching swift-numerics
Fetched https://github.com/apple/swift-numerics.git from cache (0.56s)
Computing version for https://github.com/apple/swift-log
Computed https://github.com/apple/swift-log at 1.16.1 (0.71s)
Computing version for https://github.com/apple/swift-distributed-tracing.git
Computed https://github.com/apple/swift-distributed-tracing.git at 1.5.0 (0.13s)
Computing version for https://github.com/apple/swift-atomics.git
Computed https://github.com/apple/swift-atomics.git at 1.3.1 (0.13s)
Computing version for https://github.com/apple/swift-numerics.git
Computed https://github.com/apple/swift-numerics.git at 1.1.1 (0.12s)
Computing version for https://github.com/apple/swift-nio
Computed https://github.com/apple/swift-nio at 2.104.0 (0.32s)
Fetching https://github.com/apple/swift-collections.git
[1/28703] Fetching swift-collections
Fetched https://github.com/apple/swift-collections.git from cache (1.19s)
Computing version for https://github.com/apple/swift-configuration.git
Computed https://github.com/apple/swift-configuration.git at 1.2.2 (1.96s)
Fetching https://github.com/swift-server/swift-service-lifecycle
[1/2867] Fetching swift-service-lifecycle
Fetched https://github.com/swift-server/swift-service-lifecycle from cache (0.45s)
Computing version for https://github.com/apple/swift-nio-transport-services.git
Computed https://github.com/apple/swift-nio-transport-services.git at 1.28.0 (0.59s)
Computing version for https://github.com/swift-server/swift-service-lifecycle
Computed https://github.com/swift-server/swift-service-lifecycle at 2.12.1 (0.13s)
Fetching https://github.com/apple/swift-async-algorithms.git
[1/6820] Fetching swift-async-algorithms
Fetched https://github.com/apple/swift-async-algorithms.git from cache (0.54s)
Computing version for https://github.com/apple/swift-async-algorithms.git
Computed https://github.com/apple/swift-async-algorithms.git at 1.1.7 (0.73s)
Computing version for https://github.com/apple/swift-collections.git
Computed https://github.com/apple/swift-collections.git at 1.7.2 (0.22s)
Computing version for https://github.com/apple/swift-nio-http2.git
Computed https://github.com/apple/swift-nio-http2.git at 1.46.0 (0.14s)
Computing version for https://github.com/vapor/jwt-kit.git
Computed https://github.com/vapor/jwt-kit.git at 5.7.1 (0.12s)
Fetching https://github.com/apple/swift-certificates.git
Fetching https://github.com/apple/swift-crypto.git
[1/7609] Fetching swift-certificates
[7610/26238] Fetching swift-certificates, swift-crypto
Fetched https://github.com/apple/swift-certificates.git from cache (1.48s)
Fetched https://github.com/apple/swift-crypto.git from cache (1.49s)
Computing version for https://github.com/apple/swift-crypto.git
Computed https://github.com/apple/swift-crypto.git at 4.5.2 (2.08s)
Fetching https://github.com/apple/swift-asn1.git
[1/2009] Fetching swift-asn1
Fetched https://github.com/apple/swift-asn1.git from cache (0.44s)
Computing version for https://github.com/apple/swift-asn1.git
Computed https://github.com/apple/swift-asn1.git at 1.7.3 (0.61s)
Computing version for https://github.com/apple/swift-certificates.git
Computed https://github.com/apple/swift-certificates.git at 1.21.0 (0.19s)
Computing version for https://github.com/apple/swift-nio-ssl.git
Computed https://github.com/apple/swift-nio-ssl.git at 2.37.5 (0.18s)
Computing version for https://github.com/apple/swift-system.git
Computed https://github.com/apple/swift-system.git at 1.8.1 (0.17s)
Computing version for https://github.com/apple/swift-nio-extras.git
Computed https://github.com/apple/swift-nio-extras.git at 1.35.1 (0.25s)
Fetching https://github.com/apple/swift-http-types.git
Fetching https://github.com/apple/swift-http-structured-headers.git
[1/1939] Fetching swift-http-types
[2/3192] Fetching swift-http-types, swift-http-structured-headers
Fetched https://github.com/apple/swift-http-structured-headers.git from cache (0.39s)
Fetched https://github.com/apple/swift-http-types.git from cache (0.39s)
Computing version for https://github.com/apple/swift-http-structured-headers.git
Computed https://github.com/apple/swift-http-structured-headers.git at 1.7.0 (0.53s)
Computing version for https://github.com/apple/swift-http-types.git
Computed https://github.com/apple/swift-http-types.git at 1.8.0 (0.15s)
Creating working copy for https://github.com/apple/swift-http-structured-headers.git
Working copy of https://github.com/apple/swift-http-structured-headers.git resolved at 1.7.0
Creating working copy for https://github.com/apple/swift-log
Working copy of https://github.com/apple/swift-log resolved at 1.16.1
Creating working copy for https://github.com/apple/swift-nio-http2.git
Working copy of https://github.com/apple/swift-nio-http2.git resolved at 1.46.0
Creating working copy for https://github.com/apple/swift-numerics.git
Working copy of https://github.com/apple/swift-numerics.git resolved at 1.1.1
Creating working copy for https://github.com/apple/swift-nio-transport-services.git
Working copy of https://github.com/apple/swift-nio-transport-services.git resolved at 1.28.0
Creating working copy for https://github.com/apple/swift-system.git
Working copy of https://github.com/apple/swift-system.git resolved at 1.8.1
Creating working copy for https://github.com/swift-server/async-http-client.git
Working copy of https://github.com/swift-server/async-http-client.git resolved at 1.36.2
Creating working copy for https://github.com/googleapis/swift-google-gax
Working copy of https://github.com/googleapis/swift-google-gax resolved at 0.5.0
Creating working copy for https://github.com/apple/swift-service-context.git
Working copy of https://github.com/apple/swift-service-context.git resolved at 1.3.0
Creating working copy for https://github.com/swift-server/swift-service-lifecycle
Working copy of https://github.com/swift-server/swift-service-lifecycle resolved at 2.12.1
Creating working copy for https://github.com/apple/swift-asn1.git
Working copy of https://github.com/apple/swift-asn1.git resolved at 1.7.3
Creating working copy for https://github.com/apple/swift-algorithms.git
Working copy of https://github.com/apple/swift-algorithms.git resolved at 1.2.1
Creating working copy for https://github.com/apple/swift-nio
Working copy of https://github.com/apple/swift-nio resolved at 2.104.0
Creating working copy for https://github.com/apple/swift-configuration.git
Working copy of https://github.com/apple/swift-configuration.git resolved at 1.2.2
Creating working copy for https://github.com/googleapis/swift-google-auth
Working copy of https://github.com/googleapis/swift-google-auth resolved at 0.5.0
Creating working copy for https://github.com/googleapis/swift-google-cloud-location
Working copy of https://github.com/googleapis/swift-google-cloud-location resolved at 0.5.0
Creating working copy for https://github.com/apple/swift-certificates.git
Working copy of https://github.com/apple/swift-certificates.git resolved at 1.21.0
Creating working copy for https://github.com/apple/swift-async-algorithms.git
Working copy of https://github.com/apple/swift-async-algorithms.git resolved at 1.1.7
Creating working copy for https://github.com/apple/swift-collections.git
Working copy of https://github.com/apple/swift-collections.git resolved at 1.7.2
Creating working copy for https://github.com/apple/swift-distributed-tracing.git
Working copy of https://github.com/apple/swift-distributed-tracing.git resolved at 1.5.0
Creating working copy for https://github.com/googleapis/swift-google-longrunning
Working copy of https://github.com/googleapis/swift-google-longrunning resolved at 0.5.0
Creating working copy for https://github.com/googleapis/swift-google-wkt
Working copy of https://github.com/googleapis/swift-google-wkt resolved at 0.5.0
Creating working copy for https://github.com/googleapis/swift-google-rpc
Working copy of https://github.com/googleapis/swift-google-rpc resolved at 0.5.0
Creating working copy for https://github.com/apple/swift-nio-ssl.git
Working copy of https://github.com/apple/swift-nio-ssl.git resolved at 2.37.5
Creating working copy for https://github.com/swift-extras/swift-extras-base64
Working copy of https://github.com/swift-extras/swift-extras-base64 resolved at 1.2.0
Creating working copy for https://github.com/apple/swift-nio-extras.git
Working copy of https://github.com/apple/swift-nio-extras.git resolved at 1.35.1
Creating working copy for https://github.com/apple/swift-atomics.git
Working copy of https://github.com/apple/swift-atomics.git resolved at 1.3.1
Creating working copy for https://github.com/vapor/jwt-kit.git
Working copy of https://github.com/vapor/jwt-kit.git resolved at 5.7.1
Creating working copy for https://github.com/apple/swift-crypto.git
Working copy of https://github.com/apple/swift-crypto.git resolved at 4.5.2
Creating working copy for https://github.com/apple/swift-http-types.git
Working copy of https://github.com/apple/swift-http-types.git resolved at 1.8.0
Building for debugging...
[0/934] Compiling ghash-ssse3-x86-apple.S
[1/934] Compiling ghash-ssse3-x86-linux.S
[2/934] Compiling _NumericsShims _NumericsShims.c
[3/934] Write sources
[7/934] Compiling _AtomicsShims.c
[8/934] Write sources
[46/934] Write swift-version--11D90AFD9DD3AB2.txt
[46/934] Compiling CXKCPShims shims.c
[48/934] Compiling SimpleFIPS202.c
[49/934] Compiling KeccakSponge.c
[50/940] Compiling tasn_typ.cc
[50/940] Compiling posix_time.cc
[52/959] Compiling tasn_new.cc
[53/959] Compiling tasn_dec.cc
[54/959] Compiling asn1_compat.cc
[55/981] Compiling x_algor.cc
[57/1012] Emitting module RealModule
[58/1013] Emitting module InternalCollectionsUtilities
[59/1016] Compiling InternalCollectionsUtilities UInt+first and last set bit.swift
[60/1016] Compiling InternalCollectionsUtilities UInt+reversed.swift
[61/1018] Emitting module _CertificateInternals
[62/1018] Compiling _CertificateInternals _TinyArray.swift
[63/1019] Compiling InternalCollectionsUtilities Strideable+LimitHelpers.swift
[64/1019] Compiling InternalCollectionsUtilities String+Padding.swift
[67/1020] Compiling InternalCollectionsUtilities TemporaryAllocation.swift
[68/1020] Compiling InternalCollectionsUtilities _UnsafeBitSet+Index.swift
[70/1020] Compiling Logging LoggingSystem.swift
[71/1020] Compiling RealModule Float16+Real.swift
[72/1020] Compiling RealModule RealFunctions.swift
[73/1020] Emitting module _NIOBase64
[74/1020] Compiling _NIOBase64 Base64.swift
[75/1021] Compiling Logging Logger+Attributes.swift
[76/1021] Compiling InternalCollectionsUtilities FixedWidthInteger+roundUpToPowerOfTwo.swift
[77/1021] Compiling InternalCollectionsUtilities Integer rank.swift
[80/1021] Compiling InternalCollectionsUtilities UnsafeRawBufferPointer+Extras.swift
[81/1021] Compiling InternalCollectionsUtilities _SortedCollection.swift
[82/1021] Compiling InternalCollectionsUtilities _UniqueCollection.swift
[83/1021] Emitting module ServiceContextModule
[84/1021] Compiling ServiceContextModule ServiceContextKey.swift
[85/1021] Compiling ServiceContextModule ServiceContext.swift
[87/1022] Compiling SwiftASN1 DER.swift
[88/1022] Compiling SwiftASN1 Errors.swift
[89/1022] Compiling InternalCollectionsUtilities UnsafeBufferPointer+Extras.swift
[90/1022] Compiling InternalCollectionsUtilities UnsafeMutableBufferPointer+Extras.swift
[91/1022] Compiling InternalCollectionsUtilities UnsafeMutablePointer+Extras.swift
[92/1022] Compiling InternalCollectionsUtilities UnsafeMutableRawBufferPointer+Extras.swift
[93/1022] Compiling InternalCollectionsUtilities UnsafePointer+Extras.swift
[94/1022] Compiling InternalCollectionsUtilities MutableSpan+Extras.swift
[95/1022] Compiling InternalCollectionsUtilities OutputSpan+Extras.swift
[96/1022] Compiling InternalCollectionsUtilities RandomAccessCollection+Offsets.swift
[97/1022] Compiling InternalCollectionsUtilities Span+Extras.swift
[98/1022] Compiling RealModule RelaxedArithmetic.swift
[99/1022] Compiling _NIODataStructures PriorityQueue.swift
[105/1022] Compiling InternalCollectionsUtilities BorrowingIteratorProtocol+Equality.swift
[106/1022] Compiling InternalCollectionsUtilities BorrowingIteratorProtocol+Extras.swift
[107/1026] Compiling RealModule Real.swift
[108/1026] Compiling RealModule Float80+Real.swift
[108/1027] Wrapping AST for _CertificateInternals for debugging
[109/1027] Compiling _NIODataStructures _TinyArray.swift
[113/1027] Compiling InternalCollectionsUtilities Debugging.swift
[114/1027] Compiling InternalCollectionsUtilities Descriptions.swift
[115/1027] Compiling InternalCollectionsUtilities Iterable+CopyContents.swift
[116/1027] Compiling InternalCollectionsUtilities Iterable+Equality.swift
[117/1027] Compiling InternalCollectionsUtilities LifetimeOverride.swift
[118/1027] Compiling InternalCollectionsUtilities MutableRef.swift
[119/1028] Emitting module _NIODataStructures
[120/1028] Compiling _NIODataStructures Heap.swift
[121/1029] Wrapping AST for _NIOBase64 for debugging
[129/1036] Wrapping AST for ServiceContextModule for debugging
[131/1036] Wrapping AST for InternalCollectionsUtilities for debugging
[132/1036] Wrapping AST for _NIODataStructures for debugging
[134/1036] Compiling Instrumentation Instrument.swift
[134/1040] Wrapping AST for RealModule for debugging
[135/1040] Compiling KeccakHash.c
[137/1040] Compiling Logging Logger+With.swift
[138/1040] Compiling Logging Logger.swift
[138/1040] Compiling CNIOWindows shim.c
[140/1040] Compiling SpanPreview OutputSpan+InputSpanHelpers.swift
[141/1040] Compiling Instrumentation NoOpInstrument.swift
[142/1040] Compiling Instrumentation MultiplexInstrument.swift
[143/1040] Compiling SpanPreview MutableSpan+InputSpanHelpers.swift
[143/1040] Compiling CNIOWindows WSAStartup.c
[145/1040] Compiling SpanPreview InputSpan.swift
[146/1040] Emitting module SpanPreview
[147/1041] Compiling ExtrasBase64 Base64+Span.swift
[147/1041] Compiling CNIOWASI CNIOWASI.c
[149/1041] Emitting module SwiftASN1
[149/1041] Compiling CNIOPosix event_loop_id.c
[149/1041] Compiling CSystem shims.c
[152/1041] Compiling CNIOOpenBSD shim.c
[153/1048] Compiling CNIOLinux liburing_shims.c
[154/1078] Compiling CNIOLinux shim.c
[155/1092] Wrapping AST for SpanPreview for debugging
[156/1120] Compiling KeccakP-1600-opt64.c
[157/1120] Compiling CNIOLLHTTP c_nio_http.c
[158/1120] Compiling CNIOLLHTTP c_nio_api.c
[159/1120] Compiling CNIOLLHTTP c_nio_llhttp.c
[160/1120] Compiling CNIOFreeBSD shim.c
[161/1120] Compiling CNIOExtrasZlib zutil.c
[163/1120] Compiling DequeModule RigidDeque.swift
[164/1120] Compiling DequeModule UniqueDeque+Append.swift
[164/1120] Compiling CNIOExtrasZlib inftrees.c
[165/1120] Compiling CNIOExtrasZlib trees.c
[166/1120] Compiling CNIOExtrasZlib inflate.c
[167/1120] Compiling CNIOExtrasZlib inffast.c
[169/1120] Compiling DequeModule RigidDeque+Descriptions.swift
[170/1120] Compiling DequeModule RigidDeque+Equatable.swift
[171/1120] Compiling DequeModule RigidDeque+Hashable.swift
[172/1120] Compiling DequeModule RigidDeque+Initializers.swift
[173/1120] Compiling DequeModule RigidDeque+Insertions.swift
[174/1120] Compiling DequeModule RigidDeque+Iterable.swift
[174/1125] Compiling CNIOExtrasZlib deflate.c
[175/1125] Compiling CNIOExtrasZlib crc32.c
[177/1125] Compiling DequeModule UniqueDeque+Consumption.swift
[178/1125] Compiling DequeModule UniqueDeque+ContainerOperations.swift
[179/1125] Compiling DequeModule UniqueDeque+Deprecations.swift
[180/1125] Compiling DequeModule UniqueDeque+Descriptions.swift
[181/1125] Compiling DequeModule UniqueDeque+Equatable.swift
[182/1125] Compiling DequeModule UniqueDeque+Hashable.swift
[183/1125] Compiling DequeModule UniqueDeque+Initializers.swift
[184/1125] Compiling DequeModule UniqueDeque+Insertions.swift
[185/1125] Compiling DequeModule UniqueDeque+Iterable.swift
[186/1125] Compiling DequeModule UniqueDeque+Prepend.swift
[187/1125] Compiling DequeModule UniqueDeque+Removals.swift
[188/1125] Compiling DequeModule _DequeBuffer.swift
[189/1125] Compiling DequeModule _DequeBufferHeader.swift
[190/1125] Compiling DequeModule RigidDeque+Append.swift
[191/1125] Compiling DequeModule RigidDeque+Consumption.swift
[192/1125] Compiling DequeModule RigidDeque+ContainerOperations.swift
[193/1125] Compiling DequeModule RigidDeque+Deprecations.swift
[193/1125] Compiling CNIODarwin shim.c
[194/1125] Compiling CNIOExtrasZlib adler32.c
[195/1125] Compiling fiat_p256_adx_sqr.S
[196/1125] Compiling fiat_p256_adx_mul.S
[197/1125] Compiling fiat_curve25519_adx_square.S
[199/1125] Compiling DequeModule RigidDeque+Prepend.swift
[200/1125] Compiling DequeModule RigidDeque+Removals.swift
[201/1125] Compiling DequeModule RigidDeque+Replacements.swift
[202/1125] Compiling DequeModule RigidDeque+Testing.swift
[204/1125] Compiling fiat_curve25519_adx_mul.S
[206/1125] Compiling ExtrasBase64 Base32.swift
[206/1125] Compiling CNIOBoringSSLShims shims.c
[208/1125] Compiling DequeModule Deque+Codable.swift
[209/1125] Compiling DequeModule Deque+Collection.swift
[210/1125] Compiling DequeModule Deque+CustomReflectable.swift
[211/1125] Compiling DequeModule Deque+Descriptions.swift
[212/1125] Compiling DequeModule Deque+Equatable.swift
[213/1125] Compiling DequeModule Deque+ExpressibleByArrayLiteral.swift
[214/1125] Compiling DequeModule Deque+Extras.swift
[215/1125] Compiling DequeModule Deque+Hashable.swift
[216/1125] Compiling DequeModule Deque+Testing.swift
[217/1125] Compiling DequeModule Deque._Storage.swift
[218/1125] Compiling DequeModule Deque._UnsafeHandle.swift
[219/1125] Compiling DequeModule Deque.swift
[220/1125] Emitting module SystemPackage
[235/1130] Compiling Instrumentation Locks.swift
[236/1130] Emitting module Instrumentation
[237/1130] Compiling Instrumentation InstrumentationSystem.swift
[238/1130] Emitting module Logging
[269/1132] Compiling Logging MetadataProvider.swift
[271/1138] Wrapping AST for SwiftASN1 for debugging
[277/1141] Wrapping AST for Logging for debugging
[278/1141] Wrapping AST for Instrumentation for debugging
[280/1141] Compiling Tracing InstrumentationSystem+Tracing.swift
[281/1142] Compiling Tracing NoOpTracer.swift
[282/1142] Compiling Tracing TracingTime.swift
[282/1142] Compiling tls_record.cc
[283/1142] Compiling tls_method.cc
[285/1142] Compiling Tracing Tracer.swift
[286/1142] Compiling Tracing WithTracer.swift
[287/1142] Emitting module Tracing
[288/1142] Compiling Tracing TracerProtocol+Legacy.swift
[289/1142] Compiling Tracing TracerProtocol.swift
[290/1142] Compiling SystemPackage SystemString.swift
[291/1142] Compiling SystemPackage Util+StringArray.swift
[292/1142] Compiling SystemPackage Util.swift
[293/1142] Compiling SystemPackage UtilConsumers.swift
[294/1142] Compiling SystemPackage WinSDK+Overlay.swift
[296/1143] Compiling Tracing SpanProtocol.swift
[297/1144] Wrapping AST for SystemPackage for debugging
[298/1144] Wrapping AST for Tracing for debugging
[299/1144] Compiling tls13_server.cc
[301/1144] Compiling DequeModule UniqueDeque+Replacements.swift
[302/1144] Compiling DequeModule UniqueDeque.swift
[303/1144] Compiling DequeModule _DequeSlot.swift
[304/1144] Compiling DequeModule _UnsafeDequeHandle.swift
[305/1144] Compiling DequeModule _UnsafeDequeSegments.swift
[306/1144] Emitting module DequeModule
[307/1145] Compiling tls13_enc.cc
[308/1188] Compiling tls13_both.cc
[309/1188] Wrapping AST for DequeModule for debugging
[310/1188] Compiling tls13_client.cc
[311/1188] Compiling t1_enc.cc
[313/1188] Compiling Configuration JSONSnapshot.swift
[314/1188] Compiling Configuration PropertyListSnapshot.swift
[315/1188] Compiling Configuration ReloadingFileProvider.swift
[316/1188] Compiling Configuration ReloadingFileProviderMetrics.swift
[317/1188] Compiling Configuration YAMLSnapshot.swift
[318/1188] Compiling Configuration InMemoryProvider.swift
[318/1193] Compiling ssl_versions.cc
[319/1193] Compiling ssl_x509.cc
[320/1193] Compiling ssl_transcript.cc
[322/1193] Compiling Configuration EnvironmentKeyEncoder.swift
[323/1193] Compiling Configuration EnvironmentVariablesProvider.swift
[324/1193] Compiling Configuration CommonProviderFileSystem.swift
[325/1193] Compiling Configuration DirectoryFilesProvider.swift
[326/1193] Compiling Configuration FileProvider.swift
[327/1193] Compiling Configuration FileProviderSnapshot.swift
[327/1193] Compiling ssl_stat.cc
[328/1193] Compiling ssl_privkey.cc
[329/1193] Compiling ssl_session.cc
[330/1193] Compiling ssl_key_share.cc
[332/1193] Compiling ExtrasBase64 Base32+Span.swift
[333/1193] Emitting module ExtrasBase64
[333/1193] Compiling ssl_lib.cc
[334/1193] Compiling ssl_file.cc
[335/1193] Compiling ssl_cipher.cc
[337/1193] Compiling ExtrasBase64 Base64.swift
[337/1194] Compiling ssl_credential.cc
[339/1194] Compiling ssl_buffer.cc
[340/1194] Wrapping AST for ExtrasBase64 for debugging
[341/1225] Compiling ssl_cert.cc
[342/1225] Compiling ssl_asn1.cc
[344/1225] Compiling GoogleWKT WKTInt32Value.swift
[345/1225] Compiling GoogleWKT WKTInt64Value.swift
[346/1225] Compiling GoogleWKT WKTRecursive.swift
[347/1225] Compiling GoogleWKT AnyPackable.swift
[348/1225] Compiling GoogleWKT DecodeToDefault.swift
[349/1225] Compiling GoogleWKT DiscoveryBase64.swift
[350/1225] Compiling GoogleWKT ProtoJSONDecoder.swift
[351/1225] Compiling GoogleWKT ProtoJSONEncoder.swift
[352/1225] Compiling GoogleWKT WKTDoubleValue.swift
[353/1225] Compiling GoogleWKT WKTDuration.swift
[354/1225] Compiling GoogleWKT WKTEmpty.swift
[355/1225] Compiling GoogleWKT WKTFieldMask.swift
[356/1225] Compiling Configuration CombineLatestManyStorage.swift
[357/1225] Compiling Configuration AsyncSequences.swift
[358/1225] Compiling Configuration FoundationExtensions.swift
[359/1225] Compiling Configuration Span.swift
[360/1225] Compiling Configuration ConfigBytesFromStringDecoder.swift
[361/1225] Compiling GoogleWKT UnknownFields.swift
[362/1225] Compiling GoogleWKT WKTAny.swift
[363/1225] Compiling GoogleWKT WKTAnyError.swift
[364/1225] Compiling GoogleWKT WKTBoolValue.swift
[365/1225] Compiling GoogleWKT WKTBytesValue.swift
[366/1225] Compiling GoogleWKT WKTFloatValue.swift
[367/1225] Emitting module Configuration
[368/1225] Compiling Configuration MutableInMemoryProvider.swift
[369/1225] Compiling Configuration ConfigProvider+Operators.swift
[370/1225] Compiling Configuration KeyMappingProvider.swift
[371/1225] Compiling Configuration SecretsSpecifier.swift
[372/1225] Compiling Configuration AsyncCombineLatestManySequence.swift
[373/1225] Compiling Configuration CombineLatestManyStateMachine.swift
[373/1225] Compiling s3_pkt.cc
[378/1229] Compiling ssl_aead_ctx.cc
[380/1229] Emitting module GoogleWKT
[386/1229] Compiling GoogleWKT WKTUInt32Value.swift
[387/1229] Compiling GoogleWKT WKTUInt64Value.swift
[388/1229] Compiling GoogleWKT WKTField.swift
[389/1229] Compiling GoogleWKT WKTMethod.swift
[390/1229] Compiling GoogleWKT WKTMixin.swift
[391/1229] Compiling GoogleWKT WKTOption.swift
[401/1230] Compiling GoogleWKT WKTStringValue.swift
[402/1230] Compiling GoogleWKT WKTTimestamp.swift
[405/1230] Compiling GoogleWKT WKTValue.swift
[406/1230] Compiling GoogleWKT WKTApi.swift
[407/1230] Compiling GoogleWKT WKTEnum.swift
[408/1230] Compiling GoogleWKT WKTEnumValue.swift
[408/1230] Compiling s3_both.cc
[409/1230] Compiling s3_lib.cc
[411/1230] Compiling GoogleWKT WKTSourceContext.swift
[412/1230] Compiling GoogleWKT WKTSyntax.swift
[413/1230] Compiling GoogleWKT WKTType.swift
[414/1230] Compiling GoogleWKT PackageVersion.swift
[414/1230] Wrapping AST for Configuration for debugging
[415/1230] Compiling handshake_server.cc
[416/1230] Compiling handshake.cc
[417/1230] Compiling handshake_client.cc
[424/1231] Compiling handoff.cc
[425/1246] Compiling dtls_method.cc
[425/1246] Compiling dtls_record.cc
[427/1246] Compiling d1_srtp.cc
[428/1246] Wrapping AST for GoogleWKT for debugging
[429/1246] Compiling encrypted_client_hello.cc
[431/1246] Compiling GoogleRpc LocalizedMessage.swift
[431/1246] Compiling md5-x86_64-linux.S
[433/1246] Compiling GoogleRpc PackageVersion.swift
[433/1248] Compiling md5-x86_64-apple.S
[434/1248] Compiling md5-586-linux.S
[435/1248] Compiling md5-586-apple.S
[437/1248] Compiling GoogleRpc HttpRequest.swift
[438/1248] Compiling GoogleRpc HttpResponse.swift
[438/1248] Compiling extensions.cc
[439/1248] Compiling chacha20_poly1305_x86_64-linux.S
[440/1248] Compiling chacha20_poly1305_x86_64-apple.S
[442/1248] Compiling GoogleRpc RequestInfo.swift
[443/1248] Compiling GoogleRpc ResourceInfo.swift
[443/1248] Compiling chacha20_poly1305_armv8-win.S
[445/1248] Emitting module GoogleRpc
[445/1248] Compiling chacha20_poly1305_armv8-linux.S
[446/1248] Compiling chacha20_poly1305_armv8-apple.S
[447/1248] Compiling chacha-x86_64-apple.S
[448/1248] Compiling chacha-x86_64-linux.S
[450/1248] Compiling GoogleRpc PreconditionFailure.swift
[451/1248] Compiling GoogleRpc QuotaFailure.swift
[451/1248] Compiling chacha-x86-linux.S
[453/1248] Compiling GoogleRpc RetryInfo.swift
[454/1248] Compiling GoogleRpc Status.swift
[455/1248] Compiling GoogleRpc BadRequest.swift
[456/1248] Compiling GoogleRpc Code.swift
[457/1248] Compiling GoogleRpc DebugInfo.swift
[458/1248] Compiling GoogleRpc ErrorInfo.swift
[458/1248] Compiling chacha-x86-apple.S
[460/1248] Compiling GoogleRpc Help.swift
[461/1248] Compiling GoogleRpc HttpHeader.swift
[461/1249] Compiling d1_pkt.cc
[462/1249] Compiling chacha-armv8-win.S
[464/1249] Compiling chacha-armv8-apple.S
[465/1249] Compiling chacha-armv4-linux.S
[466/1249] Compiling chacha-armv8-linux.S
[467/1249] Compiling aes128gcmsiv-x86_64-apple.S
[468/1249] Compiling aes128gcmsiv-x86_64-linux.S
[469/1249] Compiling x86_64-mont5-linux.S
[470/1249] Compiling x86_64-mont5-apple.S
[471/1249] Compiling x86_64-mont-apple.S
[472/1249] Wrapping AST for GoogleRpc for debugging
[472/1249] Compiling x86_64-mont-linux.S
[474/1249] Compiling err_data.cc
[475/1249] Compiling x86-mont-linux.S
[476/1249] Compiling x86-mont-apple.S
[477/1249] Compiling vpaes-x86_64-linux.S
[478/1249] Compiling vpaes-x86_64-apple.S
[479/1249] Compiling vpaes-x86-apple.S
[480/1249] Compiling vpaes-x86-linux.S
[481/1249] Compiling vpaes-armv8-win.S
[482/1249] Compiling sha512-x86_64-linux.S
[483/1249] Compiling vpaes-armv8-linux.S
[484/1249] Compiling vpaes-armv7-linux.S
[485/1249] Compiling vpaes-armv8-apple.S
[486/1249] Compiling sha512-x86_64-apple.S
[487/1249] Compiling sha512-armv8-win.S
[488/1249] Compiling sha512-armv8-apple.S
[489/1249] Compiling sha512-armv4-linux.S
[490/1249] Compiling sha512-586-linux.S
[491/1249] Compiling sha512-armv8-linux.S
[492/1249] Compiling sha512-586-apple.S
[493/1249] Compiling sha256-x86_64-linux.S
[494/1249] Compiling sha256-x86_64-apple.S
[495/1249] Compiling sha256-armv8-win.S
[496/1249] Compiling sha256-armv8-apple.S
[497/1249] Compiling sha256-armv8-linux.S
[498/1249] Compiling sha256-armv4-linux.S
[499/1249] Compiling sha256-586-linux.S
[500/1249] Compiling sha256-586-apple.S
[501/1249] Compiling sha1-armv8-win.S
[502/1249] Compiling sha1-x86_64-linux.S
[503/1249] Compiling sha1-x86_64-apple.S
[504/1249] Compiling bio_ssl.cc
[505/1249] Compiling sha1-armv8-apple.S
[506/1249] Compiling sha1-armv8-linux.S
[507/1249] Compiling sha1-586-linux.S
[508/1249] Compiling sha1-armv4-large-linux.S
[509/1249] Compiling sha1-586-apple.S
[510/1249] Compiling rsaz-avx2-linux.S
[511/1249] Compiling rsaz-avx2-apple.S
[512/1249] Compiling rdrand-x86_64-linux.S
[513/1249] Compiling p256_beeu-x86_64-asm-linux.S
[514/1249] Compiling rdrand-x86_64-apple.S
[515/1249] Compiling p256_beeu-x86_64-asm-apple.S
[516/1249] Compiling p256_beeu-armv8-asm-win.S
[517/1249] Compiling d1_lib.cc
[518/1249] Compiling p256_beeu-armv8-asm-linux.S
[519/1249] Compiling p256_beeu-armv8-asm-apple.S
[520/1249] Compiling p256-x86_64-asm-apple.S
[521/1249] Compiling p256-x86_64-asm-linux.S
[522/1249] Compiling p256-armv8-asm-win.S
[523/1249] Compiling p256-armv8-asm-apple.S
[524/1249] Compiling ghashv8-armv8-win.S
[525/1249] Compiling p256-armv8-asm-linux.S
[526/1249] Compiling ghashv8-armv8-linux.S
[527/1249] Compiling ghashv8-armv8-apple.S
[528/1249] Compiling ghashv8-armv7-linux.S
[529/1249] Compiling ghash-x86_64-linux.S
[530/1249] Compiling ghash-x86_64-apple.S
[531/1249] Compiling ghash-x86-apple.S
[531/1249] Compiling ghash-x86-linux.S
[533/1249] Compiling ghash-ssse3-x86_64-linux.S
[534/1249] Compiling ghash-ssse3-x86_64-apple.S
[535/1249] Compiling ghash-ssse3-x86-linux.S
[536/1249] Compiling ghash-ssse3-x86-apple.S
[537/1249] Compiling ghash-neon-armv8-win.S
[538/1249] Compiling ghash-neon-armv8-linux.S
[538/1249] Compiling ghash-neon-armv8-apple.S
[540/1249] Compiling co-586-linux.S
[541/1249] Compiling ghash-armv4-linux.S
[542/1249] Compiling co-586-apple.S
[543/1249] Compiling bsaes-armv7-linux.S
[544/1249] Compiling bn-armv8-win.S
[545/1249] Compiling bn-armv8-apple.S
[546/1249] Compiling bn-armv8-linux.S
[547/1249] Compiling bn-586-apple.S
[548/1249] Compiling bn-586-linux.S
[549/1249] Compiling armv8-mont-win.S
[550/1249] Compiling armv8-mont-linux.S
[551/1249] Compiling armv8-mont-apple.S
[552/1249] Compiling armv4-mont-linux.S
[553/1249] Compiling d1_both.cc
[554/1249] Compiling aesv8-gcm-armv8-win.S
[555/1249] Compiling aesv8-gcm-armv8-apple.S
[556/1249] Compiling aesv8-armv8-win.S
[557/1249] Compiling aesv8-gcm-armv8-linux.S
[558/1249] Compiling aesv8-armv8-apple.S
[559/1249] Compiling aesv8-armv7-linux.S
[560/1249] Compiling aesni-x86_64-linux.S
[561/1249] Compiling aesni-x86_64-apple.S
[562/1249] Compiling aesv8-armv8-linux.S
[563/1249] Compiling aesni-x86-linux.S
[564/1249] Compiling aesni-gcm-x86_64-linux.S
[565/1249] Compiling aesni-x86-apple.S
[566/1249] Compiling aesni-gcm-x86_64-apple.S
[567/1249] Compiling aes-gcm-avx2-x86_64-linux.S
[568/1249] Compiling aes-gcm-avx2-x86_64-apple.S
[569/1249] Compiling aes-gcm-avx10-x86_64-linux.S
[570/1249] Compiling aes-gcm-avx10-x86_64-apple.S
[571/1249] Compiling x_sig.cc
[572/1249] Compiling x_val.cc
[573/1249] Compiling x_x509a.cc
[574/1249] Compiling x_spki.cc
[575/1249] Compiling x_req.cc
[576/1249] Compiling x_pubkey.cc
[577/1249] Compiling x_x509.cc
[578/1249] Compiling x_name.cc
[579/1249] Compiling x_algor.cc
[580/1249] Compiling x_attrib.cc
[581/1249] Compiling x509rset.cc
[582/1249] Compiling x509spki.cc
[583/1249] Compiling x_exten.cc
[584/1249] Compiling x_crl.cc
[585/1249] Compiling x_all.cc
[586/1249] Compiling x509name.cc
[587/1249] Compiling x509_txt.cc
[588/1249] Compiling x509cset.cc
[589/1249] Compiling x509_v3.cc
[590/1249] Compiling x509_vpm.cc
[591/1249] Compiling x509_trs.cc
[592/1249] Compiling x509_set.cc
[593/1249] Compiling x509_vfy.cc
[594/1249] Compiling x509_req.cc
[595/1249] Compiling x509_def.cc
[596/1249] Compiling x509_d2.cc
[597/1249] Compiling x509_obj.cc
[598/1249] Compiling x509_ext.cc
[599/1249] Compiling x509_lu.cc
[600/1249] Compiling x509_att.cc
[601/1249] Compiling x509.cc
[602/1249] Compiling x509_cmp.cc
[603/1249] Compiling v3_prn.cc
[603/1249] Compiling v3_skey.cc
[605/1249] Compiling v3_pmaps.cc
[606/1249] Compiling v3_ocsp.cc
[607/1249] Compiling v3_purp.cc
[608/1249] Compiling v3_pcons.cc
[609/1249] Compiling v3_utl.cc
[610/1249] Compiling v3_ncons.cc
[611/1249] Compiling v3_int.cc
[612/1249] Compiling v3_lib.cc
[613/1249] Compiling v3_ia5.cc
[614/1249] Compiling v3_info.cc
[615/1249] Compiling v3_genn.cc
[616/1249] Compiling v3_enum.cc
[617/1249] Compiling v3_extku.cc
[618/1249] Compiling v3_crld.cc
[619/1249] Compiling v3_cpols.cc
[620/1249] Compiling v3_bcons.cc
[620/1249] Compiling v3_bitst.cc
[621/1249] Compiling v3_conf.cc
[623/1249] Compiling v3_akeya.cc
[624/1249] Compiling v3_akey.cc
[625/1249] Compiling v3_alt.cc
[626/1249] Compiling t_x509a.cc
[627/1249] Compiling i2d_pr.cc
[628/1249] Compiling t_crl.cc
[629/1249] Compiling t_x509.cc
[629/1249] Compiling t_req.cc
[629/1249] Compiling rsa_pss.cc
[632/1249] Compiling name_print.cc
[633/1249] Compiling policy.cc
[634/1249] Compiling by_file.cc
[635/1249] Compiling by_dir.cc
[636/1249] Compiling a_digest.cc
[637/1249] Compiling voprf.cc
[638/1249] Compiling a_verify.cc
[639/1249] Compiling asn1_gen.cc
[640/1249] Compiling algorithm.cc
[641/1249] Compiling trust_token.cc
[642/1249] Compiling a_sign.cc
[643/1249] Compiling thread_win.cc
[644/1249] Compiling thread.cc
[645/1249] Compiling thread_pthread.cc
[646/1249] Compiling thread_none.cc
[647/1249] Compiling stack.cc
[648/1249] Compiling pmbtoken.cc
[649/1249] Compiling slhdsa.cc
[650/1249] Compiling spake2plus.cc
[651/1249] Compiling sha512.cc
[652/1249] Compiling sha256.cc
[653/1249] Compiling sha1.cc
[653/1249] Compiling siphash.cc
[655/1249] Compiling rsa_print.cc
[656/1249] Compiling rsa_extra.cc
[657/1249] Compiling rsa_crypt.cc
[658/1249] Compiling rc4.cc
[659/1249] Compiling refcount.cc
[660/1249] Compiling windows.cc
[661/1249] Compiling urandom.cc
[662/1249] Compiling trusty.cc
[663/1249] Compiling rand.cc
[664/1249] Compiling rsa_asn1.cc
[665/1249] Compiling passive.cc
[666/1249] Compiling poly1305_arm_asm.S
[667/1249] Compiling ios.cc
[668/1249] Compiling getentropy.cc
[669/1249] Compiling forkunsafe.cc
[670/1249] Compiling deterministic.cc
[671/1249] Compiling fork_detect.cc
[672/1249] Compiling poly1305_vec.cc
[673/1249] Compiling poly1305_arm.cc
[674/1249] Compiling pool.cc
[675/1249] Compiling poly1305.cc
[676/1249] Compiling pkcs7.cc
[677/1249] Compiling pkcs8.cc
[678/1249] Compiling p5_pbev2.cc
[678/1249] Compiling pkcs8_x509.cc
[680/1249] Compiling pkcs7_x509.cc
[681/1249] Compiling pem_xaux.cc
[682/1249] Compiling pem_x509.cc
[683/1249] Compiling pem_pkey.cc
[684/1249] Compiling pem_pk8.cc
[685/1249] Compiling mlkem.cc
[686/1249] Compiling pem_oth.cc
[687/1249] Compiling pem_info.cc
[688/1249] Compiling pem_lib.cc
[689/1249] Compiling pem_all.cc
[690/1249] Compiling obj_xref.cc
[691/1249] Compiling obj.cc
[692/1249] Compiling poly_rq_mul.S
[693/1249] Compiling mldsa.cc
[694/1249] Compiling fips_shared_support.cc
[695/1249] Compiling md4.cc
[696/1249] Compiling md5.cc
[697/1249] Compiling lhash.cc
[698/1249] Compiling mem.cc
[699/1249] Compiling kyber.cc
[700/1249] Compiling hrss.cc
[701/1249] Compiling ex_data.cc
[702/1249] Compiling sign.cc
[703/1249] Compiling scrypt.cc
[704/1249] Compiling print.cc
[705/1249] Compiling hpke.cc
[706/1249] Compiling pbkdf.cc
[707/1249] Compiling p_x25519.cc
[708/1249] Compiling p_rsa_asn1.cc
[709/1249] Compiling p_x25519_asn1.cc
[710/1249] Compiling p_ed25519.cc
[711/1249] Compiling p_rsa.cc
[712/1249] Compiling p_hkdf.cc
[713/1249] Compiling p_ed25519_asn1.cc
[714/1249] Compiling p_ec_asn1.cc
[715/1249] Compiling p_ec.cc
[716/1249] Compiling p_dh.cc
[717/1249] Compiling p_dh_asn1.cc
[718/1249] Compiling evp_ctx.cc
[719/1249] Compiling p_dsa_asn1.cc
[720/1249] Compiling evp_asn1.cc
[721/1249] Compiling evp.cc
[722/1249] Compiling engine.cc
[723/1249] Compiling err.cc
[724/1249] Compiling ecdh.cc
[725/1249] Compiling ecdsa_asn1.cc
[726/1249] Compiling hash_to_curve.cc
[727/1249] Compiling ec_derive.cc
[728/1249] Compiling dsa.cc
[729/1249] Compiling dsa_asn1.cc
[730/1249] Compiling ec_asn1.cc
[731/1249] Compiling params.cc
[732/1249] Compiling x25519-asm-arm.S
[733/1249] Compiling digest_extra.cc
[734/1249] Compiling bcm.cc
[735/1249] Compiling dh_asn1.cc
[736/1249] Compiling des.cc
[737/1249] Compiling curve25519_64_adx.cc
[738/1249] Compiling crypto.cc
[739/1249] Compiling spake25519.cc
[740/1249] Compiling cpu_intel.cc
[741/1249] Compiling cpu_arm_linux.cc
[742/1249] Compiling curve25519.cc
[743/1249] Compiling cpu_arm_freebsd.cc
[744/1249] Compiling cpu_aarch64_win.cc
[745/1249] Compiling cpu_aarch64_sysreg.cc
[746/1249] Compiling cpu_aarch64_openbsd.cc
[747/1249] Compiling cpu_aarch64_linux.cc
[748/1249] Compiling cpu_aarch64_fuchsia.cc
[749/1249] Compiling cpu_aarch64_apple.cc
[750/1249] Compiling get_cipher.cc
[751/1249] Compiling conf.cc
[752/1249] Compiling tls_cbc.cc
[753/1249] Compiling e_tls.cc
[754/1249] Compiling e_rc4.cc
[754/1249] Compiling e_null.cc
[756/1249] Compiling e_rc2.cc
[757/1249] Compiling e_des.cc
[758/1249] Compiling e_chacha20poly1305.cc
[759/1249] Compiling e_aesgcmsiv.cc
[760/1249] Compiling e_aesctrhmac.cc
[761/1249] Compiling derive_key.cc
[762/1249] Compiling chacha.cc
[763/1249] Compiling unicode.cc
[764/1249] Compiling buf.cc
[765/1249] Compiling cbs.cc
[766/1249] Compiling cbb.cc
[767/1249] Compiling ber.cc
[768/1249] Compiling asn1_compat.cc
[769/1249] Compiling convert.cc
[770/1249] Compiling bn_asn1.cc
[771/1249] Compiling blake2.cc
[772/1249] Compiling socket_helper.cc
[773/1249] Compiling socket.cc
[774/1249] Compiling printf.cc
[775/1249] Compiling pair.cc
[776/1249] Compiling hexdump.cc
[777/1249] Compiling file.cc
[778/1249] Compiling errno.cc
[779/1249] Compiling fd.cc
[780/1249] Compiling connect.cc
[781/1249] Compiling bio_mem.cc
[782/1249] Compiling base64.cc
[783/1249] Compiling bio.cc
[784/1249] Compiling tasn_typ.cc
[785/1249] Compiling tasn_utl.cc
[786/1249] Compiling tasn_fre.cc
[787/1249] Compiling tasn_enc.cc
[788/1249] Compiling posix_time.cc
[789/1249] Compiling f_string.cc
[790/1249] Compiling tasn_new.cc
[791/1249] Compiling tasn_dec.cc
[792/1249] Compiling f_int.cc
[793/1249] Compiling asn_pack.cc
[794/1249] Compiling asn1_par.cc
[795/1249] Compiling asn1_lib.cc
[796/1249] Compiling a_utctm.cc
[797/1249] Compiling a_type.cc
[798/1249] Compiling a_time.cc
[799/1249] Compiling a_octet.cc
[800/1249] Compiling a_strnid.cc
[801/1249] Compiling a_strex.cc
[802/1249] Compiling a_object.cc
[803/1249] Compiling a_i2d_fp.cc
[804/1249] Compiling a_dup.cc
[805/1249] Compiling a_mbstr.cc
[806/1249] Compiling CGoogleGaxCRC32C CGoogleGaxCRC32C.c
[807/1249] Compiling a_int.cc
[808/1249] Compiling a_d2i_fp.cc
[809/1249] Compiling a_gentm.cc
[810/1249] Compiling fiat_p256_adx_sqr.S
[811/1249] Compiling fiat_p256_adx_mul.S
[812/1249] Compiling fiat_curve25519_adx_square.S
[813/1249] Compiling fiat_curve25519_adx_mul.S
[814/1249] Compiling md5-x86_64-apple.S
[815/1249] Compiling md5-x86_64-linux.S
[816/1249] Compiling md5-586-linux.S
[817/1249] Compiling md5-586-apple.S
[818/1249] Compiling a_bitstr.cc
[819/1249] Compiling chacha20_poly1305_x86_64-apple.S
[820/1249] Compiling chacha20_poly1305_x86_64-linux.S
[821/1249] Compiling chacha20_poly1305_armv8-win.S
[822/1249] Compiling chacha20_poly1305_armv8-apple.S
[823/1249] Compiling CCryptoBoringSSLShims shims.c
[824/1249] Compiling chacha-x86_64-linux.S
[825/1249] Compiling chacha20_poly1305_armv8-linux.S
[826/1249] Compiling chacha-x86_64-apple.S
[827/1249] Compiling chacha-x86-linux.S
[828/1249] Compiling chacha-x86-apple.S
[829/1249] Compiling chacha-armv8-win.S
[830/1249] Compiling a_bool.cc
[831/1249] Compiling aes128gcmsiv-x86_64-linux.S
[832/1249] Compiling chacha-armv8-apple.S
[833/1249] Compiling aes128gcmsiv-x86_64-apple.S
[834/1249] Compiling chacha-armv8-linux.S
[835/1249] Compiling chacha-armv4-linux.S
[836/1249] Compiling x86_64-mont5-linux.S
[837/1249] Compiling x86_64-mont-linux.S
[838/1249] Compiling x86_64-mont5-apple.S
[839/1249] Compiling x86_64-mont-apple.S
[840/1249] Compiling x86-mont-linux.S
[841/1249] Compiling vpaes-x86_64-apple.S
[842/1249] Compiling vpaes-x86_64-linux.S
[843/1249] Compiling x86-mont-apple.S
[844/1249] Compiling vpaes-x86-apple.S
[845/1249] Compiling vpaes-x86-linux.S
[846/1249] Compiling vpaes-armv8-win.S
[847/1249] Compiling vpaes-armv8-apple.S
[848/1249] Compiling vpaes-armv7-linux.S
[849/1249] Compiling sha512-x86_64-linux.S
[849/1249] Compiling vpaes-armv8-linux.S
[851/1249] Compiling sha512-armv8-win.S
[852/1249] Compiling sha512-x86_64-apple.S
[853/1249] Compiling sha512-armv8-apple.S
[854/1249] Compiling sha512-armv4-linux.S
[855/1249] Compiling sha512-armv8-linux.S
[856/1249] Compiling sha512-586-linux.S
[857/1249] Compiling sha256-x86_64-linux.S
[858/1249] Compiling sha512-586-apple.S
[859/1249] Compiling sha256-x86_64-apple.S
[860/1249] Compiling err_data.cc
[861/1249] Compiling sha256-armv8-win.S
[862/1249] Compiling sha256-armv8-apple.S
[863/1249] Compiling sha256-armv4-linux.S
[864/1249] Compiling sha256-586-linux.S
[865/1249] Compiling sha256-armv8-linux.S
[866/1249] Compiling sha256-586-apple.S
[867/1249] Compiling sha1-x86_64-linux.S
[868/1249] Compiling sha1-armv8-win.S
[869/1249] Compiling sha1-x86_64-apple.S
[870/1249] Compiling sha1-armv8-apple.S
[871/1249] Compiling sha1-armv4-large-linux.S
[872/1249] Compiling sha1-armv8-linux.S
[873/1249] Compiling sha1-586-apple.S
[873/1249] Compiling sha1-586-linux.S
[875/1249] Compiling rsaz-avx2-linux.S
[876/1249] Compiling rsaz-avx2-apple.S
[877/1249] Compiling rdrand-x86_64-linux.S
[878/1249] Compiling rdrand-x86_64-apple.S
[879/1249] Compiling p256_beeu-x86_64-asm-linux.S
[880/1249] Compiling p256_beeu-x86_64-asm-apple.S
[881/1249] Compiling p256_beeu-armv8-asm-win.S
[882/1249] Compiling p256_beeu-armv8-asm-linux.S
[883/1249] Compiling p256_beeu-armv8-asm-apple.S
[884/1249] Compiling p256-x86_64-asm-linux.S
[885/1249] Compiling p256-armv8-asm-win.S
[885/1249] Compiling p256-x86_64-asm-apple.S
[887/1249] Compiling p256-armv8-asm-apple.S
[888/1249] Compiling ghashv8-armv8-win.S
[889/1249] Compiling p256-armv8-asm-linux.S
[890/1249] Compiling ghashv8-armv8-linux.S
[891/1249] Compiling ghashv8-armv8-apple.S
[892/1249] Compiling ghashv8-armv7-linux.S
[893/1249] Compiling ghash-x86_64-linux.S
[894/1249] Compiling ghash-x86_64-apple.S
[895/1249] Compiling ghash-x86-apple.S
[896/1249] Compiling ghash-x86-linux.S
[897/1249] Compiling ghash-ssse3-x86_64-apple.S
[898/1249] Compiling ghash-ssse3-x86_64-linux.S
[899/1249] Compiling ghash-neon-armv8-linux.S
[900/1249] Compiling ghash-neon-armv8-win.S
[901/1249] Compiling ghash-neon-armv8-apple.S
[902/1249] Compiling ghash-armv4-linux.S
[903/1249] Compiling co-586-linux.S
[904/1249] Compiling co-586-apple.S
[905/1249] Compiling bsaes-armv7-linux.S
[906/1249] Compiling bn-armv8-win.S
[907/1249] Compiling bn-armv8-linux.S
[908/1249] Compiling bn-armv8-apple.S
[909/1249] Compiling bn-586-linux.S
[910/1249] Compiling bn-586-apple.S
[911/1249] Compiling armv8-mont-win.S
[912/1249] Compiling armv8-mont-apple.S
[913/1249] Compiling armv8-mont-linux.S
[914/1249] Compiling armv4-mont-linux.S
[915/1249] Compiling aesv8-gcm-armv8-win.S
[916/1249] Compiling aesv8-gcm-armv8-apple.S
[917/1249] Compiling aesv8-gcm-armv8-linux.S
[918/1249] Compiling aesv8-armv8-win.S
[919/1249] Compiling aesv8-armv8-linux.S
[920/1249] Compiling aesv8-armv8-apple.S
[921/1249] Compiling aesv8-armv7-linux.S
[922/1249] Compiling aesni-x86_64-linux.S
[923/1249] Compiling aesni-x86_64-apple.S
[924/1249] Compiling aesni-x86-linux.S
[925/1249] Compiling aesni-x86-apple.S
[926/1249] Compiling aesni-gcm-x86_64-linux.S
[927/1249] Compiling aesni-gcm-x86_64-apple.S
[928/1249] Compiling aes-gcm-avx512-x86_64-linux.S
[929/1249] Compiling aes-gcm-avx512-x86_64-apple.S
[930/1249] Compiling aes-gcm-avx2-x86_64-linux.S
[931/1249] Compiling aes-gcm-avx2-x86_64-apple.S
[932/1249] Compiling xwing.cc
[933/1249] Compiling x_spki.cc
[934/1249] Compiling x_sig.cc
[934/1249] Compiling x_x509a.cc
[936/1249] Compiling x_req.cc
[937/1249] Compiling x_x509.cc
[938/1249] Compiling x_pubkey.cc
[939/1249] Compiling x_exten.cc
[940/1249] Compiling x_attrib.cc
[941/1249] Compiling x_crl.cc
[942/1249] Compiling x_name.cc
[943/1249] Compiling c-nioatomics.c
[944/1249] Compiling x_all.cc
[945/1249] Compiling c-atomics.c
[946/1249] Compiling x509spki.cc
[947/1256] Compiling x509cset.cc
[949/1256] Compiling NIOConcurrencyHelpers NIOLockedValueBox.swift
[949/1256] Compiling x509_vpm.cc
[949/1256] Compiling x509rset.cc
[951/1256] Compiling x509_v3.cc
[953/1256] Compiling NIOConcurrencyHelpers NIOThreadPoolWorkAvailable.swift
[953/1256] Compiling x509_vfy.cc
[954/1256] Compiling x509name.cc
[956/1256] Compiling NIOConcurrencyHelpers atomics.swift
[957/1256] Compiling NIOConcurrencyHelpers NIOLock.swift
[958/1256] Emitting module NIOConcurrencyHelpers
[959/1256] Compiling NIOConcurrencyHelpers NIOAtomic.swift
[960/1256] Compiling NIOConcurrencyHelpers lock.swift
[961/1257] Wrapping AST for NIOConcurrencyHelpers for debugging
[962/1257] Compiling x509_txt.cc
[963/1257] Compiling x509_trs.cc
[964/1257] Compiling x509_set.cc
[965/1257] Compiling x509_req.cc
[966/1257] Compiling x509_obj.cc
[967/1257] Compiling x509_ext.cc
[968/1257] Compiling x509_lu.cc
[969/1257] Compiling x509_def.cc
[970/1257] Compiling x509_d2.cc
[971/1257] Compiling x509_cmp.cc
[972/1257] Compiling x509_att.cc
[972/1257] Compiling x509.cc
[974/1257] Compiling v3_skey.cc
[975/1257] Compiling v3_utl.cc
[976/1257] Compiling v3_purp.cc
[977/1257] Compiling v3_prn.cc
[978/1257] Compiling v3_pmaps.cc
[979/1257] Compiling v3_pcons.cc
[980/1257] Compiling v3_ocsp.cc
[981/1257] Compiling v3_ncons.cc
[982/1257] Compiling v3_lib.cc
[983/1257] Compiling v3_int.cc
[984/1257] Compiling v3_info.cc
[985/1257] Compiling v3_ia5.cc
[986/1257] Compiling v3_genn.cc
[987/1257] Compiling v3_extku.cc
[988/1257] Compiling v3_enum.cc
[989/1257] Compiling v3_crld.cc
[990/1257] Compiling v3_cpols.cc
[991/1257] Compiling v3_conf.cc
[992/1257] Compiling v3_bitst.cc
[993/1257] Compiling v3_bcons.cc
[994/1257] Compiling v3_alt.cc
[995/1257] Compiling v3_akeya.cc
[996/1257] Compiling v3_akey.cc
[997/1257] Compiling t_x509a.cc
[998/1257] Compiling t_x509.cc
[999/1257] Compiling t_crl.cc
[1000/1257] Compiling t_req.cc
[1001/1257] Compiling i2d_pr.cc
[1002/1257] Compiling rsa_pss.cc
[1003/1257] Compiling name_print.cc
[1004/1257] Compiling policy.cc
[1005/1257] Compiling by_file.cc
[1006/1257] Compiling by_dir.cc
[1007/1257] Compiling algorithm.cc
[1008/1257] Compiling asn1_gen.cc
[1009/1257] Compiling a_verify.cc
[1010/1257] Compiling a_sign.cc
[1011/1257] Compiling thread_win.cc
[1012/1257] Compiling thread_pthread.cc
[1013/1257] Compiling voprf.cc
[1014/1257] Compiling a_digest.cc
[1015/1257] Compiling trust_token.cc
[1016/1257] Compiling thread.cc
[1017/1257] Compiling thread_none.cc
[1018/1257] Compiling pmbtoken.cc
[1019/1257] Compiling stack.cc
[1020/1257] Compiling siphash.cc
[1021/1257] Compiling sha512.cc
[1022/1257] Compiling slhdsa.cc
[1023/1257] Compiling sha1.cc
[1024/1257] Compiling sha256.cc
[1025/1257] Compiling rsa_print.cc
[1026/1257] Compiling spake2plus.cc
[1027/1257] Compiling rsa_extra.cc
[1028/1257] Compiling rsa_crypt.cc
[1029/1257] Compiling rc4.cc
[1030/1257] Compiling refcount.cc
[1031/1257] Compiling windows.cc
[1032/1257] Compiling trusty.cc
[1033/1257] Compiling urandom.cc
[1034/1257] Compiling rand.cc
[1035/1257] Compiling rsa_asn1.cc
[1036/1257] Compiling passive.cc
[1037/1257] Compiling poly1305_arm_asm.S
[1038/1257] Compiling ios.cc
[1039/1257] Compiling getentropy.cc
[1040/1257] Compiling deterministic.cc
[1041/1257] Compiling forkunsafe.cc
[1042/1257] Compiling fork_detect.cc
[1043/1257] Compiling poly1305_vec.cc
[1044/1257] Compiling poly1305_arm.cc
[1045/1257] Compiling poly1305.cc
[1046/1257] Compiling pool.cc
[1047/1257] Compiling pkcs8.cc
[1048/1257] Compiling p5_pbev2.cc
[1049/1257] Compiling pkcs8_x509.cc
[1050/1257] Compiling pkcs7_x509.cc
[1051/1257] Compiling pkcs7.cc
[1052/1257] Compiling pem_xaux.cc
[1053/1257] Compiling pem_x509.cc
[1054/1257] Compiling pem_pkey.cc
[1055/1257] Compiling pem_oth.cc
[1056/1257] Compiling mlkem.cc
[1057/1257] Compiling pem_pk8.cc
[1058/1257] Compiling pem_info.cc
[1059/1257] Compiling pem_lib.cc
[1060/1257] Compiling obj_xref.cc
[1061/1257] Compiling pem_all.cc
[1062/1257] Compiling obj.cc
[1063/1257] Compiling poly_rq_mul.S
[1064/1257] Compiling mldsa.cc
[1065/1257] Compiling mem.cc
[1066/1257] Compiling fips_shared_support.cc
[1067/1257] Compiling lhash.cc
[1068/1257] Compiling md5.cc
[1069/1257] Compiling md4.cc
[1070/1257] Compiling kyber.cc
[1071/1257] Compiling fuzzer_mode.cc
[1072/1257] Compiling hrss.cc
[1073/1257] Compiling ex_data.cc
[1074/1257] Compiling hpke.cc
[1075/1257] Compiling scrypt.cc
[1076/1257] Compiling print.cc
[1077/1257] Compiling pbkdf.cc
[1078/1257] Compiling sign.cc
[1079/1257] Compiling p_x25519_asn1.cc
[1080/1257] Compiling p_x25519.cc
[1081/1257] Compiling p_rsa_asn1.cc
[1082/1257] Compiling p_hkdf.cc
[1083/1257] Compiling p_rsa.cc
[1084/1257] Compiling p_ed25519_asn1.cc
[1085/1257] Compiling p_ed25519.cc
[1086/1257] Compiling p_ec_asn1.cc
[1087/1257] Compiling p_ec.cc
[1088/1257] Compiling p_dsa_asn1.cc
[1089/1257] Compiling p_dh_asn1.cc
[1090/1257] Compiling p_dh.cc
[1091/1257] Compiling evp_asn1.cc
[1092/1257] Compiling evp_ctx.cc
[1093/1257] Compiling err.cc
[1094/1257] Compiling engine.cc
[1095/1257] Compiling evp.cc
[1096/1257] Compiling ecdsa_p1363.cc
[1097/1257] Compiling ecdh.cc
[1098/1257] Compiling ec_derive.cc
[1099/1257] Compiling ecdsa_asn1.cc
[1100/1257] Compiling hash_to_curve.cc
[1101/1257] Compiling dsa.cc
[1102/1257] Compiling digest_extra.cc
[1103/1257] Compiling dsa_asn1.cc
[1104/1257] Compiling ec_asn1.cc
[1105/1257] Compiling x25519-asm-arm.S
[1106/1257] Compiling des.cc
[1107/1257] Compiling curve25519_64_adx.cc
[1108/1257] Compiling params.cc
[1109/1257] Compiling dh_asn1.cc
[1110/1257] Compiling crypto.cc
[1111/1257] Compiling spake25519.cc
[1112/1257] Compiling cpu_intel.cc
[1113/1257] Compiling curve25519.cc
[1114/1257] Compiling cpu_arm_linux.cc
[1115/1257] Compiling cpu_arm_freebsd.cc
[1116/1257] Compiling cpu_aarch64_win.cc
[1117/1257] Compiling cpu_aarch64_sysreg.cc
[1118/1257] Compiling cpu_aarch64_openbsd.cc
[1119/1257] Compiling cpu_aarch64_linux.cc
[1120/1257] Compiling cpu_aarch64_fuchsia.cc
[1121/1257] Compiling cpu_aarch64_apple.cc
[1122/1257] Compiling conf.cc
[1123/1257] Compiling get_cipher.cc
[1124/1257] Compiling tls_cbc.cc
[1125/1257] Compiling e_rc2.cc
[1126/1257] Compiling e_rc4.cc
[1127/1257] Compiling e_tls.cc
[1128/1257] Compiling cms.cc
[1129/1257] Compiling e_null.cc
[1130/1257] Compiling e_des.cc
[1131/1257] Compiling e_aesgcmsiv.cc
[1132/1257] Compiling e_chacha20poly1305.cc
[1133/1257] Compiling e_aeseax.cc
[1134/1257] Compiling e_aesctrhmac.cc
[1135/1257] Compiling derive_key.cc
[1136/1257] Compiling chacha.cc
[1137/1257] Compiling buf.cc
[1138/1257] Compiling sqrt.cc
[1139/1257] Compiling cbs.cc
[1140/1257] Compiling unicode.cc
[1141/1257] Compiling cbb.cc
[1142/1257] Compiling ber.cc
[1143/1257] Compiling exponentiation.cc
[1144/1257] Compiling div.cc
[1145/1257] Compiling blake2.cc
[1146/1257] Compiling printf.cc
[1147/1257] Compiling convert.cc
[1148/1257] Compiling bn_asn1.cc
[1149/1257] Compiling pair.cc
[1150/1257] Compiling hexdump.cc
[1151/1257] Compiling file.cc
[1152/1257] Compiling fd.cc
[1153/1257] Compiling errno.cc
[1154/1257] Compiling bio_mem.cc
[1155/1257] Compiling base64.cc
[1156/1257] Compiling bio.cc
[1157/1257] Compiling tasn_fre.cc
[1158/1257] Compiling tasn_utl.cc
[1159/1257] Compiling tasn_enc.cc
[1160/1257] Compiling f_string.cc
[1161/1257] Compiling f_int.cc
[1162/1257] Compiling asn_pack.cc
[1163/1257] Compiling asn1_par.cc
[1164/1257] Compiling a_octet.cc
[1165/1257] Compiling asn1_lib.cc
[1166/1257] Compiling a_utctm.cc
[1167/1257] Compiling a_time.cc
[1168/1257] Compiling a_type.cc
[1169/1257] Compiling a_strnid.cc
[1170/1257] Compiling a_strex.cc
[1171/1257] Compiling a_i2d_fp.cc
[1172/1257] Compiling a_dup.cc
[1173/1257] Compiling a_mbstr.cc
[1174/1257] Compiling bcm.cc
[1175/1257] Compiling a_d2i_fp.cc
[1175/1257] Write sources
[1190/1257] Compiling CAsyncHTTPClient CAsyncHTTPClient.c
[1191/1257] Compiling a_object.cc
[1192/1257] Compiling a_int.cc
[1193/1257] Compiling a_gentm.cc
[1194/1300] Compiling a_bitstr.cc
[1196/1300] Compiling Algorithms FirstNonNil.swift
[1197/1300] Compiling Algorithms Joined.swift
[1198/1300] Compiling Algorithms Keyed.swift
[1199/1300] Compiling Algorithms MinMax.swift
[1200/1302] Compiling Algorithms Partition.swift
[1201/1302] Compiling Algorithms Permutations.swift
[1201/1302] Compiling aes.cc
[1202/1302] Compiling a_bool.cc
[1204/1302] Compiling Algorithms Chunked.swift
[1205/1302] Compiling Algorithms Combinations.swift
[1206/1302] Compiling Algorithms Compacted.swift
[1207/1302] Compiling Algorithms FlattenCollection.swift
[1208/1302] Compiling Algorithms Grouped.swift
[1209/1302] Compiling Algorithms Indexed.swift
[1210/1310] Compiling Atomics IntegerOperations.swift
[1211/1310] Compiling Atomics Unmanaged extensions.swift
[1212/1310] Compiling Algorithms Split.swift
[1213/1310] Compiling Algorithms Stride.swift
[1214/1310] Compiling Algorithms Suffix.swift
[1216/1313] Compiling Algorithms Reductions.swift
[1217/1313] Compiling Algorithms Rotate.swift
[1219/1313] Compiling Algorithms Cycle.swift
[1220/1313] Compiling Algorithms EitherSequence.swift
[1225/1313] Compiling Algorithms Intersperse.swift
[1232/1313] Compiling Algorithms Trim.swift
[1233/1313] Compiling Algorithms Unique.swift
[1234/1313] Compiling Algorithms Windows.swift
[1235/1313] Compiling Algorithms AdjacentPairs.swift
[1236/1313] Compiling Algorithms Chain.swift
[1239/1313] Compiling CryptoBoringWrapper RandomBytes.swift
[1240/1313] Emitting module CryptoBoringWrapper
[1241/1313] Compiling CryptoBoringWrapper CryptoKitErrors_boring.swift
[1242/1313] Compiling CryptoBoringWrapper BoringSSLAEAD.swift
[1243/1313] Compiling CryptoBoringWrapper FiniteFieldArithmeticContext.swift
[1244/1313] Emitting module Atomics
[1251/1314] Compiling CryptoBoringWrapper EllipticCurve.swift
[1252/1314] Compiling CryptoBoringWrapper ArbitraryPrecisionInteger.swift
[1253/1314] Compiling CryptoBoringWrapper EllipticCurvePoint.swift
[1254/1315] Wrapping AST for Atomics for debugging
[1255/1346] Wrapping AST for CryptoBoringWrapper for debugging
[1257/1459] Emitting module Algorithms
[1258/1464] Wrapping AST for Algorithms for debugging
[1260/1464] Compiling Crypto HPKE-KEM-Curve25519.swift
[1261/1464] Compiling Crypto HPKE-NIST-EC-KEMs.swift
[1262/1464] Compiling Crypto HPKE-KEM.swift
[1263/1464] Compiling Crypto HPKE-Errors.swift
[1264/1464] Compiling Crypto HPKE.swift
[1265/1464] Compiling Crypto HPKE-Context.swift
[1266/1464] Compiling Crypto HPKE-KeySchedule.swift
[1267/1464] Compiling Crypto HPKE-Modes.swift
[1268/1464] Compiling Crypto Insecure.swift
[1269/1472] Compiling Crypto X25519Keys.swift
[1270/1472] Compiling Crypto SymmetricKeys.swift
[1271/1472] Compiling Crypto HMAC.swift
[1272/1472] Compiling Crypto MACFunctions.swift
[1273/1472] Compiling Crypto MessageAuthenticationCode.swift
[1274/1472] Compiling Crypto AES.swift
[1275/1472] Compiling Crypto ECDSASignature_boring.swift
[1276/1472] Compiling Crypto ECDSA_boring.swift
[1277/1472] Compiling Crypto EdDSA_boring.swift
[1278/1472] Compiling Crypto HPKE-LabeledExtract.swift
[1279/1472] Compiling Crypto HPKE-Utils.swift
[1280/1472] Compiling Crypto DHKEM.swift
[1290/1483] Compiling Crypto HKDF.swift
[1291/1483] Compiling Crypto AESWrap.swift
[1292/1483] Compiling Crypto AESWrap_boring.swift
[1293/1483] Compiling Crypto Ed25519_boring.swift
[1294/1483] Compiling Crypto NISTCurvesKeys_boring.swift
[1295/1483] Compiling Crypto X25519Keys_boring.swift
[1296/1483] Compiling Crypto Curve25519.swift
[1297/1483] Compiling Crypto Ed25519Keys.swift
[1298/1483] Compiling Crypto NISTCurvesKeys.swift
[1302/1483] Emitting module Crypto
[1303/1483] Compiling Crypto MLDSA_boring.swift
[1304/1483] Compiling Crypto MLDSA_wrapper.swift
[1305/1483] Compiling Crypto ECDSA.swift
[1306/1483] Compiling Crypto Ed25519.swift
[1307/1483] Compiling Crypto MLDSA.swift
[1308/1483] Compiling Crypto Insecure_HashFunctions.swift
[1309/1483] Compiling Crypto MLKEM_boring.swift
[1310/1483] Compiling Crypto MLKEM_wrapper.swift
[1311/1483] Compiling Crypto XWing_boring.swift
[1312/1483] Compiling Crypto AES-GCM.swift
[1313/1483] Compiling Crypto AES-GCM_boring.swift
[1314/1483] Compiling Crypto ChaChaPoly_boring.swift
[1315/1483] Compiling Crypto ChaChaPoly.swift
[1316/1483] Compiling Crypto Cipher.swift
[1317/1483] Compiling Crypto Nonces.swift
[1318/1483] Compiling Crypto ASN1.swift
[1319/1483] Compiling Crypto ASN1Any.swift
[1320/1483] Compiling Crypto ASN1BitString.swift
[1321/1483] Compiling Crypto ASN1Boolean.swift
[1322/1483] Compiling Crypto ASN1Identifier.swift
[1323/1483] Compiling Crypto ASN1Integer.swift
[1324/1483] Compiling Crypto ECDSASignature.swift
[1325/1483] Compiling Crypto PEMDocument.swift
[1326/1483] Compiling Crypto PKCS8PrivateKey.swift
[1327/1483] Compiling Crypto SEC1PrivateKey.swift
[1328/1483] Compiling Crypto SubjectPublicKeyInfo.swift
[1329/1483] Compiling Crypto CryptoError_boring.swift
[1333/1483] Compiling Crypto ASN1Null.swift
[1334/1483] Compiling Crypto ASN1OctetString.swift
[1335/1483] Compiling Crypto ASN1Strings.swift
[1336/1483] Compiling Crypto ArraySliceBigint.swift
[1337/1483] Compiling Crypto GeneralizedTime.swift
[1338/1483] Compiling Crypto ObjectIdentifier.swift
[1345/1483] Compiling Crypto CryptoKitErrors.swift
[1346/1483] Compiling Crypto Digest_boring.swift
[1347/1483] Compiling Crypto Digest.swift
[1348/1483] Compiling Crypto Digests.swift
[1349/1483] Compiling Crypto HashFunctions.swift
[1350/1483] Compiling Crypto HashFunctions_SHA2.swift
[1351/1483] Compiling Crypto HashFunctions_SHA3.swift
[1352/1483] Compiling Crypto Digest_xkcp.swift
[1353/1483] Compiling Crypto HPKE-AEAD.swift
[1354/1483] Compiling Crypto HPKE-Ciphersuite.swift
[1355/1483] Compiling Crypto HPKE-KDF.swift
[1356/1483] Compiling Crypto HPKE-KexKeyDerivation.swift
[1368/1483] Compiling Crypto Signature.swift
[1369/1483] Compiling Crypto CryptoKitErrors_boring.swift
[1370/1483] Compiling Crypto Optional+withUnsafeBytes_boring.swift
[1371/1483] Compiling Crypto RNG_boring.swift
[1372/1483] Compiling Crypto SafeCompare_boring.swift
[1373/1483] Compiling Crypto Zeroization_boring.swift
[1374/1483] Compiling Crypto _CryptoModuleAnchor.swift
[1375/1483] Compiling Crypto PrettyBytes.swift
[1376/1483] Compiling Crypto SafeCompare.swift
[1377/1483] Compiling Crypto SecureBytes.swift
[1378/1483] Compiling Crypto Zeroization.swift
[1383/1483] Compiling NIOCore SingleStepByteToMessageDecoder.swift
[1384/1483] Compiling NIOCore SocketAddresses.swift
[1385/1483] Compiling NIOCore SocketOptionProvider.swift
[1386/1483] Compiling NIOCore SystemCallHelpers.swift
[1387/1483] Compiling NIOCore TimeAmount+Duration.swift
[1388/1483] Compiling NIOCore TypeAssistedChannelHandler.swift
[1389/1483] Compiling NIOCore UniversalBootstrapSupport.swift
[1390/1483] Compiling NIOCore Utilities.swift
[1391/1484] Wrapping AST for Crypto for debugging
[1401/1546] Compiling CryptoExtras ARC+API.swift
[1402/1546] Compiling CryptoExtras ARC.swift
[1403/1546] Compiling CryptoExtras ARCCredential.swift
[1404/1546] Compiling CryptoExtras ARCEncoding.swift
[1405/1546] Compiling CryptoExtras ARCPrecredential.swift
[1406/1546] Compiling CryptoExtras ARCPresentation.swift
[1407/1546] Compiling CryptoExtras ARCRequest.swift
[1408/1546] Compiling CryptoExtras ARCResponse.swift
[1409/1546] Compiling CryptoExtras Data+Extensions.swift
[1410/1546] Compiling CryptoExtras BoringSSLPassphraseCallbackManager.swift
[1411/1546] Compiling CryptoExtras RSA+BlindSigning.swift
[1412/1546] Compiling CryptoExtras RSA.swift
[1413/1546] Compiling CryptoExtras RSA_boring.swift
[1414/1546] Compiling CryptoExtras Reexport.swift
[1415/1546] Compiling CryptoExtras Zeroization_boring.swift
[1416/1546] Compiling CryptoExtras BoringSSLHelpers.swift
[1417/1546] Compiling CryptoExtras CryptoKitErrors_boring.swift
[1418/1546] Compiling CryptoExtras AES_CBC.swift
[1419/1546] Compiling CryptoExtras PKCS8DERRepresentation.swift
[1420/1546] Compiling CryptoExtras PKCS8PrivateKey.swift
[1421/1546] Compiling CryptoExtras RFC8410AlgorithmIdentifier.swift
[1422/1546] Compiling CryptoExtras ECToolbox_boring.swift
[1423/1546] Compiling CryptoExtras ECToolbox.swift
[1424/1546] Compiling CryptoExtras HashToField.swift
[1425/1546] Compiling CryptoExtras KDF.swift
[1426/1546] Compiling CryptoExtras PBKDF2_boring.swift
[1427/1546] Compiling CryptoExtras PBKDF2_commoncrypto.swift
[1428/1554] Compiling CryptoExtras PBKDF2.swift
[1429/1554] Compiling CryptoExtras Scrypt_boring.swift
[1430/1554] Compiling CryptoExtras Scrypt.swift
[1431/1554] Compiling CryptoExtras OPRF.swift
[1432/1554] Compiling CryptoExtras OPRFClient.swift
[1433/1554] Compiling CryptoExtras OPRFServer.swift
[1434/1554] Compiling CryptoExtras VOPRF+API.swift
[1435/1554] Compiling CryptoExtras VOPRFClient.swift
[1436/1554] Compiling CryptoExtras VOPRFServer.swift
[1438/1554] Compiling CryptoExtras DigestType.swift
[1439/1554] Compiling CryptoExtras Error.swift
[1440/1554] Compiling CryptoExtras I2OSP.swift
[1441/1554] Compiling CryptoExtras IntegerEncoding.swift
[1442/1554] Compiling CryptoExtras PEMDocument.swift
[1443/1554] Compiling CryptoExtras PrettyBytes.swift
[1444/1554] Compiling CryptoExtras SubjectPublicKeyInfo.swift
[1445/1554] Emitting module CryptoExtras
[1455/1554] Compiling CryptoExtras AES_CFB.swift
[1456/1554] Compiling CryptoExtras AES_CTR.swift
[1457/1554] Compiling CryptoExtras AES_GCM_SIV.swift
[1458/1554] Compiling CryptoExtras Block Function.swift
[1459/1554] Compiling CryptoExtras AES_CBC_boring.swift
[1460/1554] Compiling CryptoExtras AES_CFB_boring.swift
[1461/1554] Compiling CryptoExtras AES_CTR_boring.swift
[1462/1554] Compiling CryptoExtras AES_GCM_SIV_boring.swift
[1463/1554] Compiling CryptoExtras ThreadOps.swift
[1464/1554] Compiling CryptoExtras ThreadPosix.swift
[1465/1554] Compiling CryptoExtras ThreadSpecific.swift
[1466/1554] Compiling CryptoExtras ThreadWindows.swift
[1467/1554] Compiling CryptoExtras DLEQ.swift
[1468/1554] Compiling CryptoExtras Prover.swift
[1469/1554] Compiling CryptoExtras Verifier.swift
[1470/1554] Compiling CryptoExtras ZKPToolbox.swift
[1471/1554] Compiling CryptoExtras ARCServer.swift
[1472/1554] Compiling CryptoExtras ChaCha20CTR_boring.swift
[1473/1554] Compiling CryptoExtras ChaCha20CTR.swift
[1474/1554] Compiling CryptoExtras BoringSSLSHA512256Context.swift
[1475/1554] Compiling CryptoExtras BoringSSLSHA512256HashFunction.swift
[1476/1554] Compiling CryptoExtras SHA512256.swift
[1477/1554] Compiling CryptoExtras SHA512256Digest.swift
[1478/1554] Compiling CryptoExtras Curve25519+PEM.swift
[1479/1554] Compiling CryptoExtras ObjectIdentifier.swift
[1480/1554] Compiling CryptoExtras CMAC.swift
[1489/1555] Wrapping AST for CryptoExtras for debugging
[1491/1557] Emitting module _CryptoExtras
[1492/1557] Compiling _CryptoExtras Exports.swift
[1493/1558] Wrapping AST for _CryptoExtras for debugging
[1495/1653] Compiling X509 AllOfPolicies.swift
[1496/1653] Compiling X509 AnyPolicy.swift
[1497/1653] Compiling X509 CertificateStore.swift
[1498/1653] Compiling X509 CustomCertificateStore.swift
[1499/1653] Compiling X509 CMSIssuerAndSerialNumber.swift
[1500/1653] Compiling X509 CMSOperations.swift
[1501/1653] Compiling X509 CMSSignature.swift
[1502/1653] Compiling X509 CMSSignedData.swift
[1503/1653] Compiling X509 CMSSignerIdentifier.swift
[1504/1653] Emitting module NIOCore
[1505/1654] Wrapping AST for NIOCore for debugging
[1507/1711] Compiling NIOFoundationEssentialsCompat Codable+ByteBuffer.swift
[1508/1711] Emitting module NIOFoundationEssentialsCompat
[1509/1711] Compiling NIOFoundationEssentialsCompat ByteBuffer-foundation.swift
[1510/1712] Wrapping AST for NIOFoundationEssentialsCompat for debugging
[1512/1712] Emitting module NIOEmbedded
[1513/1712] Compiling NIOEmbedded AsyncTestingEventLoop.swift
[1514/1712] Compiling NIOEmbedded Embedded.swift
[1515/1712] Compiling NIOEmbedded AsyncTestingChannel.swift
[1517/1713] Compiling X509 DomainComponent.swift
[1518/1713] Compiling X509 EmailAddress.swift
[1519/1713] Compiling X509 LocalityName.swift
[1520/1713] Compiling X509 OrganizationName.swift
[1521/1713] Compiling X509 OrganizationalUnitName.swift
[1522/1713] Compiling X509 StateOrProvinceName.swift
[1523/1713] Compiling X509 StreetAddress.swift
[1524/1713] Compiling X509 Error.swift
[1525/1713] Compiling X509 AuthorityInformationAccess.swift
[1526/1713] Compiling X509 AuthorityKeyIdentifier.swift
[1527/1713] Compiling X509 BasicConstraints.swift
[1528/1713] Compiling X509 ExtendedKeyUsage.swift
[1529/1713] Compiling X509 ExtensionIdentifiers.swift
[1530/1713] Compiling X509 KeyUsage.swift
[1530/1713] Wrapping AST for NIOEmbedded for debugging
[1532/1726] Compiling NIOPosix HappyEyeballs.swift
[1533/1726] Compiling NIOPosix IO.swift
[1534/1726] Compiling NIOPosix IntegerBitPacking.swift
[1535/1726] Compiling NIOPosix IntegerTypes.swift
[1536/1726] Compiling NIOPosix Linux.swift
[1537/1726] Compiling NIOPosix LinuxCPUSet.swift
[1538/1726] Compiling NIOPosix LinuxUring.swift
[1539/1733] Compiling NIOPosix BSDSocketAPICommon.swift
[1540/1733] Compiling NIOPosix BSDSocketAPIPosix.swift
[1541/1733] Compiling NIOPosix BSDSocketAPIWindows.swift
[1542/1733] Compiling NIOPosix BaseSocket.swift
[1543/1733] Compiling NIOPosix BaseSocketChannel+AccessibleTransport.swift
[1544/1733] Compiling NIOPosix BaseSocketChannel+SocketOptionProvider.swift
[1545/1733] Compiling NIOPosix BaseSocketChannel.swift
[1546/1733] Compiling NIOPosix BaseStreamSocketChannel.swift
[1547/1733] Compiling NIOPosix Bootstrap.swift
[1548/1733] Compiling NIOPosix ControlMessage.swift
[1549/1733] Compiling NIOPosix DatagramVectorReadManager.swift
[1550/1733] Compiling NIOPosix Errors+Any.swift
[1551/1733] Compiling NIOPosix FileDescriptor.swift
[1552/1733] Compiling NIOPosix PendingWritesManager.swift
[1553/1733] Compiling NIOPosix PipeChannel.swift
[1554/1733] Compiling NIOPosix PipePair.swift
[1555/1733] Compiling NIOPosix Pool.swift
[1556/1733] Compiling NIOPosix PosixSingletons+ConcurrencyTakeOver.swift
[1557/1733] Compiling NIOPosix PosixSingletons.swift
[1558/1733] Compiling NIOPosix RawSocketBootstrap.swift
[1559/1733] Compiling NIOPosix Resolver.swift
[1560/1733] Compiling NIOPosix Selectable.swift
[1561/1733] Compiling NIOPosix SelectableChannel.swift
[1562/1733] Compiling NIOPosix SelectableEventLoop.swift
[1563/1733] Compiling NIOPosix SelectorEpoll.swift
[1564/1733] Compiling NIOPosix SelectorGeneric.swift
[1565/1733] Compiling NIOPosix GetaddrinfoResolver.swift
[1573/1733] Compiling NIOPosix MultiThreadedEventLoopGroup.swift
[1574/1733] Compiling NIOPosix NIOPosixSendableMetatype.swift
[1575/1733] Compiling NIOPosix NIORandomizedDNSResolver.swift
[1576/1733] Compiling NIOPosix NIOThreadPool.swift
[1577/1733] Compiling NIOPosix NonBlockingFileIO.swift
[1578/1733] Compiling NIOPosix PendingDatagramWritesManager.swift
[1579/1733] Compiling NIOPosix SelectorKqueue.swift
[1580/1733] Compiling NIOPosix SelectorUring.swift
[1581/1733] Compiling NIOPosix SelectorWSAPoll.swift
[1582/1733] Compiling NIOPosix ServerSocket.swift
[1583/1733] Compiling NIOPosix Socket.swift
[1584/1733] Compiling NIOPosix SocketChannel.swift
[1585/1733] Compiling NIOPosix SocketProtocols.swift
[1586/1733] Compiling NIOPosix StructuredConcurrencyHelpers.swift
[1587/1733] Compiling NIOPosix System.swift
[1588/1733] Compiling NIOPosix Thread.swift
[1589/1733] Compiling NIOPosix ThreadPosix.swift
[1590/1733] Compiling NIOPosix ThreadWindows.swift
[1591/1733] Compiling NIOPosix Utilities.swift
[1603/1733] Compiling NIOPosix VsockAddress.swift
[1604/1733] Compiling NIOPosix VsockChannelEvents.swift
[1605/1733] Compiling NIOPosix Windows.swift
[1606/1733] Compiling X509 CSRAttribute.swift
[1607/1733] Compiling X509 CSRAttributes.swift
[1608/1733] Compiling X509 CSRVersion.swift
[1609/1733] Compiling X509 CertificateSigningRequest.swift
[1610/1733] Compiling X509 CertificationRequestInfo.swift
[1611/1733] Compiling X509 ExtensionRequest.swift
[1612/1733] Compiling X509 Certificate.swift
[1613/1733] Compiling X509 CertificatePrivateKey.swift
[1614/1733] Compiling X509 CertificatePublicKey.swift
[1615/1733] Compiling X509 CertificateSerialNumber.swift
[1616/1733] Compiling X509 CertificateVersion.swift
[1617/1733] Compiling X509 CMSAttribute.swift
[1618/1733] Compiling X509 CMSContentInfo.swift
[1619/1733] Compiling X509 CMSEncapsulatedContentInfo.swift
[1623/1733] Compiling X509 Extension.swift
[1624/1733] Compiling X509 Extensions.swift
[1625/1733] Compiling X509 ExtensionsBuilder.swift
[1626/1733] Compiling X509 GeneralName.swift
[1627/1733] Compiling X509 Lock.swift
[1628/1733] Compiling X509 LockedValueBox.swift
[1629/1733] Compiling X509 BasicOCSPResponse.swift
[1630/1733] Compiling X509 DirectoryString.swift
[1631/1733] Compiling X509 OCSPCertID.swift
[1632/1733] Compiling X509 OCSPCertStatus.swift
[1668/1733] Emitting module NIOPosix
[1669/1734] Wrapping AST for NIOPosix for debugging
[1671/1736] Compiling NIO Exports.swift
[1672/1736] Emitting module NIO
[1673/1737] Wrapping AST for NIO for debugging
[1675/1776] Compiling NIOFoundationCompat Exports.swift
[1676/1776] Compiling NIOTLS TLSEvents.swift
[1677/1776] Emitting module NIOFoundationCompat
[1678/1776] Compiling NIOFoundationCompat WaitSpinningRunLoop.swift
[1679/1776] Compiling NIOFoundationCompat JSONSerialization+ByteBuffer.swift
[1681/1777] Compiling NIOSOCKS SOCKSResponse.swift
[1682/1778] Compiling NIOSOCKS SelectedAuthenticationMethod.swift
[1683/1778] Compiling NIOSOCKS ClientStateMachine.swift
[1684/1778] Emitting module NIOSOCKS
[1684/1778] Wrapping AST for NIOFoundationCompat for debugging
[1686/1778] Emitting module X509
[1687/1778] Compiling NIOHTTP1 HTTPServerPipelineHandler.swift
[1688/1778] Compiling NIOSOCKS AuthenticationMethod.swift
[1690/1780] Compiling NIOSOCKS ClientGreeting.swift
[1691/1780] Compiling NIOHTTP1 HTTPEncoder.swift
[1693/1780] Compiling NIOHTTP1 ByteCollectionUtils.swift
[1694/1780] Compiling NIOHTTP1 HTTPDecoder.swift
[1695/1780] Compiling NIOSOCKS Errors.swift
[1696/1780] Compiling NIOHTTP1 HTTPHeaderValidator.swift
[1697/1780] Compiling NIOTLS NIOTypedApplicationProtocolNegotiationHandler.swift
[1698/1780] Emitting module NIOTLS
[1699/1780] Compiling NIOTLS SNIHandler.swift
[1700/1780] Compiling NIOTLS ProtocolNegotiationHandlerStateMachine.swift
[1701/1780] Compiling NIOSOCKS ServerStateMachine.swift
[1702/1781] Compiling NIOTLS ApplicationProtocolNegotiationHandler.swift
[1705/1782] Compiling NIOHTTP1 NIOTypedHTTPClientUpgradeHandler.swift
[1706/1782] Compiling NIOHTTP1 NIOTypedHTTPClientUpgraderStateMachine.swift
[1706/1782] Wrapping AST for NIOTLS for debugging
[1707/1782] Wrapping AST for NIOSOCKS for debugging
[1709/1782] Emitting module NIOHTTP1
[1710/1812] Compiling NIOSSL SSLErrors.swift
[1711/1812] Compiling NIOSSL SSLInit.swift
[1712/1812] Compiling NIOSSL SSLPKCS12Bundle.swift
[1713/1812] Compiling NIOSSL SubjectAlternativeName.swift
[1714/1812] Compiling NIOSSL LinuxCABundle.swift
[1715/1812] Compiling NIOSSL NIOSSLClientHandler.swift
[1716/1812] Compiling NIOSSL NIOSSLHandler+Configuration.swift
[1717/1812] Compiling NIOSSL NIOSSLHandler.swift
[1718/1812] Compiling NIOSSL NIOSSLServerHandler.swift
[1719/1812] Compiling NIOSSL ObjectIdentifier.swift
[1720/1812] Compiling NIOSSL PosixPort.swift
[1721/1812] Compiling NIOSSL AndroidCABundle.swift
[1722/1812] Compiling NIOSSL ByteBufferBIO.swift
[1723/1812] Compiling NIOSSL CustomPrivateKey.swift
[1725/1813] Compiling X509 ValidatedCertificateChain.swift
[1726/1813] Compiling X509 VerificationDiagnostic.swift
[1727/1813] Compiling X509 Verifier.swift
[1728/1813] Compiling X509 VerifierPolicy.swift
[1729/1813] Compiling X509 AlgorithmIdentifier.swift
[1730/1813] Compiling X509 ECDSASignature.swift
[1731/1813] Compiling X509 RSAPKCS1PublicKey.swift
[1732/1813] Compiling X509 SubjectPublicKeyInfo.swift
[1733/1813] Compiling X509 TBSCertificate.swift
[1734/1813] Compiling X509 Time.swift
[1735/1813] Compiling X509 TimeCalculations.swift
[1736/1813] Compiling X509 Validity.swift
[1737/1813] Compiling X509 X509SendableMetatype.swift
[1737/1813] Wrapping AST for NIOHTTP1 for debugging
[1739/1831] Wrapping AST for X509 for debugging
[1741/1844] Emitting module NIOHTTPCompression
[1742/1898] Compiling NIOHTTPCompression HTTPDecompression.swift
[1743/1898] Compiling NIOHTTPCompression HTTPCompression.swift
[1744/1898] Compiling NIOHPACK IndexedHeaderTable.swift
[1745/1898] Compiling NIOHPACK IntegerCoding.swift
[1746/1899] Compiling NIOHPACK HuffmanTables.swift
[1747/1899] Emitting module NIOHPACK
[1748/1899] Compiling JWTKit EdDSA.swift
[1749/1899] Compiling JWTKit EdDSACurve.swift
[1750/1899] Compiling JWTKit EdDSAError.swift
[1751/1899] Compiling JWTKit EdDSASigner.swift
[1752/1903] Compiling JWTKit AudienceClaim.swift
[1753/1903] Compiling JWTKit BoolClaim.swift
[1754/1903] Compiling NIOHTTPCompression HTTPRequestCompressor.swift
[1757/1903] Compiling JWTKit ExpirationClaim.swift
[1758/1903] Compiling JWTKit GoogleHostedDomainClaim.swift
[1759/1903] Compiling JWTKit IDClaim.swift
[1760/1903] Compiling NIOHPACK StaticHeaderTable.swift
[1761/1903] Compiling NIOHTTPCompression HTTPResponseCompressor.swift
[1762/1903] Compiling NIOHTTPCompression HTTPDecompressor.swift
[1763/1903] Compiling NIOHPACK HuffmanCoding.swift
[1764/1904] Wrapping AST for NIOHTTPCompression for debugging
[1766/1904] Compiling JWTKit IssuedAtClaim.swift
[1767/1904] Compiling JWTKit IssuerClaim.swift
[1768/1904] Compiling JWTKit JWTClaim.swift
[1769/1904] Compiling JWTKit JWTMultiValueClaim.swift
[1774/1905] Compiling JWTKit MLDSAType.swift
[1775/1905] Compiling JWTKit JWTKeyCollection+UnsecuredNone.swift
[1776/1905] Compiling JWTKit UnsecuredNoneSigner.swift
[1777/1905] Compiling JWTKit JWTKeyCollection+RSA.swift
[1778/1905] Compiling JWTKit RSA.swift
[1779/1905] Compiling JWTKit RSAError.swift
[1780/1905] Compiling JWTKit RSASigner.swift
[1781/1905] Compiling JWTKit Base64URL.swift
[1782/1905] Compiling JWTKit CryptoSigner.swift
[1784/1914] Compiling JWTKit JWTSerializer.swift
[1785/1914] Compiling JWTKit JWTSigner.swift
[1786/1914] Compiling JWTKit JWTKeyCollection+MLDSA.swift
[1787/1914] Compiling JWTKit MLDSA.swift
[1788/1914] Compiling JWTKit MLDSA65+MLDSAKey.swift
[1789/1914] Compiling JWTKit MLDSA87+MLDSAKey.swift
[1790/1914] Compiling JWTKit MLDSAError.swift
[1791/1914] Compiling JWTKit MLDSAKey.swift
[1792/1914] Compiling JWTKit MLDSASigner.swift
[1792/1914] Wrapping AST for NIOHPACK for debugging
[1803/1914] Compiling JWTKit JWTUnixEpochClaim.swift
[1804/1914] Compiling JWTKit LocaleClaim.swift
[1805/1914] Compiling JWTKit NotBeforeClaim.swift
[1806/1914] Compiling JWTKit SubjectClaim.swift
[1807/1914] Compiling JWTKit TenantIDClaim.swift
[1808/1914] Compiling JWTKit ECDSA.swift
[1809/1914] Compiling JWTKit ECDSACurve.swift
[1810/1914] Compiling JWTKit ECDSACurveType.swift
[1811/1914] Compiling JWTKit ECDSAError.swift
[1812/1914] Compiling JWTKit ECDSAKeyTypes.swift
[1813/1914] Compiling JWTKit ECDSASigner.swift
[1814/1931] Emitting module JWTKit
[1815/1938] Compiling NIOHTTP2 QuiescingState.swift
[1816/1938] Compiling NIOHTTP2 RemotelyQuiescingState.swift
[1817/1938] Compiling NIOHTTP2 SendAndReceiveGoawayState.swift
[1818/1938] Compiling NIOHTTP2 StateMachineResult.swift
[1819/1944] Compiling NIOHTTP2 ContentLengthVerifier.swift
[1820/1944] Compiling NIOHTTP2 ConnectionStateMachine.swift
[1821/1944] Compiling NIOHTTP2 ConnectionStreamsState.swift
[1822/1944] Compiling NIOHTTP2 MayReceiveFrames.swift
[1824/1977] Compiling NIOHTTP2 ReceivingDataState.swift
[1825/1977] Compiling NIOHTTP2 ReceivingGoAwayState.swift
[1826/1977] Compiling NIOHTTP2 ReceivingHeadersState.swift
[1827/1977] Compiling NIOHTTP2 ReceivingPushPromiseState.swift
[1828/1977] Compiling NIOHTTP2 ReceivingRstStreamState.swift
[1829/1977] Compiling NIOHTTP2 ReceivingWindowUpdateState.swift
[1830/1977] Compiling NIOHTTP2 HTTP2ChannelHandler+InlineStreamMultiplexer.swift
[1831/1977] Compiling NIOHTTP2 HTTP2ChannelHandler.swift
[1832/1977] Compiling NIOHTTP2 HTTP2CommonInboundStreamMultiplexer.swift
[1837/1977] Emitting module NIOSSL
[1838/1977] Compiling NIOHTTP2 HasFlowControlWindows.swift
[1839/1977] Compiling NIOHTTP2 HasLocalSettings.swift
[1840/1977] Compiling NIOHTTP2 HasRemoteSettings.swift
[1841/1977] Compiling NIOHTTP2 LocallyQuiescingState.swift
[1842/1977] Compiling NIOHTTP2 MaySendFrames.swift
[1843/1977] Compiling NIOHTTP2 SendingDataState.swift
[1844/1977] Compiling NIOHTTP2 SendingGoawayState.swift
[1845/1977] Compiling NIOHTTP2 SendingHeadersState.swift
[1846/1977] Compiling NIOHTTP2 SendingPushPromiseState.swift
[1847/1977] Compiling NIOHTTP2 SendingRstStreamState.swift
[1848/1977] Compiling NIOHTTP2 SendingWindowUpdateState.swift
[1849/1977] Compiling NIOHTTP2 HTTP2SettingsState.swift
[1850/1977] Compiling NIOHTTP2 HasExtendedConnectSettings.swift
[1851/1985] Compiling NIOHTTP2 HTTP2ConnectionStateChange.swift
[1852/1985] Compiling NIOHTTP2 HTTP2Error.swift
[1853/1985] Compiling NIOHTTP2 HTTP2ErrorCode.swift
[1854/1985] Compiling NIOHTTP2 HTTP2FlowControlWindow.swift
[1855/1985] Compiling NIOHTTP2 HTTP2Frame.swift
[1856/1985] Compiling NIOHTTP2 HTTP2FrameEncoder.swift
[1857/1985] Compiling NIOHTTP2 HTTP2FrameParser.swift
[1858/1985] Compiling NIOHTTP2 HTTP2PingData.swift
[1859/1985] Compiling NIOHTTP2 HTTP2PipelineHelpers.swift
[1860/1985] Compiling NIOHTTP2 HTTP2Settings.swift
[1861/1985] Compiling NIOHTTP2 HTTP2Stream.swift
[1862/1985] Compiling NIOHTTP2 HTTP2StreamChannel+OutboundStreamMultiplexer.swift
[1863/1985] Compiling NIOHTTP2 HTTP2StreamChannel.swift
[1864/1985] Compiling NIOHTTP2 HTTP2StreamDelegate.swift
[1865/1985] Compiling NIOHTTP2 HTTP2StreamID.swift
[1866/1985] Compiling NIOHTTP2 DOSHeuristics.swift
[1867/1985] Compiling NIOHTTP2 Error+Any.swift
[1868/1985] Compiling NIOHTTP2 ConcurrentStreamBuffer.swift
[1882/1986] Wrapping AST for NIOSSL for debugging
[1884/1986] Compiling NIOHTTP2 StreamStateMachine.swift
[1885/1986] Compiling NIOHTTP2 Timer.swift
[1886/1986] Compiling NIOHTTP2 UnsafeTransfer.swift
[1887/1986] Compiling NIOHTTP2 WatermarkedFlowController.swift
[1888/1986] Compiling JWTKit GoogleIdentityToken.swift
[1889/1986] Compiling JWTKit MicrosoftIdentityToken.swift
[1890/1986] Compiling JWTKit EmptyPolicy.swift
[1891/1986] Compiling JWTKit ValidationTimePayload.swift
[1892/1986] Compiling JWTKit X5CVerifier.swift
[1893/1987] Wrapping AST for JWTKit for debugging
[1895/1987] Emitting module NIOHTTP2
[1896/1987] Compiling NIOHTTP2 HTTP2StreamMultiplexer.swift
[1897/1987] Compiling NIOHTTP2 HTTP2ToHTTP1Codec.swift
[1898/1987] Compiling NIOHTTP2 HTTP2UserEvents.swift
[1899/1987] Compiling NIOHTTP2 InboundEventBuffer.swift
[1900/1987] Compiling NIOHTTP2 InboundWindowManager.swift
[1901/1987] Compiling NIOHTTP2 MultiplexerAbstractChannel.swift
[1902/1987] Compiling NIOHTTP2 NIOHTTP2FrameDelegate.swift
[1903/1987] Compiling NIOHTTP2 NIOHTTP2ServerConnectionManagementHandler+StateMachine.swift
[1904/1987] Compiling NIOHTTP2 NIOHTTP2ServerConnectionManagementHandler.swift
[1905/1987] Compiling NIOHTTP2 StreamChannelFlowController.swift
[1906/1987] Compiling NIOHTTP2 StreamChannelList.swift
[1907/1987] Compiling NIOHTTP2 StreamMap.swift
[1924/1987] Compiling NIOHTTP2 ControlFrameBuffer.swift
[1925/1987] Compiling NIOHTTP2 OutboundFlowControlBuffer.swift
[1926/1987] Compiling NIOHTTP2 OutboundFrameBuffer.swift
[1927/1987] Compiling NIOHTTP2 GlitchesMonitor.swift
[1928/1987] Compiling NIOHTTP2 HPACKHeaders+Validation.swift
[1929/1987] Compiling NIOHTTP2 HTTP2ChannelHandler+InboundStreamMultiplexer.swift
[1948/1988] Wrapping AST for NIOHTTP2 for debugging
[1950/2052] Emitting module AsyncHTTPClient
[1951/2060] Compiling AsyncHTTPClient AnyAsyncSequence.swift
[1952/2060] Compiling AsyncHTTPClient AnyAsyncSequenceProucerDelete.swift
[1953/2060] Compiling AsyncHTTPClient AsyncLazySequence.swift
[1954/2060] Compiling AsyncHTTPClient HTTPClient+execute.swift
[1955/2060] Compiling AsyncHTTPClient HTTPClient+shutdown.swift
[1956/2060] Compiling AsyncHTTPClient HTTPClient+tracing.swift
[1957/2060] Compiling AsyncHTTPClient HTTPClientRequest+Prepared.swift
[1958/2060] Compiling AsyncHTTPClient HTTPClientRequest+auth.swift
[1959/2060] Compiling AsyncHTTPClient HTTPClientRequest.swift
[1960/2060] Compiling AsyncHTTPClient HTTPClientResponse.swift
[1961/2060] Compiling AsyncHTTPClient SingleIteratorPrecondition.swift
[1962/2060] Compiling AsyncHTTPClient Transaction+StateMachine.swift
[1963/2060] Compiling AsyncHTTPClient Transaction.swift
[1964/2060] Compiling AsyncHTTPClient Base64.swift
[1965/2060] Compiling AsyncHTTPClient BasicAuth.swift
[1966/2060] Compiling AsyncHTTPClient BestEffortHashableTLSConfiguration.swift
[1967/2060] Compiling AsyncHTTPClient Configuration+BrowserLike.swift
[1968/2060] Compiling AsyncHTTPClient ConnectionPool.swift
[1969/2060] Compiling AsyncHTTPClient LRUCache.swift
[1970/2060] Compiling AsyncHTTPClient NIOLoopBound+Execute.swift
[1971/2060] Compiling AsyncHTTPClient NWErrorHandler.swift
[1972/2060] Compiling AsyncHTTPClient NWWaitingHandler.swift
[1973/2060] Compiling AsyncHTTPClient TLSConfiguration.swift
[1974/2060] Compiling AsyncHTTPClient RedirectState.swift
[1975/2060] Compiling AsyncHTTPClient RequestBag+StateMachine.swift
[1976/2060] Compiling AsyncHTTPClient RequestBag+Tracing.swift
[1977/2060] Compiling AsyncHTTPClient RequestBag.swift
[1978/2060] Compiling AsyncHTTPClient RequestValidation.swift
[1979/2060] Compiling AsyncHTTPClient SSLContextCache.swift
[1980/2060] Compiling AsyncHTTPClient Scheme.swift
[1981/2060] Compiling AsyncHTTPClient Singleton.swift
[1982/2060] Compiling AsyncHTTPClient StringConvertibleInstances.swift
[1983/2060] Compiling AsyncHTTPClient StructuredConcurrencyHelpers.swift
[1984/2060] Compiling AsyncHTTPClient TracingSupport.swift
[1985/2060] Compiling AsyncHTTPClient Utils.swift
[1986/2060] Compiling AsyncHTTPClient HTTPConnectionEvent.swift
[1987/2060] Compiling AsyncHTTPClient HTTPConnectionPool+Factory.swift
[1988/2060] Compiling AsyncHTTPClient HTTPConnectionPool+Manager.swift
[1989/2060] Compiling AsyncHTTPClient HTTPConnectionPool.swift
[1990/2060] Compiling AsyncHTTPClient HTTPExecutableRequest.swift
[1991/2060] Compiling AsyncHTTPClient HTTPRequestStateMachine+Demand.swift
[1992/2060] Compiling AsyncHTTPClient HTTPRequestStateMachine.swift
[1993/2060] Compiling AsyncHTTPClient RequestBodyLength.swift
[1994/2060] Compiling AsyncHTTPClient RequestFramingMetadata.swift
[1995/2060] Compiling AsyncHTTPClient HTTP1ProxyConnectHandler.swift
[1996/2060] Compiling AsyncHTTPClient SOCKSEventsHandler.swift
[1997/2060] Compiling AsyncHTTPClient TLSEventsHandler.swift
[1998/2060] Compiling AsyncHTTPClient HTTP1ClientChannelHandler.swift
[1999/2060] Compiling AsyncHTTPClient HTTP1Connection.swift
[2000/2060] Compiling AsyncHTTPClient HTTP1ConnectionStateMachine.swift
[2001/2060] Compiling AsyncHTTPClient HTTP2ClientRequestHandler.swift
[2002/2060] Compiling AsyncHTTPClient HTTP2Connection.swift
[2003/2060] Compiling AsyncHTTPClient HTTP2IdleHandler.swift
[2004/2060] Compiling AsyncHTTPClient RequestOptions.swift
[2005/2060] Compiling AsyncHTTPClient HTTPConnectionPool+Backoff.swift
[2006/2060] Compiling AsyncHTTPClient HTTPConnectionPool+HTTP1Connections.swift
[2007/2060] Compiling AsyncHTTPClient HTTPConnectionPool+HTTP1StateMachine.swift
[2008/2060] Compiling AsyncHTTPClient HTTPConnectionPool+HTTP2Connections.swift
[2009/2060] Compiling AsyncHTTPClient HTTPConnectionPool+HTTP2StateMachine.swift
[2010/2060] Compiling AsyncHTTPClient HTTPConnectionPool+RequestQueue.swift
[2011/2060] Compiling AsyncHTTPClient HTTPConnectionPool+StateMachine.swift
[2012/2060] Compiling AsyncHTTPClient ConnectionTarget.swift
[2013/2060] Compiling AsyncHTTPClient DeconstructedURL.swift
[2014/2060] Compiling AsyncHTTPClient FileDownloadDelegate.swift
[2015/2060] Compiling AsyncHTTPClient FoundationExtensions.swift
[2016/2060] Compiling AsyncHTTPClient HTTPClient+HTTPCookie.swift
[2017/2060] Compiling AsyncHTTPClient HTTPClient+Proxy.swift
[2018/2060] Compiling AsyncHTTPClient HTTPClient+StructuredConcurrency.swift
[2019/2060] Compiling AsyncHTTPClient HTTPClient.swift
[2020/2060] Compiling AsyncHTTPClient HTTPClientConfiguration+SwiftConfiguration.swift
[2021/2060] Compiling AsyncHTTPClient HTTPHandler.swift
[2022/2061] Wrapping AST for AsyncHTTPClient for debugging
[2024/2084] Emitting module GoogleAuth
[2025/2087] Compiling GoogleAuth ADC.swift
[2026/2087] Compiling GoogleAuth ADCPath.swift
[2027/2087] Compiling GoogleAuth ADCResolver.swift
[2028/2087] Compiling GoogleAuth AuthHeaders.swift
[2029/2087] Compiling GoogleAuth ServiceAccountCredentials.swift
[2030/2087] Compiling GoogleAuth ServiceAccountData.swift
[2031/2087] Compiling GoogleAuth ServiceAccountTokenProvider.swift
[2032/2087] Compiling GoogleAuth SubjectTokenProvider.swift
[2033/2087] Compiling GoogleAuth MDSAccessTokenProvider.swift
[2034/2087] Compiling GoogleAuth MDSCredentials.swift
[2035/2087] Compiling GoogleAuth CredentialParserRegistry.swift
[2036/2087] Compiling GoogleAuth Credentials.swift
[2037/2087] Compiling GoogleAuth CredentialsError.swift
[2038/2087] Compiling GoogleAuth AnonymousCredentials.swift
[2039/2087] Compiling GoogleAuth ApiKeyCredentials.swift
[2040/2087] Compiling GoogleAuth ExternalAccountCredentials.swift
[2041/2087] Compiling GoogleAuth UserAccountData.swift
[2042/2087] Compiling GoogleAuth UserAccountTokenProvider.swift
[2043/2087] Compiling GoogleAuth UserCredentials.swift
[2044/2087] Compiling GoogleAuth AuthHTTPClient.swift
[2045/2087] Compiling GoogleAuth AuthHTTPError.swift
[2046/2087] Compiling GoogleAuth RetryEngine.swift
[2047/2087] Compiling GoogleAuth STSHandler.swift
[2048/2087] Compiling GoogleAuth TokenCache.swift
[2049/2087] Compiling GoogleAuth PackageVersion.swift
[2050/2088] Wrapping AST for GoogleAuth for debugging
[2052/2146] Compiling GoogleGax AIP194+PollingErrorPolicy.swift
[2053/2146] Compiling GoogleGax AIP194+RetryPolicy.swift
[2054/2146] Compiling GoogleGax AIP194.swift
[2055/2146] Compiling GoogleGax AdaptiveThrottler.swift
[2056/2146] Compiling GoogleGax AlwaysPoll.swift
[2057/2146] Compiling GoogleGax AlwaysRetry.swift
[2058/2146] Compiling GoogleGax ApiClientHeader.swift
[2059/2146] Compiling GoogleGax BackoffPolicy.swift
[2060/2146] Compiling GoogleGax BasePollingErrorPolicy.swift
[2061/2154] Compiling GoogleGax LimitedAttemptCount+PollingErrorPolicy.swift
[2062/2154] Compiling GoogleGax LimitedAttemptCount+RetryPolicy.swift
[2063/2154] Compiling GoogleGax LimitedAttemptCount.swift
[2064/2154] Compiling GoogleGax LimitedElapsedTime+PollingErrorPolicy.swift
[2065/2154] Compiling GoogleGax LimitedElapsedTime+RetryPolicy.swift
[2066/2154] Compiling GoogleGax LimitedElapsedTime.swift
[2067/2154] Compiling GoogleGax LongRunningOperations.swift
[2068/2154] Compiling GoogleGax NeverRetry.swift
[2069/2154] Emitting module GoogleGax
[2070/2154] Compiling GoogleGax ContinueOnIO.swift
[2071/2154] Compiling GoogleGax CredentialsProtocol.swift
[2072/2154] Compiling GoogleGax ErrorWrapper.swift
[2073/2154] Compiling GoogleGax ExponentialBackoff+BackoffPolicy.swift
[2074/2154] Compiling GoogleGax ExponentialBackoff+PollingBackoffPolicy.swift
[2075/2154] Compiling GoogleGax ExponentialBackoff.swift
[2076/2154] Compiling GoogleGax HTTPClient.swift
[2077/2154] Compiling GoogleGax HTTPClientHolder.swift
[2078/2154] Compiling GoogleGax HTTPClientProtocol.swift
[2079/2154] Compiling GoogleGax HTTPClientRequest.swift
[2080/2154] Compiling GoogleGax HTTPClientResponse.swift
[2081/2154] Compiling GoogleGax HTTPHeaders.swift
[2082/2154] Compiling GoogleGax HTTPResponseBody.swift
[2083/2154] Compiling GoogleGax HeaderNames.swift
[2084/2154] Compiling GoogleGax Host.swift
[2085/2154] Compiling GoogleGax InProgressResult.swift
[2086/2154] Compiling GoogleGax RequestOptions.swift
[2087/2154] Compiling GoogleGax RetryLoop.swift
[2088/2154] Compiling GoogleGax RetryPolicy.swift
[2089/2154] Compiling GoogleGax RetryResult.swift
[2090/2154] Compiling GoogleGax RetryState.swift
[2091/2154] Compiling GoogleGax RetryThrottler.swift
[2092/2154] Compiling GoogleGax RetryThrottlerError.swift
[2093/2154] Compiling GoogleGax RoutingMatcher.swift
[2094/2154] Compiling GoogleGax BaseRetryPolicy.swift
[2095/2154] Compiling GoogleGax BindingError.swift
[2096/2154] Compiling GoogleGax CRC32C.swift
[2097/2154] Compiling GoogleGax CircuitBreaker.swift
[2098/2154] Compiling GoogleGax ClientError.swift
[2099/2154] Compiling GoogleGax ClientOptions.swift
[2100/2154] Compiling GoogleGax ContinueOnIO+PollingErrorPolicy.swift
[2101/2154] Compiling GoogleGax ContinueOnIO+RetryPolicy.swift
[2102/2154] Compiling GoogleGax Pagination.swift
/host/spi-builder-workspace/.build/checkouts/swift-google-gax/Sources/GoogleGax/Pagination.swift:44:22: error: cannot convert '@Sendable (String) async throws -> (response: ResponseType, items: [Item], nextToken: String)' to 'nonisolated(nonsending) @Sendable (String) async throws -> (response: ResponseType, items: [Item], nextToken: String)' because crossing of an isolation boundary requires parameter and result types to conform to 'Sendable' protocol
42 | ) where ResponseType: _PaginatedResponse<Item> {
43 | self.initialPageToken = initialPageToken ?? ""
44 | self.fetchPage = { token in
| |- error: cannot convert '@Sendable (String) async throws -> (response: ResponseType, items: [Item], nextToken: String)' to 'nonisolated(nonsending) @Sendable (String) async throws -> (response: ResponseType, items: [Item], nextToken: String)' because crossing of an isolation boundary requires parameter and result types to conform to 'Sendable' protocol
| `- note: type 'Item' does not conform to 'Sendable' protocol
45 | let response = try await listRpc(token)
46 | return (response, response._getPaginatedItems(), response._nextPageToken())
[2103/2154] Compiling GoogleGax PollingBackoffPolicy.swift
/host/spi-builder-workspace/.build/checkouts/swift-google-gax/Sources/GoogleGax/Pagination.swift:44:22: error: cannot convert '@Sendable (String) async throws -> (response: ResponseType, items: [Item], nextToken: String)' to 'nonisolated(nonsending) @Sendable (String) async throws -> (response: ResponseType, items: [Item], nextToken: String)' because crossing of an isolation boundary requires parameter and result types to conform to 'Sendable' protocol
42 | ) where ResponseType: _PaginatedResponse<Item> {
43 | self.initialPageToken = initialPageToken ?? ""
44 | self.fetchPage = { token in
| |- error: cannot convert '@Sendable (String) async throws -> (response: ResponseType, items: [Item], nextToken: String)' to 'nonisolated(nonsending) @Sendable (String) async throws -> (response: ResponseType, items: [Item], nextToken: String)' because crossing of an isolation boundary requires parameter and result types to conform to 'Sendable' protocol
| `- note: type 'Item' does not conform to 'Sendable' protocol
45 | let response = try await listRpc(token)
46 | return (response, response._getPaginatedItems(), response._nextPageToken())
[2104/2154] Compiling GoogleGax PollingErrorPolicy.swift
/host/spi-builder-workspace/.build/checkouts/swift-google-gax/Sources/GoogleGax/Pagination.swift:44:22: error: cannot convert '@Sendable (String) async throws -> (response: ResponseType, items: [Item], nextToken: String)' to 'nonisolated(nonsending) @Sendable (String) async throws -> (response: ResponseType, items: [Item], nextToken: String)' because crossing of an isolation boundary requires parameter and result types to conform to 'Sendable' protocol
42 | ) where ResponseType: _PaginatedResponse<Item> {
43 | self.initialPageToken = initialPageToken ?? ""
44 | self.fetchPage = { token in
| |- error: cannot convert '@Sendable (String) async throws -> (response: ResponseType, items: [Item], nextToken: String)' to 'nonisolated(nonsending) @Sendable (String) async throws -> (response: ResponseType, items: [Item], nextToken: String)' because crossing of an isolation boundary requires parameter and result types to conform to 'Sendable' protocol
| `- note: type 'Item' does not conform to 'Sendable' protocol
45 | let response = try await listRpc(token)
46 | return (response, response._getPaginatedItems(), response._nextPageToken())
[2105/2154] Compiling GoogleGax PollingResult.swift
/host/spi-builder-workspace/.build/checkouts/swift-google-gax/Sources/GoogleGax/Pagination.swift:44:22: error: cannot convert '@Sendable (String) async throws -> (response: ResponseType, items: [Item], nextToken: String)' to 'nonisolated(nonsending) @Sendable (String) async throws -> (response: ResponseType, items: [Item], nextToken: String)' because crossing of an isolation boundary requires parameter and result types to conform to 'Sendable' protocol
42 | ) where ResponseType: _PaginatedResponse<Item> {
43 | self.initialPageToken = initialPageToken ?? ""
44 | self.fetchPage = { token in
| |- error: cannot convert '@Sendable (String) async throws -> (response: ResponseType, items: [Item], nextToken: String)' to 'nonisolated(nonsending) @Sendable (String) async throws -> (response: ResponseType, items: [Item], nextToken: String)' because crossing of an isolation boundary requires parameter and result types to conform to 'Sendable' protocol
| `- note: type 'Item' does not conform to 'Sendable' protocol
45 | let response = try await listRpc(token)
46 | return (response, response._getPaginatedItems(), response._nextPageToken())
[2106/2154] Compiling GoogleGax PollingState.swift
/host/spi-builder-workspace/.build/checkouts/swift-google-gax/Sources/GoogleGax/Pagination.swift:44:22: error: cannot convert '@Sendable (String) async throws -> (response: ResponseType, items: [Item], nextToken: String)' to 'nonisolated(nonsending) @Sendable (String) async throws -> (response: ResponseType, items: [Item], nextToken: String)' because crossing of an isolation boundary requires parameter and result types to conform to 'Sendable' protocol
42 | ) where ResponseType: _PaginatedResponse<Item> {
43 | self.initialPageToken = initialPageToken ?? ""
44 | self.fetchPage = { token in
| |- error: cannot convert '@Sendable (String) async throws -> (response: ResponseType, items: [Item], nextToken: String)' to 'nonisolated(nonsending) @Sendable (String) async throws -> (response: ResponseType, items: [Item], nextToken: String)' because crossing of an isolation boundary requires parameter and result types to conform to 'Sendable' protocol
| `- note: type 'Item' does not conform to 'Sendable' protocol
45 | let response = try await listRpc(token)
46 | return (response, response._getPaginatedItems(), response._nextPageToken())
[2107/2154] Compiling GoogleGax ProtobufConversionError.swift
/host/spi-builder-workspace/.build/checkouts/swift-google-gax/Sources/GoogleGax/Pagination.swift:44:22: error: cannot convert '@Sendable (String) async throws -> (response: ResponseType, items: [Item], nextToken: String)' to 'nonisolated(nonsending) @Sendable (String) async throws -> (response: ResponseType, items: [Item], nextToken: String)' because crossing of an isolation boundary requires parameter and result types to conform to 'Sendable' protocol
42 | ) where ResponseType: _PaginatedResponse<Item> {
43 | self.initialPageToken = initialPageToken ?? ""
44 | self.fetchPage = { token in
| |- error: cannot convert '@Sendable (String) async throws -> (response: ResponseType, items: [Item], nextToken: String)' to 'nonisolated(nonsending) @Sendable (String) async throws -> (response: ResponseType, items: [Item], nextToken: String)' because crossing of an isolation boundary requires parameter and result types to conform to 'Sendable' protocol
| `- note: type 'Item' does not conform to 'Sendable' protocol
45 | let response = try await listRpc(token)
46 | return (response, response._getPaginatedItems(), response._nextPageToken())
[2108/2154] Compiling GoogleGax QueryParameter.swift
/host/spi-builder-workspace/.build/checkouts/swift-google-gax/Sources/GoogleGax/Pagination.swift:44:22: error: cannot convert '@Sendable (String) async throws -> (response: ResponseType, items: [Item], nextToken: String)' to 'nonisolated(nonsending) @Sendable (String) async throws -> (response: ResponseType, items: [Item], nextToken: String)' because crossing of an isolation boundary requires parameter and result types to conform to 'Sendable' protocol
42 | ) where ResponseType: _PaginatedResponse<Item> {
43 | self.initialPageToken = initialPageToken ?? ""
44 | self.fetchPage = { token in
| |- error: cannot convert '@Sendable (String) async throws -> (response: ResponseType, items: [Item], nextToken: String)' to 'nonisolated(nonsending) @Sendable (String) async throws -> (response: ResponseType, items: [Item], nextToken: String)' because crossing of an isolation boundary requires parameter and result types to conform to 'Sendable' protocol
| `- note: type 'Item' does not conform to 'Sendable' protocol
45 | let response = try await listRpc(token)
46 | return (response, response._getPaginatedItems(), response._nextPageToken())
[2109/2154] Compiling GoogleGax RequestError.swift
/host/spi-builder-workspace/.build/checkouts/swift-google-gax/Sources/GoogleGax/Pagination.swift:44:22: error: cannot convert '@Sendable (String) async throws -> (response: ResponseType, items: [Item], nextToken: String)' to 'nonisolated(nonsending) @Sendable (String) async throws -> (response: ResponseType, items: [Item], nextToken: String)' because crossing of an isolation boundary requires parameter and result types to conform to 'Sendable' protocol
42 | ) where ResponseType: _PaginatedResponse<Item> {
43 | self.initialPageToken = initialPageToken ?? ""
44 | self.fetchPage = { token in
| |- error: cannot convert '@Sendable (String) async throws -> (response: ResponseType, items: [Item], nextToken: String)' to 'nonisolated(nonsending) @Sendable (String) async throws -> (response: ResponseType, items: [Item], nextToken: String)' because crossing of an isolation boundary requires parameter and result types to conform to 'Sendable' protocol
| `- note: type 'Item' does not conform to 'Sendable' protocol
45 | let response = try await listRpc(token)
46 | return (response, response._getPaginatedItems(), response._nextPageToken())
[2110/2154] Compiling GoogleGax ServiceError.swift
[2111/2154] Compiling GoogleGax StatusDetail.swift
[2112/2154] Compiling GoogleGax StrictIdempotency.swift
[2113/2154] Compiling GoogleGax ThrottleResult.swift
[2114/2154] Compiling GoogleGax TooManyRequests+PollingErrorPolicy.swift
[2115/2154] Compiling GoogleGax TooManyRequests+RetryPolicy.swift
[2116/2154] Compiling GoogleGax TooManyRequests.swift
[2117/2154] Compiling GoogleGax PackageVersion.swift
BUILD FAILURE 6.2 android