The Swift Package Index logo.Swift Package Index

Build Information

Failed to build Prism, reference main (371203), with Swift 6.4 for Wasm on 19 Sep 2026 06:23:24 UTC.

Build Command

bash -c docker run --pull=always --rm -v "checkouts-54344844-1":/host -w "$PWD" -e JAVA_HOME="/root/.sdkman/candidates/java/current" -e SPI_BUILD="1" -e SPI_PROCESSING="1" registry.gitlab.com/saguaro1/spi-images:wasm-6.4-latest swift build --swift-sdk swift-6.4.x-DEVELOPMENT-SNAPSHOT-2026-09-04-a_wasm 2>&1

Build Log

========================================
RunAll
========================================
Builder version: 5.1.0
Interrupt handler set up.
========================================
Checkout
========================================
Clone URL: https://github.com/jordanbaird/Prism.git
Reference: main
Initialized empty Git repository in /host/spi-builder-workspace/.git/
hint: Using 'master' as the name for the initial branch. This default branch name
hint: is subject to change. To configure the initial branch name to use in all
hint: of your new repositories, which will suppress this warning, call:
hint:
hint: 	git config --global init.defaultBranch <name>
hint:
hint: Names commonly chosen instead of 'master' are 'main', 'trunk' and
hint: 'development'. The just-created branch can be renamed via this command:
hint:
hint: 	git branch -m <name>
From https://github.com/jordanbaird/Prism
 * branch            main       -> FETCH_HEAD
 * [new branch]      main       -> origin/main
HEAD is now at 3712037 Release 0.1.2
Cloned https://github.com/jordanbaird/Prism.git
Revision (git rev-parse @):
3712037843b9bba341130e4e36be7662ef07e704
SPI manifest file found: $PWD/.spi.yml
SUCCESS checkout https://github.com/jordanbaird/Prism.git at main
========================================
Build
========================================
Selected platform:         wasm
Swift version:             6.4
Building package at path:  $PWD
https://github.com/jordanbaird/Prism.git
Running build ...
bash -c docker run --pull=always --rm -v "checkouts-54344844-1":/host -w "$PWD" -e JAVA_HOME="/root/.sdkman/candidates/java/current" -e SPI_BUILD="1" -e SPI_PROCESSING="1" registry.gitlab.com/saguaro1/spi-images:wasm-6.4-latest swift build --swift-sdk swift-6.4.x-DEVELOPMENT-SNAPSHOT-2026-09-04-a_wasm 2>&1
wasm-6.4-latest: Pulling from saguaro1/spi-images
Digest: sha256:4328fdb43c680d205c1d6761b1e3267aa38277eefdda9ddfb17b6a0f1a77857a
Status: Image is up to date for registry.gitlab.com/saguaro1/spi-images:wasm-6.4-latest
Building for debugging...
[Planning deferred tasks]
[27 / 35] Prism
error: SwiftCompile normal wasm32 /host/spi-builder-workspace/Sources/Prism/EnvironmentVariable.swift failed with a nonzero exit code. Command line:     cd /host
    builtin-SwiftPerFileCompile EnvironmentVariable.swift
/host/spi-builder-workspace/Sources/Prism/EnvironmentVariable.swift:25:29: error: cannot find 'getenv' in scope
 23 |     public var value: String? {
 24 |         get {
 25 |             guard let raw = getenv(name) else {
    |                             `- error: cannot find 'getenv' in scope
 26 |                 return nil
 27 |             }
/host/spi-builder-workspace/Sources/Prism/EnvironmentVariable.swift:32:17: error: cannot find 'unsetenv' in scope
 30 |         nonmutating set {
 31 |             guard let newValue else {
 32 |                 unsetenv(name)
    |                 `- error: cannot find 'unsetenv' in scope
 33 |                 return
 34 |             }
/host/spi-builder-workspace/Sources/Prism/EnvironmentVariable.swift:35:13: error: cannot find 'setenv' in scope
 33 |                 return
 34 |             }
 35 |             setenv(name, newValue, 1)
    |             `- error: cannot find 'setenv' in scope
 36 |         }
 37 |     }
Failed frontend command:
/usr/bin/swift-frontend -frontend -c /host/spi-builder-workspace/Sources/Prism/Attribute.swift /host/spi-builder-workspace/Sources/Prism/ControlSequence.swift /host/spi-builder-workspace/Sources/Prism/Destination.swift /host/spi-builder-workspace/Sources/Prism/ECMACode.swift /host/spi-builder-workspace/Sources/Prism/ElementBuilder.swift /host/spi-builder-workspace/Sources/Prism/ElementRef.swift -primary-file /host/spi-builder-workspace/Sources/Prism/Elements.swift -primary-file /host/spi-builder-workspace/Sources/Prism/EnvironmentVariable.swift /host/spi-builder-workspace/Sources/Prism/Hexadecimal.swift /host/spi-builder-workspace/Sources/Prism/Prism.swift /host/spi-builder-workspace/Sources/Prism/PrismColor.swift /host/spi-builder-workspace/Sources/Prism/PrismElement.swift /host/spi-builder-workspace/Sources/Prism/PrismElementConvertible.swift /host/spi-builder-workspace/Sources/Prism/RGBCode.swift /host/spi-builder-workspace/Sources/Prism/SpacerElement.swift /host/spi-builder-workspace/Sources/Prism/Spacing.swift /host/spi-builder-workspace/Sources/Prism/String+extensions.swift /host/spi-builder-workspace/Sources/Prism/Utilities.swift -emit-dependencies-path /host/spi-builder-workspace/.build/out/Intermediates.noindex/Prism.build/Debug-webassembly-wasm32/Prism-t.build/Objects-normal/wasm32/Elements.d -emit-const-values-path /host/spi-builder-workspace/.build/out/Intermediates.noindex/Prism.build/Debug-webassembly-wasm32/Prism-t.build/Objects-normal/wasm32/Elements.swiftconstvalues -emit-reference-dependencies-path /host/spi-builder-workspace/.build/out/Intermediates.noindex/Prism.build/Debug-webassembly-wasm32/Prism-t.build/Objects-normal/wasm32/Elements.swiftdeps -serialize-diagnostics-path /host/spi-builder-workspace/.build/out/Intermediates.noindex/Prism.build/Debug-webassembly-wasm32/Prism-t.build/Objects-normal/wasm32/Elements.dia -emit-dependencies-path /host/spi-builder-workspace/.build/out/Intermediates.noindex/Prism.build/Debug-webassembly-wasm32/Prism-t.build/Objects-normal/wasm32/EnvironmentVariable.d -emit-const-values-path /host/spi-builder-workspace/.build/out/Intermediates.noindex/Prism.build/Debug-webassembly-wasm32/Prism-t.build/Objects-normal/wasm32/EnvironmentVariable.swiftconstvalues -emit-reference-dependencies-path /host/spi-builder-workspace/.build/out/Intermediates.noindex/Prism.build/Debug-webassembly-wasm32/Prism-t.build/Objects-normal/wasm32/EnvironmentVariable.swiftdeps -serialize-diagnostics-path /host/spi-builder-workspace/.build/out/Intermediates.noindex/Prism.build/Debug-webassembly-wasm32/Prism-t.build/Objects-normal/wasm32/EnvironmentVariable.dia -target wasm32-unknown-wasip1 -disable-objc-interop -sdk /root/.swiftpm/swift-sdks/swift-6.4.x-DEVELOPMENT-SNAPSHOT-2026-09-04-a_wasm.artifactbundle/swift-6.4.x-DEVELOPMENT-SNAPSHOT-2026-09-04-a_wasm/wasm32-unknown-wasip1/WASI.sdk -sysroot /root/.swiftpm/swift-sdks/swift-6.4.x-DEVELOPMENT-SNAPSHOT-2026-09-04-a_wasm.artifactbundle/swift-6.4.x-DEVELOPMENT-SNAPSHOT-2026-09-04-a_wasm/wasm32-unknown-wasip1/WASI.sdk -I /host/spi-builder-workspace/.build/out/Products/Debug-webassembly-wasm32 -module-cache-path /host/spi-builder-workspace/.build/out/ModuleCache.noindex -color-diagnostics -Xcc -fcolor-diagnostics -enable-testing -g -debug-info-format\=dwarf -dwarf-version\=4 -swift-version 5 -Onone -D SWIFT_PACKAGE -D DEBUG -D SWIFT_MODULE_RESOURCE_BUNDLE_UNAVAILABLE -D Xcode -serialize-debugging-options -enable-experimental-feature DebugDescriptionMacro -empty-abi-descriptor -external-plugin-path /usr/lib/swift/host/plugins/testing\#/usr/bin/swift-plugin-server -validate-clang-modules-once -clang-build-session-file /host/spi-builder-workspace/.build/out/ModuleCache.noindex/Session.modulevalidation -Xcc -working-directory -Xcc /host -resource-dir /root/.swiftpm/swift-sdks/swift-6.4.x-DEVELOPMENT-SNAPSHOT-2026-09-04-a_wasm.artifactbundle/swift-6.4.x-DEVELOPMENT-SNAPSHOT-2026-09-04-a_wasm/wasm32-unknown-wasip1/swift.xctoolchain/usr/lib/swift_static -use-static-resource-dir -enable-anonymous-context-mangled-names -file-compilation-dir /host -Xcc -resource-dir -Xcc /root/.swiftpm/swift-sdks/swift-6.4.x-DEVELOPMENT-SNAPSHOT-2026-09-04-a_wasm.artifactbundle/swift-6.4.x-DEVELOPMENT-SNAPSHOT-2026-09-04-a_wasm/wasm32-unknown-wasip1/swift.xctoolchain/usr/lib/swift_static/clang -Xcc -D_LIBCPP_HARDENING_MODE\=_LIBCPP_HARDENING_MODE_DEBUG -Xcc -fmodules-prune-interval\=86400 -Xcc -fmodules-prune-after\=345600 -Xcc -I/host/spi-builder-workspace/.build/out/Products/Debug-webassembly-wasm32/include -Xcc -I/host/spi-builder-workspace/.build/out/Intermediates.noindex/Prism.build/Debug-webassembly-wasm32/Prism-t.build/DerivedSources-normal/wasm32 -Xcc -I/host/spi-builder-workspace/.build/out/Intermediates.noindex/Prism.build/Debug-webassembly-wasm32/Prism-t.build/DerivedSources/wasm32 -Xcc -I/host/spi-builder-workspace/.build/out/Intermediates.noindex/Prism.build/Debug-webassembly-wasm32/Prism-t.build/DerivedSources -Xcc -DSWIFT_PACKAGE -Xcc -DDEBUG\=1 -no-auto-bridging-header-chaining -module-name Prism -const-gather-protocols-file /host/spi-builder-workspace/.build/out/Intermediates.noindex/Prism.build/Debug-webassembly-wasm32/Prism-t.build/Objects-normal/wasm32/Prism_const_extract_protocols.json -in-process-plugin-server-path /usr/lib/swift/host/libSwiftInProcPluginServer.so -plugin-path /usr/lib/swift/host/plugins -plugin-path /usr/local/lib/swift/host/plugins -parse-as-library -o /host/spi-builder-workspace/.build/out/Intermediates.noindex/Prism.build/Debug-webassembly-wasm32/Prism-t.build/Objects-normal/wasm32/Elements.o -o /host/spi-builder-workspace/.build/out/Intermediates.noindex/Prism.build/Debug-webassembly-wasm32/Prism-t.build/Objects-normal/wasm32/EnvironmentVariable.o -index-unit-output-path /Prism.build/Debug-webassembly-wasm32/Prism-t.build/Objects-normal/wasm32/Elements.o -index-unit-output-path /Prism.build/Debug-webassembly-wasm32/Prism-t.build/Objects-normal/wasm32/EnvironmentVariable.o -index-store-path /host/spi-builder-workspace/.build/out -index-system-modules
error: Build failed
BUILD FAILURE 6.4 wasm