Build Information
Failed to build SideMenu, reference 2.1.1 (fc892b), with Swift 6.2 for watchOS using Xcode 26.3 on 12 Oct 2026 00:46:34 UTC.
Build Command
env DEVELOPER_DIR=/Applications/Xcode-26.3.0.app xcrun xcodebuild -IDEClonedSourcePackagesDirPathOverride=$PWD/.dependencies -skipMacroValidation -skipPackagePluginValidation -derivedDataPath $PWD/.derivedData build -scheme SideMenu -destination generic/platform=watchOSBuild Log
* tag 2.1.1 -> FETCH_HEAD
HEAD is now at fc892bf chore(release): 2.1.1
Cloned https://github.com/kukushi/SideMenu.git
Revision (git rev-parse @):
fc892bfb2cd91881e392a7746d7702b404c45bde
SUCCESS checkout https://github.com/kukushi/SideMenu.git at 2.1.1
========================================
Build
========================================
Selected platform: watchOS
Swift version: 6.2
Building package at path: $PWD
https://github.com/kukushi/SideMenu.git
Command line invocation:
/Applications/Xcode-26.3.0.app/Contents/Developer/usr/bin/xcodebuild -IDEClonedSourcePackagesDirPathOverride=/Users/admin/builder/spi-builder-workspace/.dependencies -resolvePackageDependencies
resolved source packages:
{
"dependencies" : [
{
"identity" : "swift-docc-plugin",
"requirement" : {
"range" : [
{
"lower_bound" : "1.0.0",
"upper_bound" : "2.0.0"
}
]
},
"type" : "sourceControl",
"url" : "https://github.com/apple/swift-docc-plugin"
}
],
"manifest_display_name" : "SideMenu",
"name" : "SideMenu",
"path" : "/Users/admin/builder/spi-builder-workspace",
"platforms" : [
{
"name" : "ios",
"version" : "12.0"
}
],
"products" : [
{
"name" : "SideMenu",
"targets" : [
"SideMenu"
],
"type" : {
"library" : [
"automatic"
]
}
}
],
"targets" : [
{
"c99name" : "SideMenuTests",
"module_type" : "SwiftTarget",
"name" : "SideMenuTests",
"path" : "Tests/SideMenuTests",
"sources" : [
"SideMenuTests.swift"
],
"target_dependencies" : [
"SideMenu"
],
"type" : "test"
},
{
"c99name" : "SideMenu",
"module_type" : "SwiftTarget",
"name" : "SideMenu",
"path" : "Sources/SideMenu",
"product_memberships" : [
"SideMenu"
],
"sources" : [
"BasicTransitionAnimator.swift",
"Delegate.swift",
"Preferences.swift",
"Segue.swift",
"SideMenuController.swift",
"StatusBar.swift",
"TransitionContext.swift",
"UIView+Container.swift",
"UIViewController+Container.swift",
"UIViewController+SideMenu.swift"
],
"type" : "library"
}
],
"tools_version" : "5.1"
}
{
"project" : {
"configurations" : [
"Debug",
"Release"
],
"name" : "SideMenu",
"schemes" : [
"SideMenu",
"SideMenuExample",
"SideMenuExampleUITests"
],
"targets" : [
"SideMenu",
"SideMenuTests",
"SideMenuExample",
"SideMenuExampleUITests"
]
}
}
{
"workspace" : {
"name" : "spi-builder-workspace",
"schemes" : [
"SideMenu"
]
}
}
2026-10-11 20:45:49.138 xcodebuild[721:4416] [MT] IDERunDestination: Supported platforms for the buildables in the current scheme is empty.
Running build ...
env DEVELOPER_DIR=/Applications/Xcode-26.3.0.app xcrun xcodebuild -IDEClonedSourcePackagesDirPathOverride=$PWD/.dependencies -skipMacroValidation -skipPackagePluginValidation -derivedDataPath $PWD/.derivedData build -scheme SideMenu -destination generic/platform=watchOS
Command line invocation:
/Applications/Xcode-26.3.0.app/Contents/Developer/usr/bin/xcodebuild -IDEClonedSourcePackagesDirPathOverride=/Users/admin/builder/spi-builder-workspace/.dependencies -skipMacroValidation -skipPackagePluginValidation -derivedDataPath /Users/admin/builder/spi-builder-workspace/.derivedData build -scheme SideMenu -destination generic/platform=watchOS
Resolve Package Graph
Resolve Package Graph
Resolved source packages:
SideMenu: /Users/admin/builder/spi-builder-workspace
SwiftDocCPlugin: https://github.com/apple/swift-docc-plugin @ 1.5.0
SymbolKit: https://github.com/swiftlang/swift-docc-symbolkit @ 1.0.0
ComputePackagePrebuildTargetDependencyGraph
Prepare packages
CreateBuildRequest
SendProjectDescription
CreateBuildOperation
ComputeTargetDependencyGraph
note: Building targets in dependency order
note: Target dependency graph (2 targets)
Target 'SideMenu' in project 'SideMenu'
➜ Explicit dependency on target 'SideMenu' in project 'SideMenu'
Target 'SideMenu' in project 'SideMenu' (no dependencies)
GatherProvisioningInputs
CreateBuildDescription
ExecuteExternalTool /Applications/Xcode-26.3.0.app/Contents/Developer/Toolchains/XcodeDefault.xctoolchain/usr/bin/clang -v -E -dM -isysroot /Applications/Xcode-26.3.0.app/Contents/Developer/Platforms/WatchOS.platform/Developer/SDKs/WatchOS26.2.sdk -x c -c /dev/null
ExecuteExternalTool /Applications/Xcode-26.3.0.app/Contents/Developer/Toolchains/XcodeDefault.xctoolchain/usr/bin/swiftc --version
ExecuteExternalTool /Applications/Xcode-26.3.0.app/Contents/Developer/Toolchains/XcodeDefault.xctoolchain/usr/bin/ld -version_details
Build description signature: 4315f0647a21bf536d88bbbcd90c70a9
Build description path: /Users/admin/builder/spi-builder-workspace/.derivedData/Build/Intermediates.noindex/XCBuildData/4315f0647a21bf536d88bbbcd90c70a9.xcbuilddata
CreateBuildDirectory /Users/admin/builder/spi-builder-workspace/.derivedData/Build/Products
cd /Users/admin/builder/spi-builder-workspace/.swiftpm/xcode
builtin-create-build-directory /Users/admin/builder/spi-builder-workspace/.derivedData/Build/Products
CreateBuildDirectory /Users/admin/builder/spi-builder-workspace/.derivedData/Build/Intermediates.noindex
cd /Users/admin/builder/spi-builder-workspace/.swiftpm/xcode
builtin-create-build-directory /Users/admin/builder/spi-builder-workspace/.derivedData/Build/Intermediates.noindex
ClangStatCache /Applications/Xcode-26.3.0.app/Contents/Developer/Toolchains/XcodeDefault.xctoolchain/usr/bin/clang-stat-cache /Applications/Xcode-26.3.0.app/Contents/Developer/Platforms/WatchOS.platform/Developer/SDKs/WatchOS26.2.sdk /Users/admin/builder/spi-builder-workspace/.derivedData/SDKStatCaches.noindex/watchos26.2-23S303-dc75598d0054f22ec865fa860f139d721753b489057de6bda919edfa1c59a62b.sdkstatcache
cd /Users/admin/builder/spi-builder-workspace/.swiftpm/xcode
/Applications/Xcode-26.3.0.app/Contents/Developer/Toolchains/XcodeDefault.xctoolchain/usr/bin/clang-stat-cache /Applications/Xcode-26.3.0.app/Contents/Developer/Platforms/WatchOS.platform/Developer/SDKs/WatchOS26.2.sdk -o /Users/admin/builder/spi-builder-workspace/.derivedData/SDKStatCaches.noindex/watchos26.2-23S303-dc75598d0054f22ec865fa860f139d721753b489057de6bda919edfa1c59a62b.sdkstatcache
CreateBuildDirectory /Users/admin/builder/spi-builder-workspace/.derivedData/Build/Intermediates.noindex/ExplicitPrecompiledModules
cd /Users/admin/builder/spi-builder-workspace/.swiftpm/xcode
builtin-create-build-directory /Users/admin/builder/spi-builder-workspace/.derivedData/Build/Intermediates.noindex/ExplicitPrecompiledModules
CreateBuildDirectory /Users/admin/builder/spi-builder-workspace/.derivedData/Build/Intermediates.noindex/SwiftExplicitPrecompiledModules
cd /Users/admin/builder/spi-builder-workspace/.swiftpm/xcode
builtin-create-build-directory /Users/admin/builder/spi-builder-workspace/.derivedData/Build/Intermediates.noindex/SwiftExplicitPrecompiledModules
CreateBuildDirectory /Users/admin/builder/spi-builder-workspace/.derivedData/Build/Intermediates.noindex/EagerLinkingTBDs/Debug-watchos
cd /Users/admin/builder/spi-builder-workspace/.swiftpm/xcode
builtin-create-build-directory /Users/admin/builder/spi-builder-workspace/.derivedData/Build/Intermediates.noindex/EagerLinkingTBDs/Debug-watchos
CreateBuildDirectory /Users/admin/builder/spi-builder-workspace/.derivedData/Build/Products/Debug-watchos
cd /Users/admin/builder/spi-builder-workspace/.swiftpm/xcode
builtin-create-build-directory /Users/admin/builder/spi-builder-workspace/.derivedData/Build/Products/Debug-watchos
CreateBuildDirectory /Users/admin/builder/spi-builder-workspace/.derivedData/Build/Products/Debug-watchos/PackageFrameworks
cd /Users/admin/builder/spi-builder-workspace/.swiftpm/xcode
builtin-create-build-directory /Users/admin/builder/spi-builder-workspace/.derivedData/Build/Products/Debug-watchos/PackageFrameworks
WriteAuxiliaryFile /Users/admin/builder/spi-builder-workspace/.derivedData/Build/Intermediates.noindex/SideMenu.build/Debug-watchos/SideMenu.build/SideMenu.DependencyMetadataFileList (in target 'SideMenu' from project 'SideMenu')
cd /Users/admin/builder/spi-builder-workspace
write-file /Users/admin/builder/spi-builder-workspace/.derivedData/Build/Intermediates.noindex/SideMenu.build/Debug-watchos/SideMenu.build/SideMenu.DependencyMetadataFileList
WriteAuxiliaryFile /Users/admin/builder/spi-builder-workspace/.derivedData/Build/Intermediates.noindex/SideMenu.build/Debug-watchos/SideMenu.build/SideMenu.modulemap (in target 'SideMenu' from project 'SideMenu')
cd /Users/admin/builder/spi-builder-workspace
write-file /Users/admin/builder/spi-builder-workspace/.derivedData/Build/Intermediates.noindex/SideMenu.build/Debug-watchos/SideMenu.build/SideMenu.modulemap
WriteAuxiliaryFile /Users/admin/builder/spi-builder-workspace/.derivedData/Build/Intermediates.noindex/SideMenu.build/Debug-watchos/SideMenu.build/SideMenu.DependencyStaticMetadataFileList (in target 'SideMenu' from project 'SideMenu')
cd /Users/admin/builder/spi-builder-workspace
write-file /Users/admin/builder/spi-builder-workspace/.derivedData/Build/Intermediates.noindex/SideMenu.build/Debug-watchos/SideMenu.build/SideMenu.DependencyStaticMetadataFileList
WriteAuxiliaryFile /Users/admin/builder/spi-builder-workspace/.derivedData/Build/Intermediates.noindex/SideMenu.build/Debug-watchos/SideMenu.build/Objects-normal/armv7k/SideMenu_const_extract_protocols.json (in target 'SideMenu' from project 'SideMenu')
cd /Users/admin/builder/spi-builder-workspace
write-file /Users/admin/builder/spi-builder-workspace/.derivedData/Build/Intermediates.noindex/SideMenu.build/Debug-watchos/SideMenu.build/Objects-normal/armv7k/SideMenu_const_extract_protocols.json
WriteAuxiliaryFile /Users/admin/builder/spi-builder-workspace/.derivedData/Build/Intermediates.noindex/SideMenu.build/Debug-watchos/SideMenu.build/Objects-normal/armv7k/SideMenu.LinkFileList (in target 'SideMenu' from project 'SideMenu')
cd /Users/admin/builder/spi-builder-workspace
write-file /Users/admin/builder/spi-builder-workspace/.derivedData/Build/Intermediates.noindex/SideMenu.build/Debug-watchos/SideMenu.build/Objects-normal/armv7k/SideMenu.LinkFileList
WriteAuxiliaryFile /Users/admin/builder/spi-builder-workspace/.derivedData/Build/Intermediates.noindex/SideMenu.build/Debug-watchos/SideMenu.build/Objects-normal/armv7k/SideMenu.SwiftFileList (in target 'SideMenu' from project 'SideMenu')
cd /Users/admin/builder/spi-builder-workspace
write-file /Users/admin/builder/spi-builder-workspace/.derivedData/Build/Intermediates.noindex/SideMenu.build/Debug-watchos/SideMenu.build/Objects-normal/armv7k/SideMenu.SwiftFileList
WriteAuxiliaryFile /Users/admin/builder/spi-builder-workspace/.derivedData/Build/Intermediates.noindex/SideMenu.build/Debug-watchos/SideMenu.build/Objects-normal/armv7k/SideMenu.SwiftConstValuesFileList (in target 'SideMenu' from project 'SideMenu')
cd /Users/admin/builder/spi-builder-workspace
write-file /Users/admin/builder/spi-builder-workspace/.derivedData/Build/Intermediates.noindex/SideMenu.build/Debug-watchos/SideMenu.build/Objects-normal/armv7k/SideMenu.SwiftConstValuesFileList
WriteAuxiliaryFile /Users/admin/builder/spi-builder-workspace/.derivedData/Build/Intermediates.noindex/SideMenu.build/Debug-watchos/SideMenu.build/Objects-normal/arm64_32/SideMenu_const_extract_protocols.json (in target 'SideMenu' from project 'SideMenu')
cd /Users/admin/builder/spi-builder-workspace
write-file /Users/admin/builder/spi-builder-workspace/.derivedData/Build/Intermediates.noindex/SideMenu.build/Debug-watchos/SideMenu.build/Objects-normal/arm64_32/SideMenu_const_extract_protocols.json
WriteAuxiliaryFile /Users/admin/builder/spi-builder-workspace/.derivedData/Build/Intermediates.noindex/SideMenu.build/Debug-watchos/SideMenu.build/Objects-normal/armv7k/SideMenu-OutputFileMap.json (in target 'SideMenu' from project 'SideMenu')
cd /Users/admin/builder/spi-builder-workspace
write-file /Users/admin/builder/spi-builder-workspace/.derivedData/Build/Intermediates.noindex/SideMenu.build/Debug-watchos/SideMenu.build/Objects-normal/armv7k/SideMenu-OutputFileMap.json
WriteAuxiliaryFile /Users/admin/builder/spi-builder-workspace/.derivedData/Build/Intermediates.noindex/SideMenu.build/Debug-watchos/SideMenu.build/Objects-normal/arm64_32/SideMenu.SwiftFileList (in target 'SideMenu' from project 'SideMenu')
cd /Users/admin/builder/spi-builder-workspace
write-file /Users/admin/builder/spi-builder-workspace/.derivedData/Build/Intermediates.noindex/SideMenu.build/Debug-watchos/SideMenu.build/Objects-normal/arm64_32/SideMenu.SwiftFileList
WriteAuxiliaryFile /Users/admin/builder/spi-builder-workspace/.derivedData/Build/Intermediates.noindex/SideMenu.build/Debug-watchos/SideMenu.build/Objects-normal/arm64_32/SideMenu.SwiftConstValuesFileList (in target 'SideMenu' from project 'SideMenu')
cd /Users/admin/builder/spi-builder-workspace
write-file /Users/admin/builder/spi-builder-workspace/.derivedData/Build/Intermediates.noindex/SideMenu.build/Debug-watchos/SideMenu.build/Objects-normal/arm64_32/SideMenu.SwiftConstValuesFileList
WriteAuxiliaryFile /Users/admin/builder/spi-builder-workspace/.derivedData/Build/Intermediates.noindex/SideMenu.build/Debug-watchos/SideMenu.build/Objects-normal/arm64_32/SideMenu.LinkFileList (in target 'SideMenu' from project 'SideMenu')
cd /Users/admin/builder/spi-builder-workspace
write-file /Users/admin/builder/spi-builder-workspace/.derivedData/Build/Intermediates.noindex/SideMenu.build/Debug-watchos/SideMenu.build/Objects-normal/arm64_32/SideMenu.LinkFileList
WriteAuxiliaryFile /Users/admin/builder/spi-builder-workspace/.derivedData/Build/Intermediates.noindex/SideMenu.build/Debug-watchos/SideMenu.build/Objects-normal/arm64_32/SideMenu-OutputFileMap.json (in target 'SideMenu' from project 'SideMenu')
cd /Users/admin/builder/spi-builder-workspace
write-file /Users/admin/builder/spi-builder-workspace/.derivedData/Build/Intermediates.noindex/SideMenu.build/Debug-watchos/SideMenu.build/Objects-normal/arm64_32/SideMenu-OutputFileMap.json
WriteAuxiliaryFile /Users/admin/builder/spi-builder-workspace/.derivedData/Build/Intermediates.noindex/SideMenu.build/Debug-watchos/SideMenu.build/Objects-normal/arm64/SideMenu_const_extract_protocols.json (in target 'SideMenu' from project 'SideMenu')
cd /Users/admin/builder/spi-builder-workspace
write-file /Users/admin/builder/spi-builder-workspace/.derivedData/Build/Intermediates.noindex/SideMenu.build/Debug-watchos/SideMenu.build/Objects-normal/arm64/SideMenu_const_extract_protocols.json
WriteAuxiliaryFile /Users/admin/builder/spi-builder-workspace/.derivedData/Build/Intermediates.noindex/SideMenu.build/Debug-watchos/SideMenu.build/Objects-normal/arm64/SideMenu.SwiftFileList (in target 'SideMenu' from project 'SideMenu')
cd /Users/admin/builder/spi-builder-workspace
write-file /Users/admin/builder/spi-builder-workspace/.derivedData/Build/Intermediates.noindex/SideMenu.build/Debug-watchos/SideMenu.build/Objects-normal/arm64/SideMenu.SwiftFileList
WriteAuxiliaryFile /Users/admin/builder/spi-builder-workspace/.derivedData/Build/Intermediates.noindex/SideMenu.build/Debug-watchos/SideMenu.build/Objects-normal/arm64/SideMenu.SwiftConstValuesFileList (in target 'SideMenu' from project 'SideMenu')
cd /Users/admin/builder/spi-builder-workspace
write-file /Users/admin/builder/spi-builder-workspace/.derivedData/Build/Intermediates.noindex/SideMenu.build/Debug-watchos/SideMenu.build/Objects-normal/arm64/SideMenu.SwiftConstValuesFileList
WriteAuxiliaryFile /Users/admin/builder/spi-builder-workspace/.derivedData/Build/Intermediates.noindex/SideMenu.build/Debug-watchos/SideMenu.build/Objects-normal/arm64/SideMenu.LinkFileList (in target 'SideMenu' from project 'SideMenu')
cd /Users/admin/builder/spi-builder-workspace
write-file /Users/admin/builder/spi-builder-workspace/.derivedData/Build/Intermediates.noindex/SideMenu.build/Debug-watchos/SideMenu.build/Objects-normal/arm64/SideMenu.LinkFileList
WriteAuxiliaryFile /Users/admin/builder/spi-builder-workspace/.derivedData/Build/Intermediates.noindex/SideMenu.build/Debug-watchos/SideMenu.build/Objects-normal/arm64/SideMenu-OutputFileMap.json (in target 'SideMenu' from project 'SideMenu')
cd /Users/admin/builder/spi-builder-workspace
write-file /Users/admin/builder/spi-builder-workspace/.derivedData/Build/Intermediates.noindex/SideMenu.build/Debug-watchos/SideMenu.build/Objects-normal/arm64/SideMenu-OutputFileMap.json
Copy /Users/admin/builder/spi-builder-workspace/.derivedData/Build/Intermediates.noindex/GeneratedModuleMaps-watchos/SideMenu.modulemap /Users/admin/builder/spi-builder-workspace/.derivedData/Build/Intermediates.noindex/SideMenu.build/Debug-watchos/SideMenu.build/SideMenu.modulemap (in target 'SideMenu' from project 'SideMenu')
cd /Users/admin/builder/spi-builder-workspace
builtin-copy -exclude .DS_Store -exclude CVS -exclude .svn -exclude .git -exclude .hg -resolve-src-symlinks /Users/admin/builder/spi-builder-workspace/.derivedData/Build/Intermediates.noindex/SideMenu.build/Debug-watchos/SideMenu.build/SideMenu.modulemap /Users/admin/builder/spi-builder-workspace/.derivedData/Build/Intermediates.noindex/GeneratedModuleMaps-watchos
SwiftDriver SideMenu normal armv7k com.apple.xcode.tools.swift.compiler (in target 'SideMenu' from project 'SideMenu')
cd /Users/admin/builder/spi-builder-workspace/.swiftpm/xcode
builtin-SwiftDriver -- /Applications/Xcode-26.3.0.app/Contents/Developer/Toolchains/XcodeDefault.xctoolchain/usr/bin/swiftc -module-name SideMenu -Onone -enforce-exclusivity\=checked @/Users/admin/builder/spi-builder-workspace/.derivedData/Build/Intermediates.noindex/SideMenu.build/Debug-watchos/SideMenu.build/Objects-normal/armv7k/SideMenu.SwiftFileList -DSWIFT_PACKAGE -DDEBUG -DSWIFT_MODULE_RESOURCE_BUNDLE_UNAVAILABLE -DXcode -plugin-path /Applications/Xcode-26.3.0.app/Contents/Developer/Toolchains/XcodeDefault.xctoolchain/usr/lib/swift/host/plugins/testing -enable-experimental-feature DebugDescriptionMacro -sdk /Applications/Xcode-26.3.0.app/Contents/Developer/Platforms/WatchOS.platform/Developer/SDKs/WatchOS26.2.sdk -target armv7k-apple-watchos5.0 -g -module-cache-path /Users/admin/builder/spi-builder-workspace/.derivedData/ModuleCache.noindex -Xfrontend -serialize-debugging-options -profile-coverage-mapping -profile-generate -enable-testing -index-store-path /Users/admin/builder/spi-builder-workspace/.derivedData/Index.noindex/DataStore -Xcc -D_LIBCPP_HARDENING_MODE\=_LIBCPP_HARDENING_MODE_DEBUG -swift-version 5 -I /Users/admin/builder/spi-builder-workspace/.derivedData/Build/Products/Debug-watchos -Isystem /Applications/Xcode-26.3.0.app/Contents/Developer/Platforms/WatchOS.platform/Developer/usr/lib -F /Users/admin/builder/spi-builder-workspace/.derivedData/Build/Products/Debug-watchos -F /Applications/Xcode-26.3.0.app/Contents/Developer/Platforms/WatchOS.platform/Developer/Library/Frameworks -F /Applications/Xcode-26.3.0.app/Contents/Developer/Platforms/WatchOS.platform/Developer/SDKs/WatchOS26.2.sdk/Developer/Library/Frameworks -c -j10 -enable-batch-mode -incremental -Xcc -ivfsstatcache -Xcc /Users/admin/builder/spi-builder-workspace/.derivedData/SDKStatCaches.noindex/watchos26.2-23S303-dc75598d0054f22ec865fa860f139d721753b489057de6bda919edfa1c59a62b.sdkstatcache -output-file-map /Users/admin/builder/spi-builder-workspace/.derivedData/Build/Intermediates.noindex/SideMenu.build/Debug-watchos/SideMenu.build/Objects-normal/armv7k/SideMenu-OutputFileMap.json -use-frontend-parseable-output -save-temps -no-color-diagnostics -explicit-module-build -module-cache-path /Users/admin/builder/spi-builder-workspace/.derivedData/Build/Intermediates.noindex/SwiftExplicitPrecompiledModules -clang-scanner-module-cache-path /Users/admin/builder/spi-builder-workspace/.derivedData/ModuleCache.noindex -sdk-module-cache-path /Users/admin/builder/spi-builder-workspace/.derivedData/ModuleCache.noindex -serialize-diagnostics -emit-dependencies -emit-module -emit-module-path /Users/admin/builder/spi-builder-workspace/.derivedData/Build/Intermediates.noindex/SideMenu.build/Debug-watchos/SideMenu.build/Objects-normal/armv7k/SideMenu.swiftmodule -validate-clang-modules-once -clang-build-session-file /Users/admin/builder/spi-builder-workspace/.derivedData/ModuleCache.noindex/Session.modulevalidation -Xcc -I/Users/admin/builder/spi-builder-workspace/.derivedData/Build/Intermediates.noindex/SideMenu.build/Debug-watchos/SideMenu.build/swift-overrides.hmap -emit-const-values -Xfrontend -const-gather-protocols-file -Xfrontend /Users/admin/builder/spi-builder-workspace/.derivedData/Build/Intermediates.noindex/SideMenu.build/Debug-watchos/SideMenu.build/Objects-normal/armv7k/SideMenu_const_extract_protocols.json -Xcc -I/Users/admin/builder/spi-builder-workspace/.derivedData/Build/Products/Debug-watchos/include -Xcc -I/Users/admin/builder/spi-builder-workspace/.derivedData/Build/Intermediates.noindex/SideMenu.build/Debug-watchos/SideMenu.build/DerivedSources-normal/armv7k -Xcc -I/Users/admin/builder/spi-builder-workspace/.derivedData/Build/Intermediates.noindex/SideMenu.build/Debug-watchos/SideMenu.build/DerivedSources/armv7k -Xcc -I/Users/admin/builder/spi-builder-workspace/.derivedData/Build/Intermediates.noindex/SideMenu.build/Debug-watchos/SideMenu.build/DerivedSources -Xcc -DSWIFT_PACKAGE -Xcc -DDEBUG\=1 -emit-objc-header -emit-objc-header-path /Users/admin/builder/spi-builder-workspace/.derivedData/Build/Intermediates.noindex/SideMenu.build/Debug-watchos/SideMenu.build/Objects-normal/armv7k/SideMenu-Swift.h -working-directory /Users/admin/builder/spi-builder-workspace/.swiftpm/xcode -experimental-emit-module-separately -disable-cmo
SwiftDriver SideMenu normal arm64 com.apple.xcode.tools.swift.compiler (in target 'SideMenu' from project 'SideMenu')
cd /Users/admin/builder/spi-builder-workspace/.swiftpm/xcode
builtin-SwiftDriver -- /Applications/Xcode-26.3.0.app/Contents/Developer/Toolchains/XcodeDefault.xctoolchain/usr/bin/swiftc -module-name SideMenu -Onone -enforce-exclusivity\=checked @/Users/admin/builder/spi-builder-workspace/.derivedData/Build/Intermediates.noindex/SideMenu.build/Debug-watchos/SideMenu.build/Objects-normal/arm64/SideMenu.SwiftFileList -DSWIFT_PACKAGE -DDEBUG -DSWIFT_MODULE_RESOURCE_BUNDLE_UNAVAILABLE -DXcode -plugin-path /Applications/Xcode-26.3.0.app/Contents/Developer/Toolchains/XcodeDefault.xctoolchain/usr/lib/swift/host/plugins/testing -enable-experimental-feature DebugDescriptionMacro -sdk /Applications/Xcode-26.3.0.app/Contents/Developer/Platforms/WatchOS.platform/Developer/SDKs/WatchOS26.2.sdk -target arm64-apple-watchos5.0 -g -module-cache-path /Users/admin/builder/spi-builder-workspace/.derivedData/ModuleCache.noindex -Xfrontend -serialize-debugging-options -profile-coverage-mapping -profile-generate -enable-testing -index-store-path /Users/admin/builder/spi-builder-workspace/.derivedData/Index.noindex/DataStore -Xcc -D_LIBCPP_HARDENING_MODE\=_LIBCPP_HARDENING_MODE_DEBUG -swift-version 5 -I /Users/admin/builder/spi-builder-workspace/.derivedData/Build/Products/Debug-watchos -Isystem /Applications/Xcode-26.3.0.app/Contents/Developer/Platforms/WatchOS.platform/Developer/usr/lib -F /Users/admin/builder/spi-builder-workspace/.derivedData/Build/Products/Debug-watchos -F /Applications/Xcode-26.3.0.app/Contents/Developer/Platforms/WatchOS.platform/Developer/Library/Frameworks -F /Applications/Xcode-26.3.0.app/Contents/Developer/Platforms/WatchOS.platform/Developer/SDKs/WatchOS26.2.sdk/Developer/Library/Frameworks -c -j10 -enable-batch-mode -incremental -Xcc -ivfsstatcache -Xcc /Users/admin/builder/spi-builder-workspace/.derivedData/SDKStatCaches.noindex/watchos26.2-23S303-dc75598d0054f22ec865fa860f139d721753b489057de6bda919edfa1c59a62b.sdkstatcache -output-file-map /Users/admin/builder/spi-builder-workspace/.derivedData/Build/Intermediates.noindex/SideMenu.build/Debug-watchos/SideMenu.build/Objects-normal/arm64/SideMenu-OutputFileMap.json -use-frontend-parseable-output -save-temps -no-color-diagnostics -explicit-module-build -module-cache-path /Users/admin/builder/spi-builder-workspace/.derivedData/Build/Intermediates.noindex/SwiftExplicitPrecompiledModules -clang-scanner-module-cache-path /Users/admin/builder/spi-builder-workspace/.derivedData/ModuleCache.noindex -sdk-module-cache-path /Users/admin/builder/spi-builder-workspace/.derivedData/ModuleCache.noindex -serialize-diagnostics -emit-dependencies -emit-module -emit-module-path /Users/admin/builder/spi-builder-workspace/.derivedData/Build/Intermediates.noindex/SideMenu.build/Debug-watchos/SideMenu.build/Objects-normal/arm64/SideMenu.swiftmodule -validate-clang-modules-once -clang-build-session-file /Users/admin/builder/spi-builder-workspace/.derivedData/ModuleCache.noindex/Session.modulevalidation -Xcc -I/Users/admin/builder/spi-builder-workspace/.derivedData/Build/Intermediates.noindex/SideMenu.build/Debug-watchos/SideMenu.build/swift-overrides.hmap -emit-const-values -Xfrontend -const-gather-protocols-file -Xfrontend /Users/admin/builder/spi-builder-workspace/.derivedData/Build/Intermediates.noindex/SideMenu.build/Debug-watchos/SideMenu.build/Objects-normal/arm64/SideMenu_const_extract_protocols.json -Xcc -I/Users/admin/builder/spi-builder-workspace/.derivedData/Build/Products/Debug-watchos/include -Xcc -I/Users/admin/builder/spi-builder-workspace/.derivedData/Build/Intermediates.noindex/SideMenu.build/Debug-watchos/SideMenu.build/DerivedSources-normal/arm64 -Xcc -I/Users/admin/builder/spi-builder-workspace/.derivedData/Build/Intermediates.noindex/SideMenu.build/Debug-watchos/SideMenu.build/DerivedSources/arm64 -Xcc -I/Users/admin/builder/spi-builder-workspace/.derivedData/Build/Intermediates.noindex/SideMenu.build/Debug-watchos/SideMenu.build/DerivedSources -Xcc -DSWIFT_PACKAGE -Xcc -DDEBUG\=1 -emit-objc-header -emit-objc-header-path /Users/admin/builder/spi-builder-workspace/.derivedData/Build/Intermediates.noindex/SideMenu.build/Debug-watchos/SideMenu.build/Objects-normal/arm64/SideMenu-Swift.h -working-directory /Users/admin/builder/spi-builder-workspace/.swiftpm/xcode -experimental-emit-module-separately -disable-cmo
SwiftDriver SideMenu normal arm64_32 com.apple.xcode.tools.swift.compiler (in target 'SideMenu' from project 'SideMenu')
cd /Users/admin/builder/spi-builder-workspace/.swiftpm/xcode
builtin-SwiftDriver -- /Applications/Xcode-26.3.0.app/Contents/Developer/Toolchains/XcodeDefault.xctoolchain/usr/bin/swiftc -module-name SideMenu -Onone -enforce-exclusivity\=checked @/Users/admin/builder/spi-builder-workspace/.derivedData/Build/Intermediates.noindex/SideMenu.build/Debug-watchos/SideMenu.build/Objects-normal/arm64_32/SideMenu.SwiftFileList -DSWIFT_PACKAGE -DDEBUG -DSWIFT_MODULE_RESOURCE_BUNDLE_UNAVAILABLE -DXcode -plugin-path /Applications/Xcode-26.3.0.app/Contents/Developer/Toolchains/XcodeDefault.xctoolchain/usr/lib/swift/host/plugins/testing -enable-experimental-feature DebugDescriptionMacro -sdk /Applications/Xcode-26.3.0.app/Contents/Developer/Platforms/WatchOS.platform/Developer/SDKs/WatchOS26.2.sdk -target arm64_32-apple-watchos5.0 -g -module-cache-path /Users/admin/builder/spi-builder-workspace/.derivedData/ModuleCache.noindex -Xfrontend -serialize-debugging-options -profile-coverage-mapping -profile-generate -enable-testing -index-store-path /Users/admin/builder/spi-builder-workspace/.derivedData/Index.noindex/DataStore -Xcc -D_LIBCPP_HARDENING_MODE\=_LIBCPP_HARDENING_MODE_DEBUG -swift-version 5 -I /Users/admin/builder/spi-builder-workspace/.derivedData/Build/Products/Debug-watchos -Isystem /Applications/Xcode-26.3.0.app/Contents/Developer/Platforms/WatchOS.platform/Developer/usr/lib -F /Users/admin/builder/spi-builder-workspace/.derivedData/Build/Products/Debug-watchos -F /Applications/Xcode-26.3.0.app/Contents/Developer/Platforms/WatchOS.platform/Developer/Library/Frameworks -F /Applications/Xcode-26.3.0.app/Contents/Developer/Platforms/WatchOS.platform/Developer/SDKs/WatchOS26.2.sdk/Developer/Library/Frameworks -c -j10 -enable-batch-mode -incremental -Xcc -ivfsstatcache -Xcc /Users/admin/builder/spi-builder-workspace/.derivedData/SDKStatCaches.noindex/watchos26.2-23S303-dc75598d0054f22ec865fa860f139d721753b489057de6bda919edfa1c59a62b.sdkstatcache -output-file-map /Users/admin/builder/spi-builder-workspace/.derivedData/Build/Intermediates.noindex/SideMenu.build/Debug-watchos/SideMenu.build/Objects-normal/arm64_32/SideMenu-OutputFileMap.json -use-frontend-parseable-output -save-temps -no-color-diagnostics -explicit-module-build -module-cache-path /Users/admin/builder/spi-builder-workspace/.derivedData/Build/Intermediates.noindex/SwiftExplicitPrecompiledModules -clang-scanner-module-cache-path /Users/admin/builder/spi-builder-workspace/.derivedData/ModuleCache.noindex -sdk-module-cache-path /Users/admin/builder/spi-builder-workspace/.derivedData/ModuleCache.noindex -serialize-diagnostics -emit-dependencies -emit-module -emit-module-path /Users/admin/builder/spi-builder-workspace/.derivedData/Build/Intermediates.noindex/SideMenu.build/Debug-watchos/SideMenu.build/Objects-normal/arm64_32/SideMenu.swiftmodule -validate-clang-modules-once -clang-build-session-file /Users/admin/builder/spi-builder-workspace/.derivedData/ModuleCache.noindex/Session.modulevalidation -Xcc -I/Users/admin/builder/spi-builder-workspace/.derivedData/Build/Intermediates.noindex/SideMenu.build/Debug-watchos/SideMenu.build/swift-overrides.hmap -emit-const-values -Xfrontend -const-gather-protocols-file -Xfrontend /Users/admin/builder/spi-builder-workspace/.derivedData/Build/Intermediates.noindex/SideMenu.build/Debug-watchos/SideMenu.build/Objects-normal/arm64_32/SideMenu_const_extract_protocols.json -Xcc -I/Users/admin/builder/spi-builder-workspace/.derivedData/Build/Products/Debug-watchos/include -Xcc -I/Users/admin/builder/spi-builder-workspace/.derivedData/Build/Intermediates.noindex/SideMenu.build/Debug-watchos/SideMenu.build/DerivedSources-normal/arm64_32 -Xcc -I/Users/admin/builder/spi-builder-workspace/.derivedData/Build/Intermediates.noindex/SideMenu.build/Debug-watchos/SideMenu.build/DerivedSources/arm64_32 -Xcc -I/Users/admin/builder/spi-builder-workspace/.derivedData/Build/Intermediates.noindex/SideMenu.build/Debug-watchos/SideMenu.build/DerivedSources -Xcc -DSWIFT_PACKAGE -Xcc -DDEBUG\=1 -emit-objc-header -emit-objc-header-path /Users/admin/builder/spi-builder-workspace/.derivedData/Build/Intermediates.noindex/SideMenu.build/Debug-watchos/SideMenu.build/Objects-normal/arm64_32/SideMenu-Swift.h -working-directory /Users/admin/builder/spi-builder-workspace/.swiftpm/xcode -experimental-emit-module-separately -disable-cmo
SwiftExplicitDependencyGeneratePcm arm64 /Users/admin/builder/spi-builder-workspace/.derivedData/ModuleCache.noindex/_Builtin_stdbool-3NJZE36R00VOGM327EIZI9T3M.pcm
SwiftExplicitDependencyGeneratePcm arm64 /Users/admin/builder/spi-builder-workspace/.derivedData/ModuleCache.noindex/ptrcheck-BZQSFWKT9QTVPI5QDZ5NVKV9.pcm
SwiftExplicitDependencyGeneratePcm arm64 /Users/admin/builder/spi-builder-workspace/.derivedData/ModuleCache.noindex/DeveloperToolsSupport-C26H56O3LBIR4DNF0LR2VJM93.pcm
SwiftExplicitDependencyGeneratePcm arm64 /Users/admin/builder/spi-builder-workspace/.derivedData/ModuleCache.noindex/_SwiftConcurrencyShims-3E06EU7FYQAWFLTZRBVU2RIGD.pcm
SwiftExplicitDependencyGeneratePcm arm64 /Users/admin/builder/spi-builder-workspace/.derivedData/ModuleCache.noindex/_Builtin_stddef-BFZNESQOB31O3W68M3ZQ64Q5W.pcm
SwiftExplicitDependencyGeneratePcm arm64 /Users/admin/builder/spi-builder-workspace/.derivedData/ModuleCache.noindex/ptrauth-2QN0W8EE9P0TVYCIGO0RALCET.pcm
SwiftExplicitDependencyGeneratePcm arm64 /Users/admin/builder/spi-builder-workspace/.derivedData/ModuleCache.noindex/_Builtin_float-BH8TSRPG6J1WAF94R6BGWMCH7.pcm
SwiftExplicitDependencyGeneratePcm arm64 /Users/admin/builder/spi-builder-workspace/.derivedData/ModuleCache.noindex/SwiftShims-CM405XN1ZNHPKWICE5AN3FQBL.pcm
SwiftExplicitDependencyGeneratePcm arm64 /Users/admin/builder/spi-builder-workspace/.derivedData/ModuleCache.noindex/_AvailabilityInternal-AHCR9CD21F4JF161R0D7SVS8U.pcm
SwiftExplicitDependencyGeneratePcm arm64 /Users/admin/builder/spi-builder-workspace/.derivedData/ModuleCache.noindex/_Builtin_stdarg-41VMB7R3H5MIU0RJWRTVECF73.pcm
SwiftExplicitDependencyGeneratePcm armv7k /Users/admin/builder/spi-builder-workspace/.derivedData/ModuleCache.noindex/ptrauth-9IB0Q37XD4KBICFV9JN0WA751.pcm
SwiftExplicitDependencyGeneratePcm arm64_32 /Users/admin/builder/spi-builder-workspace/.derivedData/ModuleCache.noindex/SwiftShims-2AV76KREET4U6COZAGI565HPC.pcm
SwiftExplicitDependencyGeneratePcm arm64_32 /Users/admin/builder/spi-builder-workspace/.derivedData/ModuleCache.noindex/ptrcheck-AA5GJME3GXGO73H210XMPC07G.pcm
SwiftExplicitDependencyGeneratePcm arm64_32 /Users/admin/builder/spi-builder-workspace/.derivedData/ModuleCache.noindex/_SwiftConcurrencyShims-EKNAGQ6VDRD7YC1GBALZ7FXI3.pcm
SwiftExplicitDependencyGeneratePcm arm64_32 /Users/admin/builder/spi-builder-workspace/.derivedData/ModuleCache.noindex/ptrauth-F18G3AZ9IODJJKSCG3V4PZ9QF.pcm
SwiftExplicitDependencyGeneratePcm armv7k /Users/admin/builder/spi-builder-workspace/.derivedData/ModuleCache.noindex/_SwiftConcurrencyShims-9EJPFOS18RDMGC4RE1FY7YAHP.pcm
SwiftExplicitDependencyGeneratePcm arm64_32 /Users/admin/builder/spi-builder-workspace/.derivedData/ModuleCache.noindex/_AvailabilityInternal-AT45JBTV7ZIGO40P4HOV38OTX.pcm
SwiftExplicitDependencyGeneratePcm armv7k /Users/admin/builder/spi-builder-workspace/.derivedData/ModuleCache.noindex/SwiftShims-DF1S41MRK5T9Q78COJM8USFTK.pcm
SwiftExplicitDependencyGeneratePcm armv7k /Users/admin/builder/spi-builder-workspace/.derivedData/ModuleCache.noindex/ptrcheck-7LSYX6ETTNTOSEGXFGUGJ6PK3.pcm
SwiftExplicitDependencyGeneratePcm armv7k /Users/admin/builder/spi-builder-workspace/.derivedData/ModuleCache.noindex/_Builtin_stdarg-1BUNRX2QJIKYWJ1962CPXCMS2.pcm
SwiftExplicitDependencyGeneratePcm arm64_32 /Users/admin/builder/spi-builder-workspace/.derivedData/ModuleCache.noindex/_Builtin_stdarg-3DKNO61VH3IRYCOYDXNL008WT.pcm
SwiftExplicitDependencyGeneratePcm armv7k /Users/admin/builder/spi-builder-workspace/.derivedData/ModuleCache.noindex/DeveloperToolsSupport-AOQSUP347KYNU7L15HOB6RLA.pcm
SwiftExplicitDependencyGeneratePcm arm64_32 /Users/admin/builder/spi-builder-workspace/.derivedData/ModuleCache.noindex/_Builtin_float-84HIG4SRMTELEAL8REICO3HZ8.pcm
SwiftExplicitDependencyGeneratePcm armv7k /Users/admin/builder/spi-builder-workspace/.derivedData/ModuleCache.noindex/_Builtin_stddef-BOED5FAOPQQQ8EQJ4TOKIV54N.pcm
SwiftExplicitDependencyGeneratePcm armv7k /Users/admin/builder/spi-builder-workspace/.derivedData/ModuleCache.noindex/_Builtin_float-3ADR5SOKJ0KGO3UK7SNQTCDOV.pcm
SwiftExplicitDependencyGeneratePcm arm64_32 /Users/admin/builder/spi-builder-workspace/.derivedData/ModuleCache.noindex/_Builtin_stddef-3Z25006GJEEIO9SU5HVXBBBAT.pcm
SwiftExplicitDependencyGeneratePcm arm64_32 /Users/admin/builder/spi-builder-workspace/.derivedData/ModuleCache.noindex/_Builtin_stdbool-BKC6HA5TVF8P9O7Q30CRXJ02T.pcm
SwiftExplicitDependencyGeneratePcm armv7k /Users/admin/builder/spi-builder-workspace/.derivedData/ModuleCache.noindex/_Builtin_stdbool-3SSVOWQSYKMDF9LAAICA6FU9H.pcm
SwiftExplicitDependencyGeneratePcm arm64 /Users/admin/builder/spi-builder-workspace/.derivedData/ModuleCache.noindex/_DarwinFoundation1-62SI4S8RO7TETG2MCQSI4A3XV.pcm
SwiftExplicitDependencyGeneratePcm armv7k /Users/admin/builder/spi-builder-workspace/.derivedData/ModuleCache.noindex/_AvailabilityInternal-EY3BO3AT1IVA0A77O3J98LWL9.pcm
SwiftExplicitDependencyGeneratePcm arm64_32 /Users/admin/builder/spi-builder-workspace/.derivedData/ModuleCache.noindex/_DarwinFoundation1-CO2PQHYUB6SXX1609DCI88KWW.pcm
SwiftExplicitDependencyGeneratePcm arm64_32 /Users/admin/builder/spi-builder-workspace/.derivedData/ModuleCache.noindex/DeveloperToolsSupport-ESPY7BV82ASJCSCPWLXHMRQNZ.pcm
SwiftExplicitDependencyGeneratePcm armv7k /Users/admin/builder/spi-builder-workspace/.derivedData/ModuleCache.noindex/_DarwinFoundation1-40Y0GY8OI3OSKKP8R25QSVVE3.pcm
SwiftExplicitDependencyGeneratePcm arm64 /Users/admin/builder/spi-builder-workspace/.derivedData/ModuleCache.noindex/_DarwinFoundation2-3OGFNC97XNG95QAEKS0YO8UBN.pcm
SwiftExplicitDependencyGeneratePcm arm64 /Users/admin/builder/spi-builder-workspace/.derivedData/ModuleCache.noindex/_Builtin_limits-9VZV7C5F1EZGAP8H0JA8WSO4Q.pcm
SwiftExplicitDependencyGeneratePcm arm64_32 /Users/admin/builder/spi-builder-workspace/.derivedData/ModuleCache.noindex/_DarwinFoundation2-6JM2KNJ9H81ZXHOMC1GP42DUU.pcm
SwiftExplicitDependencyGeneratePcm arm64_32 /Users/admin/builder/spi-builder-workspace/.derivedData/ModuleCache.noindex/_Builtin_limits-16SFP6KSMIWQ8B99YQSPO00CA.pcm
SwiftExplicitDependencyGeneratePcm armv7k /Users/admin/builder/spi-builder-workspace/.derivedData/ModuleCache.noindex/_Builtin_limits-6NBGT2WJSUPAB4EVSOZY77RUO.pcm
SwiftExplicitDependencyGeneratePcm armv7k /Users/admin/builder/spi-builder-workspace/.derivedData/ModuleCache.noindex/_DarwinFoundation2-BT0IZXKWGRC26OHMXRQP4KCL7.pcm
SwiftExplicitDependencyGeneratePcm arm64 /Users/admin/builder/spi-builder-workspace/.derivedData/ModuleCache.noindex/_Builtin_stdint-8ZJTN8FQ97QD3ZI7LN5FDVJTO.pcm
SwiftExplicitDependencyGeneratePcm arm64 /Users/admin/builder/spi-builder-workspace/.derivedData/ModuleCache.noindex/sys_types-PSIKW7TKZEXDG48ELPF5NJDG.pcm
SwiftExplicitDependencyGeneratePcm arm64_32 /Users/admin/builder/spi-builder-workspace/.derivedData/ModuleCache.noindex/_Builtin_stdint-3BQE5BZTYE88T0M371GAOOGVD.pcm
SwiftExplicitDependencyGeneratePcm arm64_32 /Users/admin/builder/spi-builder-workspace/.derivedData/ModuleCache.noindex/sys_types-6IGHFPLJZ2RML3741F56ZZ5ZT.pcm
SwiftExplicitDependencyGeneratePcm armv7k /Users/admin/builder/spi-builder-workspace/.derivedData/ModuleCache.noindex/_Builtin_stdint-2A9H3A0UDJUS1JZ3QYPEVPIQY.pcm
SwiftExplicitDependencyGeneratePcm armv7k /Users/admin/builder/spi-builder-workspace/.derivedData/ModuleCache.noindex/sys_types-4V3MXF0AZ6FFESLHZ4XDAQWO.pcm
SwiftExplicitDependencyGeneratePcm arm64 /Users/admin/builder/spi-builder-workspace/.derivedData/ModuleCache.noindex/_Builtin_stdatomic-EA77U3GBBNTXVMUT5ZKSLJ5XS.pcm
SwiftExplicitDependencyGeneratePcm arm64 /Users/admin/builder/spi-builder-workspace/.derivedData/ModuleCache.noindex/_DarwinFoundation3-ILL00H0NKGBSR66IVDH0VQYU.pcm
SwiftExplicitDependencyGeneratePcm arm64_32 /Users/admin/builder/spi-builder-workspace/.derivedData/ModuleCache.noindex/_DarwinFoundation3-63S8DE4XS2Z7PX40IJT7E3C7Z.pcm
SwiftExplicitDependencyGeneratePcm arm64_32 /Users/admin/builder/spi-builder-workspace/.derivedData/ModuleCache.noindex/_Builtin_stdatomic-3W6JDMBOEBP6R3JYYMJ31SK1F.pcm
SwiftExplicitDependencyGeneratePcm armv7k /Users/admin/builder/spi-builder-workspace/.derivedData/ModuleCache.noindex/_Builtin_stdatomic-8IT5EZZVTDTF49OB65U50F3NQ.pcm
SwiftExplicitDependencyGeneratePcm armv7k /Users/admin/builder/spi-builder-workspace/.derivedData/ModuleCache.noindex/_DarwinFoundation3-5HWJ90APJV29HBJZ1GCG2496G.pcm
SwiftExplicitDependencyGeneratePcm arm64 /Users/admin/builder/spi-builder-workspace/.derivedData/ModuleCache.noindex/_Builtin_inttypes-897GQ8ARCL7XJYWFZ8GL6MRYP.pcm
SwiftExplicitDependencyGeneratePcm arm64_32 /Users/admin/builder/spi-builder-workspace/.derivedData/ModuleCache.noindex/_Builtin_inttypes-5P80S42MS2VPUGI7EDKPUDHF8.pcm
SwiftExplicitDependencyGeneratePcm armv7k /Users/admin/builder/spi-builder-workspace/.derivedData/ModuleCache.noindex/_Builtin_inttypes-4MDQH1XLLJELBM7URYV2B5YSC.pcm
SwiftExplicitDependencyGeneratePcm arm64 /Users/admin/builder/spi-builder-workspace/.derivedData/ModuleCache.noindex/Darwin-1Q936C34TTHGDXQO7XAUROOJA.pcm
SwiftExplicitDependencyGeneratePcm arm64_32 /Users/admin/builder/spi-builder-workspace/.derivedData/ModuleCache.noindex/Darwin-BG4OSZX6KQ5RMFPXQBYF68CTW.pcm
SwiftExplicitDependencyGeneratePcm armv7k /Users/admin/builder/spi-builder-workspace/.derivedData/ModuleCache.noindex/Darwin-807D2OYS88E3OZYDM6JOFU63R.pcm
SwiftExplicitDependencyGeneratePcm arm64 /Users/admin/builder/spi-builder-workspace/.derivedData/ModuleCache.noindex/ObjectiveC-37W1UNZNZ4YH6ABUCK6IEO2J9.pcm
SwiftExplicitDependencyGeneratePcm arm64 /Users/admin/builder/spi-builder-workspace/.derivedData/ModuleCache.noindex/MachO-4PZ1ATA3BLI5TYNHJEM11PRR4.pcm
SwiftExplicitDependencyGeneratePcm arm64_32 /Users/admin/builder/spi-builder-workspace/.derivedData/ModuleCache.noindex/MachO-5J5IRFZSWTWZ7P6E2M1HE63MG.pcm
SwiftExplicitDependencyGeneratePcm arm64_32 /Users/admin/builder/spi-builder-workspace/.derivedData/ModuleCache.noindex/ObjectiveC-9KTD33TZNGA5QTXFI4KAPE371.pcm
SwiftExplicitDependencyGeneratePcm armv7k /Users/admin/builder/spi-builder-workspace/.derivedData/ModuleCache.noindex/ObjectiveC-4CQ5LI5YKFEYJ8H8HPCH9G099.pcm
SwiftExplicitDependencyGeneratePcm armv7k /Users/admin/builder/spi-builder-workspace/.derivedData/ModuleCache.noindex/MachO-DS2IK2IGPQD3MMJZ2NDWUEO67.pcm
SwiftExplicitDependencyGeneratePcm arm64 /Users/admin/builder/spi-builder-workspace/.derivedData/ModuleCache.noindex/os_object-DRZ7BVJZ2VFERICRWLPK5364U.pcm
SwiftExplicitDependencyGeneratePcm arm64_32 /Users/admin/builder/spi-builder-workspace/.derivedData/ModuleCache.noindex/os_object-ALRYPD0OHC28AP9369CHARNVP.pcm
SwiftExplicitDependencyGeneratePcm armv7k /Users/admin/builder/spi-builder-workspace/.derivedData/ModuleCache.noindex/os_object-E84PXTBAMJI81QC5FZTYLFR98.pcm
SwiftExplicitDependencyGeneratePcm arm64 /Users/admin/builder/spi-builder-workspace/.derivedData/ModuleCache.noindex/os_workgroup-6BREPCR4VCHTN4PMBYLH980XX.pcm
SwiftExplicitDependencyGeneratePcm arm64_32 /Users/admin/builder/spi-builder-workspace/.derivedData/ModuleCache.noindex/os_workgroup-64SV4PY2RENI38K8AWXSNZGP4.pcm
SwiftExplicitDependencyGeneratePcm armv7k /Users/admin/builder/spi-builder-workspace/.derivedData/ModuleCache.noindex/os_workgroup-B9HJ4ISAXW2FK4B2SQIP0Z57R.pcm
SwiftExplicitDependencyGeneratePcm arm64 /Users/admin/builder/spi-builder-workspace/.derivedData/ModuleCache.noindex/Dispatch-66SS49U6CUEWDJTBRTD18XSDA.pcm
SwiftExplicitDependencyGeneratePcm arm64 /Users/admin/builder/spi-builder-workspace/.derivedData/ModuleCache.noindex/os-D1AKLO06GXAGTW0T0093HTPBV.pcm
SwiftExplicitDependencyGeneratePcm armv7k /Users/admin/builder/spi-builder-workspace/.derivedData/ModuleCache.noindex/Dispatch-2J7BPNW30WH7PKCVV5A9BSWM1.pcm
SwiftExplicitDependencyGeneratePcm armv7k /Users/admin/builder/spi-builder-workspace/.derivedData/ModuleCache.noindex/os-7C47NW5SE97WUIBMZ9B2YT4U2.pcm
SwiftExplicitDependencyGeneratePcm arm64_32 /Users/admin/builder/spi-builder-workspace/.derivedData/ModuleCache.noindex/Dispatch-7NPQOE4OBRBM1BEMDFSP6YJGX.pcm
SwiftExplicitDependencyGeneratePcm arm64_32 /Users/admin/builder/spi-builder-workspace/.derivedData/ModuleCache.noindex/os-4XOZQFWLBC5TEW0PACDBRYFX4.pcm
SwiftExplicitDependencyGeneratePcm arm64 /Users/admin/builder/spi-builder-workspace/.derivedData/ModuleCache.noindex/CoreFoundation-2EP3F4MDNDOADDMLCKHDXDGO7.pcm
SwiftExplicitDependencyGeneratePcm armv7k /Users/admin/builder/spi-builder-workspace/.derivedData/ModuleCache.noindex/CoreFoundation-A8XUN758TDJ329VZ8QU37XPWR.pcm
SwiftExplicitDependencyGeneratePcm arm64_32 /Users/admin/builder/spi-builder-workspace/.derivedData/ModuleCache.noindex/CoreFoundation-49QYZP0L3TRUW2BGG8XU46RE3.pcm
SwiftExplicitDependencyGeneratePcm arm64 /Users/admin/builder/spi-builder-workspace/.derivedData/ModuleCache.noindex/CoreGraphics-45HYDSWGN8OZWXV9ABJ36G6QC.pcm
SwiftExplicitDependencyGeneratePcm arm64 /Users/admin/builder/spi-builder-workspace/.derivedData/ModuleCache.noindex/Security-B42SJFBK2DJZOYUQWKB0QYS6H.pcm
SwiftExplicitDependencyGeneratePcm armv7k /Users/admin/builder/spi-builder-workspace/.derivedData/ModuleCache.noindex/CoreGraphics-41VE77Q5HH73MKF7HP1G9FDIW.pcm
SwiftExplicitDependencyGeneratePcm armv7k /Users/admin/builder/spi-builder-workspace/.derivedData/ModuleCache.noindex/Security-BYRCL0DGQRC9Y0HHKP7Z9NCKB.pcm
SwiftExplicitDependencyGeneratePcm arm64_32 /Users/admin/builder/spi-builder-workspace/.derivedData/ModuleCache.noindex/Security-ABA704VPND58UNN0MT65M6DVY.pcm
SwiftExplicitDependencyGeneratePcm arm64_32 /Users/admin/builder/spi-builder-workspace/.derivedData/ModuleCache.noindex/CoreGraphics-9TJ4ZH2KODV9PT5GADEU15EJH.pcm
SwiftExplicitDependencyGeneratePcm arm64 /Users/admin/builder/spi-builder-workspace/.derivedData/ModuleCache.noindex/Foundation-BYKXZRWSAU4LR8PP2AQSPDYD3.pcm
SwiftExplicitDependencyGeneratePcm arm64 /Users/admin/builder/spi-builder-workspace/.derivedData/ModuleCache.noindex/CoreText-3PQKQ348SD1931NTC49510YGB.pcm
SwiftExplicitDependencyGeneratePcm arm64 /Users/admin/builder/spi-builder-workspace/.derivedData/ModuleCache.noindex/CoreVideo-15YX2G1W4M6VDVN280UZD7OSE.pcm
SwiftExplicitDependencyGeneratePcm armv7k /Users/admin/builder/spi-builder-workspace/.derivedData/ModuleCache.noindex/Foundation-E8B7YLXHTXYPGURYR02VP1WBB.pcm
SwiftExplicitDependencyGeneratePcm arm64_32 /Users/admin/builder/spi-builder-workspace/.derivedData/ModuleCache.noindex/Foundation-B8L3FYSTPFSJBY5DQS91H0KA4.pcm
SwiftExplicitDependencyGeneratePcm armv7k /Users/admin/builder/spi-builder-workspace/.derivedData/ModuleCache.noindex/CoreVideo-4FIRG2YZEBGY74II6CAMNFUX.pcm
SwiftExplicitDependencyGeneratePcm armv7k /Users/admin/builder/spi-builder-workspace/.derivedData/ModuleCache.noindex/CoreText-1GR7MBA2KOL21T9CB08W6KA75.pcm
SwiftExplicitDependencyGeneratePcm arm64_32 /Users/admin/builder/spi-builder-workspace/.derivedData/ModuleCache.noindex/CoreText-3KPUAGONHTV2MJIVELEAJ96BI.pcm
SwiftExplicitDependencyGeneratePcm arm64_32 /Users/admin/builder/spi-builder-workspace/.derivedData/ModuleCache.noindex/CoreVideo-F33UCFF6EGD2RL8QVBGHBTCU8.pcm
SwiftExplicitDependencyGeneratePcm arm64 /Users/admin/builder/spi-builder-workspace/.derivedData/ModuleCache.noindex/QuartzCore-9JKSYIR3U81A6ICL5PJIM7N12.pcm
SwiftExplicitDependencyGeneratePcm arm64 /Users/admin/builder/spi-builder-workspace/.derivedData/ModuleCache.noindex/OSLog-1NCK4FRSTTB12EDNDHPQNR017.pcm
SwiftExplicitDependencyGeneratePcm arm64 /Users/admin/builder/spi-builder-workspace/.derivedData/ModuleCache.noindex/DataDetection-EO81GN528IW0S6D4VSIIZJ3SX.pcm
SwiftExplicitDependencyGeneratePcm arm64 /Users/admin/builder/spi-builder-workspace/.derivedData/ModuleCache.noindex/UIUtilities-2WCKWQYZTGUDVPKLRZH5MSH8O.pcm
SwiftExplicitDependencyGeneratePcm arm64 /Users/admin/builder/spi-builder-workspace/.derivedData/ModuleCache.noindex/UniformTypeIdentifiers-7X176WA1TRB7JF3H9LNXUS2GS.pcm
SwiftExplicitDependencyGeneratePcm arm64 /Users/admin/builder/spi-builder-workspace/.derivedData/ModuleCache.noindex/Accessibility-E65RMPWSFECA2BIVNQMOGV14F.pcm
SwiftExplicitDependencyGeneratePcm arm64 /Users/admin/builder/spi-builder-workspace/.derivedData/ModuleCache.noindex/Symbols-6CVRWIBLX5MAREBWM5DPCLXGQ.pcm
SwiftExplicitDependencyGeneratePcm arm64 /Users/admin/builder/spi-builder-workspace/.derivedData/ModuleCache.noindex/UserNotifications-8GT8ZZHMY1R5V6T75FQ9AYQA4.pcm
SwiftExplicitDependencyGeneratePcm arm64 /Users/admin/builder/spi-builder-workspace/.derivedData/ModuleCache.noindex/CoreTransferable-ER0YP2HKMWW2J9HXX7NN361VV.pcm
SwiftExplicitDependencyGeneratePcm armv7k /Users/admin/builder/spi-builder-workspace/.derivedData/ModuleCache.noindex/Accessibility-1A50MMO5BRACR5J3C74JH5JU.pcm
SwiftExplicitDependencyGeneratePcm arm64_32 /Users/admin/builder/spi-builder-workspace/.derivedData/ModuleCache.noindex/UIUtilities-59GBUC6OQVK91MAU9JD2X3G04.pcm
SwiftExplicitDependencyGeneratePcm armv7k /Users/admin/builder/spi-builder-workspace/.derivedData/ModuleCache.noindex/CoreTransferable-5W8LIA7BKJ6XCLBI49P1CGGPH.pcm
SwiftExplicitDependencyGeneratePcm armv7k /Users/admin/builder/spi-builder-workspace/.derivedData/ModuleCache.noindex/UIUtilities-41LTGMMBFAVG50U7U1X016XLL.pcm
SwiftExplicitDependencyGeneratePcm arm64_32 /Users/admin/builder/spi-builder-workspace/.derivedData/ModuleCache.noindex/DataDetection-7YCQAJYZCC2FT556WDTR5TVRG.pcm
SwiftExplicitDependencyGeneratePcm armv7k /Users/admin/builder/spi-builder-workspace/.derivedData/ModuleCache.noindex/OSLog-ASQVHLAS5WU6F5H5R7UGVSIAE.pcm
SwiftExplicitDependencyGeneratePcm arm64_32 /Users/admin/builder/spi-builder-workspace/.derivedData/ModuleCache.noindex/QuartzCore-1CXSNK2UACVBDKZAARQDNUK67.pcm
SwiftExplicitDependencyGeneratePcm arm64_32 /Users/admin/builder/spi-builder-workspace/.derivedData/ModuleCache.noindex/UniformTypeIdentifiers-6CKSLNTWLO8Z0CLER6EJ8IE1L.pcm
SwiftExplicitDependencyGeneratePcm arm64_32 /Users/admin/builder/spi-builder-workspace/.derivedData/ModuleCache.noindex/Accessibility-6TCBSVF83ED1R84ZEXGV28SIC.pcm
SwiftExplicitDependencyGeneratePcm arm64_32 /Users/admin/builder/spi-builder-workspace/.derivedData/ModuleCache.noindex/CoreTransferable-AMY7KQZKKQ7EH4D9A63UMO44F.pcm
SwiftExplicitDependencyGeneratePcm armv7k /Users/admin/builder/spi-builder-workspace/.derivedData/ModuleCache.noindex/UniformTypeIdentifiers-DTFZ9Z54K4C5DTMJOWIXK456Q.pcm
SwiftExplicitDependencyGeneratePcm arm64 /Users/admin/builder/spi-builder-workspace/.derivedData/ModuleCache.noindex/UIKit-3Z94JRR4V583WSE5ZFIFQV5Z1.pcm
SwiftExplicitDependencyGeneratePcm armv7k /Users/admin/builder/spi-builder-workspace/.derivedData/ModuleCache.noindex/DataDetection-68NUI1Q12T8VSBQIT6UQ7CPX.pcm
SwiftExplicitDependencyGeneratePcm armv7k /Users/admin/builder/spi-builder-workspace/.derivedData/ModuleCache.noindex/Symbols-E73SJPIWBHC4MYRDZFCVSV7I4.pcm
SwiftExplicitDependencyGeneratePcm arm64_32 /Users/admin/builder/spi-builder-workspace/.derivedData/ModuleCache.noindex/UserNotifications-2XE83FS4BVMIYZ7EZQJOGCV81.pcm
SwiftExplicitDependencyGeneratePcm arm64 /Users/admin/builder/spi-builder-workspace/.derivedData/ModuleCache.noindex/SwiftUICore-5700WH6PN2JGNW3YO50O4A8XA.pcm
SwiftExplicitDependencyGeneratePcm arm64_32 /Users/admin/builder/spi-builder-workspace/.derivedData/ModuleCache.noindex/Symbols-2J7TC9WRM59N5LN7EICJIGSLV.pcm
SwiftExplicitDependencyGeneratePcm armv7k /Users/admin/builder/spi-builder-workspace/.derivedData/ModuleCache.noindex/QuartzCore-5AJNR4V5UT0R7NYQ952X5ALOI.pcm
SwiftExplicitDependencyGeneratePcm arm64_32 /Users/admin/builder/spi-builder-workspace/.derivedData/ModuleCache.noindex/OSLog-1LB2KW23KD83RBYXM7Z2XNMQ3.pcm
SwiftExplicitDependencyGeneratePcm armv7k /Users/admin/builder/spi-builder-workspace/.derivedData/ModuleCache.noindex/UserNotifications-CH76TD5QMDEWMGJIW6K7XAWMZ.pcm
SwiftExplicitDependencyGeneratePcm arm64_32 /Users/admin/builder/spi-builder-workspace/.derivedData/ModuleCache.noindex/SwiftUICore-C030D3HUONXAOPKL2BQ5SM4KD.pcm
SwiftExplicitDependencyGeneratePcm arm64_32 /Users/admin/builder/spi-builder-workspace/.derivedData/ModuleCache.noindex/UIKit-18PD4O998O0G26VKE010YA5TL.pcm
SwiftExplicitDependencyGeneratePcm armv7k /Users/admin/builder/spi-builder-workspace/.derivedData/ModuleCache.noindex/UIKit-BIBPZVM7KBWPOUAV240VWX98C.pcm
SwiftExplicitDependencyGeneratePcm armv7k /Users/admin/builder/spi-builder-workspace/.derivedData/ModuleCache.noindex/SwiftUICore-6J03O1SVRHS663BW0TV4QJST2.pcm
SwiftEmitModule normal arm64 Emitting\ module\ for\ SideMenu (in target 'SideMenu' from project 'SideMenu')
EmitSwiftModule normal arm64 (in target 'SideMenu' from project 'SideMenu')
cd /Users/admin/builder/spi-builder-workspace/.swiftpm/xcode
/Users/admin/builder/spi-builder-workspace/Sources/SideMenu/BasicTransitionAnimator.swift:13:27: error: 'UIView' is unavailable in watchOS
let animationOptions: UIView.AnimationOptions
^~~~~~
/Applications/Xcode-26.3.0.app/Contents/Developer/Platforms/WatchOS.platform/Developer/SDKs/WatchOS26.2.sdk/System/Library/Frameworks/UIKit.framework/Headers/UIView.h:148:12: note: 'UIView' has been explicitly marked unavailable here
@interface UIView : UIResponder <NSCoding, UIAppearance, UIAppearanceContainer, UIDynamicItem, UITraitEnvironment, UICoordinateSpace, UIFocusItem, UIFocusItemContainer, CALayerDelegate>
^
/Users/admin/builder/spi-builder-workspace/Sources/SideMenu/BasicTransitionAnimator.swift:21:26: error: 'UIView' is unavailable in watchOS
public init(options: UIView.AnimationOptions = .transitionCrossDissolve, duration: TimeInterval = 0.4) {
^~~~~~
/Applications/Xcode-26.3.0.app/Contents/Developer/Platforms/WatchOS.platform/Developer/SDKs/WatchOS26.2.sdk/System/Library/Frameworks/UIKit.framework/Headers/UIView.h:148:12: note: 'UIView' has been explicitly marked unavailable here
@interface UIView : UIResponder <NSCoding, UIAppearance, UIAppearanceContainer, UIDynamicItem, UITraitEnvironment, UICoordinateSpace, UIFocusItem, UIFocusItemContainer, CALayerDelegate>
^
/Users/admin/builder/spi-builder-workspace/Sources/SideMenu/BasicTransitionAnimator.swift:28:61: error: 'UIViewControllerContextTransitioning' is unavailable in watchOS
public func transitionDuration(using transitionContext: UIViewControllerContextTransitioning?) -> TimeInterval {
^~~~~~~~~~~~~~~~~~~~~~~~~~~~~~~~~~~~
/Applications/Xcode-26.3.0.app/Contents/Developer/Platforms/WatchOS.platform/Developer/SDKs/WatchOS26.2.sdk/System/Library/Frameworks/UIKit.framework/Headers/UIViewControllerTransitioning.h:68:11: note: 'UIViewControllerContextTransitioning' has been explicitly marked unavailable here
@protocol UIViewControllerContextTransitioning <NSObject>
^
/Users/admin/builder/spi-builder-workspace/Sources/SideMenu/BasicTransitionAnimator.swift:32:60: error: 'UIViewControllerContextTransitioning' is unavailable in watchOS
public func animateTransition(using transitionContext: UIViewControllerContextTransitioning) {
^~~~~~~~~~~~~~~~~~~~~~~~~~~~~~~~~~~~
/Applications/Xcode-26.3.0.app/Contents/Developer/Platforms/WatchOS.platform/Developer/SDKs/WatchOS26.2.sdk/System/Library/Frameworks/UIKit.framework/Headers/UIViewControllerTransitioning.h:68:11: note: 'UIViewControllerContextTransitioning' has been explicitly marked unavailable here
@protocol UIViewControllerContextTransitioning <NSObject>
^
/Users/admin/builder/spi-builder-workspace/Sources/SideMenu/BasicTransitionAnimator.swift:12:49: error: 'UIViewControllerAnimatedTransitioning' is unavailable in watchOS
public class BasicTransitionAnimator: NSObject, UIViewControllerAnimatedTransitioning {
^~~~~~~~~~~~~~~~~~~~~~~~~~~~~~~~~~~~~
/Applications/Xcode-26.3.0.app/Contents/Developer/Platforms/WatchOS.platform/Developer/SDKs/WatchOS26.2.sdk/System/Library/Frameworks/UIKit.framework/Headers/UIViewControllerTransitioning.h:137:11: note: 'UIViewControllerAnimatedTransitioning' has been explicitly marked unavailable here
@protocol UIViewControllerAnimatedTransitioning <NSObject>
^
/Users/admin/builder/spi-builder-workspace/Sources/SideMenu/Delegate.swift:27:61: error: 'UIViewController' is unavailable in watchOS
animationControllerFrom fromVC: UIViewController,
^~~~~~~~~~~~~~~~
/Applications/Xcode-26.3.0.app/Contents/Developer/Platforms/WatchOS.platform/Developer/SDKs/WatchOS26.2.sdk/System/Library/Frameworks/UIKit.framework/Headers/UIViewController.h:102:12: note: 'UIViewController' has been explicitly marked unavailable here
@interface UIViewController : UIResponder <NSCoding, UIAppearanceContainer, UITraitEnvironment, UIContentContainer, UIFocusEnvironment>
^
/Users/admin/builder/spi-builder-workspace/Sources/SideMenu/Delegate.swift:28:38: error: 'UIViewController' is unavailable in watchOS
to toVC: UIViewController) -> UIViewControllerAnimatedTransitioning?
^~~~~~~~~~~~~~~~
/Applications/Xcode-26.3.0.app/Contents/Developer/Platforms/WatchOS.platform/Developer/SDKs/WatchOS26.2.sdk/System/Library/Frameworks/UIKit.framework/Headers/UIViewController.h:102:12: note: 'UIViewController' has been explicitly marked unavailable here
@interface UIViewController : UIResponder <NSCoding, UIAppearanceContainer, UITraitEnvironment, UIContentContainer, UIFocusEnvironment>
^
/Users/admin/builder/spi-builder-workspace/Sources/SideMenu/Delegate.swift:28:59: error: 'UIViewControllerAnimatedTransitioning' is unavailable in watchOS
to toVC: UIViewController) -> UIViewControllerAnimatedTransitioning?
^~~~~~~~~~~~~~~~~~~~~~~~~~~~~~~~~~~~~
/Applications/Xcode-26.3.0.app/Contents/Developer/Platforms/WatchOS.platform/Developer/SDKs/WatchOS26.2.sdk/System/Library/Frameworks/UIKit.framework/Headers/UIViewControllerTransitioning.h:137:11: note: 'UIViewControllerAnimatedTransitioning' has been explicitly marked unavailable here
@protocol UIViewControllerAnimatedTransitioning <NSObject>
^
/Users/admin/builder/spi-builder-workspace/Sources/SideMenu/Delegate.swift:38:96: error: 'UIViewController' is unavailable in watchOS
func sideMenuController(_ sideMenuController: SideMenuController, willShow viewController: UIViewController, animated: Bool)
^~~~~~~~~~~~~~~~
/Applications/Xcode-26.3.0.app/Contents/Developer/Platforms/WatchOS.platform/Developer/SDKs/WatchOS26.2.sdk/System/Library/Frameworks/UIKit.framework/Headers/UIViewController.h:102:12: note: 'UIViewController' has been explicitly marked unavailable here
@interface UIViewController : UIResponder <NSCoding, UIAppearanceContainer, UITraitEnvironment, UIContentContainer, UIFocusEnvironment>
^
/Users/admin/builder/spi-builder-workspace/Sources/SideMenu/Delegate.swift:46:95: error: 'UIViewController' is unavailable in watchOS
func sideMenuController(_ sideMenuController: SideMenuController, didShow viewController: UIViewController, animated: Bool)
^~~~~~~~~~~~~~~~
/Applications/Xcode-26.3.0.app/Contents/Developer/Platforms/WatchOS.platform/Developer/SDKs/WatchOS26.2.sdk/System/Library/Frameworks/UIKit.framework/Headers/UIViewController.h:102:12: note: 'UIViewController' has been explicitly marked unavailable here
@interface UIViewController : UIResponder <NSCoding, UIAppearanceContainer, UITraitEnvironment, UIContentContainer, UIFocusEnvironment>
^
/Users/admin/builder/spi-builder-workspace/Sources/SideMenu/Delegate.swift:86:61: error: 'UIViewController' is unavailable in watchOS
animationControllerFrom fromVC: UIViewController,
^~~~~~~~~~~~~~~~
/Applications/Xcode-26.3.0.app/Contents/Developer/Platforms/WatchOS.platform/Developer/SDKs/WatchOS26.2.sdk/System/Library/Frameworks/UIKit.framework/Headers/UIViewController.h:102:12: note: 'UIViewController' has been explicitly marked unavailable here
@interface UIViewController : UIResponder <NSCoding, UIAppearanceContainer, UITraitEnvironment, UIContentContainer, UIFocusEnvironment>
^
/Users/admin/builder/spi-builder-workspace/Sources/SideMenu/Delegate.swift:87:38: error: 'UIViewController' is unavailable in watchOS
to toVC: UIViewController) -> UIViewControllerAnimatedTransitioning? {
^~~~~~~~~~~~~~~~
/Applications/Xcode-26.3.0.app/Contents/Developer/Platforms/WatchOS.platform/Developer/SDKs/WatchOS26.2.sdk/System/Library/Frameworks/UIKit.framework/Headers/UIViewController.h:102:12: note: 'UIViewController' has been explicitly marked unavailable here
@interface UIViewController : UIResponder <NSCoding, UIAppearanceContainer, UITraitEnvironment, UIContentContainer, UIFocusEnvironment>
^
/Users/admin/builder/spi-builder-workspace/Sources/SideMenu/Delegate.swift:87:59: error: 'UIViewControllerAnimatedTransitioning' is unavailable in watchOS
to toVC: UIViewController) -> UIViewControllerAnimatedTransitioning? {
^~~~~~~~~~~~~~~~~~~~~~~~~~~~~~~~~~~~~
/Applications/Xcode-26.3.0.app/Contents/Developer/Platforms/WatchOS.platform/Developer/SDKs/WatchOS26.2.sdk/System/Library/Frameworks/UIKit.framework/Headers/UIViewControllerTransitioning.h:137:11: note: 'UIViewControllerAnimatedTransitioning' has been explicitly marked unavailable here
@protocol UIViewControllerAnimatedTransitioning <NSObject>
^
/Users/admin/builder/spi-builder-workspace/Sources/SideMenu/Delegate.swift:92:54: error: 'UIViewController' is unavailable in watchOS
willShow viewController: UIViewController,
^~~~~~~~~~~~~~~~
/Applications/Xcode-26.3.0.app/Contents/Developer/Platforms/WatchOS.platform/Developer/SDKs/WatchOS26.2.sdk/System/Library/Frameworks/UIKit.framework/Headers/UIViewController.h:102:12: note: 'UIViewController' has been explicitly marked unavailable here
@interface UIViewController : UIResponder <NSCoding, UIAppearanceContainer, UITraitEnvironment, UIContentContainer, UIFocusEnvironment>
^
/Users/admin/builder/spi-builder-workspace/Sources/SideMenu/Delegate.swift:95:53: error: 'UIViewController' is unavailable in watchOS
didShow viewController: UIViewController,
^~~~~~~~~~~~~~~~
/Applications/Xcode-26.3.0.app/Contents/Developer/Platforms/WatchOS.platform/Developer/SDKs/WatchOS26.2.sdk/System/Library/Frameworks/UIKit.framework/Headers/UIViewController.h:102:12: note: 'UIViewController' has been explicitly marked unavailable here
@interface UIViewController : UIResponder <NSCoding, UIAppearanceContainer, UITraitEnvironment, UIContentContainer, UIFocusEnvironment>
^
/Users/admin/builder/spi-builder-workspace/Sources/SideMenu/Preferences.swift:55:33: error: 'UIView' is unavailable in watchOS
public var options: UIView.AnimationOptions = .curveEaseInOut
^~~~~~
/Applications/Xcode-26.3.0.app/Contents/Developer/Platforms/WatchOS.platform/Developer/SDKs/WatchOS26.2.sdk/System/Library/Frameworks/UIKit.framework/Headers/UIView.h:148:12: note: 'UIView' has been explicitly marked unavailable here
@interface UIView : UIResponder <NSCoding, UIAppearance, UIAppearanceContainer, UIDynamicItem, UITraitEnvironment, UICoordinateSpace, UIFocusItem, UIFocusItemContainer, CALayerDelegate>
^
/Users/admin/builder/spi-builder-workspace/Sources/SideMenu/Preferences.swift:119:47: error: 'UIInterfaceOrientationMask' is unavailable in watchOS
public var supportedOrientations: UIInterfaceOrientationMask = .allButUpsideDown
^~~~~~~~~~~~~~~~~~~~~~~~~~
/Applications/Xcode-26.3.0.app/Contents/Developer/Platforms/WatchOS.platform/Developer/SDKs/WatchOS26.2.sdk/System/Library/Frameworks/UIKit.framework/Headers/UIOrientation.h:49:32: note: 'UIInterfaceOrientationMask' has been explicitly marked unavailable here
typedef NS_OPTIONS(NSUInteger, UIInterfaceOrientationMask) {
^
/Users/admin/builder/spi-builder-workspace/Sources/SideMenu/Segue.swift:12:27: error: 'UIStoryboardSegue' is unavailable in watchOS
open class SideMenuSegue: UIStoryboardSegue {
^~~~~~~~~~~~~~~~~
/Applications/Xcode-26.3.0.app/Contents/Developer/Platforms/WatchOS.platform/Developer/SDKs/WatchOS26.2.sdk/System/Library/Frameworks/UIKit.framework/Headers/UIStoryboardSegue.h:17:12: note: 'UIStoryboardSegue' has been explicitly marked unavailable here
@interface UIStoryboardSegue : NSObject
^
/Users/admin/builder/spi-builder-workspace/Sources/SideMenu/SideMenuController.swift:51:73: error: 'UIViewController' is unavailable in watchOS
private lazy var lazyCachedViewControllerGenerators: [String: () -> UIViewController?] = [:]
^~~~~~~~~~~~~~~~
/Applications/Xcode-26.3.0.app/Contents/Developer/Platforms/WatchOS.platform/Developer/SDKs/WatchOS26.2.sdk/System/Library/Frameworks/UIKit.framework/Headers/UIViewController.h:102:12: note: 'UIViewController' has been explicitly marked unavailable here
@interface UIViewController : UIResponder <NSCoding, UIAppearanceContainer, UITraitEnvironment, UIContentContainer, UIFocusEnvironment>
^
/Users/admin/builder/spi-builder-workspace/Sources/SideMenu/SideMenuController.swift:52:58: error: 'UIViewController' is unavailable in watchOS
private lazy var lazyCachedViewControllers: [String: UIViewController] = [:]
^~~~~~~~~~~~~~~~
/Applications/Xcode-26.3.0.app/Contents/Developer/Platforms/WatchOS.platform/Developer/SDKs/WatchOS26.2.sdk/System/Library/Frameworks/UIKit.framework/Headers/UIViewController.h:102:12: note: 'UIViewController' has been explicitly marked unavailable here
@interface UIViewController : UIResponder <NSCoding, UIAppearanceContainer, UITraitEnvironment, UIContentContainer, UIFocusEnvironment>
^
/Users/admin/builder/spi-builder-workspace/Sources/SideMenu/SideMenuController.swift:104:40: error: 'UIView' is unavailable in watchOS
private let contentContainerView = UIView()
^~~~~~
/Applications/Xcode-26.3.0.app/Contents/Developer/Platforms/WatchOS.platform/Developer/SDKs/WatchOS26.2.sdk/System/Library/Frameworks/UIKit.framework/Headers/UIView.h:148:12: note: 'UIView' has been explicitly marked unavailable here
@interface UIView : UIResponder <NSCoding, UIAppearance, UIAppearanceContainer, UIDynamicItem, UITraitEnvironment, UICoordinateSpace, UIFocusItem, UIFocusItemContainer, CALayerDelegate>
^
/Users/admin/builder/spi-builder-workspace/Sources/SideMenu/SideMenuController.swift:104:40: error: 'init()' is unavailable in watchOS
private let contentContainerView = UIView()
^~~~~~
/Applications/Xcode-26.3.0.app/Contents/Developer/Platforms/WatchOS.platform/Developer/SDKs/WatchOS26.2.sdk/System/Library/Frameworks/UIKit.framework/Headers/UIView.h:154:1: note: 'init()' has been explicitly marked unavailable here
- (instancetype)init API_AVAILABLE(ios(2.0), tvos(9.0), visionos(1.0)) API_UNAVAILABLE(watchos);
^
/Users/admin/builder/spi-builder-workspace/Sources/SideMenu/SideMenuController.swift:66:37: error: 'UIViewController' is unavailable in watchOS
open var contentViewController: UIViewController! {
^~~~~~~~~~~~~~~~
/Applications/Xcode-26.3.0.app/Contents/Developer/Platforms/WatchOS.platform/Developer/SDKs/WatchOS26.2.sdk/System/Library/Frameworks/UIKit.framework/Headers/UIViewController.h:102:12: note: 'UIViewController' has been explicitly marked unavailable here
@interface UIViewController : UIResponder <NSCoding, UIAppearanceContainer, UITraitEnvironment, UIContentContainer, UIFocusEnvironment>
^
/Users/admin/builder/spi-builder-workspace/Sources/SideMenu/SideMenuController.swift:103:37: error: 'UIView' is unavailable in watchOS
private let menuContainerView = UIView()
^~~~~~
/Applications/Xcode-26.3.0.app/Contents/Developer/Platforms/WatchOS.platform/Developer/SDKs/WatchOS26.2.sdk/System/Library/Frameworks/UIKit.framework/Headers/UIView.h:148:12: note: 'UIView' has been explicitly marked unavailable here
@interface UIView : UIResponder <NSCoding, UIAppearance, UIAppearanceContainer, UIDynamicItem, UITraitEnvironment, UICoordinateSpace, UIFocusItem, UIFocusItemContainer, CALayerDelegate>
^
/Users/admin/builder/spi-builder-workspace/Sources/SideMenu/SideMenuController.swift:103:37: error: 'init()' is unavailable in watchOS
private let menuContainerView = UIView()
^~~~~~
/Applications/Xcode-26.3.0.app/Contents/Developer/Platforms/WatchOS.platform/Developer/SDKs/WatchOS26.2.sdk/System/Library/Frameworks/UIKit.framework/Headers/UIView.h:154:1: note: 'init()' has been explicitly marked unavailable here
- (instancetype)init API_AVAILABLE(ios(2.0), tvos(9.0), visionos(1.0)) API_UNAVAILABLE(watchos);
^
/Users/admin/builder/spi-builder-workspace/Sources/SideMenu/SideMenuController.swift:92:34: error: 'UIViewController' is unavailable in watchOS
open var menuViewController: UIViewController! {
^~~~~~~~~~~~~~~~
/Applications/Xcode-26.3.0.app/Contents/Developer/Platforms/WatchOS.platform/Developer/SDKs/WatchOS26.2.sdk/System/Library/Frameworks/UIKit.framework/Headers/UIViewController.h:102:12: note: 'UIViewController' has been explicitly marked unavailable here
@interface UIViewController : UIResponder <NSCoding, UIAppearanceContainer, UITraitEnvironment, UIContentContainer, UIFocusEnvironment>
^
/Users/admin/builder/spi-builder-workspace/Sources/SideMenu/SideMenuController.swift:105:42: error: 'UIView' is unavailable in watchOS
private var statusBarScreenShotView: UIView?
^~~~~~
/Applications/Xcode-26.3.0.app/Contents/Developer/Platforms/WatchOS.platform/Developer/SDKs/WatchOS26.2.sdk/System/Library/Frameworks/UIKit.framework/Headers/UIView.h:148:12: note: 'UIView' has been explicitly marked unavailable here
@interface UIView : UIResponder <NSCoding, UIAppearance, UIAppearanceContainer, UIDynamicItem, UITraitEnvironment, UICoordinateSpace, UIFocusItem, UIFocusItemContainer, CALayerDelegate>
^
/Users/admin/builder/spi-builder-workspace/Sources/SideMenu/SideMenuController.swift:123:47: error: 'UIView' is unavailable in watchOS
private weak var contentContainerOverlay: UIView?
^~~~~~
/Applications/Xcode-26.3.0.app/Contents/Developer/Platforms/WatchOS.platform/Developer/SDKs/WatchOS26.2.sdk/System/Library/Frameworks/UIKit.framework/Headers/UIView.h:148:12: note: 'UIView' has been explicitly marked unavailable here
@interface UIView : UIResponder <NSCoding, UIAppearance, UIAppearanceContainer, UIDynamicItem, UITraitEnvironment, UICoordinateSpace, UIFocusItem, UIFocusItemContainer, CALayerDelegate>
^
/Users/admin/builder/spi-builder-workspace/Sources/SideMenu/SideMenuController.swift:126:44: error: 'UIPanGestureRecognizer' is unavailable in watchOS
private weak var panGestureRecognizer: UIPanGestureRecognizer?
^~~~~~~~~~~~~~~~~~~~~~
/Applications/Xcode-26.3.0.app/Contents/Developer/Platforms/WatchOS.platform/Developer/SDKs/WatchOS26.2.sdk/System/Library/Frameworks/UIKit.framework/Headers/UIPanGestureRecognizer.h:31:12: note: 'UIPanGestureRecognizer' has been explicitly marked unavailable here
@interface UIPanGestureRecognizer : UIGestureRecognizer
^
/Users/admin/builder/spi-builder-workspace/Sources/SideMenu/SideMenuController.swift:145:52: error: 'UIViewController' is unavailable in watchOS
public convenience init(contentViewController: UIViewController, menuViewController: UIViewController) {
^~~~~~~~~~~~~~~~
/Applications/Xcode-26.3.0.app/Contents/Developer/Platforms/WatchOS.platform/Developer/SDKs/WatchOS26.2.sdk/System/Library/Frameworks/UIKit.framework/Headers/UIViewController.h:102:12: note: 'UIViewController' has been explicitly marked unavailable here
@interface UIViewController : UIResponder <NSCoding, UIAppearanceContainer, UITraitEnvironment, UIContentContainer, UIFocusEnvironment>
^
/Users/admin/builder/spi-builder-workspace/Sources/SideMenu/SideMenuController.swift:145:90: error: 'UIViewController' is unavailable in watchOS
public convenience init(contentViewController: UIViewController, menuViewController: UIViewController) {
^~~~~~~~~~~~~~~~
/Applications/Xcode-26.3.0.app/Contents/Developer/Platforms/WatchOS.platform/Developer/SDKs/WatchOS26.2.sdk/System/Library/Frameworks/UIKit.framework/Headers/UIViewController.h:102:12: note: 'UIViewController' has been explicitly marked unavailable here
@interface UIViewController : UIResponder <NSCoding, UIAppearanceContainer, UITraitEnvironment, UIContentContainer, UIFocusEnvironment>
^
/Users/admin/builder/spi-builder-workspace/Sources/SideMenu/SideMenuController.swift:205:46: error: 'UIView' is unavailable in watchOS
private func resolveDirection(with view: UIView) {
^~~~~~
/Applications/Xcode-26.3.0.app/Contents/Developer/Platforms/WatchOS.platform/Developer/SDKs/WatchOS26.2.sdk/System/Library/Frameworks/UIKit.framework/Headers/UIView.h:148:12: note: 'UIView' has been explicitly marked unavailable here
@interface UIView : UIResponder <NSCoding, UIAppearance, UIAppearanceContainer, UIDynamicItem, UITraitEnvironment, UICoordinateSpace, UIFocusItem, UIFocusItemContainer, CALayerDelegate>
^
/Users/admin/builder/spi-builder-workspace/Sources/SideMenu/SideMenuController.swift:215:43: error: 'UIStoryboardSegue' is unavailable in watchOS
open override func prepare(for segue: UIStoryboardSegue, sender: Any?) {
^~~~~~~~~~~~~~~~~
/Applications/Xcode-26.3.0.app/Contents/Developer/Platforms/WatchOS.platform/Developer/SDKs/WatchOS26.2.sdk/System/Library/Frameworks/UIKit.framework/Headers/UIStoryboardSegue.h:17:12: note: 'UIStoryboardSegue' has been explicitly marked unavailable here
@interface UIStoryboardSegue : NSObject
^
/Users/admin/builder/spi-builder-workspace/Sources/SideMenu/SideMenuController.swift:381:48: error: 'UITapGestureRecognizer' is unavailable in watchOS
@objc private func handleTapGesture(_ tap: UITapGestureRecognizer) {
^~~~~~~~~~~~~~~~~~~~~~
/Applications/Xcode-26.3.0.app/Contents/Developer/Platforms/WatchOS.platform/Developer/SDKs/WatchOS26.2.sdk/System/Library/Frameworks/UIKit.framework/Headers/UITapGestureRecognizer.h:23:12: note: 'UITapGestureRecognizer' has been explicitly marked unavailable here
@interface UITapGestureRecognizer : UIGestureRecognizer
^
/Users/admin/builder/spi-builder-workspace/Sources/SideMenu/SideMenuController.swift:385:48: error: 'UIPanGestureRecognizer' is unavailable in watchOS
@objc private func handlePanGesture(_ pan: UIPanGestureRecognizer) {
^~~~~~~~~~~~~~~~~~~~~~
/Applications/Xcode-26.3.0.app/Contents/Developer/Platforms/WatchOS.platform/Developer/SDKs/WatchOS26.2.sdk/System/Library/Frameworks/UIKit.framework/Headers/UIPanGestureRecognizer.h:31:12: note: 'UIPanGestureRecognizer' has been explicitly marked unavailable here
@interface UIPanGestureRecognizer : UIGestureRecognizer
^
/Users/admin/builder/spi-builder-workspace/Sources/SideMenu/SideMenuController.swift:540:43: error: 'UIView' is unavailable in watchOS
private func statusBarScreenShot() -> UIView? {
^~~~~~
/Applications/Xcode-26.3.0.app/Contents/Developer/Platforms/WatchOS.platform/Developer/SDKs/WatchOS26.2.sdk/System/Library/Frameworks/UIKit.framework/Headers/UIView.h:148:12: note: 'UIView' has been explicitly marked unavailable here
@interface UIView : UIResponder <NSCoding, UIAppearance, UIAppearanceContainer, UIDynamicItem, UITraitEnvironment, UICoordinateSpace, UIFocusItem, UIFocusItemContainer, CALayerDelegate>
^
/Users/admin/builder/spi-builder-workspace/Sources/SideMenu/SideMenuController.swift:549:47: error: 'UIViewController' is unavailable in watchOS
open override var childForStatusBarStyle: UIViewController? {
^~~~~~~~~~~~~~~~
/Applications/Xcode-26.3.0.app/Contents/Developer/Platforms/WatchOS.platform/Developer/SDKs/WatchOS26.2.sdk/System/Library/Frameworks/UIKit.framework/Headers/UIViewController.h:102:12: note: 'UIViewController' has been explicitly marked unavailable here
@interface UIViewController : UIResponder <NSCoding, UIAppearanceContainer, UITraitEnvironment, UIContentContainer, UIFocusEnvironment>
^
/Users/admin/builder/spi-builder-workspace/Sources/SideMenu/SideMenuController.swift:554:48: error: 'UIViewController' is unavailable in watchOS
open override var childForStatusBarHidden: UIViewController? {
^~~~~~~~~~~~~~~~
/Applications/Xcode-26.3.0.app/Contents/Developer/Platforms/WatchOS.platform/Developer/SDKs/WatchOS26.2.sdk/System/Library/Frameworks/UIKit.framework/Headers/UIViewController.h:102:12: note: 'UIViewController' has been explicitly marked unavailable here
@interface UIViewController : UIResponder <NSCoding, UIAppearanceContainer, UITraitEnvironment, UIContentContainer, UIFocusEnvironment>
^
/Users/admin/builder/spi-builder-workspace/Sources/SideMenu/SideMenuController.swift:567:62: error: 'UIViewController' is unavailable in watchOS
open func cache(viewControllerGenerator: @escaping () -> UIViewController?, with identifier: String) {
^~~~~~~~~~~~~~~~
/Applications/Xcode-26.3.0.app/Contents/Developer/Platforms/WatchOS.platform/Developer/SDKs/WatchOS26.2.sdk/System/Library/Frameworks/UIKit.framework/Headers/UIViewController.h:102:12: note: 'UIViewController' has been explicitly marked unavailable here
@interface UIViewController : UIResponder <NSCoding, UIAppearanceContainer, UITraitEnvironment, UIContentContainer, UIFocusEnvironment>
^
/Users/admin/builder/spi-builder-workspace/Sources/SideMenu/SideMenuController.swift:576:37: error: 'UIViewController' is unavailable in watchOS
open func cache(viewController: UIViewController, with identifier: String) {
^~~~~~~~~~~~~~~~
/Applications/Xcode-26.3.0.app/Contents/Developer/Platforms/WatchOS.platform/Developer/SDKs/WatchOS26.2.sdk/System/Library/Frameworks/UIKit.framework/Headers/UIViewController.h:102:12: note: 'UIViewController' has been explicitly marked unavailable here
@interface UIViewController : UIResponder <NSCoding, UIAppearanceContainer, UITraitEnvironment, UIContentContainer, UIFocusEnvironment>
^
/Users/admin/builder/spi-builder-workspace/Sources/SideMenu/SideMenuController.swift:604:59: error: 'UIViewController' is unavailable in watchOS
open func setContentViewController(to viewController: UIViewController,
^~~~~~~~~~~~~~~~
/Applications/Xcode-26.3.0.app/Contents/Developer/Platforms/WatchOS.platform/Developer/SDKs/WatchOS26.2.sdk/System/Library/Frameworks/UIKit.framework/Headers/UIViewController.h:102:12: note: 'UIViewController' has been explicitly marked unavailable here
@interface UIViewController : UIResponder <NSCoding, UIAppearanceContainer, UITraitEnvironment, UIContentContainer, UIFocusEnvironment>
^
/Users/admin/builder/spi-builder-workspace/Sources/SideMenu/SideMenuController.swift:739:23: error: cannot override 'shouldAutorotate' which has been marked unavailable
open override var shouldAutorotate: Bool {
^
/Applications/Xcode-26.3.0.app/Contents/Developer/Platforms/WatchOS.platform/Developer/SDKs/WatchOS26.2.sdk/System/Library/Frameworks/UIKit.framework/Headers/UIViewController.h:369:37: note: 'shouldAutorotate' has been explicitly marked unavailable here
@property(nonatomic, readonly) BOOL shouldAutorotate API_DEPRECATED("Update supported interface orientations and call setNeedsUpdateOfSupportedInterfaceOrientations to indicate a change.", ios(6.0, 16.0), visionos(1.0, 1.0)) API_UNAVAILABLE(tvos) API_UNAVAILABLE(watchos);
^
/Users/admin/builder/spi-builder-workspace/Sources/SideMenu/SideMenuController.swift:739:23: note: remove 'override' modifier to declare a new 'shouldAutorotate'
open override var shouldAutorotate: Bool {
~~~~~~~~~ ^
/Users/admin/builder/spi-builder-workspace/Sources/SideMenu/SideMenuController.swift:746:55: error: 'UIInterfaceOrientationMask' is unavailable in watchOS
open override var supportedInterfaceOrientations: UIInterfaceOrientationMask {
^~~~~~~~~~~~~~~~~~~~~~~~~~
/Applications/Xcode-26.3.0.app/Contents/Developer/Platforms/WatchOS.platform/Developer/SDKs/WatchOS26.2.sdk/System/Library/Frameworks/UIKit.framework/Headers/UIOrientation.h:49:32: note: 'UIInterfaceOrientationMask' has been explicitly marked unavailable here
typedef NS_OPTIONS(NSUInteger, UIInterfaceOrientationMask) {
^
/Users/admin/builder/spi-builder-workspace/Sources/SideMenu/SideMenuController.swift:753:78: error: 'UIViewControllerTransitionCoordinator' is unavailable in watchOS
open override func viewWillTransition(to size: CGSize, with coordinator: UIViewControllerTransitionCoordinator) {
^~~~~~~~~~~~~~~~~~~~~~~~~~~~~~~~~~~~~
/Applications/Xcode-26.3.0.app/Contents/Developer/Platforms/WatchOS.platform/Developer/SDKs/WatchOS26.2.sdk/System/Library/Frameworks/UIKit.framework/Headers/UIViewControllerTransitionCoordinator.h:81:11: note: 'UIViewControllerTransitionCoordinator' has been explicitly marked unavailable here
@protocol UIViewControllerTransitionCoordinator <UIViewControllerTransitionCoordinatorContext>
^
/Users/admin/builder/spi-builder-workspace/Sources/SideMenu/SideMenuController.swift:22:32: error: 'UIViewController' is unavailable in watchOS
open class SideMenuController: UIViewController {
^~~~~~~~~~~~~~~~
/Applications/Xcode-26.3.0.app/Contents/Developer/Platforms/WatchOS.platform/Developer/SDKs/WatchOS26.2.sdk/System/Library/Frameworks/UIKit.framework/Headers/UIViewController.h:102:12: note: 'UIViewController' has been explicitly marked unavailable here
@interface UIViewController : UIResponder <NSCoding, UIAppearanceContainer, UITraitEnvironment, UIContentContainer, UIFocusEnvironment>
^
/Users/admin/builder/spi-builder-workspace/Sources/SideMenu/SideMenuController.swift:776:56: error: 'UIGestureRecognizer' is unavailable in watchOS
public func gestureRecognizer(_ gestureRecognizer: UIGestureRecognizer, shouldReceive touch: UITouch) -> Bool {
^~~~~~~~~~~~~~~~~~~
/Applications/Xcode-26.3.0.app/Contents/Developer/Platforms/WatchOS.platform/Developer/SDKs/WatchOS26.2.sdk/System/Library/Frameworks/UIKit.framework/Headers/UIGestureRecognizer.h:35:12: note: 'UIGestureRecognizer' has been explicitly marked unavailable here
@interface UIGestureRecognizer : NSObject
^
/Users/admin/builder/spi-builder-workspace/Sources/SideMenu/SideMenuController.swift:776:98: error: 'UITouch' is unavailable in watchOS
public func gestureRecognizer(_ gestureRecognizer: UIGestureRecognizer, shouldReceive touch: UITouch) -> Bool {
^~~~~~~
/Applications/Xcode-26.3.0.app/Contents/Developer/Platforms/WatchOS.platform/Developer/SDKs/WatchOS26.2.sdk/System/Library/Frameworks/UIKit.framework/Headers/UITouch.h:51:12: note: 'UITouch' has been explicitly marked unavailable here
@interface UITouch : NSObject
^
/Users/admin/builder/spi-builder-workspace/Sources/SideMenu/SideMenuController.swift:803:67: error: 'UIGestureRecognizer' is unavailable in watchOS
public func gestureRecognizerShouldBegin(_ gestureRecognizer: UIGestureRecognizer) -> Bool {
^~~~~~~~~~~~~~~~~~~
/Applications/Xcode-26.3.0.app/Contents/Developer/Platforms/WatchOS.platform/Developer/SDKs/WatchOS26.2.sdk/System/Library/Frameworks/UIKit.framework/Headers/UIGestureRecognizer.h:35:12: note: 'UIGestureRecognizer' has been explicitly marked unavailable here
@interface UIGestureRecognizer : NSObject
^
/Users/admin/builder/spi-builder-workspace/Sources/SideMenu/SideMenuController.swift:810:66: error: 'UIView' is unavailable in watchOS
private func isViewControllerInsideNavigationStack(for view: UIView?) -> Bool {
^~~~~~
/Applications/Xcode-26.3.0.app/Contents/Developer/Platforms/WatchOS.platform/Developer/SDKs/WatchOS26.2.sdk/System/Library/Frameworks/UIKit.framework/Headers/UIView.h:148:12: note: 'UIView' has been explicitly marked unavailable here
@interface UIView : UIResponder <NSCoding, UIAppearance, UIAppearanceContainer, UIDynamicItem, UITraitEnvironment, UICoordinateSpace, UIFocusItem, UIFocusItemContainer, CALayerDelegate>
^
/Users/admin/builder/spi-builder-workspace/Sources/SideMenu/SideMenuController.swift:775:31: error: 'UIGestureRecognizerDelegate' is unavailable in watchOS
extension SideMenuController: UIGestureRecognizerDelegate {
^~~~~~~~~~~~~~~~~~~~~~~~~~~
/Applications/Xcode-26.3.0.app/Contents/Developer/Platforms/WatchOS.platform/Developer/SDKs/WatchOS26.2.sdk/System/Library/Frameworks/UIKit.framework/Headers/UIGestureRecognizer.h:91:11: note: 'UIGestureRecognizerDelegate' has been explicitly marked unavailable here
@protocol UIGestureRecognizerDelegate <NSObject>
^
/Users/admin/builder/spi-builder-workspace/Sources/SideMenu/StatusBar.swift:15:20: error: 'UIWindow' is unavailable in watchOS
static var sb: UIWindow? {
^~~~~~~~
/Applications/Xcode-26.3.0.app/Contents/Developer/Platforms/WatchOS.platform/Developer/SDKs/WatchOS26.2.sdk/System/Library/Frameworks/UIKit.framework/Headers/UIWindow.h:22:12: note: 'UIWindow' has been explicitly marked unavailable here
@interface UIWindow : UIView
^
/Users/admin/builder/spi-builder-workspace/Sources/SideMenu/StatusBar.swift:11:11: error: 'UIWindow' is unavailable in watchOS
extension UIWindow {
^~~~~~~~
/Applications/Xcode-26.3.0.app/Contents/Developer/Platforms/WatchOS.platform/Developer/SDKs/WatchOS26.2.sdk/System/Library/Frameworks/UIKit.framework/Headers/UIWindow.h:22:12: note: 'UIWindow' has been explicitly marked unavailable here
@interface UIWindow : UIView
^
/Users/admin/builder/spi-builder-workspace/Sources/SideMenu/TransitionContext.swift:14:13: error: cannot override 'isAnimated' which has been marked unavailable
var isAnimated = true
^
/Applications/Xcode-26.3.0.app/Contents/Developer/Platforms/WatchOS.platform/Developer/SDKs/WatchOS26.2.sdk/System/Library/Frameworks/UIKit.framework/Headers/UIViewControllerTransitioning.h:76:56: note: 'isAnimated' has been explicitly marked unavailable here
@property(nonatomic, readonly, getter=isAnimated) BOOL animated API_UNAVAILABLE(watchos);
^
/Users/admin/builder/spi-builder-workspace/Sources/SideMenu/TransitionContext.swift:17:13: error: cannot override 'containerView' which has been marked unavailable
let containerView: UIView
^
/Applications/Xcode-26.3.0.app/Contents/Developer/Platforms/WatchOS.platform/Developer/SDKs/WatchOS26.2.sdk/System/Library/Frameworks/UIKit.framework/Headers/UIViewControllerTransitioning.h:71:40: note: 'containerView' has been explicitly marked unavailable here
@property(nonatomic, readonly) UIView *containerView API_UNAVAILABLE(watchos);
^
/Users/admin/builder/spi-builder-workspace/Sources/SideMenu/TransitionContext.swift:17:28: error: 'UIView' is unavailable in watchOS
let containerView: UIView
^~~~~~
/Applications/Xcode-26.3.0.app/Contents/Developer/Platforms/WatchOS.platform/Developer/SDKs/WatchOS26.2.sdk/System/Library/Frameworks/UIKit.framework/Headers/UIView.h:148:12: note: 'UIView' has been explicitly marked unavailable here
@interface UIView : UIResponder <NSCoding, UIAppearance, UIAppearanceContainer, UIDynamicItem, UITraitEnvironment, UICoordinateSpace, UIFocusItem, UIFocusItemContainer, CALayerDelegate>
^
/Users/admin/builder/spi-builder-workspace/Sources/SideMenu/TransitionContext.swift:18:13: error: cannot override 'presentationStyle' which has been marked unavailable
let presentationStyle: UIModalPresentationStyle
^
/Applications/Xcode-26.3.0.app/Contents/Developer/Platforms/WatchOS.platform/Developer/SDKs/WatchOS26.2.sdk/System/Library/Frameworks/UIKit.framework/Headers/UIViewControllerTransitioning.h:82:57: note: 'presentationStyle' has been explicitly marked unavailable here
@property(nonatomic, readonly) UIModalPresentationStyle presentationStyle API_UNAVAILABLE(watchos);
^
/Users/admin/builder/spi-builder-workspace/Sources/SideMenu/TransitionContext.swift:18:32: error: 'UIModalPresentationStyle' is unavailable in watchOS
let presentationStyle: UIModalPresentationStyle
^~~~~~~~~~~~~~~~~~~~~~~~
/Applications/Xcode-26.3.0.app/Contents/Developer/Platforms/WatchOS.platform/Developer/SDKs/WatchOS26.2.sdk/System/Library/Frameworks/UIKit.framework/Headers/UIViewController.h:47:28: note: 'UIModalPresentationStyle' has been explicitly marked unavailable here
typedef NS_ENUM(NSInteger, UIModalPresentationStyle) {
^
/Users/admin/builder/spi-builder-workspace/Sources/SideMenu/TransitionContext.swift:20:40: error: 'UITransitionContextViewControllerKey' is unavailable in watchOS
private var viewControllers = [UITransitionContextViewControllerKey: UIViewController]()
^~~~~~~~~~~~~~~~~~~~~~~~~~~~~~~~~~~~
/Applications/Xcode-26.3.0.app/Contents/Developer/Platforms/WatchOS.platform/Developer/SDKs/WatchOS26.2.sdk/System/Library/Frameworks/UIKit.framework/Headers/UIViewControllerTransitionCoordinator.h:16:20: note: 'UITransitionContextViewControllerKey' has been explicitly marked unavailable here
typedef NSString * UITransitionContextViewControllerKey NS_TYPED_ENUM API_UNAVAILABLE(watchos);
^
/Users/admin/builder/spi-builder-workspace/Sources/SideMenu/TransitionContext.swift:20:78: error: 'UIViewController' is unavailable in watchOS
private var viewControllers = [UITransitionContextViewControllerKey: UIViewController]()
^~~~~~~~~~~~~~~~
/Applications/Xcode-26.3.0.app/Contents/Developer/Platforms/WatchOS.platform/Developer/SDKs/WatchOS26.2.sdk/System/Library/Frameworks/UIKit.framework/Headers/UIViewController.h:102:12: note: 'UIViewController' has been explicitly marked unavailable here
@interface UIViewController : UIResponder <NSCoding, UIAppearanceContainer, UITraitEnvironment, UIContentContainer, UIFocusEnvironment>
^
/Users/admin/builder/spi-builder-workspace/Sources/SideMenu/TransitionContext.swift:22:13: error: cannot override 'isInteractive' which has been marked unavailable
var isInteractive = false
^
/Applications/Xcode-26.3.0.app/Contents/Developer/Platforms/WatchOS.platform/Developer/SDKs/WatchOS26.2.sdk/System/Library/Frameworks/UIKit.framework/Headers/UIViewControllerTransitioning.h:79:59: note: 'isInteractive' has been explicitly marked unavailable here
@property(nonatomic, readonly, getter=isInteractive) BOOL interactive API_UNAVAILABLE(watchos); // This indicates whether the transition is currently interactive.
^
/Users/admin/builder/spi-builder-workspace/Sources/SideMenu/TransitionContext.swift:24:13: error: cannot override 'transitionWasCancelled' which has been marked unavailable
var transitionWasCancelled: Bool {
^
/Applications/Xcode-26.3.0.app/Contents/Developer/Platforms/WatchOS.platform/Developer/SDKs/WatchOS26.2.sdk/System/Library/Frameworks/UIKit.framework/Headers/UIViewControllerTransitioning.h:80:37: note: 'transitionWasCancelled' has been explicitly marked unavailable here
@property(nonatomic, readonly) BOOL transitionWasCancelled API_UNAVAILABLE(watchos);
^
/Users/admin/builder/spi-builder-workspace/Sources/SideMenu/TransitionContext.swift:31:39: error: 'UIViewController' is unavailable in watchOS
init(with fromViewController: UIViewController, toViewController: UIViewController) {
^~~~~~~~~~~~~~~~
/Applications/Xcode-26.3.0.app/Contents/Developer/Platforms/WatchOS.platform/Developer/SDKs/WatchOS26.2.sdk/System/Library/Frameworks/UIKit.framework/Headers/UIViewController.h:102:12: note: 'UIViewController' has been explicitly marked unavailable here
@interface UIViewController : UIResponder <NSCoding, UIAppearanceContainer, UITraitEnvironment, UIContentContainer, UIFocusEnvironment>
^
/Users/admin/builder/spi-builder-workspace/Sources/SideMenu/TransitionContext.swift:31:75: error: 'UIViewController' is unavailable in watchOS
init(with fromViewController: UIViewController, toViewController: UIViewController) {
^~~~~~~~~~~~~~~~
/Applications/Xcode-26.3.0.app/Contents/Developer/Platforms/WatchOS.platform/Developer/SDKs/WatchOS26.2.sdk/System/Library/Frameworks/UIKit.framework/Headers/UIViewController.h:102:12: note: 'UIViewController' has been explicitly marked unavailable here
@interface UIViewController : UIResponder <NSCoding, UIAppearanceContainer, UITraitEnvironment, UIContentContainer, UIFocusEnvironment>
^
/Users/admin/builder/spi-builder-workspace/Sources/SideMenu/TransitionContext.swift:49:41: error: 'UITransitionContextViewControllerKey' is unavailable in watchOS
func viewController(forKey key: UITransitionContextViewControllerKey) -> UIViewController? {
^~~~~~~~~~~~~~~~~~~~~~~~~~~~~~~~~~~~
/Applications/Xcode-26.3.0.app/Contents/Developer/Platforms/WatchOS.platform/Developer/SDKs/WatchOS26.2.sdk/System/Library/Frameworks/UIKit.framework/Headers/UIViewControllerTransitionCoordinator.h:16:20: note: 'UITransitionContextViewControllerKey' has been explicitly marked unavailable here
typedef NSString * UITransitionContextViewControllerKey NS_TYPED_ENUM API_UNAVAILABLE(watchos);
^
/Users/admin/builder/spi-builder-workspace/Sources/SideMenu/TransitionContext.swift:49:82: error: 'UIViewController' is unavailable in watchOS
func viewController(forKey key: UITransitionContextViewControllerKey) -> UIViewController? {
^~~~~~~~~~~~~~~~
/Applications/Xcode-26.3.0.app/Contents/Developer/Platforms/WatchOS.platform/Developer/SDKs/WatchOS26.2.sdk/System/Library/Frameworks/UIKit.framework/Headers/UIViewController.h:102:12: note: 'UIViewController' has been explicitly marked unavailable here
@interface UIViewController : UIResponder <NSCoding, UIAppearanceContainer, UITraitEnvironment, UIContentContainer, UIFocusEnvironment>
^
/Users/admin/builder/spi-builder-workspace/Sources/SideMenu/TransitionContext.swift:53:31: error: 'UITransitionContextViewKey' is unavailable in watchOS
func view(forKey key: UITransitionContextViewKey) -> UIView? {
^~~~~~~~~~~~~~~~~~~~~~~~~~
/Applications/Xcode-26.3.0.app/Contents/Developer/Platforms/WatchOS.platform/Developer/SDKs/WatchOS26.2.sdk/System/Library/Frameworks/UIKit.framework/Headers/UIViewControllerTransitionCoordinator.h:17:20: note: 'UITransitionContextViewKey' has been explicitly marked unavailable here
typedef NSString * UITransitionContextViewKey NS_TYPED_ENUM API_UNAVAILABLE(watchos);
^
/Users/admin/builder/spi-builder-workspace/Sources/SideMenu/TransitionContext.swift:53:62: error: 'UIView' is unavailable in watchOS
func view(forKey key: UITransitionContextViewKey) -> UIView? {
^~~~~~
/Applications/Xcode-26.3.0.app/Contents/Developer/Platforms/WatchOS.platform/Developer/SDKs/WatchOS26.2.sdk/System/Library/Frameworks/UIKit.framework/Headers/UIView.h:148:12: note: 'UIView' has been explicitly marked unavailable here
@interface UIView : UIResponder <NSCoding, UIAppearance, UIAppearanceContainer, UIDynamicItem, UITraitEnvironment, UICoordinateSpace, UIFocusItem, UIFocusItemContainer, CALayerDelegate>
^
/Users/admin/builder/spi-builder-workspace/Sources/SideMenu/TransitionContext.swift:65:35: error: 'UIViewController' is unavailable in watchOS
func initialFrame(for vc: UIViewController) -> CGRect {
^~~~~~~~~~~~~~~~
/Applications/Xcode-26.3.0.app/Contents/Developer/Platforms/WatchOS.platform/Developer/SDKs/WatchOS26.2.sdk/System/Library/Frameworks/UIKit.framework/Headers/UIViewController.h:102:12: note: 'UIViewController' has been explicitly marked unavailable here
@interface UIViewController : UIResponder <NSCoding, UIAppearanceContainer, UITraitEnvironment, UIContentContainer, UIFocusEnvironment>
^
/Users/admin/builder/spi-builder-workspace/Sources/SideMenu/TransitionContext.swift:69:33: error: 'UIViewController' is unavailable in watchOS
func finalFrame(for vc: UIViewController) -> CGRect {
^~~~~~~~~~~~~~~~
/Applications/Xcode-26.3.0.app/Contents/Developer/Platforms/WatchOS.platform/Developer/SDKs/WatchOS26.2.sdk/System/Library/Frameworks/UIKit.framework/Headers/UIViewController.h:102:12: note: 'UIViewController' has been explicitly marked unavailable here
@interface UIViewController : UIResponder <NSCoding, UIAppearanceContainer, UITraitEnvironment, UIContentContainer, UIFocusEnvironment>
^
/Users/admin/builder/spi-builder-workspace/Sources/SideMenu/TransitionContext.swift:13:40: error: 'UIViewControllerContextTransitioning' is unavailable in watchOS
class TransitionContext: NSObject, UIViewControllerContextTransitioning {
^~~~~~~~~~~~~~~~~~~~~~~~~~~~~~~~~~~~
/Applications/Xcode-26.3.0.app/Contents/Developer/Platforms/WatchOS.platform/Developer/SDKs/WatchOS26.2.sdk/System/Library/Frameworks/UIKit.framework/Headers/UIViewControllerTransitioning.h:68:11: note: 'UIViewControllerContextTransitioning' has been explicitly marked unavailable here
@protocol UIViewControllerContextTransitioning <NSObject>
^
/Users/admin/builder/spi-builder-workspace/Sources/SideMenu/TransitionContext.swift:78:14: error: cannot override 'pauseInteractiveTransition' which has been marked unavailable
func pauseInteractiveTransition() {}
^
UIKit.UIViewControllerContextTransitioning.pauseInteractiveTransition:3:8: note: 'pauseInteractiveTransition()' has been explicitly marked unavailable here
func pauseInteractiveTransition()}
^
/Users/admin/builder/spi-builder-workspace/Sources/SideMenu/UIView+Container.swift:12:31: error: 'UIViewController' is unavailable in watchOS
var parentViewController: UIViewController? {
^~~~~~~~~~~~~~~~
/Applications/Xcode-26.3.0.app/Contents/Developer/Platforms/WatchOS.platform/Developer/SDKs/WatchOS26.2.sdk/System/Library/Frameworks/UIKit.framework/Headers/UIViewController.h:102:12: note: 'UIViewController' has been explicitly marked unavailable here
@interface UIViewController : UIResponder <NSCoding, UIAppearanceContainer, UITraitEnvironment, UIContentContainer, UIFocusEnvironment>
^
/Users/admin/builder/spi-builder-workspace/Sources/SideMenu/UIView+Container.swift:24:37: error: 'UINavigationController' is unavailable in watchOS
var parentNavigationController: UINavigationController? {
^~~~~~~~~~~~~~~~~~~~~~
/Applications/Xcode-26.3.0.app/Contents/Developer/Platforms/WatchOS.platform/Developer/SDKs/WatchOS26.2.sdk/System/Library/Frameworks/UIKit.framework/Headers/UINavigationController.h:46:12: note: 'UINavigationController' has been explicitly marked unavailable here
@interface UINavigationController : UIViewController
^
/Users/admin/builder/spi-builder-workspace/Sources/SideMenu/UIView+Container.swift:11:11: error: 'UIView' is unavailable in watchOS
extension UIView {
^~~~~~
/Applications/Xcode-26.3.0.app/Contents/Developer/Platforms/WatchOS.platform/Developer/SDKs/WatchOS26.2.sdk/System/Library/Frameworks/UIKit.framework/Headers/UIView.h:148:12: note: 'UIView' has been explicitly marked unavailable here
@interface UIView : UIResponder <NSCoding, UIAppearance, UIAppearanceContainer, UIDynamicItem, UITraitEnvironment, UICoordinateSpace, UIFocusItem, UIFocusItemContainer, CALayerDelegate>
^
/Users/admin/builder/spi-builder-workspace/Sources/SideMenu/UIViewController+Container.swift:13:33: error: 'UIViewController' is unavailable in watchOS
func load(_ viewController: UIViewController?, on view: UIView) {
^~~~~~~~~~~~~~~~
/Applications/Xcode-26.3.0.app/Contents/Developer/Platforms/WatchOS.platform/Developer/SDKs/WatchOS26.2.sdk/System/Library/Frameworks/UIKit.framework/Headers/UIViewController.h:102:12: note: 'UIViewController' has been explicitly marked unavailable here
@interface UIViewController : UIResponder <NSCoding, UIAppearanceContainer, UITraitEnvironment, UIContentContainer, UIFocusEnvironment>
^
/Users/admin/builder/spi-builder-workspace/Sources/SideMenu/UIViewController+Container.swift:13:61: error: 'UIView' is unavailable in watchOS
func load(_ viewController: UIViewController?, on view: UIView) {
^~~~~~
/Applications/Xcode-26.3.0.app/Contents/Developer/Platforms/WatchOS.platform/Developer/SDKs/WatchOS26.2.sdk/System/Library/Frameworks/UIKit.framework/Headers/UIView.h:148:12: note: 'UIView' has been explicitly marked unavailable here
@interface UIView : UIResponder <NSCoding, UIAppearance, UIAppearanceContainer, UIDynamicItem, UITraitEnvironment, UICoordinateSpace, UIFocusItem, UIFocusItemContainer, CALayerDelegate>
^
/Users/admin/builder/spi-builder-workspace/Sources/SideMenu/UIViewController+Container.swift:31:35: error: 'UIViewController' is unavailable in watchOS
func unload(_ viewController: UIViewController?) {
^~~~~~~~~~~~~~~~
/Applications/Xcode-26.3.0.app/Contents/Developer/Platforms/WatchOS.platform/Developer/SDKs/WatchOS26.2.sdk/System/Library/Frameworks/UIKit.framework/Headers/UIViewController.h:102:12: note: 'UIViewController' has been explicitly marked unavailable here
@interface UIViewController : UIResponder <NSCoding, UIAppearanceContainer, UITraitEnvironment, UIContentContainer, UIFocusEnvironment>
^
/Users/admin/builder/spi-builder-workspace/Sources/SideMenu/UIViewController+Container.swift:11:11: error: 'UIViewController' is unavailable in watchOS
extension UIViewController {
^~~~~~~~~~~~~~~~
/Applications/Xcode-26.3.0.app/Contents/Developer/Platforms/WatchOS.platform/Developer/SDKs/WatchOS26.2.sdk/System/Library/Frameworks/UIKit.framework/Headers/UIViewController.h:102:12: note: 'UIViewController' has been explicitly marked unavailable here
@interface UIViewController : UIResponder <NSCoding, UIAppearanceContainer, UITraitEnvironment, UIContentContainer, UIFocusEnvironment>
^
/Users/admin/builder/spi-builder-workspace/Sources/SideMenu/UIViewController+SideMenu.swift:19:66: error: 'UIViewController' is unavailable in watchOS
fileprivate func findSideMenuController(from viewController: UIViewController) -> SideMenuController? {
^~~~~~~~~~~~~~~~
/Applications/Xcode-26.3.0.app/Contents/Developer/Platforms/WatchOS.platform/Developer/SDKs/WatchOS26.2.sdk/System/Library/Frameworks/UIKit.framework/Headers/UIViewController.h:102:12: note: 'UIViewController' has been explicitly marked unavailable here
@interface UIViewController : UIResponder <NSCoding, UIAppearanceContainer, UITraitEnvironment, UIContentContainer, UIFocusEnvironment>
^
/Users/admin/builder/spi-builder-workspace/Sources/SideMenu/UIViewController+SideMenu.swift:12:18: error: 'UIViewController' is unavailable in watchOS
public extension UIViewController {
^~~~~~~~~~~~~~~~
/Applications/Xcode-26.3.0.app/Contents/Developer/Platforms/WatchOS.platform/Developer/SDKs/WatchOS26.2.sdk/System/Library/Frameworks/UIKit.framework/Headers/UIViewController.h:102:12: note: 'UIViewController' has been explicitly marked unavailable here
@interface UIViewController : UIResponder <NSCoding, UIAppearanceContainer, UITraitEnvironment, UIContentContainer, UIFocusEnvironment>
^
Failed frontend command:
/Applications/Xcode-26.3.0.app/Contents/Developer/Toolchains/XcodeDefault.xctoolchain/usr/bin/swift-frontend -frontend -emit-module -experimental-skip-non-inlinable-function-bodies-without-types /Users/admin/builder/spi-builder-workspace/Sources/SideMenu/BasicTransitionAnimator.swift /Users/admin/builder/spi-builder-workspace/Sources/SideMenu/Delegate.swift /Users/admin/builder/spi-builder-workspace/Sources/SideMenu/Preferences.swift /Users/admin/builder/spi-builder-workspace/Sources/SideMenu/Segue.swift /Users/admin/builder/spi-builder-workspace/Sources/SideMenu/SideMenuController.swift /Users/admin/builder/spi-builder-workspace/Sources/SideMenu/StatusBar.swift /Users/admin/builder/spi-builder-workspace/Sources/SideMenu/TransitionContext.swift /Users/admin/builder/spi-builder-workspace/Sources/SideMenu/UIView+Container.swift /Users/admin/builder/spi-builder-workspace/Sources/SideMenu/UIViewController+Container.swift /Users/admin/builder/spi-builder-workspace/Sources/SideMenu/UIViewController+SideMenu.swift -target arm64-apple-watchos5.0 -load-resolved-plugin /Applications/Xcode-26.3.0.app/Contents/Developer/Platforms/WatchOS.platform/Developer/usr/lib/swift/host/plugins/libFoundationMacros.dylib\#/Applications/Xcode-26.3.0.app/Contents/Developer/Platforms/WatchOS.platform/Developer/usr/bin/swift-plugin-server\#FoundationMacros -load-resolved-plugin /Applications/Xcode-26.3.0.app/Contents/Developer/Platforms/WatchOS.platform/Developer/usr/lib/swift/host/plugins/libObservationMacros.dylib\#/Applications/Xcode-26.3.0.app/Contents/Developer/Platforms/WatchOS.platform/Developer/usr/bin/swift-plugin-server\#ObservationMacros -load-resolved-plugin /Applications/Xcode-26.3.0.app/Contents/Developer/Platforms/WatchOS.platform/Developer/usr/lib/swift/host/plugins/libSwiftMacros.dylib\#/Applications/Xcode-26.3.0.app/Contents/Developer/Platforms/WatchOS.platform/Developer/usr/bin/swift-plugin-server\#SwiftMacros -load-resolved-plugin /Applications/Xcode-26.3.0.app/Contents/Developer/Platforms/WatchOS.platform/Developer/usr/lib/swift/host/plugins/libSwiftUIMacros.dylib\#/Applications/Xcode-26.3.0.app/Contents/Developer/Platforms/WatchOS.platform/Developer/usr/bin/swift-plugin-server\#SwiftUIMacros -disable-implicit-swift-modules -Xcc -fno-implicit-modules -Xcc -fno-implicit-module-maps -explicit-swift-module-map-file /Users/admin/builder/spi-builder-workspace/.derivedData/Build/Intermediates.noindex/SideMenu.build/Debug-watchos/SideMenu.build/Objects-normal/arm64/SideMenu-dependencies-3.json -Xllvm -aarch64-use-tbi -enable-objc-interop -sdk /Applications/Xcode-26.3.0.app/Contents/Developer/Platforms/WatchOS.platform/Developer/SDKs/WatchOS26.2.sdk -I /Users/admin/builder/spi-builder-workspace/.derivedData/Build/Products/Debug-watchos -Isystem /Applications/Xcode-26.3.0.app/Contents/Developer/Platforms/WatchOS.platform/Developer/usr/lib -F /Users/admin/builder/spi-builder-workspace/.derivedData/Build/Products/Debug-watchos -F /Applications/Xcode-26.3.0.app/Contents/Developer/Platforms/WatchOS.platform/Developer/Library/Frameworks -F /Applications/Xcode-26.3.0.app/Contents/Developer/Platforms/WatchOS.platform/Developer/SDKs/WatchOS26.2.sdk/Developer/Library/Frameworks -no-color-diagnostics -Xcc -fno-color-diagnostics -enable-testing -g -debug-info-format\=dwarf -dwarf-version\=4 -module-cache-path /Users/admin/builder/spi-builder-workspace/.derivedData/Build/Intermediates.noindex/SwiftExplicitPrecompiledModules -profile-generate -profile-coverage-mapping -swift-version 5 -enforce-exclusivity\=checked -Onone -D SWIFT_PACKAGE -D DEBUG -D SWIFT_MODULE_RESOURCE_BUNDLE_UNAVAILABLE -D Xcode -serialize-debugging-options -const-gather-protocols-file /Users/admin/builder/spi-builder-workspace/.derivedData/Build/Intermediates.noindex/SideMenu.build/Debug-watchos/SideMenu.build/Objects-normal/arm64/SideMenu_const_extract_protocols.json -enable-experimental-feature DebugDescriptionMacro -empty-abi-descriptor -validate-clang-modules-once -clang-build-session-file /Users/admin/builder/spi-builder-workspace/.derivedData/ModuleCache.noindex/Session.modulevalidation -Xcc -working-directory -Xcc /Users/admin/builder/spi-builder-workspace/.swiftpm/xcode -enable-anonymous-context-mangled-names -file-compilation-dir /Users/admin/builder/spi-builder-workspace/.swiftpm/xcode -Xcc -D_LIBCPP_HARDENING_MODE\=_LIBCPP_HARDENING_MODE_DEBUG -Xcc -ivfsstatcache -Xcc /Users/admin/builder/spi-builder-workspace/.derivedData/SDKStatCaches.noindex/watchos26.2-23S303-dc75598d0054f22ec865fa860f139d721753b489057de6bda919edfa1c59a62b.sdkstatcache -Xcc -I/Users/admin/builder/spi-builder-workspace/.derivedData/Build/Intermediates.noindex/SideMenu.build/Debug-watchos/SideMenu.build/swift-overrides.hmap -Xcc -I/Users/admin/builder/spi-builder-workspace/.derivedData/Build/Products/Debug-watchos/include -Xcc -I/Users/admin/builder/spi-builder-workspace/.derivedData/Build/Intermediates.noindex/SideMenu.build/Debug-watchos/SideMenu.build/DerivedSources-normal/arm64 -Xcc -I/Users/admin/builder/spi-builder-workspace/.derivedData/Build/Intermediates.noindex/SideMenu.build/Debug-watchos/SideMenu.build/DerivedSources/arm64 -Xcc -I/Users/admin/builder/spi-builder-workspace/.derivedData/Build/Intermediates.noindex/SideMenu.build/Debug-watchos/SideMenu.build/DerivedSources -Xcc -DSWIFT_PACKAGE -Xcc -DDEBUG\=1 -no-auto-bridging-header-chaining -module-name SideMenu -frontend-parseable-output -disable-clang-spi -target-sdk-version 26.2 -target-sdk-name watchos26.2 -clang-target arm64-apple-watchos26.2 -in-process-plugin-server-path /Applications/Xcode-26.3.0.app/Contents/Developer/Toolchains/XcodeDefault.xctoolchain/usr/lib/swift/host/libSwiftInProcPluginServer.dylib -emit-module-doc-path /Users/admin/builder/spi-builder-workspace/.derivedData/Build/Intermediates.noindex/SideMenu.build/Debug-watchos/SideMenu.build/Objects-normal/arm64/SideMenu.swiftdoc -emit-module-source-info-path /Users/admin/builder/spi-builder-workspace/.derivedData/Build/Intermediates.noindex/SideMenu.build/Debug-watchos/SideMenu.build/Objects-normal/arm64/SideMenu.swiftsourceinfo -emit-objc-header-path /Users/admin/builder/spi-builder-workspace/.derivedData/Build/Intermediates.noindex/SideMenu.build/Debug-watchos/SideMenu.build/Objects-normal/arm64/SideMenu-Swift.h -serialize-diagnostics-path /Users/admin/builder/spi-builder-workspace/.derivedData/Build/Intermediates.noindex/SideMenu.build/Debug-watchos/SideMenu.build/Objects-normal/arm64/SideMenu-primary-emit-module.dia -emit-dependencies-path /Users/admin/builder/spi-builder-workspace/.derivedData/Build/Intermediates.noindex/SideMenu.build/Debug-watchos/SideMenu.build/Objects-normal/arm64/SideMenu-primary-emit-module.d -o /Users/admin/builder/spi-builder-workspace/.derivedData/Build/Intermediates.noindex/SideMenu.build/Debug-watchos/SideMenu.build/Objects-normal/arm64/SideMenu.swiftmodule -emit-abi-descriptor-path /Users/admin/builder/spi-builder-workspace/.derivedData/Build/Intermediates.noindex/SideMenu.build/Debug-watchos/SideMenu.build/Objects-normal/arm64/SideMenu.abi.json
SwiftCompile normal arm64 Compiling\ SideMenuController.swift /Users/admin/builder/spi-builder-workspace/Sources/SideMenu/SideMenuController.swift (in target 'SideMenu' from project 'SideMenu')
SwiftCompile normal arm64 /Users/admin/builder/spi-builder-workspace/Sources/SideMenu/SideMenuController.swift (in target 'SideMenu' from project 'SideMenu')
cd /Users/admin/builder/spi-builder-workspace/.swiftpm/xcode
SwiftCompile normal arm64 Compiling\ StatusBar.swift /Users/admin/builder/spi-builder-workspace/Sources/SideMenu/StatusBar.swift (in target 'SideMenu' from project 'SideMenu')
SwiftCompile normal arm64 /Users/admin/builder/spi-builder-workspace/Sources/SideMenu/StatusBar.swift (in target 'SideMenu' from project 'SideMenu')
cd /Users/admin/builder/spi-builder-workspace/.swiftpm/xcode
SwiftCompile normal arm64 Compiling\ TransitionContext.swift /Users/admin/builder/spi-builder-workspace/Sources/SideMenu/TransitionContext.swift (in target 'SideMenu' from project 'SideMenu')
SwiftCompile normal arm64 /Users/admin/builder/spi-builder-workspace/Sources/SideMenu/TransitionContext.swift (in target 'SideMenu' from project 'SideMenu')
cd /Users/admin/builder/spi-builder-workspace/.swiftpm/xcode
SwiftCompile normal arm64 Compiling\ Preferences.swift /Users/admin/builder/spi-builder-workspace/Sources/SideMenu/Preferences.swift (in target 'SideMenu' from project 'SideMenu')
SwiftCompile normal arm64 /Users/admin/builder/spi-builder-workspace/Sources/SideMenu/Preferences.swift (in target 'SideMenu' from project 'SideMenu')
cd /Users/admin/builder/spi-builder-workspace/.swiftpm/xcode
SwiftCompile normal arm64 Compiling\ BasicTransitionAnimator.swift /Users/admin/builder/spi-builder-workspace/Sources/SideMenu/BasicTransitionAnimator.swift (in target 'SideMenu' from project 'SideMenu')
SwiftCompile normal arm64 /Users/admin/builder/spi-builder-workspace/Sources/SideMenu/BasicTransitionAnimator.swift (in target 'SideMenu' from project 'SideMenu')
cd /Users/admin/builder/spi-builder-workspace/.swiftpm/xcode
SwiftCompile normal arm64 Compiling\ Segue.swift /Users/admin/builder/spi-builder-workspace/Sources/SideMenu/Segue.swift (in target 'SideMenu' from project 'SideMenu')
SwiftCompile normal arm64 /Users/admin/builder/spi-builder-workspace/Sources/SideMenu/Segue.swift (in target 'SideMenu' from project 'SideMenu')
cd /Users/admin/builder/spi-builder-workspace/.swiftpm/xcode
SwiftCompile normal arm64 Compiling\ Delegate.swift /Users/admin/builder/spi-builder-workspace/Sources/SideMenu/Delegate.swift (in target 'SideMenu' from project 'SideMenu')
SwiftCompile normal arm64 /Users/admin/builder/spi-builder-workspace/Sources/SideMenu/Delegate.swift (in target 'SideMenu' from project 'SideMenu')
cd /Users/admin/builder/spi-builder-workspace/.swiftpm/xcode
SwiftCompile normal arm64 Compiling\ UIViewController+SideMenu.swift /Users/admin/builder/spi-builder-workspace/Sources/SideMenu/UIViewController+SideMenu.swift (in target 'SideMenu' from project 'SideMenu')
SwiftCompile normal arm64 /Users/admin/builder/spi-builder-workspace/Sources/SideMenu/UIViewController+SideMenu.swift (in target 'SideMenu' from project 'SideMenu')
cd /Users/admin/builder/spi-builder-workspace/.swiftpm/xcode
SwiftEmitModule normal arm64_32 Emitting\ module\ for\ SideMenu (in target 'SideMenu' from project 'SideMenu')
EmitSwiftModule normal arm64_32 (in target 'SideMenu' from project 'SideMenu')
cd /Users/admin/builder/spi-builder-workspace/.swiftpm/xcode
SwiftEmitModule normal armv7k Emitting\ module\ for\ SideMenu (in target 'SideMenu' from project 'SideMenu')
2026-10-11 20:46:02.589 xcodebuild[930:5712] [MT] IDERunDestination: Supported platforms for the buildables in the current scheme is empty.
** BUILD FAILED **
The following build commands failed:
EmitSwiftModule normal arm64 (in target 'SideMenu' from project 'SideMenu')
SwiftEmitModule normal arm64 Emitting\ module\ for\ SideMenu (in target 'SideMenu' from project 'SideMenu')
Building workspace spi-builder-workspace with scheme SideMenu
(3 failures)
Command line invocation:
/Applications/Xcode-26.3.0.app/Contents/Developer/usr/bin/xcodebuild -IDEClonedSourcePackagesDirPathOverride=/Users/admin/builder/spi-builder-workspace/.dependencies -resolvePackageDependencies
Resolve Package Graph
Resolved source packages:
SideMenu: /Users/admin/builder/spi-builder-workspace
SymbolKit: https://github.com/swiftlang/swift-docc-symbolkit @ 1.0.0
SwiftDocCPlugin: https://github.com/apple/swift-docc-plugin @ 1.5.0
resolved source packages: SideMenu, SymbolKit, SwiftDocCPlugin
2026-10-11 20:46:20.428 xcodebuild[1198:7026] [MT] IDERunDestination: Supported platforms for the buildables in the current scheme is empty.
{
"dependencies" : [
{
"identity" : "swift-docc-plugin",
"requirement" : {
"range" : [
{
"lower_bound" : "1.0.0",
"upper_bound" : "2.0.0"
}
]
},
"type" : "sourceControl",
"url" : "https://github.com/apple/swift-docc-plugin"
}
],
"manifest_display_name" : "SideMenu",
"name" : "SideMenu",
"path" : "/Users/admin/builder/spi-builder-workspace",
"platforms" : [
{
"name" : "ios",
"version" : "12.0"
}
],
"products" : [
{
"name" : "SideMenu",
"targets" : [
"SideMenu"
],
"type" : {
"library" : [
"automatic"
]
}
}
],
"targets" : [
{
"c99name" : "SideMenuTests",
"module_type" : "SwiftTarget",
"name" : "SideMenuTests",
"path" : "Tests/SideMenuTests",
"sources" : [
"SideMenuTests.swift"
],
"target_dependencies" : [
"SideMenu"
],
"type" : "test"
},
{
"c99name" : "SideMenu",
"module_type" : "SwiftTarget",
"name" : "SideMenu",
"path" : "Sources/SideMenu",
"product_memberships" : [
"SideMenu"
],
"sources" : [
"BasicTransitionAnimator.swift",
"Delegate.swift",
"Preferences.swift",
"Segue.swift",
"SideMenuController.swift",
"StatusBar.swift",
"TransitionContext.swift",
"UIView+Container.swift",
"UIViewController+Container.swift",
"UIViewController+SideMenu.swift"
],
"type" : "library"
}
],
"tools_version" : "5.1"
}
{
"workspace" : {
"name" : "spi-builder-workspace",
"schemes" : [
"SideMenu"
]
}
}
2026-10-11 20:46:26.841 xcodebuild[1256:7420] [MT] IDERunDestination: Supported platforms for the buildables in the current scheme is empty.
Running build ...
env DEVELOPER_DIR=/Applications/Xcode-26.3.0.app xcrun xcodebuild -IDEClonedSourcePackagesDirPathOverride=$PWD/.dependencies -skipMacroValidation -skipPackagePluginValidation -derivedDataPath $PWD/.derivedData build -scheme SideMenu -destination generic/platform=watchOS
Command line invocation:
/Applications/Xcode-26.3.0.app/Contents/Developer/usr/bin/xcodebuild -IDEClonedSourcePackagesDirPathOverride=/Users/admin/builder/spi-builder-workspace/.dependencies -skipMacroValidation -skipPackagePluginValidation -derivedDataPath /Users/admin/builder/spi-builder-workspace/.derivedData build -scheme SideMenu -destination generic/platform=watchOS
Resolve Package Graph
Resolved source packages:
SwiftDocCPlugin: https://github.com/apple/swift-docc-plugin @ 1.5.0
SymbolKit: https://github.com/swiftlang/swift-docc-symbolkit @ 1.0.0
SideMenu: /Users/admin/builder/spi-builder-workspace
ComputePackagePrebuildTargetDependencyGraph
Prepare packages
CreateBuildRequest
SendProjectDescription
CreateBuildOperation
ComputeTargetDependencyGraph
note: Building targets in dependency order
note: Target dependency graph (2 targets)
Target 'SideMenu' in project 'SideMenu'
➜ Explicit dependency on target 'SideMenu' in project 'SideMenu'
Target 'SideMenu' in project 'SideMenu' (no dependencies)
GatherProvisioningInputs
CreateBuildDescription
ClangStatCache /Applications/Xcode-26.3.0.app/Contents/Developer/Toolchains/XcodeDefault.xctoolchain/usr/bin/clang-stat-cache /Applications/Xcode-26.3.0.app/Contents/Developer/Platforms/WatchOS.platform/Developer/SDKs/WatchOS26.2.sdk /Users/admin/builder/spi-builder-workspace/.derivedData/SDKStatCaches.noindex/watchos26.2-23S303-dc75598d0054f22ec865fa860f139d721753b489057de6bda919edfa1c59a62b.sdkstatcache
cd /Users/admin/builder/spi-builder-workspace/.swiftpm/xcode
/Applications/Xcode-26.3.0.app/Contents/Developer/Toolchains/XcodeDefault.xctoolchain/usr/bin/clang-stat-cache /Applications/Xcode-26.3.0.app/Contents/Developer/Platforms/WatchOS.platform/Developer/SDKs/WatchOS26.2.sdk -o /Users/admin/builder/spi-builder-workspace/.derivedData/SDKStatCaches.noindex/watchos26.2-23S303-dc75598d0054f22ec865fa860f139d721753b489057de6bda919edfa1c59a62b.sdkstatcache
SwiftDriver SideMenu normal armv7k com.apple.xcode.tools.swift.compiler (in target 'SideMenu' from project 'SideMenu')
cd /Users/admin/builder/spi-builder-workspace/.swiftpm/xcode
builtin-SwiftDriver -- /Applications/Xcode-26.3.0.app/Contents/Developer/Toolchains/XcodeDefault.xctoolchain/usr/bin/swiftc -module-name SideMenu -Onone -enforce-exclusivity\=checked @/Users/admin/builder/spi-builder-workspace/.derivedData/Build/Intermediates.noindex/SideMenu.build/Debug-watchos/SideMenu.build/Objects-normal/armv7k/SideMenu.SwiftFileList -DSWIFT_PACKAGE -DDEBUG -DSWIFT_MODULE_RESOURCE_BUNDLE_UNAVAILABLE -DXcode -plugin-path /Applications/Xcode-26.3.0.app/Contents/Developer/Toolchains/XcodeDefault.xctoolchain/usr/lib/swift/host/plugins/testing -enable-experimental-feature DebugDescriptionMacro -sdk /Applications/Xcode-26.3.0.app/Contents/Developer/Platforms/WatchOS.platform/Developer/SDKs/WatchOS26.2.sdk -target armv7k-apple-watchos5.0 -g -module-cache-path /Users/admin/builder/spi-builder-workspace/.derivedData/ModuleCache.noindex -Xfrontend -serialize-debugging-options -profile-coverage-mapping -profile-generate -enable-testing -index-store-path /Users/admin/builder/spi-builder-workspace/.derivedData/Index.noindex/DataStore -Xcc -D_LIBCPP_HARDENING_MODE\=_LIBCPP_HARDENING_MODE_DEBUG -swift-version 5 -I /Users/admin/builder/spi-builder-workspace/.derivedData/Build/Products/Debug-watchos -Isystem /Applications/Xcode-26.3.0.app/Contents/Developer/Platforms/WatchOS.platform/Developer/usr/lib -F /Users/admin/builder/spi-builder-workspace/.derivedData/Build/Products/Debug-watchos -F /Applications/Xcode-26.3.0.app/Contents/Developer/Platforms/WatchOS.platform/Developer/Library/Frameworks -F /Applications/Xcode-26.3.0.app/Contents/Developer/Platforms/WatchOS.platform/Developer/SDKs/WatchOS26.2.sdk/Developer/Library/Frameworks -c -j10 -enable-batch-mode -incremental -Xcc -ivfsstatcache -Xcc /Users/admin/builder/spi-builder-workspace/.derivedData/SDKStatCaches.noindex/watchos26.2-23S303-dc75598d0054f22ec865fa860f139d721753b489057de6bda919edfa1c59a62b.sdkstatcache -output-file-map /Users/admin/builder/spi-builder-workspace/.derivedData/Build/Intermediates.noindex/SideMenu.build/Debug-watchos/SideMenu.build/Objects-normal/armv7k/SideMenu-OutputFileMap.json -use-frontend-parseable-output -save-temps -no-color-diagnostics -explicit-module-build -module-cache-path /Users/admin/builder/spi-builder-workspace/.derivedData/Build/Intermediates.noindex/SwiftExplicitPrecompiledModules -clang-scanner-module-cache-path /Users/admin/builder/spi-builder-workspace/.derivedData/ModuleCache.noindex -sdk-module-cache-path /Users/admin/builder/spi-builder-workspace/.derivedData/ModuleCache.noindex -serialize-diagnostics -emit-dependencies -emit-module -emit-module-path /Users/admin/builder/spi-builder-workspace/.derivedData/Build/Intermediates.noindex/SideMenu.build/Debug-watchos/SideMenu.build/Objects-normal/armv7k/SideMenu.swiftmodule -validate-clang-modules-once -clang-build-session-file /Users/admin/builder/spi-builder-workspace/.derivedData/ModuleCache.noindex/Session.modulevalidation -Xcc -I/Users/admin/builder/spi-builder-workspace/.derivedData/Build/Intermediates.noindex/SideMenu.build/Debug-watchos/SideMenu.build/swift-overrides.hmap -emit-const-values -Xfrontend -const-gather-protocols-file -Xfrontend /Users/admin/builder/spi-builder-workspace/.derivedData/Build/Intermediates.noindex/SideMenu.build/Debug-watchos/SideMenu.build/Objects-normal/armv7k/SideMenu_const_extract_protocols.json -Xcc -I/Users/admin/builder/spi-builder-workspace/.derivedData/Build/Products/Debug-watchos/include -Xcc -I/Users/admin/builder/spi-builder-workspace/.derivedData/Build/Intermediates.noindex/SideMenu.build/Debug-watchos/SideMenu.build/DerivedSources-normal/armv7k -Xcc -I/Users/admin/builder/spi-builder-workspace/.derivedData/Build/Intermediates.noindex/SideMenu.build/Debug-watchos/SideMenu.build/DerivedSources/armv7k -Xcc -I/Users/admin/builder/spi-builder-workspace/.derivedData/Build/Intermediates.noindex/SideMenu.build/Debug-watchos/SideMenu.build/DerivedSources -Xcc -DSWIFT_PACKAGE -Xcc -DDEBUG\=1 -emit-objc-header -emit-objc-header-path /Users/admin/builder/spi-builder-workspace/.derivedData/Build/Intermediates.noindex/SideMenu.build/Debug-watchos/SideMenu.build/Objects-normal/armv7k/SideMenu-Swift.h -working-directory /Users/admin/builder/spi-builder-workspace/.swiftpm/xcode -experimental-emit-module-separately -disable-cmo
SwiftDriver SideMenu normal arm64 com.apple.xcode.tools.swift.compiler (in target 'SideMenu' from project 'SideMenu')
cd /Users/admin/builder/spi-builder-workspace/.swiftpm/xcode
builtin-SwiftDriver -- /Applications/Xcode-26.3.0.app/Contents/Developer/Toolchains/XcodeDefault.xctoolchain/usr/bin/swiftc -module-name SideMenu -Onone -enforce-exclusivity\=checked @/Users/admin/builder/spi-builder-workspace/.derivedData/Build/Intermediates.noindex/SideMenu.build/Debug-watchos/SideMenu.build/Objects-normal/arm64/SideMenu.SwiftFileList -DSWIFT_PACKAGE -DDEBUG -DSWIFT_MODULE_RESOURCE_BUNDLE_UNAVAILABLE -DXcode -plugin-path /Applications/Xcode-26.3.0.app/Contents/Developer/Toolchains/XcodeDefault.xctoolchain/usr/lib/swift/host/plugins/testing -enable-experimental-feature DebugDescriptionMacro -sdk /Applications/Xcode-26.3.0.app/Contents/Developer/Platforms/WatchOS.platform/Developer/SDKs/WatchOS26.2.sdk -target arm64-apple-watchos5.0 -g -module-cache-path /Users/admin/builder/spi-builder-workspace/.derivedData/ModuleCache.noindex -Xfrontend -serialize-debugging-options -profile-coverage-mapping -profile-generate -enable-testing -index-store-path /Users/admin/builder/spi-builder-workspace/.derivedData/Index.noindex/DataStore -Xcc -D_LIBCPP_HARDENING_MODE\=_LIBCPP_HARDENING_MODE_DEBUG -swift-version 5 -I /Users/admin/builder/spi-builder-workspace/.derivedData/Build/Products/Debug-watchos -Isystem /Applications/Xcode-26.3.0.app/Contents/Developer/Platforms/WatchOS.platform/Developer/usr/lib -F /Users/admin/builder/spi-builder-workspace/.derivedData/Build/Products/Debug-watchos -F /Applications/Xcode-26.3.0.app/Contents/Developer/Platforms/WatchOS.platform/Developer/Library/Frameworks -F /Applications/Xcode-26.3.0.app/Contents/Developer/Platforms/WatchOS.platform/Developer/SDKs/WatchOS26.2.sdk/Developer/Library/Frameworks -c -j10 -enable-batch-mode -incremental -Xcc -ivfsstatcache -Xcc /Users/admin/builder/spi-builder-workspace/.derivedData/SDKStatCaches.noindex/watchos26.2-23S303-dc75598d0054f22ec865fa860f139d721753b489057de6bda919edfa1c59a62b.sdkstatcache -output-file-map /Users/admin/builder/spi-builder-workspace/.derivedData/Build/Intermediates.noindex/SideMenu.build/Debug-watchos/SideMenu.build/Objects-normal/arm64/SideMenu-OutputFileMap.json -use-frontend-parseable-output -save-temps -no-color-diagnostics -explicit-module-build -module-cache-path /Users/admin/builder/spi-builder-workspace/.derivedData/Build/Intermediates.noindex/SwiftExplicitPrecompiledModules -clang-scanner-module-cache-path /Users/admin/builder/spi-builder-workspace/.derivedData/ModuleCache.noindex -sdk-module-cache-path /Users/admin/builder/spi-builder-workspace/.derivedData/ModuleCache.noindex -serialize-diagnostics -emit-dependencies -emit-module -emit-module-path /Users/admin/builder/spi-builder-workspace/.derivedData/Build/Intermediates.noindex/SideMenu.build/Debug-watchos/SideMenu.build/Objects-normal/arm64/SideMenu.swiftmodule -validate-clang-modules-once -clang-build-session-file /Users/admin/builder/spi-builder-workspace/.derivedData/ModuleCache.noindex/Session.modulevalidation -Xcc -I/Users/admin/builder/spi-builder-workspace/.derivedData/Build/Intermediates.noindex/SideMenu.build/Debug-watchos/SideMenu.build/swift-overrides.hmap -emit-const-values -Xfrontend -const-gather-protocols-file -Xfrontend /Users/admin/builder/spi-builder-workspace/.derivedData/Build/Intermediates.noindex/SideMenu.build/Debug-watchos/SideMenu.build/Objects-normal/arm64/SideMenu_const_extract_protocols.json -Xcc -I/Users/admin/builder/spi-builder-workspace/.derivedData/Build/Products/Debug-watchos/include -Xcc -I/Users/admin/builder/spi-builder-workspace/.derivedData/Build/Intermediates.noindex/SideMenu.build/Debug-watchos/SideMenu.build/DerivedSources-normal/arm64 -Xcc -I/Users/admin/builder/spi-builder-workspace/.derivedData/Build/Intermediates.noindex/SideMenu.build/Debug-watchos/SideMenu.build/DerivedSources/arm64 -Xcc -I/Users/admin/builder/spi-builder-workspace/.derivedData/Build/Intermediates.noindex/SideMenu.build/Debug-watchos/SideMenu.build/DerivedSources -Xcc -DSWIFT_PACKAGE -Xcc -DDEBUG\=1 -emit-objc-header -emit-objc-header-path /Users/admin/builder/spi-builder-workspace/.derivedData/Build/Intermediates.noindex/SideMenu.build/Debug-watchos/SideMenu.build/Objects-normal/arm64/SideMenu-Swift.h -working-directory /Users/admin/builder/spi-builder-workspace/.swiftpm/xcode -experimental-emit-module-separately -disable-cmo
SwiftDriver SideMenu normal arm64_32 com.apple.xcode.tools.swift.compiler (in target 'SideMenu' from project 'SideMenu')
cd /Users/admin/builder/spi-builder-workspace/.swiftpm/xcode
builtin-SwiftDriver -- /Applications/Xcode-26.3.0.app/Contents/Developer/Toolchains/XcodeDefault.xctoolchain/usr/bin/swiftc -module-name SideMenu -Onone -enforce-exclusivity\=checked @/Users/admin/builder/spi-builder-workspace/.derivedData/Build/Intermediates.noindex/SideMenu.build/Debug-watchos/SideMenu.build/Objects-normal/arm64_32/SideMenu.SwiftFileList -DSWIFT_PACKAGE -DDEBUG -DSWIFT_MODULE_RESOURCE_BUNDLE_UNAVAILABLE -DXcode -plugin-path /Applications/Xcode-26.3.0.app/Contents/Developer/Toolchains/XcodeDefault.xctoolchain/usr/lib/swift/host/plugins/testing -enable-experimental-feature DebugDescriptionMacro -sdk /Applications/Xcode-26.3.0.app/Contents/Developer/Platforms/WatchOS.platform/Developer/SDKs/WatchOS26.2.sdk -target arm64_32-apple-watchos5.0 -g -module-cache-path /Users/admin/builder/spi-builder-workspace/.derivedData/ModuleCache.noindex -Xfrontend -serialize-debugging-options -profile-coverage-mapping -profile-generate -enable-testing -index-store-path /Users/admin/builder/spi-builder-workspace/.derivedData/Index.noindex/DataStore -Xcc -D_LIBCPP_HARDENING_MODE\=_LIBCPP_HARDENING_MODE_DEBUG -swift-version 5 -I /Users/admin/builder/spi-builder-workspace/.derivedData/Build/Products/Debug-watchos -Isystem /Applications/Xcode-26.3.0.app/Contents/Developer/Platforms/WatchOS.platform/Developer/usr/lib -F /Users/admin/builder/spi-builder-workspace/.derivedData/Build/Products/Debug-watchos -F /Applications/Xcode-26.3.0.app/Contents/Developer/Platforms/WatchOS.platform/Developer/Library/Frameworks -F /Applications/Xcode-26.3.0.app/Contents/Developer/Platforms/WatchOS.platform/Developer/SDKs/WatchOS26.2.sdk/Developer/Library/Frameworks -c -j10 -enable-batch-mode -incremental -Xcc -ivfsstatcache -Xcc /Users/admin/builder/spi-builder-workspace/.derivedData/SDKStatCaches.noindex/watchos26.2-23S303-dc75598d0054f22ec865fa860f139d721753b489057de6bda919edfa1c59a62b.sdkstatcache -output-file-map /Users/admin/builder/spi-builder-workspace/.derivedData/Build/Intermediates.noindex/SideMenu.build/Debug-watchos/SideMenu.build/Objects-normal/arm64_32/SideMenu-OutputFileMap.json -use-frontend-parseable-output -save-temps -no-color-diagnostics -explicit-module-build -module-cache-path /Users/admin/builder/spi-builder-workspace/.derivedData/Build/Intermediates.noindex/SwiftExplicitPrecompiledModules -clang-scanner-module-cache-path /Users/admin/builder/spi-builder-workspace/.derivedData/ModuleCache.noindex -sdk-module-cache-path /Users/admin/builder/spi-builder-workspace/.derivedData/ModuleCache.noindex -serialize-diagnostics -emit-dependencies -emit-module -emit-module-path /Users/admin/builder/spi-builder-workspace/.derivedData/Build/Intermediates.noindex/SideMenu.build/Debug-watchos/SideMenu.build/Objects-normal/arm64_32/SideMenu.swiftmodule -validate-clang-modules-once -clang-build-session-file /Users/admin/builder/spi-builder-workspace/.derivedData/ModuleCache.noindex/Session.modulevalidation -Xcc -I/Users/admin/builder/spi-builder-workspace/.derivedData/Build/Intermediates.noindex/SideMenu.build/Debug-watchos/SideMenu.build/swift-overrides.hmap -emit-const-values -Xfrontend -const-gather-protocols-file -Xfrontend /Users/admin/builder/spi-builder-workspace/.derivedData/Build/Intermediates.noindex/SideMenu.build/Debug-watchos/SideMenu.build/Objects-normal/arm64_32/SideMenu_const_extract_protocols.json -Xcc -I/Users/admin/builder/spi-builder-workspace/.derivedData/Build/Products/Debug-watchos/include -Xcc -I/Users/admin/builder/spi-builder-workspace/.derivedData/Build/Intermediates.noindex/SideMenu.build/Debug-watchos/SideMenu.build/DerivedSources-normal/arm64_32 -Xcc -I/Users/admin/builder/spi-builder-workspace/.derivedData/Build/Intermediates.noindex/SideMenu.build/Debug-watchos/SideMenu.build/DerivedSources/arm64_32 -Xcc -I/Users/admin/builder/spi-builder-workspace/.derivedData/Build/Intermediates.noindex/SideMenu.build/Debug-watchos/SideMenu.build/DerivedSources -Xcc -DSWIFT_PACKAGE -Xcc -DDEBUG\=1 -emit-objc-header -emit-objc-header-path /Users/admin/builder/spi-builder-workspace/.derivedData/Build/Intermediates.noindex/SideMenu.build/Debug-watchos/SideMenu.build/Objects-normal/arm64_32/SideMenu-Swift.h -working-directory /Users/admin/builder/spi-builder-workspace/.swiftpm/xcode -experimental-emit-module-separately -disable-cmo
SwiftCompile normal arm64_32 Compiling\ Segue.swift /Users/admin/builder/spi-builder-workspace/Sources/SideMenu/Segue.swift (in target 'SideMenu' from project 'SideMenu')
SwiftCompile normal arm64_32 /Users/admin/builder/spi-builder-workspace/Sources/SideMenu/Segue.swift (in target 'SideMenu' from project 'SideMenu')
cd /Users/admin/builder/spi-builder-workspace/.swiftpm/xcode
SwiftEmitModule normal arm64_32 Emitting\ module\ for\ SideMenu (in target 'SideMenu' from project 'SideMenu')
Failed frontend command:
/Applications/Xcode-26.3.0.app/Contents/Developer/Toolchains/XcodeDefault.xctoolchain/usr/bin/swift-frontend -frontend -emit-module -experimental-skip-non-inlinable-function-bodies-without-types /Users/admin/builder/spi-builder-workspace/Sources/SideMenu/BasicTransitionAnimator.swift /Users/admin/builder/spi-builder-workspace/Sources/SideMenu/Delegate.swift /Users/admin/builder/spi-builder-workspace/Sources/SideMenu/Preferences.swift /Users/admin/builder/spi-builder-workspace/Sources/SideMenu/Segue.swift /Users/admin/builder/spi-builder-workspace/Sources/SideMenu/SideMenuController.swift /Users/admin/builder/spi-builder-workspace/Sources/SideMenu/StatusBar.swift /Users/admin/builder/spi-builder-workspace/Sources/SideMenu/TransitionContext.swift /Users/admin/builder/spi-builder-workspace/Sources/SideMenu/UIView+Container.swift /Users/admin/builder/spi-builder-workspace/Sources/SideMenu/UIViewController+Container.swift /Users/admin/builder/spi-builder-workspace/Sources/SideMenu/UIViewController+SideMenu.swift -target arm64_32-apple-watchos5.0 -load-resolved-plugin /Applications/Xcode-26.3.0.app/Contents/Developer/Platforms/WatchOS.platform/Developer/usr/lib/swift/host/plugins/libFoundationMacros.dylib\#/Applications/Xcode-26.3.0.app/Contents/Developer/Platforms/WatchOS.platform/Developer/usr/bin/swift-plugin-server\#FoundationMacros -load-resolved-plugin /Applications/Xcode-26.3.0.app/Contents/Developer/Platforms/WatchOS.platform/Developer/usr/lib/swift/host/plugins/libObservationMacros.dylib\#/Applications/Xcode-26.3.0.app/Contents/Developer/Platforms/WatchOS.platform/Developer/usr/bin/swift-plugin-server\#ObservationMacros -load-resolved-plugin /Applications/Xcode-26.3.0.app/Contents/Developer/Platforms/WatchOS.platform/Developer/usr/lib/swift/host/plugins/libSwiftMacros.dylib\#/Applications/Xcode-26.3.0.app/Contents/Developer/Platforms/WatchOS.platform/Developer/usr/bin/swift-plugin-server\#SwiftMacros -load-resolved-plugin /Applications/Xcode-26.3.0.app/Contents/Developer/Platforms/WatchOS.platform/Developer/usr/lib/swift/host/plugins/libSwiftUIMacros.dylib\#/Applications/Xcode-26.3.0.app/Contents/Developer/Platforms/WatchOS.platform/Developer/usr/bin/swift-plugin-server\#SwiftUIMacros -disable-implicit-swift-modules -Xcc -fno-implicit-modules -Xcc -fno-implicit-module-maps -explicit-swift-module-map-file /Users/admin/builder/spi-builder-workspace/.derivedData/Build/Intermediates.noindex/SideMenu.build/Debug-watchos/SideMenu.build/Objects-normal/arm64_32/SideMenu-dependencies-1.json -enable-objc-interop -sdk /Applications/Xcode-26.3.0.app/Contents/Developer/Platforms/WatchOS.platform/Developer/SDKs/WatchOS26.2.sdk -I /Users/admin/builder/spi-builder-workspace/.derivedData/Build/Products/Debug-watchos -Isystem /Applications/Xcode-26.3.0.app/Contents/Developer/Platforms/WatchOS.platform/Developer/usr/lib -F /Users/admin/builder/spi-builder-workspace/.derivedData/Build/Products/Debug-watchos -F /Applications/Xcode-26.3.0.app/Contents/Developer/Platforms/WatchOS.platform/Developer/Library/Frameworks -F /Applications/Xcode-26.3.0.app/Contents/Developer/Platforms/WatchOS.platform/Developer/SDKs/WatchOS26.2.sdk/Developer/Library/Frameworks -no-color-diagnostics -Xcc -fno-color-diagnostics -enable-testing -g -debug-info-format\=dwarf -dwarf-version\=4 -module-cache-path /Users/admin/builder/spi-builder-workspace/.derivedData/Build/Intermediates.noindex/SwiftExplicitPrecompiledModules -profile-generate -profile-coverage-mapping -swift-version 5 -enforce-exclusivity\=checked -Onone -D SWIFT_PACKAGE -D DEBUG -D SWIFT_MODULE_RESOURCE_BUNDLE_UNAVAILABLE -D Xcode -serialize-debugging-options -const-gather-protocols-file /Users/admin/builder/spi-builder-workspace/.derivedData/Build/Intermediates.noindex/SideMenu.build/Debug-watchos/SideMenu.build/Objects-normal/arm64_32/SideMenu_const_extract_protocols.json -enable-experimental-feature DebugDescriptionMacro -empty-abi-descriptor -validate-clang-modules-once -clang-build-session-file /Users/admin/builder/spi-builder-workspace/.derivedData/ModuleCache.noindex/Session.modulevalidation -Xcc -working-directory -Xcc /Users/admin/builder/spi-builder-workspace/.swiftpm/xcode -enable-anonymous-context-mangled-names -file-compilation-dir /Users/admin/builder/spi-builder-workspace/.swiftpm/xcode -Xcc -D_LIBCPP_HARDENING_MODE\=_LIBCPP_HARDENING_MODE_DEBUG -Xcc -ivfsstatcache -Xcc /Users/admin/builder/spi-builder-workspace/.derivedData/SDKStatCaches.noindex/watchos26.2-23S303-dc75598d0054f22ec865fa860f139d721753b489057de6bda919edfa1c59a62b.sdkstatcache -Xcc -I/Users/admin/builder/spi-builder-workspace/.derivedData/Build/Intermediates.noindex/SideMenu.build/Debug-watchos/SideMenu.build/swift-overrides.hmap -Xcc -I/Users/admin/builder/spi-builder-workspace/.derivedData/Build/Products/Debug-watchos/include -Xcc -I/Users/admin/builder/spi-builder-workspace/.derivedData/Build/Intermediates.noindex/SideMenu.build/Debug-watchos/SideMenu.build/DerivedSources-normal/arm64_32 -Xcc -I/Users/admin/builder/spi-builder-workspace/.derivedData/Build/Intermediates.noindex/SideMenu.build/Debug-watchos/SideMenu.build/DerivedSources/arm64_32 -Xcc -I/Users/admin/builder/spi-builder-workspace/.derivedData/Build/Intermediates.noindex/SideMenu.build/Debug-watchos/SideMenu.build/DerivedSources -Xcc -DSWIFT_PACKAGE -Xcc -DDEBUG\=1 -no-auto-bridging-header-chaining -module-name SideMenu -frontend-parseable-output -disable-clang-spi -target-sdk-version 26.2 -target-sdk-name watchos26.2 -clang-target arm64_32-apple-watchos26.2 -in-process-plugin-server-path /Applications/Xcode-26.3.0.app/Contents/Developer/Toolchains/XcodeDefault.xctoolchain/usr/lib/swift/host/libSwiftInProcPluginServer.dylib -emit-module-doc-path /Users/admin/builder/spi-builder-workspace/.derivedData/Build/Intermediates.noindex/SideMenu.build/Debug-watchos/SideMenu.build/Objects-normal/arm64_32/SideMenu.swiftdoc -emit-module-source-info-path /Users/admin/builder/spi-builder-workspace/.derivedData/Build/Intermediates.noindex/SideMenu.build/Debug-watchos/SideMenu.build/Objects-normal/arm64_32/SideMenu.swiftsourceinfo -emit-objc-header-path /Users/admin/builder/spi-builder-workspace/.derivedData/Build/Intermediates.noindex/SideMenu.build/Debug-watchos/SideMenu.build/Objects-normal/arm64_32/SideMenu-Swift.h -serialize-diagnostics-path /Users/admin/builder/spi-builder-workspace/.derivedData/Build/Intermediates.noindex/SideMenu.build/Debug-watchos/SideMenu.build/Objects-normal/arm64_32/SideMenu-primary-emit-module.dia -emit-dependencies-path /Users/admin/builder/spi-builder-workspace/.derivedData/Build/Intermediates.noindex/SideMenu.build/Debug-watchos/SideMenu.build/Objects-normal/arm64_32/SideMenu-primary-emit-module.d -o /Users/admin/builder/spi-builder-workspace/.derivedData/Build/Intermediates.noindex/SideMenu.build/Debug-watchos/SideMenu.build/Objects-normal/arm64_32/SideMenu.swiftmodule -emit-abi-descriptor-path /Users/admin/builder/spi-builder-workspace/.derivedData/Build/Intermediates.noindex/SideMenu.build/Debug-watchos/SideMenu.build/Objects-normal/arm64_32/SideMenu.abi.json
EmitSwiftModule normal arm64_32 (in target 'SideMenu' from project 'SideMenu')
cd /Users/admin/builder/spi-builder-workspace/.swiftpm/xcode
/Users/admin/builder/spi-builder-workspace/Sources/SideMenu/BasicTransitionAnimator.swift:13:27: error: 'UIView' is unavailable in watchOS
let animationOptions: UIView.AnimationOptions
^~~~~~
/Applications/Xcode-26.3.0.app/Contents/Developer/Platforms/WatchOS.platform/Developer/SDKs/WatchOS26.2.sdk/System/Library/Frameworks/UIKit.framework/Headers/UIView.h:148:12: note: 'UIView' has been explicitly marked unavailable here
@interface UIView : UIResponder <NSCoding, UIAppearance, UIAppearanceContainer, UIDynamicItem, UITraitEnvironment, UICoordinateSpace, UIFocusItem, UIFocusItemContainer, CALayerDelegate>
^
/Users/admin/builder/spi-builder-workspace/Sources/SideMenu/BasicTransitionAnimator.swift:21:26: error: 'UIView' is unavailable in watchOS
public init(options: UIView.AnimationOptions = .transitionCrossDissolve, duration: TimeInterval = 0.4) {
^~~~~~
/Applications/Xcode-26.3.0.app/Contents/Developer/Platforms/WatchOS.platform/Developer/SDKs/WatchOS26.2.sdk/System/Library/Frameworks/UIKit.framework/Headers/UIView.h:148:12: note: 'UIView' has been explicitly marked unavailable here
@interface UIView : UIResponder <NSCoding, UIAppearance, UIAppearanceContainer, UIDynamicItem, UITraitEnvironment, UICoordinateSpace, UIFocusItem, UIFocusItemContainer, CALayerDelegate>
^
/Users/admin/builder/spi-builder-workspace/Sources/SideMenu/BasicTransitionAnimator.swift:28:61: error: 'UIViewControllerContextTransitioning' is unavailable in watchOS
public func transitionDuration(using transitionContext: UIViewControllerContextTransitioning?) -> TimeInterval {
^~~~~~~~~~~~~~~~~~~~~~~~~~~~~~~~~~~~
/Applications/Xcode-26.3.0.app/Contents/Developer/Platforms/WatchOS.platform/Developer/SDKs/WatchOS26.2.sdk/System/Library/Frameworks/UIKit.framework/Headers/UIViewControllerTransitioning.h:68:11: note: 'UIViewControllerContextTransitioning' has been explicitly marked unavailable here
@protocol UIViewControllerContextTransitioning <NSObject>
^
/Users/admin/builder/spi-builder-workspace/Sources/SideMenu/BasicTransitionAnimator.swift:32:60: error: 'UIViewControllerContextTransitioning' is unavailable in watchOS
public func animateTransition(using transitionContext: UIViewControllerContextTransitioning) {
^~~~~~~~~~~~~~~~~~~~~~~~~~~~~~~~~~~~
/Applications/Xcode-26.3.0.app/Contents/Developer/Platforms/WatchOS.platform/Developer/SDKs/WatchOS26.2.sdk/System/Library/Frameworks/UIKit.framework/Headers/UIViewControllerTransitioning.h:68:11: note: 'UIViewControllerContextTransitioning' has been explicitly marked unavailable here
@protocol UIViewControllerContextTransitioning <NSObject>
^
/Users/admin/builder/spi-builder-workspace/Sources/SideMenu/BasicTransitionAnimator.swift:12:49: error: 'UIViewControllerAnimatedTransitioning' is unavailable in watchOS
public class BasicTransitionAnimator: NSObject, UIViewControllerAnimatedTransitioning {
^~~~~~~~~~~~~~~~~~~~~~~~~~~~~~~~~~~~~
/Applications/Xcode-26.3.0.app/Contents/Developer/Platforms/WatchOS.platform/Developer/SDKs/WatchOS26.2.sdk/System/Library/Frameworks/UIKit.framework/Headers/UIViewControllerTransitioning.h:137:11: note: 'UIViewControllerAnimatedTransitioning' has been explicitly marked unavailable here
@protocol UIViewControllerAnimatedTransitioning <NSObject>
^
/Users/admin/builder/spi-builder-workspace/Sources/SideMenu/Delegate.swift:27:61: error: 'UIViewController' is unavailable in watchOS
animationControllerFrom fromVC: UIViewController,
^~~~~~~~~~~~~~~~
/Applications/Xcode-26.3.0.app/Contents/Developer/Platforms/WatchOS.platform/Developer/SDKs/WatchOS26.2.sdk/System/Library/Frameworks/UIKit.framework/Headers/UIViewController.h:102:12: note: 'UIViewController' has been explicitly marked unavailable here
@interface UIViewController : UIResponder <NSCoding, UIAppearanceContainer, UITraitEnvironment, UIContentContainer, UIFocusEnvironment>
^
/Users/admin/builder/spi-builder-workspace/Sources/SideMenu/Delegate.swift:28:38: error: 'UIViewController' is unavailable in watchOS
to toVC: UIViewController) -> UIViewControllerAnimatedTransitioning?
^~~~~~~~~~~~~~~~
/Applications/Xcode-26.3.0.app/Contents/Developer/Platforms/WatchOS.platform/Developer/SDKs/WatchOS26.2.sdk/System/Library/Frameworks/UIKit.framework/Headers/UIViewController.h:102:12: note: 'UIViewController' has been explicitly marked unavailable here
@interface UIViewController : UIResponder <NSCoding, UIAppearanceContainer, UITraitEnvironment, UIContentContainer, UIFocusEnvironment>
^
/Users/admin/builder/spi-builder-workspace/Sources/SideMenu/Delegate.swift:28:59: error: 'UIViewControllerAnimatedTransitioning' is unavailable in watchOS
to toVC: UIViewController) -> UIViewControllerAnimatedTransitioning?
^~~~~~~~~~~~~~~~~~~~~~~~~~~~~~~~~~~~~
/Applications/Xcode-26.3.0.app/Contents/Developer/Platforms/WatchOS.platform/Developer/SDKs/WatchOS26.2.sdk/System/Library/Frameworks/UIKit.framework/Headers/UIViewControllerTransitioning.h:137:11: note: 'UIViewControllerAnimatedTransitioning' has been explicitly marked unavailable here
@protocol UIViewControllerAnimatedTransitioning <NSObject>
^
/Users/admin/builder/spi-builder-workspace/Sources/SideMenu/Delegate.swift:38:96: error: 'UIViewController' is unavailable in watchOS
func sideMenuController(_ sideMenuController: SideMenuController, willShow viewController: UIViewController, animated: Bool)
^~~~~~~~~~~~~~~~
/Applications/Xcode-26.3.0.app/Contents/Developer/Platforms/WatchOS.platform/Developer/SDKs/WatchOS26.2.sdk/System/Library/Frameworks/UIKit.framework/Headers/UIViewController.h:102:12: note: 'UIViewController' has been explicitly marked unavailable here
@interface UIViewController : UIResponder <NSCoding, UIAppearanceContainer, UITraitEnvironment, UIContentContainer, UIFocusEnvironment>
^
/Users/admin/builder/spi-builder-workspace/Sources/SideMenu/Delegate.swift:46:95: error: 'UIViewController' is unavailable in watchOS
func sideMenuController(_ sideMenuController: SideMenuController, didShow viewController: UIViewController, animated: Bool)
^~~~~~~~~~~~~~~~
/Applications/Xcode-26.3.0.app/Contents/Developer/Platforms/WatchOS.platform/Developer/SDKs/WatchOS26.2.sdk/System/Library/Frameworks/UIKit.framework/Headers/UIViewController.h:102:12: note: 'UIViewController' has been explicitly marked unavailable here
@interface UIViewController : UIResponder <NSCoding, UIAppearanceContainer, UITraitEnvironment, UIContentContainer, UIFocusEnvironment>
^
/Users/admin/builder/spi-builder-workspace/Sources/SideMenu/Delegate.swift:86:61: error: 'UIViewController' is unavailable in watchOS
animationControllerFrom fromVC: UIViewController,
^~~~~~~~~~~~~~~~
/Applications/Xcode-26.3.0.app/Contents/Developer/Platforms/WatchOS.platform/Developer/SDKs/WatchOS26.2.sdk/System/Library/Frameworks/UIKit.framework/Headers/UIViewController.h:102:12: note: 'UIViewController' has been explicitly marked unavailable here
@interface UIViewController : UIResponder <NSCoding, UIAppearanceContainer, UITraitEnvironment, UIContentContainer, UIFocusEnvironment>
^
/Users/admin/builder/spi-builder-workspace/Sources/SideMenu/Delegate.swift:87:38: error: 'UIViewController' is unavailable in watchOS
to toVC: UIViewController) -> UIViewControllerAnimatedTransitioning? {
^~~~~~~~~~~~~~~~
/Applications/Xcode-26.3.0.app/Contents/Developer/Platforms/WatchOS.platform/Developer/SDKs/WatchOS26.2.sdk/System/Library/Frameworks/UIKit.framework/Headers/UIViewController.h:102:12: note: 'UIViewController' has been explicitly marked unavailable here
@interface UIViewController : UIResponder <NSCoding, UIAppearanceContainer, UITraitEnvironment, UIContentContainer, UIFocusEnvironment>
^
/Users/admin/builder/spi-builder-workspace/Sources/SideMenu/Delegate.swift:87:59: error: 'UIViewControllerAnimatedTransitioning' is unavailable in watchOS
to toVC: UIViewController) -> UIViewControllerAnimatedTransitioning? {
^~~~~~~~~~~~~~~~~~~~~~~~~~~~~~~~~~~~~
/Applications/Xcode-26.3.0.app/Contents/Developer/Platforms/WatchOS.platform/Developer/SDKs/WatchOS26.2.sdk/System/Library/Frameworks/UIKit.framework/Headers/UIViewControllerTransitioning.h:137:11: note: 'UIViewControllerAnimatedTransitioning' has been explicitly marked unavailable here
@protocol UIViewControllerAnimatedTransitioning <NSObject>
^
/Users/admin/builder/spi-builder-workspace/Sources/SideMenu/Delegate.swift:92:54: error: 'UIViewController' is unavailable in watchOS
willShow viewController: UIViewController,
^~~~~~~~~~~~~~~~
/Applications/Xcode-26.3.0.app/Contents/Developer/Platforms/WatchOS.platform/Developer/SDKs/WatchOS26.2.sdk/System/Library/Frameworks/UIKit.framework/Headers/UIViewController.h:102:12: note: 'UIViewController' has been explicitly marked unavailable here
@interface UIViewController : UIResponder <NSCoding, UIAppearanceContainer, UITraitEnvironment, UIContentContainer, UIFocusEnvironment>
^
/Users/admin/builder/spi-builder-workspace/Sources/SideMenu/Delegate.swift:95:53: error: 'UIViewController' is unavailable in watchOS
didShow viewController: UIViewController,
^~~~~~~~~~~~~~~~
/Applications/Xcode-26.3.0.app/Contents/Developer/Platforms/WatchOS.platform/Developer/SDKs/WatchOS26.2.sdk/System/Library/Frameworks/UIKit.framework/Headers/UIViewController.h:102:12: note: 'UIViewController' has been explicitly marked unavailable here
@interface UIViewController : UIResponder <NSCoding, UIAppearanceContainer, UITraitEnvironment, UIContentContainer, UIFocusEnvironment>
^
/Users/admin/builder/spi-builder-workspace/Sources/SideMenu/Preferences.swift:55:33: error: 'UIView' is unavailable in watchOS
public var options: UIView.AnimationOptions = .curveEaseInOut
^~~~~~
/Applications/Xcode-26.3.0.app/Contents/Developer/Platforms/WatchOS.platform/Developer/SDKs/WatchOS26.2.sdk/System/Library/Frameworks/UIKit.framework/Headers/UIView.h:148:12: note: 'UIView' has been explicitly marked unavailable here
@interface UIView : UIResponder <NSCoding, UIAppearance, UIAppearanceContainer, UIDynamicItem, UITraitEnvironment, UICoordinateSpace, UIFocusItem, UIFocusItemContainer, CALayerDelegate>
^
/Users/admin/builder/spi-builder-workspace/Sources/SideMenu/Preferences.swift:119:47: error: 'UIInterfaceOrientationMask' is unavailable in watchOS
public var supportedOrientations: UIInterfaceOrientationMask = .allButUpsideDown
^~~~~~~~~~~~~~~~~~~~~~~~~~
/Applications/Xcode-26.3.0.app/Contents/Developer/Platforms/WatchOS.platform/Developer/SDKs/WatchOS26.2.sdk/System/Library/Frameworks/UIKit.framework/Headers/UIOrientation.h:49:32: note: 'UIInterfaceOrientationMask' has been explicitly marked unavailable here
typedef NS_OPTIONS(NSUInteger, UIInterfaceOrientationMask) {
^
/Users/admin/builder/spi-builder-workspace/Sources/SideMenu/Segue.swift:12:27: error: 'UIStoryboardSegue' is unavailable in watchOS
open class SideMenuSegue: UIStoryboardSegue {
^~~~~~~~~~~~~~~~~
/Applications/Xcode-26.3.0.app/Contents/Developer/Platforms/WatchOS.platform/Developer/SDKs/WatchOS26.2.sdk/System/Library/Frameworks/UIKit.framework/Headers/UIStoryboardSegue.h:17:12: note: 'UIStoryboardSegue' has been explicitly marked unavailable here
@interface UIStoryboardSegue : NSObject
^
/Users/admin/builder/spi-builder-workspace/Sources/SideMenu/SideMenuController.swift:51:73: error: 'UIViewController' is unavailable in watchOS
private lazy var lazyCachedViewControllerGenerators: [String: () -> UIViewController?] = [:]
^~~~~~~~~~~~~~~~
/Applications/Xcode-26.3.0.app/Contents/Developer/Platforms/WatchOS.platform/Developer/SDKs/WatchOS26.2.sdk/System/Library/Frameworks/UIKit.framework/Headers/UIViewController.h:102:12: note: 'UIViewController' has been explicitly marked unavailable here
@interface UIViewController : UIResponder <NSCoding, UIAppearanceContainer, UITraitEnvironment, UIContentContainer, UIFocusEnvironment>
^
/Users/admin/builder/spi-builder-workspace/Sources/SideMenu/SideMenuController.swift:52:58: error: 'UIViewController' is unavailable in watchOS
private lazy var lazyCachedViewControllers: [String: UIViewController] = [:]
^~~~~~~~~~~~~~~~
/Applications/Xcode-26.3.0.app/Contents/Developer/Platforms/WatchOS.platform/Developer/SDKs/WatchOS26.2.sdk/System/Library/Frameworks/UIKit.framework/Headers/UIViewController.h:102:12: note: 'UIViewController' has been explicitly marked unavailable here
@interface UIViewController : UIResponder <NSCoding, UIAppearanceContainer, UITraitEnvironment, UIContentContainer, UIFocusEnvironment>
^
/Users/admin/builder/spi-builder-workspace/Sources/SideMenu/SideMenuController.swift:104:40: error: 'UIView' is unavailable in watchOS
private let contentContainerView = UIView()
^~~~~~
/Applications/Xcode-26.3.0.app/Contents/Developer/Platforms/WatchOS.platform/Developer/SDKs/WatchOS26.2.sdk/System/Library/Frameworks/UIKit.framework/Headers/UIView.h:148:12: note: 'UIView' has been explicitly marked unavailable here
@interface UIView : UIResponder <NSCoding, UIAppearance, UIAppearanceContainer, UIDynamicItem, UITraitEnvironment, UICoordinateSpace, UIFocusItem, UIFocusItemContainer, CALayerDelegate>
^
/Users/admin/builder/spi-builder-workspace/Sources/SideMenu/SideMenuController.swift:104:40: error: 'init()' is unavailable in watchOS
private let contentContainerView = UIView()
^~~~~~
/Applications/Xcode-26.3.0.app/Contents/Developer/Platforms/WatchOS.platform/Developer/SDKs/WatchOS26.2.sdk/System/Library/Frameworks/UIKit.framework/Headers/UIView.h:154:1: note: 'init()' has been explicitly marked unavailable here
- (instancetype)init API_AVAILABLE(ios(2.0), tvos(9.0), visionos(1.0)) API_UNAVAILABLE(watchos);
^
/Users/admin/builder/spi-builder-workspace/Sources/SideMenu/SideMenuController.swift:66:37: error: 'UIViewController' is unavailable in watchOS
open var contentViewController: UIViewController! {
^~~~~~~~~~~~~~~~
/Applications/Xcode-26.3.0.app/Contents/Developer/Platforms/WatchOS.platform/Developer/SDKs/WatchOS26.2.sdk/System/Library/Frameworks/UIKit.framework/Headers/UIViewController.h:102:12: note: 'UIViewController' has been explicitly marked unavailable here
@interface UIViewController : UIResponder <NSCoding, UIAppearanceContainer, UITraitEnvironment, UIContentContainer, UIFocusEnvironment>
^
/Users/admin/builder/spi-builder-workspace/Sources/SideMenu/SideMenuController.swift:103:37: error: 'UIView' is unavailable in watchOS
private let menuContainerView = UIView()
^~~~~~
/Applications/Xcode-26.3.0.app/Contents/Developer/Platforms/WatchOS.platform/Developer/SDKs/WatchOS26.2.sdk/System/Library/Frameworks/UIKit.framework/Headers/UIView.h:148:12: note: 'UIView' has been explicitly marked unavailable here
@interface UIView : UIResponder <NSCoding, UIAppearance, UIAppearanceContainer, UIDynamicItem, UITraitEnvironment, UICoordinateSpace, UIFocusItem, UIFocusItemContainer, CALayerDelegate>
^
/Users/admin/builder/spi-builder-workspace/Sources/SideMenu/SideMenuController.swift:103:37: error: 'init()' is unavailable in watchOS
private let menuContainerView = UIView()
^~~~~~
/Applications/Xcode-26.3.0.app/Contents/Developer/Platforms/WatchOS.platform/Developer/SDKs/WatchOS26.2.sdk/System/Library/Frameworks/UIKit.framework/Headers/UIView.h:154:1: note: 'init()' has been explicitly marked unavailable here
- (instancetype)init API_AVAILABLE(ios(2.0), tvos(9.0), visionos(1.0)) API_UNAVAILABLE(watchos);
^
/Users/admin/builder/spi-builder-workspace/Sources/SideMenu/SideMenuController.swift:92:34: error: 'UIViewController' is unavailable in watchOS
open var menuViewController: UIViewController! {
^~~~~~~~~~~~~~~~
/Applications/Xcode-26.3.0.app/Contents/Developer/Platforms/WatchOS.platform/Developer/SDKs/WatchOS26.2.sdk/System/Library/Frameworks/UIKit.framework/Headers/UIViewController.h:102:12: note: 'UIViewController' has been explicitly marked unavailable here
@interface UIViewController : UIResponder <NSCoding, UIAppearanceContainer, UITraitEnvironment, UIContentContainer, UIFocusEnvironment>
^
/Users/admin/builder/spi-builder-workspace/Sources/SideMenu/SideMenuController.swift:105:42: error: 'UIView' is unavailable in watchOS
private var statusBarScreenShotView: UIView?
^~~~~~
/Applications/Xcode-26.3.0.app/Contents/Developer/Platforms/WatchOS.platform/Developer/SDKs/WatchOS26.2.sdk/System/Library/Frameworks/UIKit.framework/Headers/UIView.h:148:12: note: 'UIView' has been explicitly marked unavailable here
@interface UIView : UIResponder <NSCoding, UIAppearance, UIAppearanceContainer, UIDynamicItem, UITraitEnvironment, UICoordinateSpace, UIFocusItem, UIFocusItemContainer, CALayerDelegate>
^
/Users/admin/builder/spi-builder-workspace/Sources/SideMenu/SideMenuController.swift:123:47: error: 'UIView' is unavailable in watchOS
private weak var contentContainerOverlay: UIView?
^~~~~~
/Applications/Xcode-26.3.0.app/Contents/Developer/Platforms/WatchOS.platform/Developer/SDKs/WatchOS26.2.sdk/System/Library/Frameworks/UIKit.framework/Headers/UIView.h:148:12: note: 'UIView' has been explicitly marked unavailable here
@interface UIView : UIResponder <NSCoding, UIAppearance, UIAppearanceContainer, UIDynamicItem, UITraitEnvironment, UICoordinateSpace, UIFocusItem, UIFocusItemContainer, CALayerDelegate>
^
/Users/admin/builder/spi-builder-workspace/Sources/SideMenu/SideMenuController.swift:126:44: error: 'UIPanGestureRecognizer' is unavailable in watchOS
private weak var panGestureRecognizer: UIPanGestureRecognizer?
^~~~~~~~~~~~~~~~~~~~~~
/Applications/Xcode-26.3.0.app/Contents/Developer/Platforms/WatchOS.platform/Developer/SDKs/WatchOS26.2.sdk/System/Library/Frameworks/UIKit.framework/Headers/UIPanGestureRecognizer.h:31:12: note: 'UIPanGestureRecognizer' has been explicitly marked unavailable here
@interface UIPanGestureRecognizer : UIGestureRecognizer
^
/Users/admin/builder/spi-builder-workspace/Sources/SideMenu/SideMenuController.swift:145:52: error: 'UIViewController' is unavailable in watchOS
public convenience init(contentViewController: UIViewController, menuViewController: UIViewController) {
^~~~~~~~~~~~~~~~
/Applications/Xcode-26.3.0.app/Contents/Developer/Platforms/WatchOS.platform/Developer/SDKs/WatchOS26.2.sdk/System/Library/Frameworks/UIKit.framework/Headers/UIViewController.h:102:12: note: 'UIViewController' has been explicitly marked unavailable here
@interface UIViewController : UIResponder <NSCoding, UIAppearanceContainer, UITraitEnvironment, UIContentContainer, UIFocusEnvironment>
^
/Users/admin/builder/spi-builder-workspace/Sources/SideMenu/SideMenuController.swift:145:90: error: 'UIViewController' is unavailable in watchOS
public convenience init(contentViewController: UIViewController, menuViewController: UIViewController) {
^~~~~~~~~~~~~~~~
/Applications/Xcode-26.3.0.app/Contents/Developer/Platforms/WatchOS.platform/Developer/SDKs/WatchOS26.2.sdk/System/Library/Frameworks/UIKit.framework/Headers/UIViewController.h:102:12: note: 'UIViewController' has been explicitly marked unavailable here
@interface UIViewController : UIResponder <NSCoding, UIAppearanceContainer, UITraitEnvironment, UIContentContainer, UIFocusEnvironment>
^
/Users/admin/builder/spi-builder-workspace/Sources/SideMenu/SideMenuController.swift:205:46: error: 'UIView' is unavailable in watchOS
private func resolveDirection(with view: UIView) {
^~~~~~
/Applications/Xcode-26.3.0.app/Contents/Developer/Platforms/WatchOS.platform/Developer/SDKs/WatchOS26.2.sdk/System/Library/Frameworks/UIKit.framework/Headers/UIView.h:148:12: note: 'UIView' has been explicitly marked unavailable here
@interface UIView : UIResponder <NSCoding, UIAppearance, UIAppearanceContainer, UIDynamicItem, UITraitEnvironment, UICoordinateSpace, UIFocusItem, UIFocusItemContainer, CALayerDelegate>
^
/Users/admin/builder/spi-builder-workspace/Sources/SideMenu/SideMenuController.swift:215:43: error: 'UIStoryboardSegue' is unavailable in watchOS
open override func prepare(for segue: UIStoryboardSegue, sender: Any?) {
^~~~~~~~~~~~~~~~~
/Applications/Xcode-26.3.0.app/Contents/Developer/Platforms/WatchOS.platform/Developer/SDKs/WatchOS26.2.sdk/System/Library/Frameworks/UIKit.framework/Headers/UIStoryboardSegue.h:17:12: note: 'UIStoryboardSegue' has been explicitly marked unavailable here
@interface UIStoryboardSegue : NSObject
^
/Users/admin/builder/spi-builder-workspace/Sources/SideMenu/SideMenuController.swift:381:48: error: 'UITapGestureRecognizer' is unavailable in watchOS
@objc private func handleTapGesture(_ tap: UITapGestureRecognizer) {
^~~~~~~~~~~~~~~~~~~~~~
/Applications/Xcode-26.3.0.app/Contents/Developer/Platforms/WatchOS.platform/Developer/SDKs/WatchOS26.2.sdk/System/Library/Frameworks/UIKit.framework/Headers/UITapGestureRecognizer.h:23:12: note: 'UITapGestureRecognizer' has been explicitly marked unavailable here
@interface UITapGestureRecognizer : UIGestureRecognizer
^
/Users/admin/builder/spi-builder-workspace/Sources/SideMenu/SideMenuController.swift:385:48: error: 'UIPanGestureRecognizer' is unavailable in watchOS
@objc private func handlePanGesture(_ pan: UIPanGestureRecognizer) {
^~~~~~~~~~~~~~~~~~~~~~
/Applications/Xcode-26.3.0.app/Contents/Developer/Platforms/WatchOS.platform/Developer/SDKs/WatchOS26.2.sdk/System/Library/Frameworks/UIKit.framework/Headers/UIPanGestureRecognizer.h:31:12: note: 'UIPanGestureRecognizer' has been explicitly marked unavailable here
@interface UIPanGestureRecognizer : UIGestureRecognizer
^
/Users/admin/builder/spi-builder-workspace/Sources/SideMenu/SideMenuController.swift:540:43: error: 'UIView' is unavailable in watchOS
private func statusBarScreenShot() -> UIView? {
^~~~~~
/Applications/Xcode-26.3.0.app/Contents/Developer/Platforms/WatchOS.platform/Developer/SDKs/WatchOS26.2.sdk/System/Library/Frameworks/UIKit.framework/Headers/UIView.h:148:12: note: 'UIView' has been explicitly marked unavailable here
@interface UIView : UIResponder <NSCoding, UIAppearance, UIAppearanceContainer, UIDynamicItem, UITraitEnvironment, UICoordinateSpace, UIFocusItem, UIFocusItemContainer, CALayerDelegate>
^
/Users/admin/builder/spi-builder-workspace/Sources/SideMenu/SideMenuController.swift:549:47: error: 'UIViewController' is unavailable in watchOS
open override var childForStatusBarStyle: UIViewController? {
^~~~~~~~~~~~~~~~
/Applications/Xcode-26.3.0.app/Contents/Developer/Platforms/WatchOS.platform/Developer/SDKs/WatchOS26.2.sdk/System/Library/Frameworks/UIKit.framework/Headers/UIViewController.h:102:12: note: 'UIViewController' has been explicitly marked unavailable here
@interface UIViewController : UIResponder <NSCoding, UIAppearanceContainer, UITraitEnvironment, UIContentContainer, UIFocusEnvironment>
^
/Users/admin/builder/spi-builder-workspace/Sources/SideMenu/SideMenuController.swift:554:48: error: 'UIViewController' is unavailable in watchOS
open override var childForStatusBarHidden: UIViewController? {
^~~~~~~~~~~~~~~~
/Applications/Xcode-26.3.0.app/Contents/Developer/Platforms/WatchOS.platform/Developer/SDKs/WatchOS26.2.sdk/System/Library/Frameworks/UIKit.framework/Headers/UIViewController.h:102:12: note: 'UIViewController' has been explicitly marked unavailable here
@interface UIViewController : UIResponder <NSCoding, UIAppearanceContainer, UITraitEnvironment, UIContentContainer, UIFocusEnvironment>
^
/Users/admin/builder/spi-builder-workspace/Sources/SideMenu/SideMenuController.swift:567:62: error: 'UIViewController' is unavailable in watchOS
open func cache(viewControllerGenerator: @escaping () -> UIViewController?, with identifier: String) {
^~~~~~~~~~~~~~~~
/Applications/Xcode-26.3.0.app/Contents/Developer/Platforms/WatchOS.platform/Developer/SDKs/WatchOS26.2.sdk/System/Library/Frameworks/UIKit.framework/Headers/UIViewController.h:102:12: note: 'UIViewController' has been explicitly marked unavailable here
@interface UIViewController : UIResponder <NSCoding, UIAppearanceContainer, UITraitEnvironment, UIContentContainer, UIFocusEnvironment>
^
/Users/admin/builder/spi-builder-workspace/Sources/SideMenu/SideMenuController.swift:576:37: error: 'UIViewController' is unavailable in watchOS
open func cache(viewController: UIViewController, with identifier: String) {
^~~~~~~~~~~~~~~~
/Applications/Xcode-26.3.0.app/Contents/Developer/Platforms/WatchOS.platform/Developer/SDKs/WatchOS26.2.sdk/System/Library/Frameworks/UIKit.framework/Headers/UIViewController.h:102:12: note: 'UIViewController' has been explicitly marked unavailable here
@interface UIViewController : UIResponder <NSCoding, UIAppearanceContainer, UITraitEnvironment, UIContentContainer, UIFocusEnvironment>
^
/Users/admin/builder/spi-builder-workspace/Sources/SideMenu/SideMenuController.swift:604:59: error: 'UIViewController' is unavailable in watchOS
open func setContentViewController(to viewController: UIViewController,
^~~~~~~~~~~~~~~~
/Applications/Xcode-26.3.0.app/Contents/Developer/Platforms/WatchOS.platform/Developer/SDKs/WatchOS26.2.sdk/System/Library/Frameworks/UIKit.framework/Headers/UIViewController.h:102:12: note: 'UIViewController' has been explicitly marked unavailable here
@interface UIViewController : UIResponder <NSCoding, UIAppearanceContainer, UITraitEnvironment, UIContentContainer, UIFocusEnvironment>
^
/Users/admin/builder/spi-builder-workspace/Sources/SideMenu/SideMenuController.swift:739:23: error: cannot override 'shouldAutorotate' which has been marked unavailable
open override var shouldAutorotate: Bool {
^
/Applications/Xcode-26.3.0.app/Contents/Developer/Platforms/WatchOS.platform/Developer/SDKs/WatchOS26.2.sdk/System/Library/Frameworks/UIKit.framework/Headers/UIViewController.h:369:37: note: 'shouldAutorotate' has been explicitly marked unavailable here
@property(nonatomic, readonly) BOOL shouldAutorotate API_DEPRECATED("Update supported interface orientations and call setNeedsUpdateOfSupportedInterfaceOrientations to indicate a change.", ios(6.0, 16.0), visionos(1.0, 1.0)) API_UNAVAILABLE(tvos) API_UNAVAILABLE(watchos);
^
/Users/admin/builder/spi-builder-workspace/Sources/SideMenu/SideMenuController.swift:739:23: note: remove 'override' modifier to declare a new 'shouldAutorotate'
open override var shouldAutorotate: Bool {
~~~~~~~~~ ^
/Users/admin/builder/spi-builder-workspace/Sources/SideMenu/SideMenuController.swift:746:55: error: 'UIInterfaceOrientationMask' is unavailable in watchOS
open override var supportedInterfaceOrientations: UIInterfaceOrientationMask {
^~~~~~~~~~~~~~~~~~~~~~~~~~
/Applications/Xcode-26.3.0.app/Contents/Developer/Platforms/WatchOS.platform/Developer/SDKs/WatchOS26.2.sdk/System/Library/Frameworks/UIKit.framework/Headers/UIOrientation.h:49:32: note: 'UIInterfaceOrientationMask' has been explicitly marked unavailable here
typedef NS_OPTIONS(NSUInteger, UIInterfaceOrientationMask) {
^
/Users/admin/builder/spi-builder-workspace/Sources/SideMenu/SideMenuController.swift:753:78: error: 'UIViewControllerTransitionCoordinator' is unavailable in watchOS
open override func viewWillTransition(to size: CGSize, with coordinator: UIViewControllerTransitionCoordinator) {
^~~~~~~~~~~~~~~~~~~~~~~~~~~~~~~~~~~~~
/Applications/Xcode-26.3.0.app/Contents/Developer/Platforms/WatchOS.platform/Developer/SDKs/WatchOS26.2.sdk/System/Library/Frameworks/UIKit.framework/Headers/UIViewControllerTransitionCoordinator.h:81:11: note: 'UIViewControllerTransitionCoordinator' has been explicitly marked unavailable here
@protocol UIViewControllerTransitionCoordinator <UIViewControllerTransitionCoordinatorContext>
^
/Users/admin/builder/spi-builder-workspace/Sources/SideMenu/SideMenuController.swift:22:32: error: 'UIViewController' is unavailable in watchOS
open class SideMenuController: UIViewController {
^~~~~~~~~~~~~~~~
/Applications/Xcode-26.3.0.app/Contents/Developer/Platforms/WatchOS.platform/Developer/SDKs/WatchOS26.2.sdk/System/Library/Frameworks/UIKit.framework/Headers/UIViewController.h:102:12: note: 'UIViewController' has been explicitly marked unavailable here
@interface UIViewController : UIResponder <NSCoding, UIAppearanceContainer, UITraitEnvironment, UIContentContainer, UIFocusEnvironment>
^
/Users/admin/builder/spi-builder-workspace/Sources/SideMenu/SideMenuController.swift:776:56: error: 'UIGestureRecognizer' is unavailable in watchOS
public func gestureRecognizer(_ gestureRecognizer: UIGestureRecognizer, shouldReceive touch: UITouch) -> Bool {
^~~~~~~~~~~~~~~~~~~
/Applications/Xcode-26.3.0.app/Contents/Developer/Platforms/WatchOS.platform/Developer/SDKs/WatchOS26.2.sdk/System/Library/Frameworks/UIKit.framework/Headers/UIGestureRecognizer.h:35:12: note: 'UIGestureRecognizer' has been explicitly marked unavailable here
@interface UIGestureRecognizer : NSObject
^
/Users/admin/builder/spi-builder-workspace/Sources/SideMenu/SideMenuController.swift:776:98: error: 'UITouch' is unavailable in watchOS
public func gestureRecognizer(_ gestureRecognizer: UIGestureRecognizer, shouldReceive touch: UITouch) -> Bool {
^~~~~~~
/Applications/Xcode-26.3.0.app/Contents/Developer/Platforms/WatchOS.platform/Developer/SDKs/WatchOS26.2.sdk/System/Library/Frameworks/UIKit.framework/Headers/UITouch.h:51:12: note: 'UITouch' has been explicitly marked unavailable here
@interface UITouch : NSObject
^
/Users/admin/builder/spi-builder-workspace/Sources/SideMenu/SideMenuController.swift:803:67: error: 'UIGestureRecognizer' is unavailable in watchOS
public func gestureRecognizerShouldBegin(_ gestureRecognizer: UIGestureRecognizer) -> Bool {
^~~~~~~~~~~~~~~~~~~
/Applications/Xcode-26.3.0.app/Contents/Developer/Platforms/WatchOS.platform/Developer/SDKs/WatchOS26.2.sdk/System/Library/Frameworks/UIKit.framework/Headers/UIGestureRecognizer.h:35:12: note: 'UIGestureRecognizer' has been explicitly marked unavailable here
@interface UIGestureRecognizer : NSObject
^
/Users/admin/builder/spi-builder-workspace/Sources/SideMenu/SideMenuController.swift:810:66: error: 'UIView' is unavailable in watchOS
private func isViewControllerInsideNavigationStack(for view: UIView?) -> Bool {
^~~~~~
/Applications/Xcode-26.3.0.app/Contents/Developer/Platforms/WatchOS.platform/Developer/SDKs/WatchOS26.2.sdk/System/Library/Frameworks/UIKit.framework/Headers/UIView.h:148:12: note: 'UIView' has been explicitly marked unavailable here
@interface UIView : UIResponder <NSCoding, UIAppearance, UIAppearanceContainer, UIDynamicItem, UITraitEnvironment, UICoordinateSpace, UIFocusItem, UIFocusItemContainer, CALayerDelegate>
^
/Users/admin/builder/spi-builder-workspace/Sources/SideMenu/SideMenuController.swift:775:31: error: 'UIGestureRecognizerDelegate' is unavailable in watchOS
extension SideMenuController: UIGestureRecognizerDelegate {
^~~~~~~~~~~~~~~~~~~~~~~~~~~
/Applications/Xcode-26.3.0.app/Contents/Developer/Platforms/WatchOS.platform/Developer/SDKs/WatchOS26.2.sdk/System/Library/Frameworks/UIKit.framework/Headers/UIGestureRecognizer.h:91:11: note: 'UIGestureRecognizerDelegate' has been explicitly marked unavailable here
@protocol UIGestureRecognizerDelegate <NSObject>
^
/Users/admin/builder/spi-builder-workspace/Sources/SideMenu/StatusBar.swift:15:20: error: 'UIWindow' is unavailable in watchOS
static var sb: UIWindow? {
^~~~~~~~
/Applications/Xcode-26.3.0.app/Contents/Developer/Platforms/WatchOS.platform/Developer/SDKs/WatchOS26.2.sdk/System/Library/Frameworks/UIKit.framework/Headers/UIWindow.h:22:12: note: 'UIWindow' has been explicitly marked unavailable here
@interface UIWindow : UIView
^
/Users/admin/builder/spi-builder-workspace/Sources/SideMenu/StatusBar.swift:11:11: error: 'UIWindow' is unavailable in watchOS
extension UIWindow {
^~~~~~~~
/Applications/Xcode-26.3.0.app/Contents/Developer/Platforms/WatchOS.platform/Developer/SDKs/WatchOS26.2.sdk/System/Library/Frameworks/UIKit.framework/Headers/UIWindow.h:22:12: note: 'UIWindow' has been explicitly marked unavailable here
@interface UIWindow : UIView
^
/Users/admin/builder/spi-builder-workspace/Sources/SideMenu/TransitionContext.swift:14:13: error: cannot override 'isAnimated' which has been marked unavailable
var isAnimated = true
^
/Applications/Xcode-26.3.0.app/Contents/Developer/Platforms/WatchOS.platform/Developer/SDKs/WatchOS26.2.sdk/System/Library/Frameworks/UIKit.framework/Headers/UIViewControllerTransitioning.h:76:56: note: 'isAnimated' has been explicitly marked unavailable here
@property(nonatomic, readonly, getter=isAnimated) BOOL animated API_UNAVAILABLE(watchos);
^
/Users/admin/builder/spi-builder-workspace/Sources/SideMenu/TransitionContext.swift:17:13: error: cannot override 'containerView' which has been marked unavailable
let containerView: UIView
^
/Applications/Xcode-26.3.0.app/Contents/Developer/Platforms/WatchOS.platform/Developer/SDKs/WatchOS26.2.sdk/System/Library/Frameworks/UIKit.framework/Headers/UIViewControllerTransitioning.h:71:40: note: 'containerView' has been explicitly marked unavailable here
@property(nonatomic, readonly) UIView *containerView API_UNAVAILABLE(watchos);
^
/Users/admin/builder/spi-builder-workspace/Sources/SideMenu/TransitionContext.swift:17:28: error: 'UIView' is unavailable in watchOS
let containerView: UIView
^~~~~~
/Applications/Xcode-26.3.0.app/Contents/Developer/Platforms/WatchOS.platform/Developer/SDKs/WatchOS26.2.sdk/System/Library/Frameworks/UIKit.framework/Headers/UIView.h:148:12: note: 'UIView' has been explicitly marked unavailable here
@interface UIView : UIResponder <NSCoding, UIAppearance, UIAppearanceContainer, UIDynamicItem, UITraitEnvironment, UICoordinateSpace, UIFocusItem, UIFocusItemContainer, CALayerDelegate>
^
/Users/admin/builder/spi-builder-workspace/Sources/SideMenu/TransitionContext.swift:18:13: error: cannot override 'presentationStyle' which has been marked unavailable
let presentationStyle: UIModalPresentationStyle
^
/Applications/Xcode-26.3.0.app/Contents/Developer/Platforms/WatchOS.platform/Developer/SDKs/WatchOS26.2.sdk/System/Library/Frameworks/UIKit.framework/Headers/UIViewControllerTransitioning.h:82:57: note: 'presentationStyle' has been explicitly marked unavailable here
@property(nonatomic, readonly) UIModalPresentationStyle presentationStyle API_UNAVAILABLE(watchos);
^
/Users/admin/builder/spi-builder-workspace/Sources/SideMenu/TransitionContext.swift:18:32: error: 'UIModalPresentationStyle' is unavailable in watchOS
let presentationStyle: UIModalPresentationStyle
^~~~~~~~~~~~~~~~~~~~~~~~
/Applications/Xcode-26.3.0.app/Contents/Developer/Platforms/WatchOS.platform/Developer/SDKs/WatchOS26.2.sdk/System/Library/Frameworks/UIKit.framework/Headers/UIViewController.h:47:28: note: 'UIModalPresentationStyle' has been explicitly marked unavailable here
typedef NS_ENUM(NSInteger, UIModalPresentationStyle) {
^
/Users/admin/builder/spi-builder-workspace/Sources/SideMenu/TransitionContext.swift:20:40: error: 'UITransitionContextViewControllerKey' is unavailable in watchOS
private var viewControllers = [UITransitionContextViewControllerKey: UIViewController]()
^~~~~~~~~~~~~~~~~~~~~~~~~~~~~~~~~~~~
/Applications/Xcode-26.3.0.app/Contents/Developer/Platforms/WatchOS.platform/Developer/SDKs/WatchOS26.2.sdk/System/Library/Frameworks/UIKit.framework/Headers/UIViewControllerTransitionCoordinator.h:16:20: note: 'UITransitionContextViewControllerKey' has been explicitly marked unavailable here
typedef NSString * UITransitionContextViewControllerKey NS_TYPED_ENUM API_UNAVAILABLE(watchos);
^
/Users/admin/builder/spi-builder-workspace/Sources/SideMenu/TransitionContext.swift:20:78: error: 'UIViewController' is unavailable in watchOS
private var viewControllers = [UITransitionContextViewControllerKey: UIViewController]()
^~~~~~~~~~~~~~~~
/Applications/Xcode-26.3.0.app/Contents/Developer/Platforms/WatchOS.platform/Developer/SDKs/WatchOS26.2.sdk/System/Library/Frameworks/UIKit.framework/Headers/UIViewController.h:102:12: note: 'UIViewController' has been explicitly marked unavailable here
@interface UIViewController : UIResponder <NSCoding, UIAppearanceContainer, UITraitEnvironment, UIContentContainer, UIFocusEnvironment>
^
/Users/admin/builder/spi-builder-workspace/Sources/SideMenu/TransitionContext.swift:22:13: error: cannot override 'isInteractive' which has been marked unavailable
var isInteractive = false
^
/Applications/Xcode-26.3.0.app/Contents/Developer/Platforms/WatchOS.platform/Developer/SDKs/WatchOS26.2.sdk/System/Library/Frameworks/UIKit.framework/Headers/UIViewControllerTransitioning.h:79:59: note: 'isInteractive' has been explicitly marked unavailable here
@property(nonatomic, readonly, getter=isInteractive) BOOL interactive API_UNAVAILABLE(watchos); // This indicates whether the transition is currently interactive.
^
/Users/admin/builder/spi-builder-workspace/Sources/SideMenu/TransitionContext.swift:24:13: error: cannot override 'transitionWasCancelled' which has been marked unavailable
var transitionWasCancelled: Bool {
^
/Applications/Xcode-26.3.0.app/Contents/Developer/Platforms/WatchOS.platform/Developer/SDKs/WatchOS26.2.sdk/System/Library/Frameworks/UIKit.framework/Headers/UIViewControllerTransitioning.h:80:37: note: 'transitionWasCancelled' has been explicitly marked unavailable here
@property(nonatomic, readonly) BOOL transitionWasCancelled API_UNAVAILABLE(watchos);
^
/Users/admin/builder/spi-builder-workspace/Sources/SideMenu/TransitionContext.swift:31:39: error: 'UIViewController' is unavailable in watchOS
init(with fromViewController: UIViewController, toViewController: UIViewController) {
^~~~~~~~~~~~~~~~
/Applications/Xcode-26.3.0.app/Contents/Developer/Platforms/WatchOS.platform/Developer/SDKs/WatchOS26.2.sdk/System/Library/Frameworks/UIKit.framework/Headers/UIViewController.h:102:12: note: 'UIViewController' has been explicitly marked unavailable here
@interface UIViewController : UIResponder <NSCoding, UIAppearanceContainer, UITraitEnvironment, UIContentContainer, UIFocusEnvironment>
^
/Users/admin/builder/spi-builder-workspace/Sources/SideMenu/TransitionContext.swift:31:75: error: 'UIViewController' is unavailable in watchOS
init(with fromViewController: UIViewController, toViewController: UIViewController) {
^~~~~~~~~~~~~~~~
/Applications/Xcode-26.3.0.app/Contents/Developer/Platforms/WatchOS.platform/Developer/SDKs/WatchOS26.2.sdk/System/Library/Frameworks/UIKit.framework/Headers/UIViewController.h:102:12: note: 'UIViewController' has been explicitly marked unavailable here
@interface UIViewController : UIResponder <NSCoding, UIAppearanceContainer, UITraitEnvironment, UIContentContainer, UIFocusEnvironment>
^
/Users/admin/builder/spi-builder-workspace/Sources/SideMenu/TransitionContext.swift:49:41: error: 'UITransitionContextViewControllerKey' is unavailable in watchOS
func viewController(forKey key: UITransitionContextViewControllerKey) -> UIViewController? {
^~~~~~~~~~~~~~~~~~~~~~~~~~~~~~~~~~~~
/Applications/Xcode-26.3.0.app/Contents/Developer/Platforms/WatchOS.platform/Developer/SDKs/WatchOS26.2.sdk/System/Library/Frameworks/UIKit.framework/Headers/UIViewControllerTransitionCoordinator.h:16:20: note: 'UITransitionContextViewControllerKey' has been explicitly marked unavailable here
typedef NSString * UITransitionContextViewControllerKey NS_TYPED_ENUM API_UNAVAILABLE(watchos);
^
/Users/admin/builder/spi-builder-workspace/Sources/SideMenu/TransitionContext.swift:49:82: error: 'UIViewController' is unavailable in watchOS
func viewController(forKey key: UITransitionContextViewControllerKey) -> UIViewController? {
^~~~~~~~~~~~~~~~
/Applications/Xcode-26.3.0.app/Contents/Developer/Platforms/WatchOS.platform/Developer/SDKs/WatchOS26.2.sdk/System/Library/Frameworks/UIKit.framework/Headers/UIViewController.h:102:12: note: 'UIViewController' has been explicitly marked unavailable here
@interface UIViewController : UIResponder <NSCoding, UIAppearanceContainer, UITraitEnvironment, UIContentContainer, UIFocusEnvironment>
^
/Users/admin/builder/spi-builder-workspace/Sources/SideMenu/TransitionContext.swift:53:31: error: 'UITransitionContextViewKey' is unavailable in watchOS
func view(forKey key: UITransitionContextViewKey) -> UIView? {
^~~~~~~~~~~~~~~~~~~~~~~~~~
/Applications/Xcode-26.3.0.app/Contents/Developer/Platforms/WatchOS.platform/Developer/SDKs/WatchOS26.2.sdk/System/Library/Frameworks/UIKit.framework/Headers/UIViewControllerTransitionCoordinator.h:17:20: note: 'UITransitionContextViewKey' has been explicitly marked unavailable here
typedef NSString * UITransitionContextViewKey NS_TYPED_ENUM API_UNAVAILABLE(watchos);
^
/Users/admin/builder/spi-builder-workspace/Sources/SideMenu/TransitionContext.swift:53:62: error: 'UIView' is unavailable in watchOS
func view(forKey key: UITransitionContextViewKey) -> UIView? {
^~~~~~
/Applications/Xcode-26.3.0.app/Contents/Developer/Platforms/WatchOS.platform/Developer/SDKs/WatchOS26.2.sdk/System/Library/Frameworks/UIKit.framework/Headers/UIView.h:148:12: note: 'UIView' has been explicitly marked unavailable here
@interface UIView : UIResponder <NSCoding, UIAppearance, UIAppearanceContainer, UIDynamicItem, UITraitEnvironment, UICoordinateSpace, UIFocusItem, UIFocusItemContainer, CALayerDelegate>
^
/Users/admin/builder/spi-builder-workspace/Sources/SideMenu/TransitionContext.swift:65:35: error: 'UIViewController' is unavailable in watchOS
func initialFrame(for vc: UIViewController) -> CGRect {
^~~~~~~~~~~~~~~~
/Applications/Xcode-26.3.0.app/Contents/Developer/Platforms/WatchOS.platform/Developer/SDKs/WatchOS26.2.sdk/System/Library/Frameworks/UIKit.framework/Headers/UIViewController.h:102:12: note: 'UIViewController' has been explicitly marked unavailable here
@interface UIViewController : UIResponder <NSCoding, UIAppearanceContainer, UITraitEnvironment, UIContentContainer, UIFocusEnvironment>
^
/Users/admin/builder/spi-builder-workspace/Sources/SideMenu/TransitionContext.swift:69:33: error: 'UIViewController' is unavailable in watchOS
func finalFrame(for vc: UIViewController) -> CGRect {
^~~~~~~~~~~~~~~~
/Applications/Xcode-26.3.0.app/Contents/Developer/Platforms/WatchOS.platform/Developer/SDKs/WatchOS26.2.sdk/System/Library/Frameworks/UIKit.framework/Headers/UIViewController.h:102:12: note: 'UIViewController' has been explicitly marked unavailable here
@interface UIViewController : UIResponder <NSCoding, UIAppearanceContainer, UITraitEnvironment, UIContentContainer, UIFocusEnvironment>
^
/Users/admin/builder/spi-builder-workspace/Sources/SideMenu/TransitionContext.swift:13:40: error: 'UIViewControllerContextTransitioning' is unavailable in watchOS
class TransitionContext: NSObject, UIViewControllerContextTransitioning {
^~~~~~~~~~~~~~~~~~~~~~~~~~~~~~~~~~~~
/Applications/Xcode-26.3.0.app/Contents/Developer/Platforms/WatchOS.platform/Developer/SDKs/WatchOS26.2.sdk/System/Library/Frameworks/UIKit.framework/Headers/UIViewControllerTransitioning.h:68:11: note: 'UIViewControllerContextTransitioning' has been explicitly marked unavailable here
@protocol UIViewControllerContextTransitioning <NSObject>
^
/Users/admin/builder/spi-builder-workspace/Sources/SideMenu/TransitionContext.swift:78:14: error: cannot override 'pauseInteractiveTransition' which has been marked unavailable
func pauseInteractiveTransition() {}
^
UIKit.UIViewControllerContextTransitioning.pauseInteractiveTransition:3:8: note: 'pauseInteractiveTransition()' has been explicitly marked unavailable here
func pauseInteractiveTransition()}
^
/Users/admin/builder/spi-builder-workspace/Sources/SideMenu/UIView+Container.swift:12:31: error: 'UIViewController' is unavailable in watchOS
var parentViewController: UIViewController? {
^~~~~~~~~~~~~~~~
/Applications/Xcode-26.3.0.app/Contents/Developer/Platforms/WatchOS.platform/Developer/SDKs/WatchOS26.2.sdk/System/Library/Frameworks/UIKit.framework/Headers/UIViewController.h:102:12: note: 'UIViewController' has been explicitly marked unavailable here
@interface UIViewController : UIResponder <NSCoding, UIAppearanceContainer, UITraitEnvironment, UIContentContainer, UIFocusEnvironment>
^
/Users/admin/builder/spi-builder-workspace/Sources/SideMenu/UIView+Container.swift:24:37: error: 'UINavigationController' is unavailable in watchOS
var parentNavigationController: UINavigationController? {
^~~~~~~~~~~~~~~~~~~~~~
/Applications/Xcode-26.3.0.app/Contents/Developer/Platforms/WatchOS.platform/Developer/SDKs/WatchOS26.2.sdk/System/Library/Frameworks/UIKit.framework/Headers/UINavigationController.h:46:12: note: 'UINavigationController' has been explicitly marked unavailable here
@interface UINavigationController : UIViewController
^
/Users/admin/builder/spi-builder-workspace/Sources/SideMenu/UIView+Container.swift:11:11: error: 'UIView' is unavailable in watchOS
extension UIView {
^~~~~~
/Applications/Xcode-26.3.0.app/Contents/Developer/Platforms/WatchOS.platform/Developer/SDKs/WatchOS26.2.sdk/System/Library/Frameworks/UIKit.framework/Headers/UIView.h:148:12: note: 'UIView' has been explicitly marked unavailable here
@interface UIView : UIResponder <NSCoding, UIAppearance, UIAppearanceContainer, UIDynamicItem, UITraitEnvironment, UICoordinateSpace, UIFocusItem, UIFocusItemContainer, CALayerDelegate>
^
/Users/admin/builder/spi-builder-workspace/Sources/SideMenu/UIViewController+Container.swift:13:33: error: 'UIViewController' is unavailable in watchOS
func load(_ viewController: UIViewController?, on view: UIView) {
^~~~~~~~~~~~~~~~
/Applications/Xcode-26.3.0.app/Contents/Developer/Platforms/WatchOS.platform/Developer/SDKs/WatchOS26.2.sdk/System/Library/Frameworks/UIKit.framework/Headers/UIViewController.h:102:12: note: 'UIViewController' has been explicitly marked unavailable here
@interface UIViewController : UIResponder <NSCoding, UIAppearanceContainer, UITraitEnvironment, UIContentContainer, UIFocusEnvironment>
^
/Users/admin/builder/spi-builder-workspace/Sources/SideMenu/UIViewController+Container.swift:13:61: error: 'UIView' is unavailable in watchOS
func load(_ viewController: UIViewController?, on view: UIView) {
^~~~~~
/Applications/Xcode-26.3.0.app/Contents/Developer/Platforms/WatchOS.platform/Developer/SDKs/WatchOS26.2.sdk/System/Library/Frameworks/UIKit.framework/Headers/UIView.h:148:12: note: 'UIView' has been explicitly marked unavailable here
@interface UIView : UIResponder <NSCoding, UIAppearance, UIAppearanceContainer, UIDynamicItem, UITraitEnvironment, UICoordinateSpace, UIFocusItem, UIFocusItemContainer, CALayerDelegate>
^
/Users/admin/builder/spi-builder-workspace/Sources/SideMenu/UIViewController+Container.swift:31:35: error: 'UIViewController' is unavailable in watchOS
func unload(_ viewController: UIViewController?) {
^~~~~~~~~~~~~~~~
/Applications/Xcode-26.3.0.app/Contents/Developer/Platforms/WatchOS.platform/Developer/SDKs/WatchOS26.2.sdk/System/Library/Frameworks/UIKit.framework/Headers/UIViewController.h:102:12: note: 'UIViewController' has been explicitly marked unavailable here
@interface UIViewController : UIResponder <NSCoding, UIAppearanceContainer, UITraitEnvironment, UIContentContainer, UIFocusEnvironment>
^
/Users/admin/builder/spi-builder-workspace/Sources/SideMenu/UIViewController+Container.swift:11:11: error: 'UIViewController' is unavailable in watchOS
extension UIViewController {
^~~~~~~~~~~~~~~~
/Applications/Xcode-26.3.0.app/Contents/Developer/Platforms/WatchOS.platform/Developer/SDKs/WatchOS26.2.sdk/System/Library/Frameworks/UIKit.framework/Headers/UIViewController.h:102:12: note: 'UIViewController' has been explicitly marked unavailable here
@interface UIViewController : UIResponder <NSCoding, UIAppearanceContainer, UITraitEnvironment, UIContentContainer, UIFocusEnvironment>
^
/Users/admin/builder/spi-builder-workspace/Sources/SideMenu/UIViewController+SideMenu.swift:19:66: error: 'UIViewController' is unavailable in watchOS
fileprivate func findSideMenuController(from viewController: UIViewController) -> SideMenuController? {
^~~~~~~~~~~~~~~~
/Applications/Xcode-26.3.0.app/Contents/Developer/Platforms/WatchOS.platform/Developer/SDKs/WatchOS26.2.sdk/System/Library/Frameworks/UIKit.framework/Headers/UIViewController.h:102:12: note: 'UIViewController' has been explicitly marked unavailable here
@interface UIViewController : UIResponder <NSCoding, UIAppearanceContainer, UITraitEnvironment, UIContentContainer, UIFocusEnvironment>
^
/Users/admin/builder/spi-builder-workspace/Sources/SideMenu/UIViewController+SideMenu.swift:12:18: error: 'UIViewController' is unavailable in watchOS
public extension UIViewController {
^~~~~~~~~~~~~~~~
/Applications/Xcode-26.3.0.app/Contents/Developer/Platforms/WatchOS.platform/Developer/SDKs/WatchOS26.2.sdk/System/Library/Frameworks/UIKit.framework/Headers/UIViewController.h:102:12: note: 'UIViewController' has been explicitly marked unavailable here
@interface UIViewController : UIResponder <NSCoding, UIAppearanceContainer, UITraitEnvironment, UIContentContainer, UIFocusEnvironment>
^
SwiftCompile normal arm64_32 Compiling\ BasicTransitionAnimator.swift /Users/admin/builder/spi-builder-workspace/Sources/SideMenu/BasicTransitionAnimator.swift (in target 'SideMenu' from project 'SideMenu')
SwiftCompile normal arm64_32 /Users/admin/builder/spi-builder-workspace/Sources/SideMenu/BasicTransitionAnimator.swift (in target 'SideMenu' from project 'SideMenu')
cd /Users/admin/builder/spi-builder-workspace/.swiftpm/xcode
SwiftCompile normal arm64_32 Compiling\ Preferences.swift /Users/admin/builder/spi-builder-workspace/Sources/SideMenu/Preferences.swift (in target 'SideMenu' from project 'SideMenu')
SwiftCompile normal arm64_32 /Users/admin/builder/spi-builder-workspace/Sources/SideMenu/Preferences.swift (in target 'SideMenu' from project 'SideMenu')
cd /Users/admin/builder/spi-builder-workspace/.swiftpm/xcode
SwiftCompile normal arm64_32 Compiling\ StatusBar.swift /Users/admin/builder/spi-builder-workspace/Sources/SideMenu/StatusBar.swift (in target 'SideMenu' from project 'SideMenu')
SwiftCompile normal arm64_32 /Users/admin/builder/spi-builder-workspace/Sources/SideMenu/StatusBar.swift (in target 'SideMenu' from project 'SideMenu')
cd /Users/admin/builder/spi-builder-workspace/.swiftpm/xcode
SwiftCompile normal arm64_32 Compiling\ TransitionContext.swift /Users/admin/builder/spi-builder-workspace/Sources/SideMenu/TransitionContext.swift (in target 'SideMenu' from project 'SideMenu')
SwiftCompile normal arm64_32 /Users/admin/builder/spi-builder-workspace/Sources/SideMenu/TransitionContext.swift (in target 'SideMenu' from project 'SideMenu')
cd /Users/admin/builder/spi-builder-workspace/.swiftpm/xcode
SwiftCompile normal arm64_32 Compiling\ UIView+Container.swift /Users/admin/builder/spi-builder-workspace/Sources/SideMenu/UIView+Container.swift (in target 'SideMenu' from project 'SideMenu')
SwiftCompile normal arm64_32 /Users/admin/builder/spi-builder-workspace/Sources/SideMenu/UIView+Container.swift (in target 'SideMenu' from project 'SideMenu')
cd /Users/admin/builder/spi-builder-workspace/.swiftpm/xcode
SwiftCompile normal arm64_32 Compiling\ Delegate.swift /Users/admin/builder/spi-builder-workspace/Sources/SideMenu/Delegate.swift (in target 'SideMenu' from project 'SideMenu')
SwiftCompile normal arm64_32 /Users/admin/builder/spi-builder-workspace/Sources/SideMenu/Delegate.swift (in target 'SideMenu' from project 'SideMenu')
cd /Users/admin/builder/spi-builder-workspace/.swiftpm/xcode
SwiftCompile normal arm64_32 Compiling\ UIViewController+SideMenu.swift /Users/admin/builder/spi-builder-workspace/Sources/SideMenu/UIViewController+SideMenu.swift (in target 'SideMenu' from project 'SideMenu')
SwiftCompile normal arm64_32 /Users/admin/builder/spi-builder-workspace/Sources/SideMenu/UIViewController+SideMenu.swift (in target 'SideMenu' from project 'SideMenu')
cd /Users/admin/builder/spi-builder-workspace/.swiftpm/xcode
SwiftCompile normal arm64_32 Compiling\ UIViewController+Container.swift /Users/admin/builder/spi-builder-workspace/Sources/SideMenu/UIViewController+Container.swift (in target 'SideMenu' from project 'SideMenu')
SwiftCompile normal arm64_32 /Users/admin/builder/spi-builder-workspace/Sources/SideMenu/UIViewController+Container.swift (in target 'SideMenu' from project 'SideMenu')
cd /Users/admin/builder/spi-builder-workspace/.swiftpm/xcode
2026-10-11 20:46:33.019 xcodebuild[1308:7790] [MT] IDERunDestination: Supported platforms for the buildables in the current scheme is empty.
** BUILD FAILED **
The following build commands failed:
SwiftEmitModule normal arm64_32 Emitting\ module\ for\ SideMenu (in target 'SideMenu' from project 'SideMenu')
EmitSwiftModule normal arm64_32 (in target 'SideMenu' from project 'SideMenu')
Building workspace spi-builder-workspace with scheme SideMenu
(3 failures)
BUILD FAILURE 6.2 watchOS