Build Information
Failed to build TNGradientPickerSlider, reference main (14815b), with Swift 6.4 for visionOS using Xcode 27.0 on 19 Sep 2026 16:04:36 UTC.
Build Command
env DEVELOPER_DIR=/Applications/Xcode-27.0.0-Release.Candidate.app xcrun xcodebuild -IDEClonedSourcePackagesDirPathOverride=$PWD/.dependencies -skipMacroValidation -skipPackagePluginValidation -derivedDataPath $PWD/.derivedData build -scheme TNGradientPickerSlider -destination generic/platform=xrOSBuild Log
========================================
RunAll
========================================
Builder version: 5.1.0
Interrupt handler set up.
========================================
Checkout
========================================
Clone URL: https://github.com/frederik-jacques/TNGradientPickerSlider.git
Reference: main
Initialized empty Git repository in /Users/admin/builder/spi-builder-workspace/.git/
From https://github.com/frederik-jacques/TNGradientPickerSlider
* branch main -> FETCH_HEAD
* [new branch] main -> origin/main
HEAD is now at 14815b4 Merge pull request #4 from frederik-jacques/develop
Cloned https://github.com/frederik-jacques/TNGradientPickerSlider.git
Revision (git rev-parse @):
14815b4b1ed492e1ef604d97bdcbdfb7c36f3ef0
SUCCESS checkout https://github.com/frederik-jacques/TNGradientPickerSlider.git at main
========================================
Build
========================================
Selected platform: visionOS
Swift version: 6.4
Building package at path: $PWD
https://github.com/frederik-jacques/TNGradientPickerSlider.git
Command line invocation:
/Applications/Xcode-27.0.0-Release.Candidate.app/Contents/Developer/usr/bin/xcodebuild -IDEClonedSourcePackagesDirPathOverride=/Users/admin/builder/spi-builder-workspace/.dependencies -resolvePackageDependencies
Resolve Package Graph
Resolve Package Graph
Resolved source packages:
TNGradientPickerSlider: /Users/admin/builder/spi-builder-workspace
resolved source packages: TNGradientPickerSlider
2026-09-19 12:03:46.256 xcodebuild[529:3036] [MT] IDERunDestination: Supported platforms for the buildables in the current scheme is empty.
{
"dependencies" : [
],
"manifest_display_name" : "TNGradientPickerSlider",
"name" : "TNGradientPickerSlider",
"path" : "/Users/admin/builder/spi-builder-workspace",
"platforms" : [
{
"name" : "macos",
"version" : "11.0"
}
],
"products" : [
{
"name" : "TNGradientPickerSlider",
"targets" : [
"TNGradientPickerSlider"
],
"type" : {
"library" : [
"automatic"
]
}
}
],
"swift_languages_versions" : [
"5"
],
"targets" : [
{
"c99name" : "TNGradientPickerSliderTests",
"module_type" : "SwiftTarget",
"name" : "TNGradientPickerSliderTests",
"path" : "Tests/TNGradientPickerSliderTests",
"sources" : [
"TNGradientPickerSliderTests.swift"
],
"target_dependencies" : [
"TNGradientPickerSlider"
],
"type" : "test"
},
{
"c99name" : "TNGradientPickerSlider",
"module_type" : "SwiftTarget",
"name" : "TNGradientPickerSlider",
"path" : "Sources/TNGradientPickerSlider",
"product_memberships" : [
"TNGradientPickerSlider"
],
"resources" : [
{
"path" : "/Users/admin/builder/spi-builder-workspace/Sources/TNGradientPickerSlider/Color Picker View Controller/TNColorPickerViewController.xib",
"rule" : {
"process" : {
}
}
},
{
"path" : "/Users/admin/builder/spi-builder-workspace/Sources/TNGradientPickerSlider/Media.xcassets",
"rule" : {
"process" : {
}
}
}
],
"sources" : [
"Color Picker View Controller/Color Information/TNColorInformationView.swift",
"Color Picker View Controller/Color Information/TNHexNumberTextField.swift",
"Color Picker View Controller/Color Information/TNInlineNumberTextField.swift",
"Color Picker View Controller/Color Information/TNScrollableValueLabel.swift",
"Color Picker View Controller/Color Preview Circle/TNColorPreviewCircleView.swift",
"Color Picker View Controller/Hue Slider/TNHueSliderView.swift",
"Color Picker View Controller/Reusable Views/TNSliderHandleView.swift",
"Color Picker View Controller/Saturation Brightness/TNSaturationBrightnessView.swift",
"Color Picker View Controller/TNColorPickerViewController.swift",
"Color Picker View Controller/Transparancy Slider/TNTransparancySliderView.swift",
"Extensions/CAMediaTimingFunctions/CAMediaTimingFunction+Easings.swift",
"Extensions/CGFloat/CGFloat+Clamp.swift",
"Extensions/NSBezierPath/NSBezierPath+CGPath.swift",
"Extensions/NSColor/NSColor+Hex.swift",
"Extensions/NSColor/NSColor+RGBA.swift",
"Extensions/NSColor/NSColor+Random.swift",
"Extensions/NSView/NSView+BackgroundColor.swift",
"Formatters/TNOnlyNumbersFormatter.swift",
"Gradient Slider View Controller/Configuration/TNGradientPickerSliderConfiguration.swift",
"Gradient Slider View Controller/TNGradientPickerSliderViewController.swift",
"Gradient Slider View Controller/TNGradientSliderView.swift",
"Gradient Slider View Controller/TNTrackHandleView.swift",
"Models/Colors/HSB.swift",
"Models/Colors/RGB.swift",
"Models/Colors/RGBA.swift",
"Models/TNGradientColor.swift"
],
"type" : "library"
}
],
"tools_version" : "5.4"
}
{
"workspace" : {
"name" : "TNGradientPickerSlider",
"schemes" : [
"TNGradientPickerSlider"
]
}
}
2026-09-19 12:04:27.514 xcodebuild[649:4160] [MT] IDERunDestination: Supported platforms for the buildables in the current scheme is empty.
Running build ...
env DEVELOPER_DIR=/Applications/Xcode-27.0.0-Release.Candidate.app xcrun xcodebuild -IDEClonedSourcePackagesDirPathOverride=$PWD/.dependencies -skipMacroValidation -skipPackagePluginValidation -derivedDataPath $PWD/.derivedData build -scheme TNGradientPickerSlider -destination generic/platform=xrOS
Command line invocation:
/Applications/Xcode-27.0.0-Release.Candidate.app/Contents/Developer/usr/bin/xcodebuild -IDEClonedSourcePackagesDirPathOverride=/Users/admin/builder/spi-builder-workspace/.dependencies -skipMacroValidation -skipPackagePluginValidation -derivedDataPath /Users/admin/builder/spi-builder-workspace/.derivedData build -scheme TNGradientPickerSlider -destination generic/platform=xrOS
Resolve Package Graph
Resolved source packages:
TNGradientPickerSlider: /Users/admin/builder/spi-builder-workspace
ComputePackagePrebuildTargetDependencyGraph
Prepare packages
CreateBuildRequest
SendProjectDescription
CreateBuildOperation
ComputeTargetDependencyGraph
note: Building targets in dependency order
note: Target dependency graph (3 targets)
Target 'TNGradientPickerSlider-product' in project 'TNGradientPickerSlider'
➜ Explicit dependency on target 'TNGradientPickerSlider' in project 'TNGradientPickerSlider'
➜ Explicit dependency on target 'TNGradientPickerSlider_TNGradientPickerSlider' in project 'TNGradientPickerSlider'
Target 'TNGradientPickerSlider' in project 'TNGradientPickerSlider'
➜ Explicit dependency on target 'TNGradientPickerSlider_TNGradientPickerSlider' in project 'TNGradientPickerSlider'
Target 'TNGradientPickerSlider_TNGradientPickerSlider' in project 'TNGradientPickerSlider' (no dependencies)
GatherProvisioningInputs
CreateBuildDescription
ExecuteExternalTool /Applications/Xcode-27.0.0-Release.Candidate.app/Contents/Developer/Toolchains/XcodeDefault.xctoolchain/usr/bin/clang -v -E -dM -isysroot /Applications/Xcode-27.0.0-Release.Candidate.app/Contents/Developer/Platforms/XROS.platform/Developer/SDKs/XROS27.0.sdk -x c -c /dev/null
ExecuteExternalTool /Applications/Xcode-27.0.0-Release.Candidate.app/Contents/Developer/usr/bin/ibtool --version --output-format xml1
ExecuteExternalTool /Applications/Xcode-27.0.0-Release.Candidate.app/Contents/Developer/usr/bin/actool --version --output-format xml1
ExecuteExternalTool /Applications/Xcode-27.0.0-Release.Candidate.app/Contents/Developer/Toolchains/XcodeDefault.xctoolchain/usr/bin/swiftc --version
ExecuteExternalTool /Applications/Xcode-27.0.0-Release.Candidate.app/Contents/Developer/Toolchains/XcodeDefault.xctoolchain/usr/bin/ld -version_details
Build description signature: 77fdf5690059280499d7b512f76b41bf
Build description path: /Users/admin/builder/spi-builder-workspace/.derivedData/Build/Intermediates.noindex/XCBuildData/77fdf5690059280499d7b512f76b41bf.xcbuilddata
CreateBuildDirectory /Users/admin/builder/spi-builder-workspace/.derivedData/SDKExplicitPrecompiledModules
cd /Users/admin/builder/spi-builder-workspace/.swiftpm/xcode
builtin-create-build-directory /Users/admin/builder/spi-builder-workspace/.derivedData/SDKExplicitPrecompiledModules
CreateBuildDirectory /Users/admin/builder/spi-builder-workspace/.derivedData/ModuleCache.noindex
cd /Users/admin/builder/spi-builder-workspace/.swiftpm/xcode
builtin-create-build-directory /Users/admin/builder/spi-builder-workspace/.derivedData/ModuleCache.noindex
CreateBuildDirectory /Users/admin/builder/spi-builder-workspace/.derivedData/CompilationCache.noindex
cd /Users/admin/builder/spi-builder-workspace/.swiftpm/xcode
builtin-create-build-directory /Users/admin/builder/spi-builder-workspace/.derivedData/CompilationCache.noindex
CreateBuildDirectory /Users/admin/builder/spi-builder-workspace/.derivedData/Build/Intermediates.noindex
cd /Users/admin/builder/spi-builder-workspace/.swiftpm/xcode
builtin-create-build-directory /Users/admin/builder/spi-builder-workspace/.derivedData/Build/Intermediates.noindex
CreateBuildDirectory /Users/admin/builder/spi-builder-workspace/.derivedData/Build/Products
cd /Users/admin/builder/spi-builder-workspace/.swiftpm/xcode
builtin-create-build-directory /Users/admin/builder/spi-builder-workspace/.derivedData/Build/Products
ClangStatCache /Applications/Xcode-27.0.0-Release.Candidate.app/Contents/Developer/Toolchains/XcodeDefault.xctoolchain/usr/bin/clang-stat-cache /Applications/Xcode-27.0.0-Release.Candidate.app/Contents/Developer/Platforms/XROS.platform/Developer/SDKs/XROS27.0.sdk /Users/admin/builder/spi-builder-workspace/.derivedData/SDKStatCaches.noindex/xros27.0-24M361-e829b21a6f8c9b70876ba0858053c044735bd543db762f57723cac368afd1ce4.sdkstatcache
cd /Users/admin/builder/spi-builder-workspace/.swiftpm/xcode
/Applications/Xcode-27.0.0-Release.Candidate.app/Contents/Developer/Toolchains/XcodeDefault.xctoolchain/usr/bin/clang-stat-cache /Applications/Xcode-27.0.0-Release.Candidate.app/Contents/Developer/Platforms/XROS.platform/Developer/SDKs/XROS27.0.sdk -o /Users/admin/builder/spi-builder-workspace/.derivedData/SDKStatCaches.noindex/xros27.0-24M361-e829b21a6f8c9b70876ba0858053c044735bd543db762f57723cac368afd1ce4.sdkstatcache
CreateBuildDirectory /Users/admin/builder/spi-builder-workspace/.derivedData/Build/Intermediates.noindex/PrecompiledHeaders
cd /Users/admin/builder/spi-builder-workspace/.swiftpm/xcode
builtin-create-build-directory /Users/admin/builder/spi-builder-workspace/.derivedData/Build/Intermediates.noindex/PrecompiledHeaders
CreateBuildDirectory /Users/admin/builder/spi-builder-workspace/.derivedData/Build/Intermediates.noindex/SwiftExplicitPrecompiledModules
cd /Users/admin/builder/spi-builder-workspace/.swiftpm/xcode
builtin-create-build-directory /Users/admin/builder/spi-builder-workspace/.derivedData/Build/Intermediates.noindex/SwiftExplicitPrecompiledModules
CreateBuildDirectory /Users/admin/builder/spi-builder-workspace/.derivedData/Build/Intermediates.noindex/ExplicitPrecompiledModules
cd /Users/admin/builder/spi-builder-workspace/.swiftpm/xcode
builtin-create-build-directory /Users/admin/builder/spi-builder-workspace/.derivedData/Build/Intermediates.noindex/ExplicitPrecompiledModules
CreateBuildDirectory /Users/admin/builder/spi-builder-workspace/.derivedData/Build/Intermediates.noindex/EagerLinkingTBDs/Debug-xros
cd /Users/admin/builder/spi-builder-workspace/.swiftpm/xcode
builtin-create-build-directory /Users/admin/builder/spi-builder-workspace/.derivedData/Build/Intermediates.noindex/EagerLinkingTBDs/Debug-xros
CreateBuildDirectory /Users/admin/builder/spi-builder-workspace/.derivedData/Build/Products/Debug-xros
cd /Users/admin/builder/spi-builder-workspace/.swiftpm/xcode
builtin-create-build-directory /Users/admin/builder/spi-builder-workspace/.derivedData/Build/Products/Debug-xros
CreateBuildDirectory /Users/admin/builder/spi-builder-workspace/.derivedData/Build/Products/Debug-xros/PackageFrameworks
cd /Users/admin/builder/spi-builder-workspace/.swiftpm/xcode
builtin-create-build-directory /Users/admin/builder/spi-builder-workspace/.derivedData/Build/Products/Debug-xros/PackageFrameworks
MkDir /Users/admin/builder/spi-builder-workspace/.derivedData/Build/Products/Debug-xros/TNGradientPickerSlider_TNGradientPickerSlider.bundle (in target 'TNGradientPickerSlider_TNGradientPickerSlider' from project 'TNGradientPickerSlider')
cd /Users/admin/builder/spi-builder-workspace
/bin/mkdir -p /Users/admin/builder/spi-builder-workspace/.derivedData/Build/Products/Debug-xros/TNGradientPickerSlider_TNGradientPickerSlider.bundle
WriteAuxiliaryFile /Users/admin/builder/spi-builder-workspace/.derivedData/Build/Intermediates.noindex/TNGradientPickerSlider.build/Debug-xros/TNGradientPickerSlider_TNGradientPickerSlider-b.build/TNGradientPickerSlider_TNGradientPickerSlider.DependencyStaticMetadataFileList (in target 'TNGradientPickerSlider_TNGradientPickerSlider' from project 'TNGradientPickerSlider')
cd /Users/admin/builder/spi-builder-workspace
write-file /Users/admin/builder/spi-builder-workspace/.derivedData/Build/Intermediates.noindex/TNGradientPickerSlider.build/Debug-xros/TNGradientPickerSlider_TNGradientPickerSlider-b.build/TNGradientPickerSlider_TNGradientPickerSlider.DependencyStaticMetadataFileList
WriteAuxiliaryFile /Users/admin/builder/spi-builder-workspace/.derivedData/Build/Intermediates.noindex/TNGradientPickerSlider.build/Debug-xros/TNGradientPickerSlider_TNGradientPickerSlider-b.build/empty-TNGradientPickerSlider_TNGradientPickerSlider.plist (in target 'TNGradientPickerSlider_TNGradientPickerSlider' from project 'TNGradientPickerSlider')
cd /Users/admin/builder/spi-builder-workspace
write-file /Users/admin/builder/spi-builder-workspace/.derivedData/Build/Intermediates.noindex/TNGradientPickerSlider.build/Debug-xros/TNGradientPickerSlider_TNGradientPickerSlider-b.build/empty-TNGradientPickerSlider_TNGradientPickerSlider.plist
WriteAuxiliaryFile /Users/admin/builder/spi-builder-workspace/.derivedData/Build/Intermediates.noindex/TNGradientPickerSlider.build/Debug-xros/TNGradientPickerSlider_TNGradientPickerSlider-b.build/TNGradientPickerSlider_TNGradientPickerSlider.DependencyMetadataFileList (in target 'TNGradientPickerSlider_TNGradientPickerSlider' from project 'TNGradientPickerSlider')
cd /Users/admin/builder/spi-builder-workspace
write-file /Users/admin/builder/spi-builder-workspace/.derivedData/Build/Intermediates.noindex/TNGradientPickerSlider.build/Debug-xros/TNGradientPickerSlider_TNGradientPickerSlider-b.build/TNGradientPickerSlider_TNGradientPickerSlider.DependencyMetadataFileList
WriteAuxiliaryFile /Users/admin/builder/spi-builder-workspace/.derivedData/Build/Intermediates.noindex/TNGradientPickerSlider.build/Debug-xros/TNGradientPickerSlider-t.build/TNGradientPickerSlider.DependencyStaticMetadataFileList (in target 'TNGradientPickerSlider' from project 'TNGradientPickerSlider')
cd /Users/admin/builder/spi-builder-workspace
write-file /Users/admin/builder/spi-builder-workspace/.derivedData/Build/Intermediates.noindex/TNGradientPickerSlider.build/Debug-xros/TNGradientPickerSlider-t.build/TNGradientPickerSlider.DependencyStaticMetadataFileList
WriteAuxiliaryFile /Users/admin/builder/spi-builder-workspace/.derivedData/Build/Intermediates.noindex/TNGradientPickerSlider.build/Debug-xros/TNGradientPickerSlider-t.build/TNGradientPickerSlider.modulemap (in target 'TNGradientPickerSlider' from project 'TNGradientPickerSlider')
cd /Users/admin/builder/spi-builder-workspace
write-file /Users/admin/builder/spi-builder-workspace/.derivedData/Build/Intermediates.noindex/TNGradientPickerSlider.build/Debug-xros/TNGradientPickerSlider-t.build/TNGradientPickerSlider.modulemap
WriteAuxiliaryFile /Users/admin/builder/spi-builder-workspace/.derivedData/Build/Intermediates.noindex/TNGradientPickerSlider.build/Debug-xros/TNGradientPickerSlider-t.build/TNGradientPickerSlider.DependencyMetadataFileList (in target 'TNGradientPickerSlider' from project 'TNGradientPickerSlider')
cd /Users/admin/builder/spi-builder-workspace
write-file /Users/admin/builder/spi-builder-workspace/.derivedData/Build/Intermediates.noindex/TNGradientPickerSlider.build/Debug-xros/TNGradientPickerSlider-t.build/TNGradientPickerSlider.DependencyMetadataFileList
WriteAuxiliaryFile /Users/admin/builder/spi-builder-workspace/.derivedData/Build/Intermediates.noindex/TNGradientPickerSlider.build/Debug-xros/TNGradientPickerSlider-t.build/Objects-normal/arm64/TNGradientPickerSlider.SwiftConstValuesFileList (in target 'TNGradientPickerSlider' from project 'TNGradientPickerSlider')
cd /Users/admin/builder/spi-builder-workspace
write-file /Users/admin/builder/spi-builder-workspace/.derivedData/Build/Intermediates.noindex/TNGradientPickerSlider.build/Debug-xros/TNGradientPickerSlider-t.build/Objects-normal/arm64/TNGradientPickerSlider.SwiftConstValuesFileList
WriteAuxiliaryFile /Users/admin/builder/spi-builder-workspace/.derivedData/Build/Intermediates.noindex/TNGradientPickerSlider.build/Debug-xros/TNGradientPickerSlider-t.build/Objects-normal/arm64/TNGradientPickerSlider.SwiftFileList (in target 'TNGradientPickerSlider' from project 'TNGradientPickerSlider')
cd /Users/admin/builder/spi-builder-workspace
write-file /Users/admin/builder/spi-builder-workspace/.derivedData/Build/Intermediates.noindex/TNGradientPickerSlider.build/Debug-xros/TNGradientPickerSlider-t.build/Objects-normal/arm64/TNGradientPickerSlider.SwiftFileList
WriteAuxiliaryFile /Users/admin/builder/spi-builder-workspace/.derivedData/Build/Intermediates.noindex/TNGradientPickerSlider.build/Debug-xros/TNGradientPickerSlider-t.build/Objects-normal/arm64/TNGradientPickerSlider_const_extract_protocols.json (in target 'TNGradientPickerSlider' from project 'TNGradientPickerSlider')
cd /Users/admin/builder/spi-builder-workspace
write-file /Users/admin/builder/spi-builder-workspace/.derivedData/Build/Intermediates.noindex/TNGradientPickerSlider.build/Debug-xros/TNGradientPickerSlider-t.build/Objects-normal/arm64/TNGradientPickerSlider_const_extract_protocols.json
WriteAuxiliaryFile /Users/admin/builder/spi-builder-workspace/.derivedData/Build/Intermediates.noindex/TNGradientPickerSlider.build/Debug-xros/TNGradientPickerSlider-t.build/Objects-normal/arm64/TNGradientPickerSlider.LinkFileList (in target 'TNGradientPickerSlider' from project 'TNGradientPickerSlider')
cd /Users/admin/builder/spi-builder-workspace
write-file /Users/admin/builder/spi-builder-workspace/.derivedData/Build/Intermediates.noindex/TNGradientPickerSlider.build/Debug-xros/TNGradientPickerSlider-t.build/Objects-normal/arm64/TNGradientPickerSlider.LinkFileList
WriteAuxiliaryFile /Users/admin/builder/spi-builder-workspace/.derivedData/Build/Intermediates.noindex/TNGradientPickerSlider.build/Debug-xros/TNGradientPickerSlider-t.build/Objects-normal/arm64/TNGradientPickerSlider-OutputFileMap.json (in target 'TNGradientPickerSlider' from project 'TNGradientPickerSlider')
cd /Users/admin/builder/spi-builder-workspace
write-file /Users/admin/builder/spi-builder-workspace/.derivedData/Build/Intermediates.noindex/TNGradientPickerSlider.build/Debug-xros/TNGradientPickerSlider-t.build/Objects-normal/arm64/TNGradientPickerSlider-OutputFileMap.json
WriteAuxiliaryFile /Users/admin/builder/spi-builder-workspace/.derivedData/Build/Intermediates.noindex/TNGradientPickerSlider.build/Debug-xros/TNGradientPickerSlider-t.build/DerivedSources/resource_bundle_accessor.swift (in target 'TNGradientPickerSlider' from project 'TNGradientPickerSlider')
cd /Users/admin/builder/spi-builder-workspace
write-file /Users/admin/builder/spi-builder-workspace/.derivedData/Build/Intermediates.noindex/TNGradientPickerSlider.build/Debug-xros/TNGradientPickerSlider-t.build/DerivedSources/resource_bundle_accessor.swift
Copy /Users/admin/builder/spi-builder-workspace/.derivedData/Build/Intermediates.noindex/GeneratedModuleMaps-xros/TNGradientPickerSlider.modulemap /Users/admin/builder/spi-builder-workspace/.derivedData/Build/Intermediates.noindex/TNGradientPickerSlider.build/Debug-xros/TNGradientPickerSlider-t.build/TNGradientPickerSlider.modulemap (in target 'TNGradientPickerSlider' from project 'TNGradientPickerSlider')
cd /Users/admin/builder/spi-builder-workspace
builtin-copy -exclude .DS_Store -exclude CVS -exclude .svn -exclude .git -exclude .hg -resolve-src-symlinks /Users/admin/builder/spi-builder-workspace/.derivedData/Build/Intermediates.noindex/TNGradientPickerSlider.build/Debug-xros/TNGradientPickerSlider-t.build/TNGradientPickerSlider.modulemap /Users/admin/builder/spi-builder-workspace/.derivedData/Build/Intermediates.noindex/GeneratedModuleMaps-xros
MkDir /Users/admin/builder/spi-builder-workspace/.derivedData/Build/Intermediates.noindex/TNGradientPickerSlider.build/Debug-xros/TNGradientPickerSlider_TNGradientPickerSlider-b.build/assetcatalog_output/thinned (in target 'TNGradientPickerSlider_TNGradientPickerSlider' from project 'TNGradientPickerSlider')
cd /Users/admin/builder/spi-builder-workspace
/bin/mkdir -p /Users/admin/builder/spi-builder-workspace/.derivedData/Build/Intermediates.noindex/TNGradientPickerSlider.build/Debug-xros/TNGradientPickerSlider_TNGradientPickerSlider-b.build/assetcatalog_output/thinned
MkDir /Users/admin/builder/spi-builder-workspace/.derivedData/Build/Intermediates.noindex/TNGradientPickerSlider.build/Debug-xros/TNGradientPickerSlider_TNGradientPickerSlider-b.build/assetcatalog_output/unthinned (in target 'TNGradientPickerSlider_TNGradientPickerSlider' from project 'TNGradientPickerSlider')
cd /Users/admin/builder/spi-builder-workspace
/bin/mkdir -p /Users/admin/builder/spi-builder-workspace/.derivedData/Build/Intermediates.noindex/TNGradientPickerSlider.build/Debug-xros/TNGradientPickerSlider_TNGradientPickerSlider-b.build/assetcatalog_output/unthinned
CompileXIB /Users/admin/builder/spi-builder-workspace/Sources/TNGradientPickerSlider/Color\ Picker\ View\ Controller/TNColorPickerViewController.xib (in target 'TNGradientPickerSlider_TNGradientPickerSlider' from project 'TNGradientPickerSlider')
cd /Users/admin/builder/spi-builder-workspace
/Applications/Xcode-27.0.0-Release.Candidate.app/Contents/Developer/usr/bin/ibtool --errors --warnings --notices --platform xros --module TNGradientPickerSlider_TNGradientPickerSlider --output-partial-info-plist /Users/admin/builder/spi-builder-workspace/.derivedData/Build/Intermediates.noindex/TNGradientPickerSlider.build/Debug-xros/TNGradientPickerSlider_TNGradientPickerSlider-b.build/TNColorPickerViewController-PartialInfo.plist --auto-activate-custom-fonts --target-device vision --minimum-deployment-target 1.0 --output-format human-readable-text --compile /Users/admin/builder/spi-builder-workspace/.derivedData/Build/Products/Debug-xros/TNGradientPickerSlider_TNGradientPickerSlider.bundle/TNColorPickerViewController.nib /Users/admin/builder/spi-builder-workspace/Sources/TNGradientPickerSlider/Color\ Picker\ View\ Controller/TNColorPickerViewController.xib
/* com.apple.ibtool.errors */
/Users/admin/builder/spi-builder-workspace/Sources/TNGradientPickerSlider/Color Picker View Controller/TNColorPickerViewController.xib: error: Target runtime <IBCocoaTargetRuntime: 0x76a35f8e0> cannot provide an alternate for platform family visionOS
GenerateAssetSymbols /Users/admin/builder/spi-builder-workspace/Sources/TNGradientPickerSlider/Media.xcassets (in target 'TNGradientPickerSlider' from project 'TNGradientPickerSlider')
cd /Users/admin/builder/spi-builder-workspace
/Applications/Xcode-27.0.0-Release.Candidate.app/Contents/Developer/usr/bin/actool /Users/admin/builder/spi-builder-workspace/Sources/TNGradientPickerSlider/Media.xcassets --compile /Users/admin/builder/spi-builder-workspace/.derivedData/Build/Products/Debug-xros --output-format human-readable-text --notices --warnings --export-dependency-info /Users/admin/builder/spi-builder-workspace/.derivedData/Build/Intermediates.noindex/TNGradientPickerSlider.build/Debug-xros/TNGradientPickerSlider-t.build/assetcatalog_dependencies --output-partial-info-plist /Users/admin/builder/spi-builder-workspace/.derivedData/Build/Intermediates.noindex/TNGradientPickerSlider.build/Debug-xros/TNGradientPickerSlider-t.build/assetcatalog_generated_info.plist --compress-pngs --enable-on-demand-resources NO --development-region en --target-device vision --minimum-deployment-target 1.0 --platform xros --bundle-identifier spi-builder-workspace.TNGradientPickerSlider --generate-swift-asset-symbol-extensions NO --generate-swift-asset-symbols /Users/admin/builder/spi-builder-workspace/.derivedData/Build/Intermediates.noindex/TNGradientPickerSlider.build/Debug-xros/TNGradientPickerSlider-t.build/DerivedSources/GeneratedAssetSymbols.swift --generate-objc-asset-symbols /Users/admin/builder/spi-builder-workspace/.derivedData/Build/Intermediates.noindex/TNGradientPickerSlider.build/Debug-xros/TNGradientPickerSlider-t.build/DerivedSources/GeneratedAssetSymbols.h --generate-asset-symbol-index /Users/admin/builder/spi-builder-workspace/.derivedData/Build/Intermediates.noindex/TNGradientPickerSlider.build/Debug-xros/TNGradientPickerSlider-t.build/DerivedSources/GeneratedAssetSymbols-Index.plist
/* com.apple.actool.compilation-results */
/Users/admin/builder/spi-builder-workspace/.derivedData/Build/Intermediates.noindex/TNGradientPickerSlider.build/Debug-xros/TNGradientPickerSlider-t.build/DerivedSources/GeneratedAssetSymbols-Index.plist
/Users/admin/builder/spi-builder-workspace/.derivedData/Build/Intermediates.noindex/TNGradientPickerSlider.build/Debug-xros/TNGradientPickerSlider-t.build/DerivedSources/GeneratedAssetSymbols.h
/Users/admin/builder/spi-builder-workspace/.derivedData/Build/Intermediates.noindex/TNGradientPickerSlider.build/Debug-xros/TNGradientPickerSlider-t.build/DerivedSources/GeneratedAssetSymbols.swift
CompileAssetCatalogVariant thinned /Users/admin/builder/spi-builder-workspace/.derivedData/Build/Products/Debug-xros/TNGradientPickerSlider_TNGradientPickerSlider.bundle /Users/admin/builder/spi-builder-workspace/Sources/TNGradientPickerSlider/Media.xcassets (in target 'TNGradientPickerSlider_TNGradientPickerSlider' from project 'TNGradientPickerSlider')
cd /Users/admin/builder/spi-builder-workspace
/Applications/Xcode-27.0.0-Release.Candidate.app/Contents/Developer/usr/bin/actool /Users/admin/builder/spi-builder-workspace/Sources/TNGradientPickerSlider/Media.xcassets --compile /Users/admin/builder/spi-builder-workspace/.derivedData/Build/Intermediates.noindex/TNGradientPickerSlider.build/Debug-xros/TNGradientPickerSlider_TNGradientPickerSlider-b.build/assetcatalog_output/thinned --output-format human-readable-text --notices --warnings --export-dependency-info /Users/admin/builder/spi-builder-workspace/.derivedData/Build/Intermediates.noindex/TNGradientPickerSlider.build/Debug-xros/TNGradientPickerSlider_TNGradientPickerSlider-b.build/assetcatalog_dependencies_thinned --output-partial-info-plist /Users/admin/builder/spi-builder-workspace/.derivedData/Build/Intermediates.noindex/TNGradientPickerSlider.build/Debug-xros/TNGradientPickerSlider_TNGradientPickerSlider-b.build/assetcatalog_generated_info.plist_thinned --compress-pngs --enable-on-demand-resources NO --development-region en --target-device vision --minimum-deployment-target 1.0 --platform xros
PruneExplicitPrecompiledModules /Users/admin/builder/spi-builder-workspace/.derivedData/Build/Intermediates.noindex/ExplicitPrecompiledModules
PruneExplicitPrecompiledModules /Users/admin/builder/spi-builder-workspace/.derivedData/Build/Intermediates.noindex/SwiftExplicitPrecompiledModules
PruneExplicitPrecompiledModules /Users/admin/builder/spi-builder-workspace/.derivedData/SDKExplicitPrecompiledModules
2026-09-19 12:04:28.988 xcodebuild[650:4201] [MT] IDERunDestination: Supported platforms for the buildables in the current scheme is empty.
** BUILD FAILED **
The following build commands failed:
CompileXIB /Users/admin/builder/spi-builder-workspace/Sources/TNGradientPickerSlider/Color\ Picker\ View\ Controller/TNColorPickerViewController.xib (in target 'TNGradientPickerSlider_TNGradientPickerSlider' from project 'TNGradientPickerSlider')
Building workspace TNGradientPickerSlider with scheme TNGradientPickerSlider
(2 failures)
Command line invocation:
/Applications/Xcode-27.0.0-Release.Candidate.app/Contents/Developer/usr/bin/xcodebuild -IDEClonedSourcePackagesDirPathOverride=/Users/admin/builder/spi-builder-workspace/.dependencies -resolvePackageDependencies
Resolve Package Graph
Resolved source packages:
TNGradientPickerSlider: /Users/admin/builder/spi-builder-workspace
resolved source packages: TNGradientPickerSlider
2026-09-19 12:04:32.932 xcodebuild[675:4387] [MT] IDERunDestination: Supported platforms for the buildables in the current scheme is empty.
{
"dependencies" : [
],
"manifest_display_name" : "TNGradientPickerSlider",
"name" : "TNGradientPickerSlider",
"path" : "/Users/admin/builder/spi-builder-workspace",
"platforms" : [
{
"name" : "macos",
"version" : "11.0"
}
],
"products" : [
{
"name" : "TNGradientPickerSlider",
"targets" : [
"TNGradientPickerSlider"
],
"type" : {
"library" : [
"automatic"
]
}
}
],
"swift_languages_versions" : [
"5"
],
"targets" : [
{
"c99name" : "TNGradientPickerSliderTests",
"module_type" : "SwiftTarget",
"name" : "TNGradientPickerSliderTests",
"path" : "Tests/TNGradientPickerSliderTests",
"sources" : [
"TNGradientPickerSliderTests.swift"
],
"target_dependencies" : [
"TNGradientPickerSlider"
],
"type" : "test"
},
{
"c99name" : "TNGradientPickerSlider",
"module_type" : "SwiftTarget",
"name" : "TNGradientPickerSlider",
"path" : "Sources/TNGradientPickerSlider",
"product_memberships" : [
"TNGradientPickerSlider"
],
"resources" : [
{
"path" : "/Users/admin/builder/spi-builder-workspace/Sources/TNGradientPickerSlider/Color Picker View Controller/TNColorPickerViewController.xib",
"rule" : {
"process" : {
}
}
},
{
"path" : "/Users/admin/builder/spi-builder-workspace/Sources/TNGradientPickerSlider/Media.xcassets",
"rule" : {
"process" : {
}
}
}
],
"sources" : [
"Color Picker View Controller/Color Information/TNColorInformationView.swift",
"Color Picker View Controller/Color Information/TNHexNumberTextField.swift",
"Color Picker View Controller/Color Information/TNInlineNumberTextField.swift",
"Color Picker View Controller/Color Information/TNScrollableValueLabel.swift",
"Color Picker View Controller/Color Preview Circle/TNColorPreviewCircleView.swift",
"Color Picker View Controller/Hue Slider/TNHueSliderView.swift",
"Color Picker View Controller/Reusable Views/TNSliderHandleView.swift",
"Color Picker View Controller/Saturation Brightness/TNSaturationBrightnessView.swift",
"Color Picker View Controller/TNColorPickerViewController.swift",
"Color Picker View Controller/Transparancy Slider/TNTransparancySliderView.swift",
"Extensions/CAMediaTimingFunctions/CAMediaTimingFunction+Easings.swift",
"Extensions/CGFloat/CGFloat+Clamp.swift",
"Extensions/NSBezierPath/NSBezierPath+CGPath.swift",
"Extensions/NSColor/NSColor+Hex.swift",
"Extensions/NSColor/NSColor+RGBA.swift",
"Extensions/NSColor/NSColor+Random.swift",
"Extensions/NSView/NSView+BackgroundColor.swift",
"Formatters/TNOnlyNumbersFormatter.swift",
"Gradient Slider View Controller/Configuration/TNGradientPickerSliderConfiguration.swift",
"Gradient Slider View Controller/TNGradientPickerSliderViewController.swift",
"Gradient Slider View Controller/TNGradientSliderView.swift",
"Gradient Slider View Controller/TNTrackHandleView.swift",
"Models/Colors/HSB.swift",
"Models/Colors/RGB.swift",
"Models/Colors/RGBA.swift",
"Models/TNGradientColor.swift"
],
"type" : "library"
}
],
"tools_version" : "5.4"
}
{
"workspace" : {
"name" : "TNGradientPickerSlider",
"schemes" : [
"TNGradientPickerSlider"
]
}
}
2026-09-19 12:04:34.269 xcodebuild[683:4455] [MT] IDERunDestination: Supported platforms for the buildables in the current scheme is empty.
Running build ...
env DEVELOPER_DIR=/Applications/Xcode-27.0.0-Release.Candidate.app xcrun xcodebuild -IDEClonedSourcePackagesDirPathOverride=$PWD/.dependencies -skipMacroValidation -skipPackagePluginValidation -derivedDataPath $PWD/.derivedData build -scheme TNGradientPickerSlider -destination generic/platform=xrOS
Command line invocation:
/Applications/Xcode-27.0.0-Release.Candidate.app/Contents/Developer/usr/bin/xcodebuild -IDEClonedSourcePackagesDirPathOverride=/Users/admin/builder/spi-builder-workspace/.dependencies -skipMacroValidation -skipPackagePluginValidation -derivedDataPath /Users/admin/builder/spi-builder-workspace/.derivedData build -scheme TNGradientPickerSlider -destination generic/platform=xrOS
Resolve Package Graph
Resolved source packages:
TNGradientPickerSlider: /Users/admin/builder/spi-builder-workspace
ComputePackagePrebuildTargetDependencyGraph
Prepare packages
CreateBuildRequest
SendProjectDescription
CreateBuildOperation
ComputeTargetDependencyGraph
note: Building targets in dependency order
note: Target dependency graph (3 targets)
Target 'TNGradientPickerSlider-product' in project 'TNGradientPickerSlider'
➜ Explicit dependency on target 'TNGradientPickerSlider' in project 'TNGradientPickerSlider'
➜ Explicit dependency on target 'TNGradientPickerSlider_TNGradientPickerSlider' in project 'TNGradientPickerSlider'
Target 'TNGradientPickerSlider' in project 'TNGradientPickerSlider'
➜ Explicit dependency on target 'TNGradientPickerSlider_TNGradientPickerSlider' in project 'TNGradientPickerSlider'
Target 'TNGradientPickerSlider_TNGradientPickerSlider' in project 'TNGradientPickerSlider' (no dependencies)
GatherProvisioningInputs
CreateBuildDescription
ClangStatCache /Applications/Xcode-27.0.0-Release.Candidate.app/Contents/Developer/Toolchains/XcodeDefault.xctoolchain/usr/bin/clang-stat-cache /Applications/Xcode-27.0.0-Release.Candidate.app/Contents/Developer/Platforms/XROS.platform/Developer/SDKs/XROS27.0.sdk /Users/admin/builder/spi-builder-workspace/.derivedData/SDKStatCaches.noindex/xros27.0-24M361-e829b21a6f8c9b70876ba0858053c044735bd543db762f57723cac368afd1ce4.sdkstatcache
cd /Users/admin/builder/spi-builder-workspace/.swiftpm/xcode
/Applications/Xcode-27.0.0-Release.Candidate.app/Contents/Developer/Toolchains/XcodeDefault.xctoolchain/usr/bin/clang-stat-cache /Applications/Xcode-27.0.0-Release.Candidate.app/Contents/Developer/Platforms/XROS.platform/Developer/SDKs/XROS27.0.sdk -o /Users/admin/builder/spi-builder-workspace/.derivedData/SDKStatCaches.noindex/xros27.0-24M361-e829b21a6f8c9b70876ba0858053c044735bd543db762f57723cac368afd1ce4.sdkstatcache
CompileXIB /Users/admin/builder/spi-builder-workspace/Sources/TNGradientPickerSlider/Color\ Picker\ View\ Controller/TNColorPickerViewController.xib (in target 'TNGradientPickerSlider_TNGradientPickerSlider' from project 'TNGradientPickerSlider')
cd /Users/admin/builder/spi-builder-workspace
/Applications/Xcode-27.0.0-Release.Candidate.app/Contents/Developer/usr/bin/ibtool --errors --warnings --notices --platform xros --module TNGradientPickerSlider_TNGradientPickerSlider --output-partial-info-plist /Users/admin/builder/spi-builder-workspace/.derivedData/Build/Intermediates.noindex/TNGradientPickerSlider.build/Debug-xros/TNGradientPickerSlider_TNGradientPickerSlider-b.build/TNColorPickerViewController-PartialInfo.plist --auto-activate-custom-fonts --target-device vision --minimum-deployment-target 1.0 --output-format human-readable-text --compile /Users/admin/builder/spi-builder-workspace/.derivedData/Build/Products/Debug-xros/TNGradientPickerSlider_TNGradientPickerSlider.bundle/TNColorPickerViewController.nib /Users/admin/builder/spi-builder-workspace/Sources/TNGradientPickerSlider/Color\ Picker\ View\ Controller/TNColorPickerViewController.xib
/* com.apple.ibtool.errors */
/Users/admin/builder/spi-builder-workspace/Sources/TNGradientPickerSlider/Color Picker View Controller/TNColorPickerViewController.xib: error: Target runtime <IBCocoaTargetRuntime: 0x7922031b0> cannot provide an alternate for platform family visionOS
CompileAssetCatalogVariant thinned /Users/admin/builder/spi-builder-workspace/.derivedData/Build/Products/Debug-xros/TNGradientPickerSlider_TNGradientPickerSlider.bundle /Users/admin/builder/spi-builder-workspace/Sources/TNGradientPickerSlider/Media.xcassets (in target 'TNGradientPickerSlider_TNGradientPickerSlider' from project 'TNGradientPickerSlider')
cd /Users/admin/builder/spi-builder-workspace
/Applications/Xcode-27.0.0-Release.Candidate.app/Contents/Developer/usr/bin/actool /Users/admin/builder/spi-builder-workspace/Sources/TNGradientPickerSlider/Media.xcassets --compile /Users/admin/builder/spi-builder-workspace/.derivedData/Build/Intermediates.noindex/TNGradientPickerSlider.build/Debug-xros/TNGradientPickerSlider_TNGradientPickerSlider-b.build/assetcatalog_output/thinned --output-format human-readable-text --notices --warnings --export-dependency-info /Users/admin/builder/spi-builder-workspace/.derivedData/Build/Intermediates.noindex/TNGradientPickerSlider.build/Debug-xros/TNGradientPickerSlider_TNGradientPickerSlider-b.build/assetcatalog_dependencies_thinned --output-partial-info-plist /Users/admin/builder/spi-builder-workspace/.derivedData/Build/Intermediates.noindex/TNGradientPickerSlider.build/Debug-xros/TNGradientPickerSlider_TNGradientPickerSlider-b.build/assetcatalog_generated_info.plist_thinned --compress-pngs --enable-on-demand-resources NO --development-region en --target-device vision --minimum-deployment-target 1.0 --platform xros
PruneExplicitPrecompiledModules /Users/admin/builder/spi-builder-workspace/.derivedData/SDKExplicitPrecompiledModules
PruneExplicitPrecompiledModules /Users/admin/builder/spi-builder-workspace/.derivedData/Build/Intermediates.noindex/SwiftExplicitPrecompiledModules
PruneExplicitPrecompiledModules /Users/admin/builder/spi-builder-workspace/.derivedData/Build/Intermediates.noindex/ExplicitPrecompiledModules
2026-09-19 12:04:35.351 xcodebuild[684:4481] [MT] IDERunDestination: Supported platforms for the buildables in the current scheme is empty.
** BUILD FAILED **
The following build commands failed:
CompileXIB /Users/admin/builder/spi-builder-workspace/Sources/TNGradientPickerSlider/Color\ Picker\ View\ Controller/TNColorPickerViewController.xib (in target 'TNGradientPickerSlider_TNGradientPickerSlider' from project 'TNGradientPickerSlider')
Building workspace TNGradientPickerSlider with scheme TNGradientPickerSlider
(2 failures)
BUILD FAILURE 6.4 visionOS