The Swift Package Index logo.Swift Package Index

Build Information

Failed to build HighlightSwift, reference v1.1.0 (784ca3), with Swift 6.4 for watchOS using Xcode 27.0 on 20 Sep 2026 21:47:45 UTC.

Build Command

env DEVELOPER_DIR=/Applications/Xcode-27.0.0-Release.Candidate.app xcrun xcodebuild -IDEClonedSourcePackagesDirPathOverride=$PWD/.dependencies -skipMacroValidation -skipPackagePluginValidation -derivedDataPath $PWD/.derivedData build -scheme HighlightSwift -destination generic/platform=watchOS

Build Log

========================================
RunAll
========================================
Builder version: 5.1.0
Interrupt handler set up.
========================================
Checkout
========================================
Clone URL: https://github.com/appstefan/HighlightSwift.git
Reference: v1.1.0
Initialized empty Git repository in /Users/admin/builder/spi-builder-workspace/.git/
From https://github.com/appstefan/HighlightSwift
 * tag               v1.1.0     -> FETCH_HEAD
HEAD is now at 784ca3c update README
Cloned https://github.com/appstefan/HighlightSwift.git
Revision (git rev-parse @):
784ca3ccfc8a2cf724fbb2f06cb6ec3329424da3
SUCCESS checkout https://github.com/appstefan/HighlightSwift.git at v1.1.0
========================================
Build
========================================
Selected platform:         watchOS
Swift version:             6.4
Building package at path:  $PWD
https://github.com/appstefan/HighlightSwift.git
Command line invocation:
    /Applications/Xcode-27.0.0-Release.Candidate.app/Contents/Developer/usr/bin/xcodebuild -IDEClonedSourcePackagesDirPathOverride=/Users/admin/builder/spi-builder-workspace/.dependencies -resolvePackageDependencies
Resolve Package Graph
Resolve Package Graph
Resolved source packages:
  HighlightSwift: /Users/admin/builder/spi-builder-workspace
resolved source packages: HighlightSwift
2026-09-20 17:46:58.022 xcodebuild[529:3023] [MT] IDERunDestination: Supported platforms for the buildables in the current scheme is empty.
2026-09-20 17:46:58.171 xcodebuild[529:3023] [MT] IDERunDestination: Supported platforms for the buildables in the current scheme is empty.
2026-09-20 17:46:59.811 xcodebuild[529:3023] [MT] IDERunDestination: Supported platforms for the buildables in the current scheme is empty.
{
  "dependencies" : [
  ],
  "manifest_display_name" : "HighlightSwift",
  "name" : "HighlightSwift",
  "path" : "/Users/admin/builder/spi-builder-workspace",
  "platforms" : [
    {
      "name" : "ios",
      "version" : "15.0"
    },
    {
      "name" : "tvos",
      "version" : "15.0"
    },
    {
      "name" : "macos",
      "version" : "13.0"
    }
  ],
  "products" : [
    {
      "name" : "HighlightSwift",
      "targets" : [
        "HighlightSwift"
      ],
      "type" : {
        "library" : [
          "automatic"
        ]
      }
    }
  ],
  "targets" : [
    {
      "c99name" : "HighlightSwiftTests",
      "module_type" : "SwiftTarget",
      "name" : "HighlightSwiftTests",
      "path" : "Tests/HighlightSwiftTests",
      "sources" : [
        "HighlightSwiftTests.swift"
      ],
      "target_dependencies" : [
        "HighlightSwift"
      ],
      "type" : "test"
    },
    {
      "c99name" : "HighlightSwift",
      "module_type" : "SwiftTarget",
      "name" : "HighlightSwift",
      "path" : "Sources/HighlightSwift",
      "product_memberships" : [
        "HighlightSwift"
      ],
      "resources" : [
        {
          "path" : "/Users/admin/builder/spi-builder-workspace/Sources/HighlightSwift/HighlightJS/LICENSE.md",
          "rule" : {
            "process" : {
            }
          }
        },
        {
          "path" : "/Users/admin/builder/spi-builder-workspace/Sources/HighlightSwift/HighlightJS/highlight.min.js",
          "rule" : {
            "process" : {
            }
          }
        }
      ],
      "sources" : [
        "CodeText/CodeText.swift",
        "CodeText/CodeTextCardView.swift",
        "CodeText/CodeTextColors.swift",
        "CodeText/CodeTextModifiers.swift",
        "CodeText/CodeTextStyle.swift",
        "CodeText/CodeTextView.swift",
        "HLJS/HLJS.swift",
        "HLJS/HLJSError.swift",
        "HLJS/HLJSResult.swift",
        "Highlight/Highlight.swift",
        "Highlight/HighlightBackground.swift",
        "Highlight/HighlightCSS.swift",
        "Highlight/HighlightColors.swift",
        "Highlight/HighlightEntry.swift",
        "Highlight/HighlightLanguage.swift",
        "Highlight/HighlightMode.swift",
        "Highlight/HighlightResult.swift",
        "Highlight/HighlightTheme.swift"
      ],
      "type" : "library"
    }
  ],
  "tools_version" : "5.10"
}
{
  "workspace" : {
    "name" : "HighlightSwift",
    "schemes" : [
      "HighlightSwift"
    ]
  }
}
2026-09-20 17:47:36.033 xcodebuild[626:3841] [MT] IDERunDestination: Supported platforms for the buildables in the current scheme is empty.
Running build ...
env DEVELOPER_DIR=/Applications/Xcode-27.0.0-Release.Candidate.app xcrun xcodebuild -IDEClonedSourcePackagesDirPathOverride=$PWD/.dependencies -skipMacroValidation -skipPackagePluginValidation -derivedDataPath $PWD/.derivedData build -scheme HighlightSwift -destination generic/platform=watchOS
Command line invocation:
    /Applications/Xcode-27.0.0-Release.Candidate.app/Contents/Developer/usr/bin/xcodebuild -IDEClonedSourcePackagesDirPathOverride=/Users/admin/builder/spi-builder-workspace/.dependencies -skipMacroValidation -skipPackagePluginValidation -derivedDataPath /Users/admin/builder/spi-builder-workspace/.derivedData build -scheme HighlightSwift -destination generic/platform=watchOS
Resolve Package Graph
Resolved source packages:
  HighlightSwift: /Users/admin/builder/spi-builder-workspace
ComputePackagePrebuildTargetDependencyGraph
Prepare packages
CreateBuildRequest
SendProjectDescription
CreateBuildOperation
ComputeTargetDependencyGraph
note: Building targets in dependency order
note: Target dependency graph (4 targets)
    Target 'HighlightSwiftTests-product' in project 'HighlightSwift'
        ➜ Explicit dependency on target 'HighlightSwift' in project 'HighlightSwift'
    Target 'HighlightSwift-product' in project 'HighlightSwift'
        ➜ Explicit dependency on target 'HighlightSwift' in project 'HighlightSwift'
        ➜ Explicit dependency on target 'HighlightSwift_HighlightSwift' in project 'HighlightSwift'
    Target 'HighlightSwift' in project 'HighlightSwift'
        ➜ Explicit dependency on target 'HighlightSwift_HighlightSwift' in project 'HighlightSwift'
    Target 'HighlightSwift_HighlightSwift' in project 'HighlightSwift' (no dependencies)
GatherProvisioningInputs
CreateBuildDescription
ExecuteExternalTool /Applications/Xcode-27.0.0-Release.Candidate.app/Contents/Developer/Toolchains/XcodeDefault.xctoolchain/usr/bin/clang -v -E -dM -isysroot /Applications/Xcode-27.0.0-Release.Candidate.app/Contents/Developer/Platforms/WatchOS.platform/Developer/SDKs/WatchOS27.0.sdk -x c -c /dev/null
ExecuteExternalTool /Applications/Xcode-27.0.0-Release.Candidate.app/Contents/Developer/Toolchains/XcodeDefault.xctoolchain/usr/bin/swiftc --version
ExecuteExternalTool /Applications/Xcode-27.0.0-Release.Candidate.app/Contents/Developer/Toolchains/XcodeDefault.xctoolchain/usr/bin/ld -version_details
Build description signature: aa35cd8491059a2ee24a99ea610e9196
Build description path: /Users/admin/builder/spi-builder-workspace/.derivedData/Build/Intermediates.noindex/XCBuildData/aa35cd8491059a2ee24a99ea610e9196.xcbuilddata
CreateBuildDirectory /Users/admin/builder/spi-builder-workspace/.derivedData/SDKExplicitPrecompiledModules
    cd /Users/admin/builder/spi-builder-workspace/.swiftpm/xcode
    builtin-create-build-directory /Users/admin/builder/spi-builder-workspace/.derivedData/SDKExplicitPrecompiledModules
CreateBuildDirectory /Users/admin/builder/spi-builder-workspace/.derivedData/ModuleCache.noindex
    cd /Users/admin/builder/spi-builder-workspace/.swiftpm/xcode
    builtin-create-build-directory /Users/admin/builder/spi-builder-workspace/.derivedData/ModuleCache.noindex
CreateBuildDirectory /Users/admin/builder/spi-builder-workspace/.derivedData/CompilationCache.noindex
    cd /Users/admin/builder/spi-builder-workspace/.swiftpm/xcode
    builtin-create-build-directory /Users/admin/builder/spi-builder-workspace/.derivedData/CompilationCache.noindex
CreateBuildDirectory /Users/admin/builder/spi-builder-workspace/.derivedData/Build/Intermediates.noindex
    cd /Users/admin/builder/spi-builder-workspace/.swiftpm/xcode
    builtin-create-build-directory /Users/admin/builder/spi-builder-workspace/.derivedData/Build/Intermediates.noindex
CreateBuildDirectory /Users/admin/builder/spi-builder-workspace/.derivedData/Build/Products
    cd /Users/admin/builder/spi-builder-workspace/.swiftpm/xcode
    builtin-create-build-directory /Users/admin/builder/spi-builder-workspace/.derivedData/Build/Products
ClangStatCache /Applications/Xcode-27.0.0-Release.Candidate.app/Contents/Developer/Toolchains/XcodeDefault.xctoolchain/usr/bin/clang-stat-cache /Applications/Xcode-27.0.0-Release.Candidate.app/Contents/Developer/Platforms/WatchOS.platform/Developer/SDKs/WatchOS27.0.sdk /Users/admin/builder/spi-builder-workspace/.derivedData/SDKStatCaches.noindex/watchos27.0-24R360-e829b21a6f8c9b70876ba0858053c04477534ef55a1706bf4c1112bbb242f0a2.sdkstatcache
    cd /Users/admin/builder/spi-builder-workspace/.swiftpm/xcode
    /Applications/Xcode-27.0.0-Release.Candidate.app/Contents/Developer/Toolchains/XcodeDefault.xctoolchain/usr/bin/clang-stat-cache /Applications/Xcode-27.0.0-Release.Candidate.app/Contents/Developer/Platforms/WatchOS.platform/Developer/SDKs/WatchOS27.0.sdk -o /Users/admin/builder/spi-builder-workspace/.derivedData/SDKStatCaches.noindex/watchos27.0-24R360-e829b21a6f8c9b70876ba0858053c04477534ef55a1706bf4c1112bbb242f0a2.sdkstatcache
CreateBuildDirectory /Users/admin/builder/spi-builder-workspace/.derivedData/Build/Intermediates.noindex/SwiftExplicitPrecompiledModules
    cd /Users/admin/builder/spi-builder-workspace/.swiftpm/xcode
    builtin-create-build-directory /Users/admin/builder/spi-builder-workspace/.derivedData/Build/Intermediates.noindex/SwiftExplicitPrecompiledModules
CreateBuildDirectory /Users/admin/builder/spi-builder-workspace/.derivedData/Build/Intermediates.noindex/PrecompiledHeaders
    cd /Users/admin/builder/spi-builder-workspace/.swiftpm/xcode
    builtin-create-build-directory /Users/admin/builder/spi-builder-workspace/.derivedData/Build/Intermediates.noindex/PrecompiledHeaders
CreateBuildDirectory /Users/admin/builder/spi-builder-workspace/.derivedData/Build/Intermediates.noindex/ExplicitPrecompiledModules
    cd /Users/admin/builder/spi-builder-workspace/.swiftpm/xcode
    builtin-create-build-directory /Users/admin/builder/spi-builder-workspace/.derivedData/Build/Intermediates.noindex/ExplicitPrecompiledModules
CreateBuildDirectory /Users/admin/builder/spi-builder-workspace/.derivedData/Build/Intermediates.noindex/EagerLinkingTBDs/Debug-watchos
    cd /Users/admin/builder/spi-builder-workspace/.swiftpm/xcode
    builtin-create-build-directory /Users/admin/builder/spi-builder-workspace/.derivedData/Build/Intermediates.noindex/EagerLinkingTBDs/Debug-watchos
CreateBuildDirectory /Users/admin/builder/spi-builder-workspace/.derivedData/Build/Products/Debug-watchos
    cd /Users/admin/builder/spi-builder-workspace/.swiftpm/xcode
    builtin-create-build-directory /Users/admin/builder/spi-builder-workspace/.derivedData/Build/Products/Debug-watchos
CreateBuildDirectory /Users/admin/builder/spi-builder-workspace/.derivedData/Build/Products/Debug-watchos/PackageFrameworks
    cd /Users/admin/builder/spi-builder-workspace/.swiftpm/xcode
    builtin-create-build-directory /Users/admin/builder/spi-builder-workspace/.derivedData/Build/Products/Debug-watchos/PackageFrameworks
MkDir /Users/admin/builder/spi-builder-workspace/.derivedData/Build/Products/Debug-watchos/HighlightSwift_HighlightSwift.bundle (in target 'HighlightSwift_HighlightSwift' from project 'HighlightSwift')
    cd /Users/admin/builder/spi-builder-workspace
    /bin/mkdir -p /Users/admin/builder/spi-builder-workspace/.derivedData/Build/Products/Debug-watchos/HighlightSwift_HighlightSwift.bundle
WriteAuxiliaryFile /Users/admin/builder/spi-builder-workspace/.derivedData/Build/Intermediates.noindex/HighlightSwift.build/Debug-watchos/HighlightSwift_HighlightSwift-b.build/HighlightSwift_HighlightSwift.DependencyStaticMetadataFileList (in target 'HighlightSwift_HighlightSwift' from project 'HighlightSwift')
    cd /Users/admin/builder/spi-builder-workspace
    write-file /Users/admin/builder/spi-builder-workspace/.derivedData/Build/Intermediates.noindex/HighlightSwift.build/Debug-watchos/HighlightSwift_HighlightSwift-b.build/HighlightSwift_HighlightSwift.DependencyStaticMetadataFileList
WriteAuxiliaryFile /Users/admin/builder/spi-builder-workspace/.derivedData/Build/Intermediates.noindex/HighlightSwift.build/Debug-watchos/HighlightSwiftTests-p.build/empty-HighlightSwiftTests.plist (in target 'HighlightSwiftTests-product' from project 'HighlightSwift')
    cd /Users/admin/builder/spi-builder-workspace
    write-file /Users/admin/builder/spi-builder-workspace/.derivedData/Build/Intermediates.noindex/HighlightSwift.build/Debug-watchos/HighlightSwiftTests-p.build/empty-HighlightSwiftTests.plist
WriteAuxiliaryFile /Users/admin/builder/spi-builder-workspace/.derivedData/Build/Intermediates.noindex/HighlightSwift.build/Debug-watchos/HighlightSwift_HighlightSwift-b.build/empty-HighlightSwift_HighlightSwift.plist (in target 'HighlightSwift_HighlightSwift' from project 'HighlightSwift')
    cd /Users/admin/builder/spi-builder-workspace
    write-file /Users/admin/builder/spi-builder-workspace/.derivedData/Build/Intermediates.noindex/HighlightSwift.build/Debug-watchos/HighlightSwift_HighlightSwift-b.build/empty-HighlightSwift_HighlightSwift.plist
WriteAuxiliaryFile /Users/admin/builder/spi-builder-workspace/.derivedData/Build/Intermediates.noindex/HighlightSwift.build/Debug-watchos/HighlightSwift_HighlightSwift-b.build/HighlightSwift_HighlightSwift.DependencyMetadataFileList (in target 'HighlightSwift_HighlightSwift' from project 'HighlightSwift')
    cd /Users/admin/builder/spi-builder-workspace
    write-file /Users/admin/builder/spi-builder-workspace/.derivedData/Build/Intermediates.noindex/HighlightSwift.build/Debug-watchos/HighlightSwift_HighlightSwift-b.build/HighlightSwift_HighlightSwift.DependencyMetadataFileList
WriteAuxiliaryFile /Users/admin/builder/spi-builder-workspace/.derivedData/Build/Intermediates.noindex/HighlightSwift.build/Debug-watchos/HighlightSwift-t.build/HighlightSwift.modulemap (in target 'HighlightSwift' from project 'HighlightSwift')
    cd /Users/admin/builder/spi-builder-workspace
    write-file /Users/admin/builder/spi-builder-workspace/.derivedData/Build/Intermediates.noindex/HighlightSwift.build/Debug-watchos/HighlightSwift-t.build/HighlightSwift.modulemap
WriteAuxiliaryFile /Users/admin/builder/spi-builder-workspace/.derivedData/Build/Intermediates.noindex/HighlightSwift.build/Debug-watchos/HighlightSwiftTests-p.build/Objects-normal/arm64_32/HighlightSwiftTests_const_extract_protocols.json (in target 'HighlightSwiftTests-product' from project 'HighlightSwift')
    cd /Users/admin/builder/spi-builder-workspace
    write-file /Users/admin/builder/spi-builder-workspace/.derivedData/Build/Intermediates.noindex/HighlightSwift.build/Debug-watchos/HighlightSwiftTests-p.build/Objects-normal/arm64_32/HighlightSwiftTests_const_extract_protocols.json
WriteAuxiliaryFile /Users/admin/builder/spi-builder-workspace/.derivedData/Build/Intermediates.noindex/HighlightSwift.build/Debug-watchos/HighlightSwiftTests-p.build/Objects-normal/arm64_32/HighlightSwiftTests.SwiftFileList (in target 'HighlightSwiftTests-product' from project 'HighlightSwift')
    cd /Users/admin/builder/spi-builder-workspace
    write-file /Users/admin/builder/spi-builder-workspace/.derivedData/Build/Intermediates.noindex/HighlightSwift.build/Debug-watchos/HighlightSwiftTests-p.build/Objects-normal/arm64_32/HighlightSwiftTests.SwiftFileList
WriteAuxiliaryFile /Users/admin/builder/spi-builder-workspace/.derivedData/Build/Intermediates.noindex/HighlightSwift.build/Debug-watchos/HighlightSwiftTests-p.build/Objects-normal/arm64_32/HighlightSwiftTests.SwiftConstValuesFileList (in target 'HighlightSwiftTests-product' from project 'HighlightSwift')
    cd /Users/admin/builder/spi-builder-workspace
    write-file /Users/admin/builder/spi-builder-workspace/.derivedData/Build/Intermediates.noindex/HighlightSwift.build/Debug-watchos/HighlightSwiftTests-p.build/Objects-normal/arm64_32/HighlightSwiftTests.SwiftConstValuesFileList
WriteAuxiliaryFile /Users/admin/builder/spi-builder-workspace/.derivedData/Build/Intermediates.noindex/HighlightSwift.build/Debug-watchos/HighlightSwiftTests-p.build/Objects-normal/arm64_32/HighlightSwiftTests.LinkFileList (in target 'HighlightSwiftTests-product' from project 'HighlightSwift')
    cd /Users/admin/builder/spi-builder-workspace
    write-file /Users/admin/builder/spi-builder-workspace/.derivedData/Build/Intermediates.noindex/HighlightSwift.build/Debug-watchos/HighlightSwiftTests-p.build/Objects-normal/arm64_32/HighlightSwiftTests.LinkFileList
WriteAuxiliaryFile /Users/admin/builder/spi-builder-workspace/.derivedData/Build/Intermediates.noindex/HighlightSwift.build/Debug-watchos/HighlightSwiftTests-p.build/Objects-normal/arm64_32/HighlightSwiftTests-OutputFileMap.json (in target 'HighlightSwiftTests-product' from project 'HighlightSwift')
    cd /Users/admin/builder/spi-builder-workspace
    write-file /Users/admin/builder/spi-builder-workspace/.derivedData/Build/Intermediates.noindex/HighlightSwift.build/Debug-watchos/HighlightSwiftTests-p.build/Objects-normal/arm64_32/HighlightSwiftTests-OutputFileMap.json
WriteAuxiliaryFile /Users/admin/builder/spi-builder-workspace/.derivedData/Build/Intermediates.noindex/HighlightSwift.build/Debug-watchos/HighlightSwiftTests-p.build/Objects-normal/arm64/HighlightSwiftTests_const_extract_protocols.json (in target 'HighlightSwiftTests-product' from project 'HighlightSwift')
    cd /Users/admin/builder/spi-builder-workspace
    write-file /Users/admin/builder/spi-builder-workspace/.derivedData/Build/Intermediates.noindex/HighlightSwift.build/Debug-watchos/HighlightSwiftTests-p.build/Objects-normal/arm64/HighlightSwiftTests_const_extract_protocols.json
WriteAuxiliaryFile /Users/admin/builder/spi-builder-workspace/.derivedData/Build/Intermediates.noindex/HighlightSwift.build/Debug-watchos/HighlightSwiftTests-p.build/Objects-normal/arm64/HighlightSwiftTests.SwiftFileList (in target 'HighlightSwiftTests-product' from project 'HighlightSwift')
    cd /Users/admin/builder/spi-builder-workspace
    write-file /Users/admin/builder/spi-builder-workspace/.derivedData/Build/Intermediates.noindex/HighlightSwift.build/Debug-watchos/HighlightSwiftTests-p.build/Objects-normal/arm64/HighlightSwiftTests.SwiftFileList
WriteAuxiliaryFile /Users/admin/builder/spi-builder-workspace/.derivedData/Build/Intermediates.noindex/HighlightSwift.build/Debug-watchos/HighlightSwiftTests-p.build/Objects-normal/arm64/HighlightSwiftTests.LinkFileList (in target 'HighlightSwiftTests-product' from project 'HighlightSwift')
    cd /Users/admin/builder/spi-builder-workspace
    write-file /Users/admin/builder/spi-builder-workspace/.derivedData/Build/Intermediates.noindex/HighlightSwift.build/Debug-watchos/HighlightSwiftTests-p.build/Objects-normal/arm64/HighlightSwiftTests.LinkFileList
WriteAuxiliaryFile /Users/admin/builder/spi-builder-workspace/.derivedData/Build/Intermediates.noindex/HighlightSwift.build/Debug-watchos/HighlightSwiftTests-p.build/Objects-normal/arm64/HighlightSwiftTests-OutputFileMap.json (in target 'HighlightSwiftTests-product' from project 'HighlightSwift')
    cd /Users/admin/builder/spi-builder-workspace
    write-file /Users/admin/builder/spi-builder-workspace/.derivedData/Build/Intermediates.noindex/HighlightSwift.build/Debug-watchos/HighlightSwiftTests-p.build/Objects-normal/arm64/HighlightSwiftTests-OutputFileMap.json
WriteAuxiliaryFile /Users/admin/builder/spi-builder-workspace/.derivedData/Build/Intermediates.noindex/HighlightSwift.build/Debug-watchos/HighlightSwiftTests-p.build/Objects-normal/arm64/HighlightSwiftTests.SwiftConstValuesFileList (in target 'HighlightSwiftTests-product' from project 'HighlightSwift')
    cd /Users/admin/builder/spi-builder-workspace
    write-file /Users/admin/builder/spi-builder-workspace/.derivedData/Build/Intermediates.noindex/HighlightSwift.build/Debug-watchos/HighlightSwiftTests-p.build/Objects-normal/arm64/HighlightSwiftTests.SwiftConstValuesFileList
WriteAuxiliaryFile /Users/admin/builder/spi-builder-workspace/.derivedData/Build/Intermediates.noindex/HighlightSwift.build/Debug-watchos/HighlightSwiftTests-p.build/HighlightSwiftTests.DependencyStaticMetadataFileList (in target 'HighlightSwiftTests-product' from project 'HighlightSwift')
    cd /Users/admin/builder/spi-builder-workspace
    write-file /Users/admin/builder/spi-builder-workspace/.derivedData/Build/Intermediates.noindex/HighlightSwift.build/Debug-watchos/HighlightSwiftTests-p.build/HighlightSwiftTests.DependencyStaticMetadataFileList
WriteAuxiliaryFile /Users/admin/builder/spi-builder-workspace/.derivedData/Build/Intermediates.noindex/HighlightSwift.build/Debug-watchos/HighlightSwiftTests-p.build/HighlightSwiftTests.DependencyMetadataFileList (in target 'HighlightSwiftTests-product' from project 'HighlightSwift')
    cd /Users/admin/builder/spi-builder-workspace
    write-file /Users/admin/builder/spi-builder-workspace/.derivedData/Build/Intermediates.noindex/HighlightSwift.build/Debug-watchos/HighlightSwiftTests-p.build/HighlightSwiftTests.DependencyMetadataFileList
WriteAuxiliaryFile /Users/admin/builder/spi-builder-workspace/.derivedData/Build/Intermediates.noindex/HighlightSwift.build/Debug-watchos/HighlightSwift-t.build/Objects-normal/arm64_32/HighlightSwift_const_extract_protocols.json (in target 'HighlightSwift' from project 'HighlightSwift')
    cd /Users/admin/builder/spi-builder-workspace
    write-file /Users/admin/builder/spi-builder-workspace/.derivedData/Build/Intermediates.noindex/HighlightSwift.build/Debug-watchos/HighlightSwift-t.build/Objects-normal/arm64_32/HighlightSwift_const_extract_protocols.json
WriteAuxiliaryFile /Users/admin/builder/spi-builder-workspace/.derivedData/Build/Intermediates.noindex/HighlightSwift.build/Debug-watchos/HighlightSwift-t.build/Objects-normal/arm64_32/HighlightSwift.SwiftFileList (in target 'HighlightSwift' from project 'HighlightSwift')
    cd /Users/admin/builder/spi-builder-workspace
    write-file /Users/admin/builder/spi-builder-workspace/.derivedData/Build/Intermediates.noindex/HighlightSwift.build/Debug-watchos/HighlightSwift-t.build/Objects-normal/arm64_32/HighlightSwift.SwiftFileList
WriteAuxiliaryFile /Users/admin/builder/spi-builder-workspace/.derivedData/Build/Intermediates.noindex/HighlightSwift.build/Debug-watchos/HighlightSwift-t.build/Objects-normal/arm64_32/HighlightSwift.LinkFileList (in target 'HighlightSwift' from project 'HighlightSwift')
    cd /Users/admin/builder/spi-builder-workspace
    write-file /Users/admin/builder/spi-builder-workspace/.derivedData/Build/Intermediates.noindex/HighlightSwift.build/Debug-watchos/HighlightSwift-t.build/Objects-normal/arm64_32/HighlightSwift.LinkFileList
WriteAuxiliaryFile /Users/admin/builder/spi-builder-workspace/.derivedData/Build/Intermediates.noindex/HighlightSwift.build/Debug-watchos/HighlightSwift-t.build/Objects-normal/arm64_32/HighlightSwift.SwiftConstValuesFileList (in target 'HighlightSwift' from project 'HighlightSwift')
    cd /Users/admin/builder/spi-builder-workspace
    write-file /Users/admin/builder/spi-builder-workspace/.derivedData/Build/Intermediates.noindex/HighlightSwift.build/Debug-watchos/HighlightSwift-t.build/Objects-normal/arm64_32/HighlightSwift.SwiftConstValuesFileList
WriteAuxiliaryFile /Users/admin/builder/spi-builder-workspace/.derivedData/Build/Intermediates.noindex/HighlightSwift.build/Debug-watchos/HighlightSwift-t.build/Objects-normal/arm64_32/HighlightSwift-OutputFileMap.json (in target 'HighlightSwift' from project 'HighlightSwift')
    cd /Users/admin/builder/spi-builder-workspace
    write-file /Users/admin/builder/spi-builder-workspace/.derivedData/Build/Intermediates.noindex/HighlightSwift.build/Debug-watchos/HighlightSwift-t.build/Objects-normal/arm64_32/HighlightSwift-OutputFileMap.json
WriteAuxiliaryFile /Users/admin/builder/spi-builder-workspace/.derivedData/Build/Intermediates.noindex/HighlightSwift.build/Debug-watchos/HighlightSwift-t.build/Objects-normal/arm64/HighlightSwift.SwiftFileList (in target 'HighlightSwift' from project 'HighlightSwift')
    cd /Users/admin/builder/spi-builder-workspace
    write-file /Users/admin/builder/spi-builder-workspace/.derivedData/Build/Intermediates.noindex/HighlightSwift.build/Debug-watchos/HighlightSwift-t.build/Objects-normal/arm64/HighlightSwift.SwiftFileList
WriteAuxiliaryFile /Users/admin/builder/spi-builder-workspace/.derivedData/Build/Intermediates.noindex/HighlightSwift.build/Debug-watchos/HighlightSwift-t.build/Objects-normal/arm64/HighlightSwift_const_extract_protocols.json (in target 'HighlightSwift' from project 'HighlightSwift')
    cd /Users/admin/builder/spi-builder-workspace
    write-file /Users/admin/builder/spi-builder-workspace/.derivedData/Build/Intermediates.noindex/HighlightSwift.build/Debug-watchos/HighlightSwift-t.build/Objects-normal/arm64/HighlightSwift_const_extract_protocols.json
WriteAuxiliaryFile /Users/admin/builder/spi-builder-workspace/.derivedData/Build/Intermediates.noindex/HighlightSwift.build/Debug-watchos/HighlightSwift-t.build/Objects-normal/arm64/HighlightSwift.LinkFileList (in target 'HighlightSwift' from project 'HighlightSwift')
    cd /Users/admin/builder/spi-builder-workspace
    write-file /Users/admin/builder/spi-builder-workspace/.derivedData/Build/Intermediates.noindex/HighlightSwift.build/Debug-watchos/HighlightSwift-t.build/Objects-normal/arm64/HighlightSwift.LinkFileList
WriteAuxiliaryFile /Users/admin/builder/spi-builder-workspace/.derivedData/Build/Intermediates.noindex/HighlightSwift.build/Debug-watchos/HighlightSwift-t.build/Objects-normal/arm64/HighlightSwift.SwiftConstValuesFileList (in target 'HighlightSwift' from project 'HighlightSwift')
    cd /Users/admin/builder/spi-builder-workspace
    write-file /Users/admin/builder/spi-builder-workspace/.derivedData/Build/Intermediates.noindex/HighlightSwift.build/Debug-watchos/HighlightSwift-t.build/Objects-normal/arm64/HighlightSwift.SwiftConstValuesFileList
WriteAuxiliaryFile /Users/admin/builder/spi-builder-workspace/.derivedData/Build/Intermediates.noindex/HighlightSwift.build/Debug-watchos/HighlightSwift-t.build/Objects-normal/arm64/HighlightSwift-OutputFileMap.json (in target 'HighlightSwift' from project 'HighlightSwift')
    cd /Users/admin/builder/spi-builder-workspace
    write-file /Users/admin/builder/spi-builder-workspace/.derivedData/Build/Intermediates.noindex/HighlightSwift.build/Debug-watchos/HighlightSwift-t.build/Objects-normal/arm64/HighlightSwift-OutputFileMap.json
WriteAuxiliaryFile /Users/admin/builder/spi-builder-workspace/.derivedData/Build/Intermediates.noindex/HighlightSwift.build/Debug-watchos/HighlightSwift-t.build/HighlightSwift.DependencyStaticMetadataFileList (in target 'HighlightSwift' from project 'HighlightSwift')
    cd /Users/admin/builder/spi-builder-workspace
    write-file /Users/admin/builder/spi-builder-workspace/.derivedData/Build/Intermediates.noindex/HighlightSwift.build/Debug-watchos/HighlightSwift-t.build/HighlightSwift.DependencyStaticMetadataFileList
WriteAuxiliaryFile /Users/admin/builder/spi-builder-workspace/.derivedData/Build/Intermediates.noindex/HighlightSwift.build/Debug-watchos/HighlightSwift-t.build/HighlightSwift.DependencyMetadataFileList (in target 'HighlightSwift' from project 'HighlightSwift')
    cd /Users/admin/builder/spi-builder-workspace
    write-file /Users/admin/builder/spi-builder-workspace/.derivedData/Build/Intermediates.noindex/HighlightSwift.build/Debug-watchos/HighlightSwift-t.build/HighlightSwift.DependencyMetadataFileList
WriteAuxiliaryFile /Users/admin/builder/spi-builder-workspace/.derivedData/Build/Intermediates.noindex/HighlightSwift.build/Debug-watchos/HighlightSwift-t.build/DerivedSources/resource_bundle_accessor.swift (in target 'HighlightSwift' from project 'HighlightSwift')
    cd /Users/admin/builder/spi-builder-workspace
    write-file /Users/admin/builder/spi-builder-workspace/.derivedData/Build/Intermediates.noindex/HighlightSwift.build/Debug-watchos/HighlightSwift-t.build/DerivedSources/resource_bundle_accessor.swift
Copy /Users/admin/builder/spi-builder-workspace/.derivedData/Build/Intermediates.noindex/GeneratedModuleMaps-watchos/HighlightSwift.modulemap /Users/admin/builder/spi-builder-workspace/.derivedData/Build/Intermediates.noindex/HighlightSwift.build/Debug-watchos/HighlightSwift-t.build/HighlightSwift.modulemap (in target 'HighlightSwift' from project 'HighlightSwift')
    cd /Users/admin/builder/spi-builder-workspace
    builtin-copy -exclude .DS_Store -exclude CVS -exclude .svn -exclude .git -exclude .hg -resolve-src-symlinks /Users/admin/builder/spi-builder-workspace/.derivedData/Build/Intermediates.noindex/HighlightSwift.build/Debug-watchos/HighlightSwift-t.build/HighlightSwift.modulemap /Users/admin/builder/spi-builder-workspace/.derivedData/Build/Intermediates.noindex/GeneratedModuleMaps-watchos
MkDir /Users/admin/builder/spi-builder-workspace/.derivedData/Build/Products/Debug-watchos/HighlightSwiftTests.xctest (in target 'HighlightSwiftTests-product' from project 'HighlightSwift')
    cd /Users/admin/builder/spi-builder-workspace
    /bin/mkdir -p /Users/admin/builder/spi-builder-workspace/.derivedData/Build/Products/Debug-watchos/HighlightSwiftTests.xctest
ProcessInfoPlistFile /Users/admin/builder/spi-builder-workspace/.derivedData/Build/Products/Debug-watchos/HighlightSwift_HighlightSwift.bundle/Info.plist /Users/admin/builder/spi-builder-workspace/.derivedData/Build/Intermediates.noindex/HighlightSwift.build/Debug-watchos/HighlightSwift_HighlightSwift-b.build/empty-HighlightSwift_HighlightSwift.plist (in target 'HighlightSwift_HighlightSwift' from project 'HighlightSwift')
    cd /Users/admin/builder/spi-builder-workspace
    builtin-infoPlistUtility /Users/admin/builder/spi-builder-workspace/.derivedData/Build/Intermediates.noindex/HighlightSwift.build/Debug-watchos/HighlightSwift_HighlightSwift-b.build/empty-HighlightSwift_HighlightSwift.plist -producttype com.apple.product-type.bundle -expandbuildsettings -format binary -platform watchos -o /Users/admin/builder/spi-builder-workspace/.derivedData/Build/Products/Debug-watchos/HighlightSwift_HighlightSwift.bundle/Info.plist
CpResource /Users/admin/builder/spi-builder-workspace/.derivedData/Build/Products/Debug-watchos/HighlightSwift_HighlightSwift.bundle/highlight.min.js /Users/admin/builder/spi-builder-workspace/Sources/HighlightSwift/HighlightJS/highlight.min.js (in target 'HighlightSwift_HighlightSwift' from project 'HighlightSwift')
    cd /Users/admin/builder/spi-builder-workspace
    builtin-copy -exclude .DS_Store -exclude CVS -exclude .svn -exclude .git -exclude .hg -resolve-src-symlinks /Users/admin/builder/spi-builder-workspace/Sources/HighlightSwift/HighlightJS/highlight.min.js /Users/admin/builder/spi-builder-workspace/.derivedData/Build/Products/Debug-watchos/HighlightSwift_HighlightSwift.bundle
CpResource /Users/admin/builder/spi-builder-workspace/.derivedData/Build/Products/Debug-watchos/HighlightSwift_HighlightSwift.bundle/LICENSE.md /Users/admin/builder/spi-builder-workspace/Sources/HighlightSwift/HighlightJS/LICENSE.md (in target 'HighlightSwift_HighlightSwift' from project 'HighlightSwift')
    cd /Users/admin/builder/spi-builder-workspace
    builtin-copy -exclude .DS_Store -exclude CVS -exclude .svn -exclude .git -exclude .hg -resolve-src-symlinks /Users/admin/builder/spi-builder-workspace/Sources/HighlightSwift/HighlightJS/LICENSE.md /Users/admin/builder/spi-builder-workspace/.derivedData/Build/Products/Debug-watchos/HighlightSwift_HighlightSwift.bundle
RegisterExecutionPolicyException /Users/admin/builder/spi-builder-workspace/.derivedData/Build/Products/Debug-watchos/HighlightSwift_HighlightSwift.bundle (in target 'HighlightSwift_HighlightSwift' from project 'HighlightSwift')
    cd /Users/admin/builder/spi-builder-workspace
    builtin-RegisterExecutionPolicyException /Users/admin/builder/spi-builder-workspace/.derivedData/Build/Products/Debug-watchos/HighlightSwift_HighlightSwift.bundle
Touch /Users/admin/builder/spi-builder-workspace/.derivedData/Build/Products/Debug-watchos/HighlightSwift_HighlightSwift.bundle (in target 'HighlightSwift_HighlightSwift' from project 'HighlightSwift')
    cd /Users/admin/builder/spi-builder-workspace
    /usr/bin/touch -c /Users/admin/builder/spi-builder-workspace/.derivedData/Build/Products/Debug-watchos/HighlightSwift_HighlightSwift.bundle
SwiftDriver HighlightSwift normal arm64_32 com.apple.xcode.tools.swift.compiler (in target 'HighlightSwift' from project 'HighlightSwift')
    cd /Users/admin/builder/spi-builder-workspace/.swiftpm/xcode
    builtin-SwiftDriver -- /Applications/Xcode-27.0.0-Release.Candidate.app/Contents/Developer/Toolchains/XcodeDefault.xctoolchain/usr/bin/swiftc -parse-as-library -module-name HighlightSwift -Onone @/Users/admin/builder/spi-builder-workspace/.derivedData/Build/Intermediates.noindex/HighlightSwift.build/Debug-watchos/HighlightSwift-t.build/Objects-normal/arm64_32/HighlightSwift.SwiftFileList -DSWIFT_PACKAGE -DDEBUG -DSWIFT_MODULE_RESOURCE_BUNDLE_AVAILABLE -DXcode -enable-experimental-feature StrictConcurrency -plugin-path /Applications/Xcode-27.0.0-Release.Candidate.app/Contents/Developer/Toolchains/XcodeDefault.xctoolchain/usr/lib/swift/host/plugins/testing -enable-experimental-feature DebugDescriptionMacro -sdk /Applications/Xcode-27.0.0-Release.Candidate.app/Contents/Developer/Platforms/WatchOS.platform/Developer/SDKs/WatchOS27.0.sdk -target arm64_32-apple-watchos9.0 -g -module-cache-path /Users/admin/builder/spi-builder-workspace/.derivedData/ModuleCache.noindex -Xfrontend -serialize-debugging-options -profile-coverage-mapping -profile-generate -enable-testing -index-store-path /Users/admin/builder/spi-builder-workspace/.derivedData/Index.noindex/DataStore -Xcc -D_LIBCPP_HARDENING_MODE\=_LIBCPP_HARDENING_MODE_DEBUG -swift-version 5 -I /Users/admin/builder/spi-builder-workspace/.derivedData/Build/Products/Debug-watchos -Isystem /Applications/Xcode-27.0.0-Release.Candidate.app/Contents/Developer/Platforms/WatchOS.platform/Developer/usr/lib -F /Users/admin/builder/spi-builder-workspace/.derivedData/Build/Products/Debug-watchos -F /Applications/Xcode-27.0.0-Release.Candidate.app/Contents/Developer/Platforms/WatchOS.platform/Developer/Library/Frameworks -F /Applications/Xcode-27.0.0-Release.Candidate.app/Contents/Developer/Platforms/WatchOS.platform/Developer/SDKs/WatchOS27.0.sdk/Developer/Library/Frameworks -c -j10 -enable-batch-mode -incremental -Xcc -ivfsstatcache -Xcc /Users/admin/builder/spi-builder-workspace/.derivedData/SDKStatCaches.noindex/watchos27.0-24R360-e829b21a6f8c9b70876ba0858053c04477534ef55a1706bf4c1112bbb242f0a2.sdkstatcache -output-file-map /Users/admin/builder/spi-builder-workspace/.derivedData/Build/Intermediates.noindex/HighlightSwift.build/Debug-watchos/HighlightSwift-t.build/Objects-normal/arm64_32/HighlightSwift-OutputFileMap.json -save-temps -no-color-diagnostics -explicit-module-build -module-cache-path /Users/admin/builder/spi-builder-workspace/.derivedData/Build/Intermediates.noindex/SwiftExplicitPrecompiledModules -clang-scanner-module-cache-path /Users/admin/builder/spi-builder-workspace/.derivedData/ModuleCache.noindex -sdk-module-cache-path /Users/admin/builder/spi-builder-workspace/.derivedData/SDKExplicitPrecompiledModules -emit-dependencies -emit-module -emit-module-path /Users/admin/builder/spi-builder-workspace/.derivedData/Build/Intermediates.noindex/HighlightSwift.build/Debug-watchos/HighlightSwift-t.build/Objects-normal/arm64_32/HighlightSwift.swiftmodule -serialize-diagnostics -dependency-scan-serialize-diagnostics-path /Users/admin/builder/spi-builder-workspace/.derivedData/Build/Intermediates.noindex/HighlightSwift.build/Debug-watchos/HighlightSwift-t.build/Objects-normal/arm64_32/HighlightSwift-dependency-scan.dia -validate-clang-modules-once -clang-build-session-file /Users/admin/builder/spi-builder-workspace/.derivedData/ModuleCache.noindex/Session.modulevalidation -Xcc -fmodules-prune-interval\=86400 -Xcc -fmodules-prune-after\=345600 -package-name spi_builder_workspace -emit-const-values -const-gather-protocols-list /Users/admin/builder/spi-builder-workspace/.derivedData/Build/Intermediates.noindex/HighlightSwift.build/Debug-watchos/HighlightSwift-t.build/Objects-normal/arm64_32/HighlightSwift_const_extract_protocols.json -Xcc -I/Users/admin/builder/spi-builder-workspace/.derivedData/Build/Products/Debug-watchos/include -Xcc -I/Users/admin/builder/spi-builder-workspace/.derivedData/Build/Intermediates.noindex/HighlightSwift.build/Debug-watchos/HighlightSwift-t.build/DerivedSources-normal/arm64_32 -Xcc -I/Users/admin/builder/spi-builder-workspace/.derivedData/Build/Intermediates.noindex/HighlightSwift.build/Debug-watchos/HighlightSwift-t.build/DerivedSources/arm64_32 -Xcc -I/Users/admin/builder/spi-builder-workspace/.derivedData/Build/Intermediates.noindex/HighlightSwift.build/Debug-watchos/HighlightSwift-t.build/DerivedSources -Xcc -DSWIFT_PACKAGE -Xcc -DDEBUG\=1 -emit-objc-header -emit-objc-header-path /Users/admin/builder/spi-builder-workspace/.derivedData/Build/Intermediates.noindex/HighlightSwift.build/Debug-watchos/HighlightSwift-t.build/Objects-normal/arm64_32/HighlightSwift-Swift.h -working-directory /Users/admin/builder/spi-builder-workspace/.swiftpm/xcode -experimental-emit-module-separately -disable-cmo
/Users/admin/builder/spi-builder-workspace/Sources/HighlightSwift/HLJS/HLJS.swift:1:8: error: Unable to resolve module dependency: 'JavaScriptCore' (in target 'HighlightSwift' from project 'HighlightSwift')
    note: A dependency of main module 'HighlightSwift'
/Users/admin/builder/spi-builder-workspace/Sources/HighlightSwift/HLJS/HLJS.swift:1:8: note: A dependency of main module 'HighlightSwift'
import JavaScriptCore
       ^ (in target 'HighlightSwift' from project 'HighlightSwift')
SwiftDriver HighlightSwift normal arm64 com.apple.xcode.tools.swift.compiler (in target 'HighlightSwift' from project 'HighlightSwift')
    cd /Users/admin/builder/spi-builder-workspace/.swiftpm/xcode
    builtin-SwiftDriver -- /Applications/Xcode-27.0.0-Release.Candidate.app/Contents/Developer/Toolchains/XcodeDefault.xctoolchain/usr/bin/swiftc -parse-as-library -module-name HighlightSwift -Onone @/Users/admin/builder/spi-builder-workspace/.derivedData/Build/Intermediates.noindex/HighlightSwift.build/Debug-watchos/HighlightSwift-t.build/Objects-normal/arm64/HighlightSwift.SwiftFileList -DSWIFT_PACKAGE -DDEBUG -DSWIFT_MODULE_RESOURCE_BUNDLE_AVAILABLE -DXcode -enable-experimental-feature StrictConcurrency -plugin-path /Applications/Xcode-27.0.0-Release.Candidate.app/Contents/Developer/Toolchains/XcodeDefault.xctoolchain/usr/lib/swift/host/plugins/testing -enable-experimental-feature DebugDescriptionMacro -sdk /Applications/Xcode-27.0.0-Release.Candidate.app/Contents/Developer/Platforms/WatchOS.platform/Developer/SDKs/WatchOS27.0.sdk -target arm64-apple-watchos9.0 -g -module-cache-path /Users/admin/builder/spi-builder-workspace/.derivedData/ModuleCache.noindex -Xfrontend -serialize-debugging-options -profile-coverage-mapping -profile-generate -enable-testing -index-store-path /Users/admin/builder/spi-builder-workspace/.derivedData/Index.noindex/DataStore -Xcc -D_LIBCPP_HARDENING_MODE\=_LIBCPP_HARDENING_MODE_DEBUG -swift-version 5 -I /Users/admin/builder/spi-builder-workspace/.derivedData/Build/Products/Debug-watchos -Isystem /Applications/Xcode-27.0.0-Release.Candidate.app/Contents/Developer/Platforms/WatchOS.platform/Developer/usr/lib -F /Users/admin/builder/spi-builder-workspace/.derivedData/Build/Products/Debug-watchos -F /Applications/Xcode-27.0.0-Release.Candidate.app/Contents/Developer/Platforms/WatchOS.platform/Developer/Library/Frameworks -F /Applications/Xcode-27.0.0-Release.Candidate.app/Contents/Developer/Platforms/WatchOS.platform/Developer/SDKs/WatchOS27.0.sdk/Developer/Library/Frameworks -c -j10 -enable-batch-mode -incremental -Xcc -ivfsstatcache -Xcc /Users/admin/builder/spi-builder-workspace/.derivedData/SDKStatCaches.noindex/watchos27.0-24R360-e829b21a6f8c9b70876ba0858053c04477534ef55a1706bf4c1112bbb242f0a2.sdkstatcache -output-file-map /Users/admin/builder/spi-builder-workspace/.derivedData/Build/Intermediates.noindex/HighlightSwift.build/Debug-watchos/HighlightSwift-t.build/Objects-normal/arm64/HighlightSwift-OutputFileMap.json -save-temps -no-color-diagnostics -explicit-module-build -module-cache-path /Users/admin/builder/spi-builder-workspace/.derivedData/Build/Intermediates.noindex/SwiftExplicitPrecompiledModules -clang-scanner-module-cache-path /Users/admin/builder/spi-builder-workspace/.derivedData/ModuleCache.noindex -sdk-module-cache-path /Users/admin/builder/spi-builder-workspace/.derivedData/SDKExplicitPrecompiledModules -emit-dependencies -emit-module -emit-module-path /Users/admin/builder/spi-builder-workspace/.derivedData/Build/Intermediates.noindex/HighlightSwift.build/Debug-watchos/HighlightSwift-t.build/Objects-normal/arm64/HighlightSwift.swiftmodule -serialize-diagnostics -dependency-scan-serialize-diagnostics-path /Users/admin/builder/spi-builder-workspace/.derivedData/Build/Intermediates.noindex/HighlightSwift.build/Debug-watchos/HighlightSwift-t.build/Objects-normal/arm64/HighlightSwift-dependency-scan.dia -validate-clang-modules-once -clang-build-session-file /Users/admin/builder/spi-builder-workspace/.derivedData/ModuleCache.noindex/Session.modulevalidation -Xcc -fmodules-prune-interval\=86400 -Xcc -fmodules-prune-after\=345600 -package-name spi_builder_workspace -emit-const-values -const-gather-protocols-list /Users/admin/builder/spi-builder-workspace/.derivedData/Build/Intermediates.noindex/HighlightSwift.build/Debug-watchos/HighlightSwift-t.build/Objects-normal/arm64/HighlightSwift_const_extract_protocols.json -Xcc -I/Users/admin/builder/spi-builder-workspace/.derivedData/Build/Products/Debug-watchos/include -Xcc -I/Users/admin/builder/spi-builder-workspace/.derivedData/Build/Intermediates.noindex/HighlightSwift.build/Debug-watchos/HighlightSwift-t.build/DerivedSources-normal/arm64 -Xcc -I/Users/admin/builder/spi-builder-workspace/.derivedData/Build/Intermediates.noindex/HighlightSwift.build/Debug-watchos/HighlightSwift-t.build/DerivedSources/arm64 -Xcc -I/Users/admin/builder/spi-builder-workspace/.derivedData/Build/Intermediates.noindex/HighlightSwift.build/Debug-watchos/HighlightSwift-t.build/DerivedSources -Xcc -DSWIFT_PACKAGE -Xcc -DDEBUG\=1 -emit-objc-header -emit-objc-header-path /Users/admin/builder/spi-builder-workspace/.derivedData/Build/Intermediates.noindex/HighlightSwift.build/Debug-watchos/HighlightSwift-t.build/Objects-normal/arm64/HighlightSwift-Swift.h -working-directory /Users/admin/builder/spi-builder-workspace/.swiftpm/xcode -experimental-emit-module-separately -disable-cmo
/Users/admin/builder/spi-builder-workspace/Sources/HighlightSwift/HLJS/HLJS.swift:1:8: error: Unable to resolve module dependency: 'JavaScriptCore' (in target 'HighlightSwift' from project 'HighlightSwift')
    note: A dependency of main module 'HighlightSwift'
/Users/admin/builder/spi-builder-workspace/Sources/HighlightSwift/HLJS/HLJS.swift:1:8: note: A dependency of main module 'HighlightSwift'
import JavaScriptCore
       ^ (in target 'HighlightSwift' from project 'HighlightSwift')
PruneExplicitPrecompiledModules /Users/admin/builder/spi-builder-workspace/.derivedData/Build/Intermediates.noindex/ExplicitPrecompiledModules
PruneExplicitPrecompiledModules /Users/admin/builder/spi-builder-workspace/.derivedData/SDKExplicitPrecompiledModules
PruneExplicitPrecompiledModules /Users/admin/builder/spi-builder-workspace/.derivedData/Build/Intermediates.noindex/SwiftExplicitPrecompiledModules
2026-09-20 17:47:37.121 xcodebuild[627:3888] [MT] IDERunDestination: Supported platforms for the buildables in the current scheme is empty.
2026-09-20 17:47:37.375 xcodebuild[627:3888] [MT] IDERunDestination: Supported platforms for the buildables in the current scheme is empty.
** BUILD FAILED **
The following build commands failed:
	SwiftDriver HighlightSwift normal arm64_32 com.apple.xcode.tools.swift.compiler (in target 'HighlightSwift' from project 'HighlightSwift')
	SwiftDriver HighlightSwift normal arm64 com.apple.xcode.tools.swift.compiler (in target 'HighlightSwift' from project 'HighlightSwift')
	Building workspace HighlightSwift with scheme HighlightSwift
(3 failures)
Command line invocation:
    /Applications/Xcode-27.0.0-Release.Candidate.app/Contents/Developer/usr/bin/xcodebuild -IDEClonedSourcePackagesDirPathOverride=/Users/admin/builder/spi-builder-workspace/.dependencies -resolvePackageDependencies
Resolve Package Graph
Resolved source packages:
  HighlightSwift: /Users/admin/builder/spi-builder-workspace
resolved source packages: HighlightSwift
2026-09-20 17:47:41.818 xcodebuild[663:4298] [MT] IDERunDestination: Supported platforms for the buildables in the current scheme is empty.
{
  "dependencies" : [
  ],
  "manifest_display_name" : "HighlightSwift",
  "name" : "HighlightSwift",
  "path" : "/Users/admin/builder/spi-builder-workspace",
  "platforms" : [
    {
      "name" : "ios",
      "version" : "15.0"
    },
    {
      "name" : "tvos",
      "version" : "15.0"
    },
    {
      "name" : "macos",
      "version" : "13.0"
    }
  ],
  "products" : [
    {
      "name" : "HighlightSwift",
      "targets" : [
        "HighlightSwift"
      ],
      "type" : {
        "library" : [
          "automatic"
        ]
      }
    }
  ],
  "targets" : [
    {
      "c99name" : "HighlightSwiftTests",
      "module_type" : "SwiftTarget",
      "name" : "HighlightSwiftTests",
      "path" : "Tests/HighlightSwiftTests",
      "sources" : [
        "HighlightSwiftTests.swift"
      ],
      "target_dependencies" : [
        "HighlightSwift"
      ],
      "type" : "test"
    },
    {
      "c99name" : "HighlightSwift",
      "module_type" : "SwiftTarget",
      "name" : "HighlightSwift",
      "path" : "Sources/HighlightSwift",
      "product_memberships" : [
        "HighlightSwift"
      ],
      "resources" : [
        {
          "path" : "/Users/admin/builder/spi-builder-workspace/Sources/HighlightSwift/HighlightJS/LICENSE.md",
          "rule" : {
            "process" : {
            }
          }
        },
        {
          "path" : "/Users/admin/builder/spi-builder-workspace/Sources/HighlightSwift/HighlightJS/highlight.min.js",
          "rule" : {
            "process" : {
            }
          }
        }
      ],
      "sources" : [
        "CodeText/CodeText.swift",
        "CodeText/CodeTextCardView.swift",
        "CodeText/CodeTextColors.swift",
        "CodeText/CodeTextModifiers.swift",
        "CodeText/CodeTextStyle.swift",
        "CodeText/CodeTextView.swift",
        "HLJS/HLJS.swift",
        "HLJS/HLJSError.swift",
        "HLJS/HLJSResult.swift",
        "Highlight/Highlight.swift",
        "Highlight/HighlightBackground.swift",
        "Highlight/HighlightCSS.swift",
        "Highlight/HighlightColors.swift",
        "Highlight/HighlightEntry.swift",
        "Highlight/HighlightLanguage.swift",
        "Highlight/HighlightMode.swift",
        "Highlight/HighlightResult.swift",
        "Highlight/HighlightTheme.swift"
      ],
      "type" : "library"
    }
  ],
  "tools_version" : "5.10"
}
{
  "workspace" : {
    "name" : "HighlightSwift",
    "schemes" : [
      "HighlightSwift"
    ]
  }
}
2026-09-20 17:47:43.143 xcodebuild[672:4388] [MT] IDERunDestination: Supported platforms for the buildables in the current scheme is empty.
Running build ...
env DEVELOPER_DIR=/Applications/Xcode-27.0.0-Release.Candidate.app xcrun xcodebuild -IDEClonedSourcePackagesDirPathOverride=$PWD/.dependencies -skipMacroValidation -skipPackagePluginValidation -derivedDataPath $PWD/.derivedData build -scheme HighlightSwift -destination generic/platform=watchOS
Command line invocation:
    /Applications/Xcode-27.0.0-Release.Candidate.app/Contents/Developer/usr/bin/xcodebuild -IDEClonedSourcePackagesDirPathOverride=/Users/admin/builder/spi-builder-workspace/.dependencies -skipMacroValidation -skipPackagePluginValidation -derivedDataPath /Users/admin/builder/spi-builder-workspace/.derivedData build -scheme HighlightSwift -destination generic/platform=watchOS
Resolve Package Graph
Resolved source packages:
  HighlightSwift: /Users/admin/builder/spi-builder-workspace
ComputePackagePrebuildTargetDependencyGraph
Prepare packages
CreateBuildRequest
SendProjectDescription
CreateBuildOperation
ComputeTargetDependencyGraph
note: Building targets in dependency order
note: Target dependency graph (4 targets)
    Target 'HighlightSwiftTests-product' in project 'HighlightSwift'
        ➜ Explicit dependency on target 'HighlightSwift' in project 'HighlightSwift'
    Target 'HighlightSwift-product' in project 'HighlightSwift'
        ➜ Explicit dependency on target 'HighlightSwift' in project 'HighlightSwift'
        ➜ Explicit dependency on target 'HighlightSwift_HighlightSwift' in project 'HighlightSwift'
    Target 'HighlightSwift' in project 'HighlightSwift'
        ➜ Explicit dependency on target 'HighlightSwift_HighlightSwift' in project 'HighlightSwift'
    Target 'HighlightSwift_HighlightSwift' in project 'HighlightSwift' (no dependencies)
GatherProvisioningInputs
CreateBuildDescription
ClangStatCache /Applications/Xcode-27.0.0-Release.Candidate.app/Contents/Developer/Toolchains/XcodeDefault.xctoolchain/usr/bin/clang-stat-cache /Applications/Xcode-27.0.0-Release.Candidate.app/Contents/Developer/Platforms/WatchOS.platform/Developer/SDKs/WatchOS27.0.sdk /Users/admin/builder/spi-builder-workspace/.derivedData/SDKStatCaches.noindex/watchos27.0-24R360-e829b21a6f8c9b70876ba0858053c04477534ef55a1706bf4c1112bbb242f0a2.sdkstatcache
    cd /Users/admin/builder/spi-builder-workspace/.swiftpm/xcode
    /Applications/Xcode-27.0.0-Release.Candidate.app/Contents/Developer/Toolchains/XcodeDefault.xctoolchain/usr/bin/clang-stat-cache /Applications/Xcode-27.0.0-Release.Candidate.app/Contents/Developer/Platforms/WatchOS.platform/Developer/SDKs/WatchOS27.0.sdk -o /Users/admin/builder/spi-builder-workspace/.derivedData/SDKStatCaches.noindex/watchos27.0-24R360-e829b21a6f8c9b70876ba0858053c04477534ef55a1706bf4c1112bbb242f0a2.sdkstatcache
SwiftDriver HighlightSwift normal arm64_32 com.apple.xcode.tools.swift.compiler (in target 'HighlightSwift' from project 'HighlightSwift')
    cd /Users/admin/builder/spi-builder-workspace/.swiftpm/xcode
    builtin-SwiftDriver -- /Applications/Xcode-27.0.0-Release.Candidate.app/Contents/Developer/Toolchains/XcodeDefault.xctoolchain/usr/bin/swiftc -parse-as-library -module-name HighlightSwift -Onone @/Users/admin/builder/spi-builder-workspace/.derivedData/Build/Intermediates.noindex/HighlightSwift.build/Debug-watchos/HighlightSwift-t.build/Objects-normal/arm64_32/HighlightSwift.SwiftFileList -DSWIFT_PACKAGE -DDEBUG -DSWIFT_MODULE_RESOURCE_BUNDLE_AVAILABLE -DXcode -enable-experimental-feature StrictConcurrency -plugin-path /Applications/Xcode-27.0.0-Release.Candidate.app/Contents/Developer/Toolchains/XcodeDefault.xctoolchain/usr/lib/swift/host/plugins/testing -enable-experimental-feature DebugDescriptionMacro -sdk /Applications/Xcode-27.0.0-Release.Candidate.app/Contents/Developer/Platforms/WatchOS.platform/Developer/SDKs/WatchOS27.0.sdk -target arm64_32-apple-watchos9.0 -g -module-cache-path /Users/admin/builder/spi-builder-workspace/.derivedData/ModuleCache.noindex -Xfrontend -serialize-debugging-options -profile-coverage-mapping -profile-generate -enable-testing -index-store-path /Users/admin/builder/spi-builder-workspace/.derivedData/Index.noindex/DataStore -Xcc -D_LIBCPP_HARDENING_MODE\=_LIBCPP_HARDENING_MODE_DEBUG -swift-version 5 -I /Users/admin/builder/spi-builder-workspace/.derivedData/Build/Products/Debug-watchos -Isystem /Applications/Xcode-27.0.0-Release.Candidate.app/Contents/Developer/Platforms/WatchOS.platform/Developer/usr/lib -F /Users/admin/builder/spi-builder-workspace/.derivedData/Build/Products/Debug-watchos -F /Applications/Xcode-27.0.0-Release.Candidate.app/Contents/Developer/Platforms/WatchOS.platform/Developer/Library/Frameworks -F /Applications/Xcode-27.0.0-Release.Candidate.app/Contents/Developer/Platforms/WatchOS.platform/Developer/SDKs/WatchOS27.0.sdk/Developer/Library/Frameworks -c -j10 -enable-batch-mode -incremental -Xcc -ivfsstatcache -Xcc /Users/admin/builder/spi-builder-workspace/.derivedData/SDKStatCaches.noindex/watchos27.0-24R360-e829b21a6f8c9b70876ba0858053c04477534ef55a1706bf4c1112bbb242f0a2.sdkstatcache -output-file-map /Users/admin/builder/spi-builder-workspace/.derivedData/Build/Intermediates.noindex/HighlightSwift.build/Debug-watchos/HighlightSwift-t.build/Objects-normal/arm64_32/HighlightSwift-OutputFileMap.json -save-temps -no-color-diagnostics -explicit-module-build -module-cache-path /Users/admin/builder/spi-builder-workspace/.derivedData/Build/Intermediates.noindex/SwiftExplicitPrecompiledModules -clang-scanner-module-cache-path /Users/admin/builder/spi-builder-workspace/.derivedData/ModuleCache.noindex -sdk-module-cache-path /Users/admin/builder/spi-builder-workspace/.derivedData/SDKExplicitPrecompiledModules -emit-dependencies -emit-module -emit-module-path /Users/admin/builder/spi-builder-workspace/.derivedData/Build/Intermediates.noindex/HighlightSwift.build/Debug-watchos/HighlightSwift-t.build/Objects-normal/arm64_32/HighlightSwift.swiftmodule -serialize-diagnostics -dependency-scan-serialize-diagnostics-path /Users/admin/builder/spi-builder-workspace/.derivedData/Build/Intermediates.noindex/HighlightSwift.build/Debug-watchos/HighlightSwift-t.build/Objects-normal/arm64_32/HighlightSwift-dependency-scan.dia -validate-clang-modules-once -clang-build-session-file /Users/admin/builder/spi-builder-workspace/.derivedData/ModuleCache.noindex/Session.modulevalidation -Xcc -fmodules-prune-interval\=86400 -Xcc -fmodules-prune-after\=345600 -package-name spi_builder_workspace -emit-const-values -const-gather-protocols-list /Users/admin/builder/spi-builder-workspace/.derivedData/Build/Intermediates.noindex/HighlightSwift.build/Debug-watchos/HighlightSwift-t.build/Objects-normal/arm64_32/HighlightSwift_const_extract_protocols.json -Xcc -I/Users/admin/builder/spi-builder-workspace/.derivedData/Build/Products/Debug-watchos/include -Xcc -I/Users/admin/builder/spi-builder-workspace/.derivedData/Build/Intermediates.noindex/HighlightSwift.build/Debug-watchos/HighlightSwift-t.build/DerivedSources-normal/arm64_32 -Xcc -I/Users/admin/builder/spi-builder-workspace/.derivedData/Build/Intermediates.noindex/HighlightSwift.build/Debug-watchos/HighlightSwift-t.build/DerivedSources/arm64_32 -Xcc -I/Users/admin/builder/spi-builder-workspace/.derivedData/Build/Intermediates.noindex/HighlightSwift.build/Debug-watchos/HighlightSwift-t.build/DerivedSources -Xcc -DSWIFT_PACKAGE -Xcc -DDEBUG\=1 -emit-objc-header -emit-objc-header-path /Users/admin/builder/spi-builder-workspace/.derivedData/Build/Intermediates.noindex/HighlightSwift.build/Debug-watchos/HighlightSwift-t.build/Objects-normal/arm64_32/HighlightSwift-Swift.h -working-directory /Users/admin/builder/spi-builder-workspace/.swiftpm/xcode -experimental-emit-module-separately -disable-cmo
/Users/admin/builder/spi-builder-workspace/Sources/HighlightSwift/HLJS/HLJS.swift:1:8: error: Unable to resolve module dependency: 'JavaScriptCore' (in target 'HighlightSwift' from project 'HighlightSwift')
    note: A dependency of main module 'HighlightSwift'
/Users/admin/builder/spi-builder-workspace/Sources/HighlightSwift/HLJS/HLJS.swift:1:8: note: A dependency of main module 'HighlightSwift'
import JavaScriptCore
       ^ (in target 'HighlightSwift' from project 'HighlightSwift')
SwiftDriver HighlightSwift normal arm64 com.apple.xcode.tools.swift.compiler (in target 'HighlightSwift' from project 'HighlightSwift')
    cd /Users/admin/builder/spi-builder-workspace/.swiftpm/xcode
    builtin-SwiftDriver -- /Applications/Xcode-27.0.0-Release.Candidate.app/Contents/Developer/Toolchains/XcodeDefault.xctoolchain/usr/bin/swiftc -parse-as-library -module-name HighlightSwift -Onone @/Users/admin/builder/spi-builder-workspace/.derivedData/Build/Intermediates.noindex/HighlightSwift.build/Debug-watchos/HighlightSwift-t.build/Objects-normal/arm64/HighlightSwift.SwiftFileList -DSWIFT_PACKAGE -DDEBUG -DSWIFT_MODULE_RESOURCE_BUNDLE_AVAILABLE -DXcode -enable-experimental-feature StrictConcurrency -plugin-path /Applications/Xcode-27.0.0-Release.Candidate.app/Contents/Developer/Toolchains/XcodeDefault.xctoolchain/usr/lib/swift/host/plugins/testing -enable-experimental-feature DebugDescriptionMacro -sdk /Applications/Xcode-27.0.0-Release.Candidate.app/Contents/Developer/Platforms/WatchOS.platform/Developer/SDKs/WatchOS27.0.sdk -target arm64-apple-watchos9.0 -g -module-cache-path /Users/admin/builder/spi-builder-workspace/.derivedData/ModuleCache.noindex -Xfrontend -serialize-debugging-options -profile-coverage-mapping -profile-generate -enable-testing -index-store-path /Users/admin/builder/spi-builder-workspace/.derivedData/Index.noindex/DataStore -Xcc -D_LIBCPP_HARDENING_MODE\=_LIBCPP_HARDENING_MODE_DEBUG -swift-version 5 -I /Users/admin/builder/spi-builder-workspace/.derivedData/Build/Products/Debug-watchos -Isystem /Applications/Xcode-27.0.0-Release.Candidate.app/Contents/Developer/Platforms/WatchOS.platform/Developer/usr/lib -F /Users/admin/builder/spi-builder-workspace/.derivedData/Build/Products/Debug-watchos -F /Applications/Xcode-27.0.0-Release.Candidate.app/Contents/Developer/Platforms/WatchOS.platform/Developer/Library/Frameworks -F /Applications/Xcode-27.0.0-Release.Candidate.app/Contents/Developer/Platforms/WatchOS.platform/Developer/SDKs/WatchOS27.0.sdk/Developer/Library/Frameworks -c -j10 -enable-batch-mode -incremental -Xcc -ivfsstatcache -Xcc /Users/admin/builder/spi-builder-workspace/.derivedData/SDKStatCaches.noindex/watchos27.0-24R360-e829b21a6f8c9b70876ba0858053c04477534ef55a1706bf4c1112bbb242f0a2.sdkstatcache -output-file-map /Users/admin/builder/spi-builder-workspace/.derivedData/Build/Intermediates.noindex/HighlightSwift.build/Debug-watchos/HighlightSwift-t.build/Objects-normal/arm64/HighlightSwift-OutputFileMap.json -save-temps -no-color-diagnostics -explicit-module-build -module-cache-path /Users/admin/builder/spi-builder-workspace/.derivedData/Build/Intermediates.noindex/SwiftExplicitPrecompiledModules -clang-scanner-module-cache-path /Users/admin/builder/spi-builder-workspace/.derivedData/ModuleCache.noindex -sdk-module-cache-path /Users/admin/builder/spi-builder-workspace/.derivedData/SDKExplicitPrecompiledModules -emit-dependencies -emit-module -emit-module-path /Users/admin/builder/spi-builder-workspace/.derivedData/Build/Intermediates.noindex/HighlightSwift.build/Debug-watchos/HighlightSwift-t.build/Objects-normal/arm64/HighlightSwift.swiftmodule -serialize-diagnostics -dependency-scan-serialize-diagnostics-path /Users/admin/builder/spi-builder-workspace/.derivedData/Build/Intermediates.noindex/HighlightSwift.build/Debug-watchos/HighlightSwift-t.build/Objects-normal/arm64/HighlightSwift-dependency-scan.dia -validate-clang-modules-once -clang-build-session-file /Users/admin/builder/spi-builder-workspace/.derivedData/ModuleCache.noindex/Session.modulevalidation -Xcc -fmodules-prune-interval\=86400 -Xcc -fmodules-prune-after\=345600 -package-name spi_builder_workspace -emit-const-values -const-gather-protocols-list /Users/admin/builder/spi-builder-workspace/.derivedData/Build/Intermediates.noindex/HighlightSwift.build/Debug-watchos/HighlightSwift-t.build/Objects-normal/arm64/HighlightSwift_const_extract_protocols.json -Xcc -I/Users/admin/builder/spi-builder-workspace/.derivedData/Build/Products/Debug-watchos/include -Xcc -I/Users/admin/builder/spi-builder-workspace/.derivedData/Build/Intermediates.noindex/HighlightSwift.build/Debug-watchos/HighlightSwift-t.build/DerivedSources-normal/arm64 -Xcc -I/Users/admin/builder/spi-builder-workspace/.derivedData/Build/Intermediates.noindex/HighlightSwift.build/Debug-watchos/HighlightSwift-t.build/DerivedSources/arm64 -Xcc -I/Users/admin/builder/spi-builder-workspace/.derivedData/Build/Intermediates.noindex/HighlightSwift.build/Debug-watchos/HighlightSwift-t.build/DerivedSources -Xcc -DSWIFT_PACKAGE -Xcc -DDEBUG\=1 -emit-objc-header -emit-objc-header-path /Users/admin/builder/spi-builder-workspace/.derivedData/Build/Intermediates.noindex/HighlightSwift.build/Debug-watchos/HighlightSwift-t.build/Objects-normal/arm64/HighlightSwift-Swift.h -working-directory /Users/admin/builder/spi-builder-workspace/.swiftpm/xcode -experimental-emit-module-separately -disable-cmo
/Users/admin/builder/spi-builder-workspace/Sources/HighlightSwift/HLJS/HLJS.swift:1:8: error: Unable to resolve module dependency: 'JavaScriptCore' (in target 'HighlightSwift' from project 'HighlightSwift')
    note: A dependency of main module 'HighlightSwift'
/Users/admin/builder/spi-builder-workspace/Sources/HighlightSwift/HLJS/HLJS.swift:1:8: note: A dependency of main module 'HighlightSwift'
import JavaScriptCore
       ^ (in target 'HighlightSwift' from project 'HighlightSwift')
PruneExplicitPrecompiledModules /Users/admin/builder/spi-builder-workspace/.derivedData/SDKExplicitPrecompiledModules
PruneExplicitPrecompiledModules /Users/admin/builder/spi-builder-workspace/.derivedData/Build/Intermediates.noindex/ExplicitPrecompiledModules
PruneExplicitPrecompiledModules /Users/admin/builder/spi-builder-workspace/.derivedData/Build/Intermediates.noindex/SwiftExplicitPrecompiledModules
2026-09-20 17:47:44.158 xcodebuild[673:4412] [MT] IDERunDestination: Supported platforms for the buildables in the current scheme is empty.
2026-09-20 17:47:44.305 xcodebuild[673:4412] [MT] IDERunDestination: Supported platforms for the buildables in the current scheme is empty.
** BUILD FAILED **
The following build commands failed:
	SwiftDriver HighlightSwift normal arm64_32 com.apple.xcode.tools.swift.compiler (in target 'HighlightSwift' from project 'HighlightSwift')
	SwiftDriver HighlightSwift normal arm64 com.apple.xcode.tools.swift.compiler (in target 'HighlightSwift' from project 'HighlightSwift')
	Building workspace HighlightSwift with scheme HighlightSwift
(3 failures)
BUILD FAILURE 6.4 watchOS