Build Information
Failed to build AEPEdgeIdentity, reference 5.1.0 (58a195), with Swift 6.2 for macOS (SPM) on 16 Jul 2026 21:28:51 UTC.
Build Command
env DEVELOPER_DIR=/Applications/Xcode-26.3.0.app xcrun swift build --arch arm64Build Log
========================================
RunAll
========================================
Builder version: undefined version: run 'make version' to update
Interrupt handler set up.
========================================
Checkout
========================================
Clone URL: https://github.com/adobe/aepsdk-edgeidentity-ios.git
Reference: 5.1.0
Initialized empty Git repository in /Users/admin/builder/spi-builder-workspace/.git/
From https://github.com/adobe/aepsdk-edgeidentity-ios
* tag 5.1.0 -> FETCH_HEAD
HEAD is now at 58a195d testing spm integration (#148)
Cloned https://github.com/adobe/aepsdk-edgeidentity-ios.git
Revision (git rev-parse @):
58a195da219be3dab74824954e56d09dabaa8085
SUCCESS checkout https://github.com/adobe/aepsdk-edgeidentity-ios.git at 5.1.0
========================================
Build
========================================
Selected platform: macosSpm
Swift version: 6.2
Building package at path: $PWD
https://github.com/adobe/aepsdk-edgeidentity-ios.git
Running build ...
env DEVELOPER_DIR=/Applications/Xcode-26.3.0.app xcrun swift build --arch arm64
Building for debugging...
[0/7] Write sources
[0/7] Copying PrivacyInfo.xcprivacy
[0/7] Write sources
[1/7] Copying PrivacyInfo.xcprivacy
[4/7] Write sources
[6/7] Write swift-version--3CB7CFEC50E0D141.txt
[8/103] Compiling AEPServices ApplicationSystemInfoService.swift
[9/103] Compiling AEPServices ServiceProvider.swift
[10/103] Compiling AEPServices SystemInfoService.swift
[11/103] Emitting module AEPRulesEngine
[12/103] Compiling AEPServices UIUtils.swift
[13/103] Compiling AEPServices URLOpening.swift
[14/103] Compiling AEPServices URLService.swift
[15/105] Compiling AEPServices FileSystemNamedCollection.swift
[16/105] Compiling AEPServices NamedCollectionDataStore.swift
error: emit-module command failed with exit code 1 (use -v to see invocation)
[17/105] Emitting module AEPServices
/Users/admin/builder/spi-builder-workspace/.build/checkouts/aepsdk-core-ios/AEPServices/Sources/ApplicationSystemInfoService.swift:17:8: error: no such module 'UIKit'
15 | #endif
16 | import Foundation
17 | import UIKit
| `- error: no such module 'UIKit'
18 |
19 | /// The Core system info service implementation which provides
[18/105] Compiling AEPServices NetworkService.swift
[19/105] Compiling AEPServices NetworkServiceConstants.swift
[20/105] Compiling AEPServices Networking.swift
/Users/admin/builder/spi-builder-workspace/.build/checkouts/aepsdk-core-ios/AEPServices/Sources/ApplicationSystemInfoService.swift:17:8: error: no such module 'UIKit'
15 | #endif
16 | import Foundation
17 | import UIKit
| `- error: no such module 'UIKit'
18 |
19 | /// The Core system info service implementation which provides
/Users/admin/builder/spi-builder-workspace/.build/checkouts/aepsdk-core-ios/AEPServices/Sources/ApplicationSystemInfoService.swift:17:8: error: no such module 'UIKit'
15 | #endif
16 | import Foundation
17 | import UIKit
| `- error: no such module 'UIKit'
18 |
19 | /// The Core system info service implementation which provides
/Users/admin/builder/spi-builder-workspace/.build/checkouts/aepsdk-core-ios/AEPServices/Sources/ApplicationSystemInfoService.swift:17:8: error: no such module 'UIKit'
15 | #endif
16 | import Foundation
17 | import UIKit
| `- error: no such module 'UIKit'
18 |
19 | /// The Core system info service implementation which provides
/Users/admin/builder/spi-builder-workspace/.build/checkouts/aepsdk-core-ios/AEPServices/Sources/ApplicationSystemInfoService.swift:17:8: error: no such module 'UIKit'
15 | #endif
16 | import Foundation
17 | import UIKit
| `- error: no such module 'UIKit'
18 |
19 | /// The Core system info service implementation which provides
/Users/admin/builder/spi-builder-workspace/.build/checkouts/aepsdk-core-ios/AEPServices/Sources/ApplicationSystemInfoService.swift:17:8: error: no such module 'UIKit'
15 | #endif
16 | import Foundation
17 | import UIKit
| `- error: no such module 'UIKit'
18 |
19 | /// The Core system info service implementation which provides
/Users/admin/builder/spi-builder-workspace/.build/checkouts/aepsdk-core-ios/AEPServices/Sources/ApplicationSystemInfoService.swift:17:8: error: no such module 'UIKit'
15 | #endif
16 | import Foundation
17 | import UIKit
| `- error: no such module 'UIKit'
18 |
19 | /// The Core system info service implementation which provides
[27/105] Compiling AEPServices Cache.swift
/Users/admin/builder/spi-builder-workspace/.build/checkouts/aepsdk-core-ios/AEPServices/Sources/ApplicationSystemInfoService.swift:17:8: error: no such module 'UIKit'
15 | #endif
16 | import Foundation
17 | import UIKit
| `- error: no such module 'UIKit'
18 |
19 | /// The Core system info service implementation which provides
[28/105] Compiling AEPServices CacheEntry.swift
/Users/admin/builder/spi-builder-workspace/.build/checkouts/aepsdk-core-ios/AEPServices/Sources/ApplicationSystemInfoService.swift:17:8: error: no such module 'UIKit'
15 | #endif
16 | import Foundation
17 | import UIKit
| `- error: no such module 'UIKit'
18 |
19 | /// The Core system info service implementation which provides
[29/105] Compiling AEPServices ThreadSafeDictionary.swift
/Users/admin/builder/spi-builder-workspace/.build/checkouts/aepsdk-core-ios/AEPServices/Sources/ApplicationSystemInfoService.swift:17:8: error: no such module 'UIKit'
15 | #endif
16 | import Foundation
17 | import UIKit
| `- error: no such module 'UIKit'
18 |
19 | /// The Core system info service implementation which provides
[30/105] Compiling AEPServices URLEncoder.swift
/Users/admin/builder/spi-builder-workspace/.build/checkouts/aepsdk-core-ios/AEPServices/Sources/ApplicationSystemInfoService.swift:17:8: error: no such module 'UIKit'
15 | #endif
16 | import Foundation
17 | import UIKit
| `- error: no such module 'UIKit'
18 |
19 | /// The Core system info service implementation which provides
[31/105] Compiling AEPServices URLError+Recoverable.swift
/Users/admin/builder/spi-builder-workspace/.build/checkouts/aepsdk-core-ios/AEPServices/Sources/ApplicationSystemInfoService.swift:17:8: error: no such module 'UIKit'
15 | #endif
16 | import Foundation
17 | import UIKit
| `- error: no such module 'UIKit'
18 |
19 | /// The Core system info service implementation which provides
[32/105] Compiling AEPServices HitProcessing.swift
/Users/admin/builder/spi-builder-workspace/.build/checkouts/aepsdk-core-ios/AEPServices/Sources/ApplicationSystemInfoService.swift:17:8: error: no such module 'UIKit'
15 | #endif
16 | import Foundation
17 | import UIKit
| `- error: no such module 'UIKit'
18 |
19 | /// The Core system info service implementation which provides
[33/105] Compiling AEPServices HitQueuing.swift
/Users/admin/builder/spi-builder-workspace/.build/checkouts/aepsdk-core-ios/AEPServices/Sources/ApplicationSystemInfoService.swift:17:8: error: no such module 'UIKit'
15 | #endif
16 | import Foundation
17 | import UIKit
| `- error: no such module 'UIKit'
18 |
19 | /// The Core system info service implementation which provides
[34/105] Compiling AEPServices PersistentHitQueue.swift
/Users/admin/builder/spi-builder-workspace/.build/checkouts/aepsdk-core-ios/AEPServices/Sources/ApplicationSystemInfoService.swift:17:8: error: no such module 'UIKit'
15 | #endif
16 | import Foundation
17 | import UIKit
| `- error: no such module 'UIKit'
18 |
19 | /// The Core system info service implementation which provides
[35/105] Compiling AEPServices FileManager+ZIP.swift
/Users/admin/builder/spi-builder-workspace/.build/checkouts/aepsdk-core-ios/AEPServices/Sources/ApplicationSystemInfoService.swift:17:8: error: no such module 'UIKit'
15 | #endif
16 | import Foundation
17 | import UIKit
| `- error: no such module 'UIKit'
18 |
19 | /// The Core system info service implementation which provides
[36/112] Compiling AEPServices CacheExpiry.swift
/Users/admin/builder/spi-builder-workspace/.build/checkouts/aepsdk-core-ios/AEPServices/Sources/ApplicationSystemInfoService.swift:17:8: error: no such module 'UIKit'
15 | #endif
16 | import Foundation
17 | import UIKit
| `- error: no such module 'UIKit'
18 |
19 | /// The Core system info service implementation which provides
[37/112] Compiling AEPServices Caching.swift
/Users/admin/builder/spi-builder-workspace/.build/checkouts/aepsdk-core-ios/AEPServices/Sources/ApplicationSystemInfoService.swift:17:8: error: no such module 'UIKit'
15 | #endif
16 | import Foundation
17 | import UIKit
| `- error: no such module 'UIKit'
18 |
19 | /// The Core system info service implementation which provides
[38/112] Compiling AEPServices DiskCacheService.swift
/Users/admin/builder/spi-builder-workspace/.build/checkouts/aepsdk-core-ios/AEPServices/Sources/ApplicationSystemInfoService.swift:17:8: error: no such module 'UIKit'
15 | #endif
16 | import Foundation
17 | import UIKit
| `- error: no such module 'UIKit'
18 |
19 | /// The Core system info service implementation which provides
[39/112] Compiling AEPServices DataEntity.swift
/Users/admin/builder/spi-builder-workspace/.build/checkouts/aepsdk-core-ios/AEPServices/Sources/ApplicationSystemInfoService.swift:17:8: error: no such module 'UIKit'
15 | #endif
16 | import Foundation
17 | import UIKit
| `- error: no such module 'UIKit'
18 |
19 | /// The Core system info service implementation which provides
[40/112] Compiling AEPServices DataQueue.swift
/Users/admin/builder/spi-builder-workspace/.build/checkouts/aepsdk-core-ios/AEPServices/Sources/ApplicationSystemInfoService.swift:17:8: error: no such module 'UIKit'
15 | #endif
16 | import Foundation
17 | import UIKit
| `- error: no such module 'UIKit'
18 |
19 | /// The Core system info service implementation which provides
[41/112] Compiling AEPServices DataQueueService.swift
/Users/admin/builder/spi-builder-workspace/.build/checkouts/aepsdk-core-ios/AEPServices/Sources/ApplicationSystemInfoService.swift:17:8: error: no such module 'UIKit'
15 | #endif
16 | import Foundation
17 | import UIKit
| `- error: no such module 'UIKit'
18 |
19 | /// The Core system info service implementation which provides
[42/112] Compiling AEPServices DataQueuing.swift
/Users/admin/builder/spi-builder-workspace/.build/checkouts/aepsdk-core-ios/AEPServices/Sources/ApplicationSystemInfoService.swift:17:8: error: no such module 'UIKit'
15 | #endif
16 | import Foundation
17 | import UIKit
| `- error: no such module 'UIKit'
18 |
19 | /// The Core system info service implementation which provides
[43/112] Compiling AEPServices SQLiteDataQueue.swift
/Users/admin/builder/spi-builder-workspace/.build/checkouts/aepsdk-core-ios/AEPServices/Sources/ApplicationSystemInfoService.swift:17:8: error: no such module 'UIKit'
15 | #endif
16 | import Foundation
17 | import UIKit
| `- error: no such module 'UIKit'
18 |
19 | /// The Core system info service implementation which provides
[44/112] Compiling AEPServices HttpMethod.swift
/Users/admin/builder/spi-builder-workspace/.build/checkouts/aepsdk-core-ios/AEPServices/Sources/ApplicationSystemInfoService.swift:17:8: error: no such module 'UIKit'
15 | #endif
16 | import Foundation
17 | import UIKit
| `- error: no such module 'UIKit'
18 |
19 | /// The Core system info service implementation which provides
[45/112] Compiling AEPServices NetworkRequest.swift
/Users/admin/builder/spi-builder-workspace/.build/checkouts/aepsdk-core-ios/AEPServices/Sources/ApplicationSystemInfoService.swift:17:8: error: no such module 'UIKit'
15 | #endif
16 | import Foundation
17 | import UIKit
| `- error: no such module 'UIKit'
18 |
19 | /// The Core system info service implementation which provides
/Users/admin/builder/spi-builder-workspace/.build/checkouts/aepsdk-core-ios/AEPServices/Sources/ApplicationSystemInfoService.swift:17:8: error: no such module 'UIKit'
15 | #endif
16 | import Foundation
17 | import UIKit
| `- error: no such module 'UIKit'
18 |
19 | /// The Core system info service implementation which provides
/Users/admin/builder/spi-builder-workspace/.build/checkouts/aepsdk-core-ios/AEPServices/Sources/ApplicationSystemInfoService.swift:17:8: error: no such module 'UIKit'
15 | #endif
16 | import Foundation
17 | import UIKit
| `- error: no such module 'UIKit'
18 |
19 | /// The Core system info service implementation which provides
/Users/admin/builder/spi-builder-workspace/.build/checkouts/aepsdk-core-ios/AEPServices/Sources/ApplicationSystemInfoService.swift:17:8: error: no such module 'UIKit'
15 | #endif
16 | import Foundation
17 | import UIKit
| `- error: no such module 'UIKit'
18 |
19 | /// The Core system info service implementation which provides
/Users/admin/builder/spi-builder-workspace/.build/checkouts/aepsdk-core-ios/AEPServices/Sources/ApplicationSystemInfoService.swift:17:8: error: no such module 'UIKit'
15 | #endif
16 | import Foundation
17 | import UIKit
| `- error: no such module 'UIKit'
18 |
19 | /// The Core system info service implementation which provides
/Users/admin/builder/spi-builder-workspace/.build/checkouts/aepsdk-core-ios/AEPServices/Sources/ApplicationSystemInfoService.swift:17:8: error: no such module 'UIKit'
15 | #endif
16 | import Foundation
17 | import UIKit
| `- error: no such module 'UIKit'
18 |
19 | /// The Core system info service implementation which provides
[51/112] Compiling AEPRulesEngine Transforming.swift
/Users/admin/builder/spi-builder-workspace/.build/checkouts/aepsdk-core-ios/AEPServices/Sources/ApplicationSystemInfoService.swift:17:8: error: no such module 'UIKit'
15 | #endif
16 | import Foundation
17 | import UIKit
| `- error: no such module 'UIKit'
18 |
19 | /// The Core system info service implementation which provides
[64/112] Compiling AEPServices FullscreenPresentable.swift
/Users/admin/builder/spi-builder-workspace/.build/checkouts/aepsdk-core-ios/AEPServices/Sources/ApplicationSystemInfoService.swift:17:8: error: no such module 'UIKit'
15 | #endif
16 | import Foundation
17 | import UIKit
| `- error: no such module 'UIKit'
18 |
19 | /// The Core system info service implementation which provides
[65/112] Compiling AEPServices AnyCodable.swift
/Users/admin/builder/spi-builder-workspace/.build/checkouts/aepsdk-core-ios/AEPServices/Sources/ApplicationSystemInfoService.swift:17:8: error: no such module 'UIKit'
15 | #endif
16 | import Foundation
17 | import UIKit
| `- error: no such module 'UIKit'
18 |
19 | /// The Core system info service implementation which provides
[66/112] Compiling AEPServices AtomicCounter.swift
/Users/admin/builder/spi-builder-workspace/.build/checkouts/aepsdk-core-ios/AEPServices/Sources/ApplicationSystemInfoService.swift:17:8: error: no such module 'UIKit'
15 | #endif
16 | import Foundation
17 | import UIKit
| `- error: no such module 'UIKit'
18 |
19 | /// The Core system info service implementation which provides
[67/112] Compiling AEPServices Date+Format.swift
/Users/admin/builder/spi-builder-workspace/.build/checkouts/aepsdk-core-ios/AEPServices/Sources/ApplicationSystemInfoService.swift:17:8: error: no such module 'UIKit'
15 | #endif
16 | import Foundation
17 | import UIKit
| `- error: no such module 'UIKit'
18 |
19 | /// The Core system info service implementation which provides
[68/112] Compiling AEPServices FileManager+Directories.swift
/Users/admin/builder/spi-builder-workspace/.build/checkouts/aepsdk-core-ios/AEPServices/Sources/ApplicationSystemInfoService.swift:17:8: error: no such module 'UIKit'
15 | #endif
16 | import Foundation
17 | import UIKit
| `- error: no such module 'UIKit'
18 |
19 | /// The Core system info service implementation which provides
[69/112] Compiling AEPServices OperationOrderer.swift
/Users/admin/builder/spi-builder-workspace/.build/checkouts/aepsdk-core-ios/AEPServices/Sources/ApplicationSystemInfoService.swift:17:8: error: no such module 'UIKit'
15 | #endif
16 | import Foundation
17 | import UIKit
| `- error: no such module 'UIKit'
18 |
19 | /// The Core system info service implementation which provides
[70/112] Compiling AEPServices PrettyDictionary.swift
/Users/admin/builder/spi-builder-workspace/.build/checkouts/aepsdk-core-ios/AEPServices/Sources/ApplicationSystemInfoService.swift:17:8: error: no such module 'UIKit'
15 | #endif
16 | import Foundation
17 | import UIKit
| `- error: no such module 'UIKit'
18 |
19 | /// The Core system info service implementation which provides
[71/112] Compiling AEPServices ThreadSafeArray.swift
/Users/admin/builder/spi-builder-workspace/.build/checkouts/aepsdk-core-ios/AEPServices/Sources/ApplicationSystemInfoService.swift:17:8: error: no such module 'UIKit'
15 | #endif
16 | import Foundation
17 | import UIKit
| `- error: no such module 'UIKit'
18 |
19 | /// The Core system info service implementation which provides
[72/112] Compiling AEPServices FloatingButtonDelegate.swift
/Users/admin/builder/spi-builder-workspace/.build/checkouts/aepsdk-core-ios/AEPServices/Sources/ApplicationSystemInfoService.swift:17:8: error: no such module 'UIKit'
15 | #endif
16 | import Foundation
17 | import UIKit
| `- error: no such module 'UIKit'
18 |
19 | /// The Core system info service implementation which provides
[73/112] Compiling AEPServices FloatingButtonPosition.swift
/Users/admin/builder/spi-builder-workspace/.build/checkouts/aepsdk-core-ios/AEPServices/Sources/ApplicationSystemInfoService.swift:17:8: error: no such module 'UIKit'
15 | #endif
16 | import Foundation
17 | import UIKit
| `- error: no such module 'UIKit'
18 |
19 | /// The Core system info service implementation which provides
[74/112] Compiling AEPServices FloatingButtonPresentable.swift
/Users/admin/builder/spi-builder-workspace/.build/checkouts/aepsdk-core-ios/AEPServices/Sources/ApplicationSystemInfoService.swift:17:8: error: no such module 'UIKit'
15 | #endif
16 | import Foundation
17 | import UIKit
| `- error: no such module 'UIKit'
18 |
19 | /// The Core system info service implementation which provides
[75/112] Compiling AEPServices FullscreenMessage+FrameCalculation.swift
/Users/admin/builder/spi-builder-workspace/.build/checkouts/aepsdk-core-ios/AEPServices/Sources/ApplicationSystemInfoService.swift:17:8: error: no such module 'UIKit'
15 | #endif
16 | import Foundation
17 | import UIKit
| `- error: no such module 'UIKit'
18 |
19 | /// The Core system info service implementation which provides
[76/112] Compiling AEPServices FullscreenMessage+WKNavigationDelegate.swift
/Users/admin/builder/spi-builder-workspace/.build/checkouts/aepsdk-core-ios/AEPServices/Sources/ApplicationSystemInfoService.swift:17:8: error: no such module 'UIKit'
15 | #endif
16 | import Foundation
17 | import UIKit
| `- error: no such module 'UIKit'
18 |
19 | /// The Core system info service implementation which provides
[77/112] Compiling AEPServices FullscreenMessage+WKScriptMessageHandler.swift
/Users/admin/builder/spi-builder-workspace/.build/checkouts/aepsdk-core-ios/AEPServices/Sources/ApplicationSystemInfoService.swift:17:8: error: no such module 'UIKit'
15 | #endif
16 | import Foundation
17 | import UIKit
| `- error: no such module 'UIKit'
18 |
19 | /// The Core system info service implementation which provides
[78/112] Compiling AEPServices FullscreenMessage.swift
/Users/admin/builder/spi-builder-workspace/.build/checkouts/aepsdk-core-ios/AEPServices/Sources/ApplicationSystemInfoService.swift:17:8: error: no such module 'UIKit'
15 | #endif
16 | import Foundation
17 | import UIKit
| `- error: no such module 'UIKit'
18 |
19 | /// The Core system info service implementation which provides
[79/112] Compiling AEPServices FullscreenMessageDelegate.swift
/Users/admin/builder/spi-builder-workspace/.build/checkouts/aepsdk-core-ios/AEPServices/Sources/ApplicationSystemInfoService.swift:17:8: error: no such module 'UIKit'
15 | #endif
16 | import Foundation
17 | import UIKit
| `- error: no such module 'UIKit'
18 |
19 | /// The Core system info service implementation which provides
[80/112] Compiling AEPServices SQLiteWrapper.swift
/Users/admin/builder/spi-builder-workspace/.build/checkouts/aepsdk-core-ios/AEPServices/Sources/ApplicationSystemInfoService.swift:17:8: error: no such module 'UIKit'
15 | #endif
16 | import Foundation
17 | import UIKit
| `- error: no such module 'UIKit'
18 |
19 | /// The Core system info service implementation which provides
[81/112] Compiling AEPServices Log.swift
/Users/admin/builder/spi-builder-workspace/.build/checkouts/aepsdk-core-ios/AEPServices/Sources/ApplicationSystemInfoService.swift:17:8: error: no such module 'UIKit'
15 | #endif
16 | import Foundation
17 | import UIKit
| `- error: no such module 'UIKit'
18 |
19 | /// The Core system info service implementation which provides
[82/112] Compiling AEPServices LogLevel.swift
/Users/admin/builder/spi-builder-workspace/.build/checkouts/aepsdk-core-ios/AEPServices/Sources/ApplicationSystemInfoService.swift:17:8: error: no such module 'UIKit'
15 | #endif
16 | import Foundation
17 | import UIKit
| `- error: no such module 'UIKit'
18 |
19 | /// The Core system info service implementation which provides
[83/112] Compiling AEPServices Logging.swift
/Users/admin/builder/spi-builder-workspace/.build/checkouts/aepsdk-core-ios/AEPServices/Sources/ApplicationSystemInfoService.swift:17:8: error: no such module 'UIKit'
15 | #endif
16 | import Foundation
17 | import UIKit
| `- error: no such module 'UIKit'
18 |
19 | /// The Core system info service implementation which provides
[84/112] Compiling AEPServices LoggingService.swift
/Users/admin/builder/spi-builder-workspace/.build/checkouts/aepsdk-core-ios/AEPServices/Sources/ApplicationSystemInfoService.swift:17:8: error: no such module 'UIKit'
15 | #endif
16 | import Foundation
17 | import UIKit
| `- error: no such module 'UIKit'
18 |
19 | /// The Core system info service implementation which provides
[85/112] Compiling AEPServices DefaultHeadersFormatter.swift
/Users/admin/builder/spi-builder-workspace/.build/checkouts/aepsdk-core-ios/AEPServices/Sources/ApplicationSystemInfoService.swift:17:8: error: no such module 'UIKit'
15 | #endif
16 | import Foundation
17 | import UIKit
| `- error: no such module 'UIKit'
18 |
19 | /// The Core system info service implementation which provides
[86/112] Compiling AEPServices HttpConnection.swift
/Users/admin/builder/spi-builder-workspace/.build/checkouts/aepsdk-core-ios/AEPServices/Sources/ApplicationSystemInfoService.swift:17:8: error: no such module 'UIKit'
15 | #endif
16 | import Foundation
17 | import UIKit
| `- error: no such module 'UIKit'
18 |
19 | /// The Core system info service implementation which provides
[87/112] Compiling AEPServices HttpConnectionConstants.swift
/Users/admin/builder/spi-builder-workspace/.build/checkouts/aepsdk-core-ios/AEPServices/Sources/ApplicationSystemInfoService.swift:17:8: error: no such module 'UIKit'
15 | #endif
16 | import Foundation
17 | import UIKit
| `- error: no such module 'UIKit'
18 |
19 | /// The Core system info service implementation which provides
[88/112] Compiling AEPRulesEngine Traversable.swift
/Users/admin/builder/spi-builder-workspace/.build/checkouts/aepsdk-core-ios/AEPServices/Sources/ApplicationSystemInfoService.swift:17:8: error: no such module 'UIKit'
15 | #endif
16 | import Foundation
17 | import UIKit
| `- error: no such module 'UIKit'
18 |
19 | /// The Core system info service implementation which provides
[89/112] Compiling AEPServices AEPUIService.swift
/Users/admin/builder/spi-builder-workspace/.build/checkouts/aepsdk-core-ios/AEPServices/Sources/ApplicationSystemInfoService.swift:17:8: error: no such module 'UIKit'
15 | #endif
16 | import Foundation
17 | import UIKit
| `- error: no such module 'UIKit'
18 |
19 | /// The Core system info service implementation which provides
[90/112] Compiling AEPServices Dismissible.swift
/Users/admin/builder/spi-builder-workspace/.build/checkouts/aepsdk-core-ios/AEPServices/Sources/ApplicationSystemInfoService.swift:17:8: error: no such module 'UIKit'
15 | #endif
16 | import Foundation
17 | import UIKit
| `- error: no such module 'UIKit'
18 |
19 | /// The Core system info service implementation which provides
[91/112] Compiling AEPServices MessageAlignment.swift
/Users/admin/builder/spi-builder-workspace/.build/checkouts/aepsdk-core-ios/AEPServices/Sources/ApplicationSystemInfoService.swift:17:8: error: no such module 'UIKit'
15 | #endif
16 | import Foundation
17 | import UIKit
| `- error: no such module 'UIKit'
18 |
19 | /// The Core system info service implementation which provides
[92/112] Compiling AEPServices MessageAnimation.swift
/Users/admin/builder/spi-builder-workspace/.build/checkouts/aepsdk-core-ios/AEPServices/Sources/ApplicationSystemInfoService.swift:17:8: error: no such module 'UIKit'
15 | #endif
16 | import Foundation
17 | import UIKit
| `- error: no such module 'UIKit'
18 |
19 | /// The Core system info service implementation which provides
[93/112] Compiling AEPServices MessageGesture.swift
/Users/admin/builder/spi-builder-workspace/.build/checkouts/aepsdk-core-ios/AEPServices/Sources/ApplicationSystemInfoService.swift:17:8: error: no such module 'UIKit'
15 | #endif
16 | import Foundation
17 | import UIKit
| `- error: no such module 'UIKit'
18 |
19 | /// The Core system info service implementation which provides
[94/112] Compiling AEPServices MessageGestureRecognizer.swift
/Users/admin/builder/spi-builder-workspace/.build/checkouts/aepsdk-core-ios/AEPServices/Sources/ApplicationSystemInfoService.swift:17:8: error: no such module 'UIKit'
15 | #endif
16 | import Foundation
17 | import UIKit
| `- error: no such module 'UIKit'
18 |
19 | /// The Core system info service implementation which provides
[95/112] Compiling AEPServices MessageMonitor.swift
/Users/admin/builder/spi-builder-workspace/.build/checkouts/aepsdk-core-ios/AEPServices/Sources/ApplicationSystemInfoService.swift:17:8: error: no such module 'UIKit'
15 | #endif
16 | import Foundation
17 | import UIKit
| `- error: no such module 'UIKit'
18 |
19 | /// The Core system info service implementation which provides
[96/112] Compiling AEPServices MessageMonitoring.swift
/Users/admin/builder/spi-builder-workspace/.build/checkouts/aepsdk-core-ios/AEPServices/Sources/ApplicationSystemInfoService.swift:17:8: error: no such module 'UIKit'
15 | #endif
16 | import Foundation
17 | import UIKit
| `- error: no such module 'UIKit'
18 |
19 | /// The Core system info service implementation which provides
[97/112] Compiling AEPServices MessageSettings.swift
/Users/admin/builder/spi-builder-workspace/.build/checkouts/aepsdk-core-ios/AEPServices/Sources/ApplicationSystemInfoService.swift:17:8: error: no such module 'UIKit'
15 | #endif
16 | import Foundation
17 | import UIKit
| `- error: no such module 'UIKit'
18 |
19 | /// The Core system info service implementation which provides
[98/112] Compiling AEPServices MessagingDelegate.swift
/Users/admin/builder/spi-builder-workspace/.build/checkouts/aepsdk-core-ios/AEPServices/Sources/ApplicationSystemInfoService.swift:17:8: error: no such module 'UIKit'
15 | #endif
16 | import Foundation
17 | import UIKit
| `- error: no such module 'UIKit'
18 |
19 | /// The Core system info service implementation which provides
[99/112] Compiling AEPServices PresentationError.swift
/Users/admin/builder/spi-builder-workspace/.build/checkouts/aepsdk-core-ios/AEPServices/Sources/ApplicationSystemInfoService.swift:17:8: error: no such module 'UIKit'
15 | #endif
16 | import Foundation
17 | import UIKit
| `- error: no such module 'UIKit'
18 |
19 | /// The Core system info service implementation which provides
[100/112] Compiling AEPServices Showable.swift
/Users/admin/builder/spi-builder-workspace/.build/checkouts/aepsdk-core-ios/AEPServices/Sources/ApplicationSystemInfoService.swift:17:8: error: no such module 'UIKit'
15 | #endif
16 | import Foundation
17 | import UIKit
| `- error: no such module 'UIKit'
18 |
19 | /// The Core system info service implementation which provides
[101/112] Compiling AEPServices UIApplication+Window.swift
/Users/admin/builder/spi-builder-workspace/.build/checkouts/aepsdk-core-ios/AEPServices/Sources/ApplicationSystemInfoService.swift:17:8: error: no such module 'UIKit'
15 | #endif
16 | import Foundation
17 | import UIKit
| `- error: no such module 'UIKit'
18 |
19 | /// The Core system info service implementation which provides
[102/112] Compiling AEPServices UIService.swift
/Users/admin/builder/spi-builder-workspace/.build/checkouts/aepsdk-core-ios/AEPServices/Sources/ApplicationSystemInfoService.swift:17:8: error: no such module 'UIKit'
15 | #endif
16 | import Foundation
17 | import UIKit
| `- error: no such module 'UIKit'
18 |
19 | /// The Core system info service implementation which provides
[103/112] Compiling AEPServices FloatingButton.swift
/Users/admin/builder/spi-builder-workspace/.build/checkouts/aepsdk-core-ios/AEPServices/Sources/ApplicationSystemInfoService.swift:17:8: error: no such module 'UIKit'
15 | #endif
16 | import Foundation
17 | import UIKit
| `- error: no such module 'UIKit'
18 |
19 | /// The Core system info service implementation which provides
[106/112] Compiling AEPServices FileUnzipper.swift
/Users/admin/builder/spi-builder-workspace/.build/checkouts/aepsdk-core-ios/AEPServices/Sources/ApplicationSystemInfoService.swift:17:8: error: no such module 'UIKit'
15 | #endif
16 | import Foundation
17 | import UIKit
| `- error: no such module 'UIKit'
18 |
19 | /// The Core system info service implementation which provides
[107/112] Compiling AEPServices FileUnzipperConstants.swift
/Users/admin/builder/spi-builder-workspace/.build/checkouts/aepsdk-core-ios/AEPServices/Sources/ApplicationSystemInfoService.swift:17:8: error: no such module 'UIKit'
15 | #endif
16 | import Foundation
17 | import UIKit
| `- error: no such module 'UIKit'
18 |
19 | /// The Core system info service implementation which provides
[108/112] Compiling AEPServices URL+Validator.swift
/Users/admin/builder/spi-builder-workspace/.build/checkouts/aepsdk-core-ios/AEPServices/Sources/ApplicationSystemInfoService.swift:17:8: error: no such module 'UIKit'
15 | #endif
16 | import Foundation
17 | import UIKit
| `- error: no such module 'UIKit'
18 |
19 | /// The Core system info service implementation which provides
[109/112] Compiling AEPServices Unzipping.swift
/Users/admin/builder/spi-builder-workspace/.build/checkouts/aepsdk-core-ios/AEPServices/Sources/ApplicationSystemInfoService.swift:17:8: error: no such module 'UIKit'
15 | #endif
16 | import Foundation
17 | import UIKit
| `- error: no such module 'UIKit'
18 |
19 | /// The Core system info service implementation which provides
[110/112] Compiling AEPServices ZipArchive.swift
/Users/admin/builder/spi-builder-workspace/.build/checkouts/aepsdk-core-ios/AEPServices/Sources/ApplicationSystemInfoService.swift:17:8: error: no such module 'UIKit'
15 | #endif
16 | import Foundation
17 | import UIKit
| `- error: no such module 'UIKit'
18 |
19 | /// The Core system info service implementation which provides
[111/112] Compiling AEPServices ZipEntry.swift
/Users/admin/builder/spi-builder-workspace/.build/checkouts/aepsdk-core-ios/AEPServices/Sources/ApplicationSystemInfoService.swift:17:8: error: no such module 'UIKit'
15 | #endif
16 | import Foundation
17 | import UIKit
| `- error: no such module 'UIKit'
18 |
19 | /// The Core system info service implementation which provides
[112/112] Compiling AEPServices resource_bundle_accessor.swift
/Users/admin/builder/spi-builder-workspace/.build/checkouts/aepsdk-core-ios/AEPServices/Sources/ApplicationSystemInfoService.swift:17:8: error: no such module 'UIKit'
15 | #endif
16 | import Foundation
17 | import UIKit
| `- error: no such module 'UIKit'
18 |
19 | /// The Core system info service implementation which provides
Fetching https://github.com/adobe/aepsdk-core-ios.git
[1/29050] Fetching aepsdk-core-ios
Fetched https://github.com/adobe/aepsdk-core-ios.git from cache (3.85s)
Computing version for https://github.com/adobe/aepsdk-core-ios.git
Computed https://github.com/adobe/aepsdk-core-ios.git at 5.10.0 (4.53s)
Fetching https://github.com/adobe/aepsdk-rulesengine-ios.git
[1/1339] Fetching aepsdk-rulesengine-ios
Fetched https://github.com/adobe/aepsdk-rulesengine-ios.git from cache (0.85s)
Computing version for https://github.com/adobe/aepsdk-rulesengine-ios.git
Computed https://github.com/adobe/aepsdk-rulesengine-ios.git at 5.0.0 (1.52s)
Creating working copy for https://github.com/adobe/aepsdk-rulesengine-ios.git
Working copy of https://github.com/adobe/aepsdk-rulesengine-ios.git resolved at 5.0.0
Creating working copy for https://github.com/adobe/aepsdk-core-ios.git
Working copy of https://github.com/adobe/aepsdk-core-ios.git resolved at 5.10.0
warning: 'spi-builder-workspace': found 1 file(s) which are unhandled; explicitly declare them as resources or exclude from the target
/Users/admin/builder/spi-builder-workspace/Sources/Info.plist
warning: 'aepsdk-core-ios': found 1 file(s) which are unhandled; explicitly declare them as resources or exclude from the target
/Users/admin/builder/spi-builder-workspace/.build/checkouts/aepsdk-core-ios/AEPCore/Sources/Info.plist
warning: 'aepsdk-core-ios': found 1 file(s) which are unhandled; explicitly declare them as resources or exclude from the target
/Users/admin/builder/spi-builder-workspace/.build/checkouts/aepsdk-core-ios/AEPServices/Sources/Info.plist
BUILD FAILURE 6.2 macosSpm