Build Information
Failed to build PaymentsSDK, reference master (ec9a05), with Swift 6.2 for macOS (Xcode) using Xcode 26.3 on 23 Jul 2026 08:11:10 UTC.
Build Command
env DEVELOPER_DIR=/Applications/Xcode-26.3.0.app xcrun xcodebuild -IDEClonedSourcePackagesDirPathOverride=$PWD/.dependencies -skipMacroValidation -skipPackagePluginValidation -derivedDataPath $PWD/.derivedData build -scheme PaymentsSDK -destination platform=macOS,arch=arm64Build Log
========================================
RunAll
========================================
Builder version: undefined version: run 'make version' to update
Interrupt handler set up.
========================================
Checkout
========================================
Clone URL: https://github.com/Alviere/alviere-payments-ios.git
Reference: master
Initialized empty Git repository in /Users/admin/builder/spi-builder-workspace/.git/
From https://github.com/Alviere/alviere-payments-ios
* branch master -> FETCH_HEAD
* [new branch] master -> origin/master
HEAD is now at ec9a058 0.9.32
Cloned https://github.com/Alviere/alviere-payments-ios.git
Revision (git rev-parse @):
ec9a05836387ae13da484d6754504d4bd0cd8d21
SUCCESS checkout https://github.com/Alviere/alviere-payments-ios.git at master
========================================
Build
========================================
Selected platform: macosXcodebuild
Swift version: 6.2
Building package at path: $PWD
https://github.com/Alviere/alviere-payments-ios.git
Command line invocation:
/Applications/Xcode-26.3.0.app/Contents/Developer/usr/bin/xcodebuild -IDEClonedSourcePackagesDirPathOverride=/Users/admin/builder/spi-builder-workspace/.dependencies -resolvePackageDependencies
Resolve Package Graph
Fetching from https://github.com/Alviere/alviere-camera-ios.git
Fetching from https://github.com/Alviere/alviere-core-ios.git
Creating working copy of package ‘alviere-camera-ios’
Checking out 1.6.0 of package ‘alviere-camera-ios’
Creating working copy of package ‘alviere-core-ios’
Checking out 0.9.32 of package ‘alviere-core-ios’
Resolve Package Graph
Resolved source packages:
AlCamera: https://github.com/Alviere/alviere-camera-ios.git @ 1.6.0
AlCore: https://github.com/Alviere/alviere-core-ios.git @ 0.9.32
PaymentsSDK: /Users/admin/builder/spi-builder-workspace
resolved source packages: AlCamera, AlCore, PaymentsSDK
2026-07-23 04:10:42.737 xcodebuild[538:3111] [MT] IDERunDestination: Supported platforms for the buildables in the current scheme is empty.
{
"default_localization" : "en",
"dependencies" : [
{
"identity" : "alviere-core-ios",
"requirement" : {
"exact" : [
"0.9.32"
]
},
"type" : "sourceControl",
"url" : "https://github.com/Alviere/alviere-core-ios.git"
},
{
"identity" : "alviere-camera-ios",
"requirement" : {
"exact" : [
"1.6.0"
]
},
"type" : "sourceControl",
"url" : "https://github.com/Alviere/alviere-camera-ios.git"
}
],
"manifest_display_name" : "PaymentsSDK",
"name" : "PaymentsSDK",
"path" : "/Users/admin/builder/spi-builder-workspace",
"platforms" : [
{
"name" : "ios",
"version" : "13.0"
}
],
"products" : [
{
"name" : "PaymentsSDK",
"targets" : [
"PaymentsSDKDeps"
],
"type" : {
"library" : [
"static"
]
}
}
],
"targets" : [
{
"c99name" : "PaymentsSDKDeps",
"module_type" : "SwiftTarget",
"name" : "PaymentsSDKDeps",
"path" : "PaymentsSDKDeps",
"product_dependencies" : [
"AlCore",
"AlCamera"
],
"product_memberships" : [
"PaymentsSDK"
],
"sources" : [
"PaymentsSDK.swift"
],
"target_dependencies" : [
"PaymentsSDK"
],
"type" : "library"
},
{
"c99name" : "PaymentsSDK",
"module_type" : "BinaryTarget",
"name" : "PaymentsSDK",
"path" : "remote/archive/PaymentsSDK.xcframework.zip",
"product_memberships" : [
"PaymentsSDK"
],
"sources" : [
],
"type" : "binary"
}
],
"tools_version" : "5.5"
}
{
"workspace" : {
"name" : "spi-builder-workspace",
"schemes" : [
"PaymentsSDK"
]
}
}
2026-07-23 04:11:03.127 xcodebuild[843:4688] [MT] IDERunDestination: Supported platforms for the buildables in the current scheme is empty.
Running build ...
env DEVELOPER_DIR=/Applications/Xcode-26.3.0.app xcrun xcodebuild -IDEClonedSourcePackagesDirPathOverride=$PWD/.dependencies -skipMacroValidation -skipPackagePluginValidation -derivedDataPath $PWD/.derivedData build -scheme PaymentsSDK -destination platform=macOS,arch=arm64
Command line invocation:
/Applications/Xcode-26.3.0.app/Contents/Developer/usr/bin/xcodebuild -IDEClonedSourcePackagesDirPathOverride=/Users/admin/builder/spi-builder-workspace/.dependencies -skipMacroValidation -skipPackagePluginValidation -derivedDataPath /Users/admin/builder/spi-builder-workspace/.derivedData build -scheme PaymentsSDK -destination platform=macOS,arch=arm64
Resolve Package Graph
Resolve Package Graph
Resolved source packages:
AlCamera: https://github.com/Alviere/alviere-camera-ios.git @ 1.6.0
PaymentsSDK: /Users/admin/builder/spi-builder-workspace
AlCore: https://github.com/Alviere/alviere-core-ios.git @ 0.9.32
ComputePackagePrebuildTargetDependencyGraph
Prepare packages
CreateBuildRequest
SendProjectDescription
CreateBuildOperation
ComputeTargetDependencyGraph
note: Building targets in dependency order
note: Target dependency graph (4 targets)
Target 'PaymentsSDK' in project 'PaymentsSDK'
➜ Explicit dependency on target 'PaymentsSDKDeps' in project 'PaymentsSDK'
➜ Explicit dependency on target 'AlCore' in project 'AlCore'
➜ Explicit dependency on target 'AlCamera' in project 'AlCamera'
Target 'PaymentsSDKDeps' in project 'PaymentsSDK'
➜ Explicit dependency on target 'AlCore' in project 'AlCore'
➜ Explicit dependency on target 'AlCamera' in project 'AlCamera'
Target 'AlCamera' in project 'AlCamera' (no dependencies)
Target 'AlCore' in project 'AlCore' (no dependencies)
GatherProvisioningInputs
CreateBuildDescription
ExecuteExternalTool /Applications/Xcode-26.3.0.app/Contents/Developer/Toolchains/XcodeDefault.xctoolchain/usr/bin/clang -v -E -dM -isysroot /Applications/Xcode-26.3.0.app/Contents/Developer/Platforms/MacOSX.platform/Developer/SDKs/MacOSX26.2.sdk -x c -c /dev/null
ExecuteExternalTool /Applications/Xcode-26.3.0.app/Contents/Developer/Toolchains/XcodeDefault.xctoolchain/usr/bin/swiftc --version
ExecuteExternalTool /Applications/Xcode-26.3.0.app/Contents/Developer/Toolchains/XcodeDefault.xctoolchain/usr/bin/ld -version_details
Build description signature: e91c34d2af239118b5ffd822421529a5
Build description path: /Users/admin/builder/spi-builder-workspace/.derivedData/Build/Intermediates.noindex/XCBuildData/e91c34d2af239118b5ffd822421529a5.xcbuilddata
/Users/admin/builder/spi-builder-workspace/.dependencies/artifacts/alviere-camera-ios/MiSnapBarcodeScanner/MiSnapBarcodeScanner.xcframework:1:1: error: While building for macOS, no library for this platform was found in '/Users/admin/builder/spi-builder-workspace/.dependencies/artifacts/alviere-camera-ios/MiSnapBarcodeScanner/MiSnapBarcodeScanner.xcframework'. (in target 'AlCamera' from project 'AlCamera')
/Users/admin/builder/spi-builder-workspace/.dependencies/artifacts/alviere-camera-ios/MiSnapFacialCapture/MiSnapFacialCapture.xcframework:1:1: error: While building for macOS, no library for this platform was found in '/Users/admin/builder/spi-builder-workspace/.dependencies/artifacts/alviere-camera-ios/MiSnapFacialCapture/MiSnapFacialCapture.xcframework'. (in target 'AlCamera' from project 'AlCamera')
/Users/admin/builder/spi-builder-workspace/.dependencies/artifacts/alviere-camera-ios/MiSnap/MiSnap.xcframework:1:1: error: While building for macOS, no library for this platform was found in '/Users/admin/builder/spi-builder-workspace/.dependencies/artifacts/alviere-camera-ios/MiSnap/MiSnap.xcframework'. (in target 'AlCamera' from project 'AlCamera')
/Users/admin/builder/spi-builder-workspace/.dependencies/artifacts/alviere-camera-ios/MiSnapCore/MiSnapCore.xcframework:1:1: error: While building for macOS, no library for this platform was found in '/Users/admin/builder/spi-builder-workspace/.dependencies/artifacts/alviere-camera-ios/MiSnapCore/MiSnapCore.xcframework'. (in target 'AlCamera' from project 'AlCamera')
/Users/admin/builder/spi-builder-workspace/.dependencies/artifacts/alviere-camera-ios/MiSnapCamera/MiSnapCamera.xcframework:1:1: error: While building for macOS, no library for this platform was found in '/Users/admin/builder/spi-builder-workspace/.dependencies/artifacts/alviere-camera-ios/MiSnapCamera/MiSnapCamera.xcframework'. (in target 'AlCamera' from project 'AlCamera')
/Users/admin/builder/spi-builder-workspace/.dependencies/artifacts/alviere-camera-ios/MiSnapScience/MiSnapScience.xcframework:1:1: error: While building for macOS, no library for this platform was found in '/Users/admin/builder/spi-builder-workspace/.dependencies/artifacts/alviere-camera-ios/MiSnapScience/MiSnapScience.xcframework'. (in target 'AlCamera' from project 'AlCamera')
/Users/admin/builder/spi-builder-workspace/.dependencies/artifacts/alviere-camera-ios/MobileFlow/MobileFlow.xcframework:1:1: error: While building for macOS, no library for this platform was found in '/Users/admin/builder/spi-builder-workspace/.dependencies/artifacts/alviere-camera-ios/MobileFlow/MobileFlow.xcframework'. (in target 'AlCamera' from project 'AlCamera')
/Users/admin/builder/spi-builder-workspace/.dependencies/artifacts/spi-builder-workspace/PaymentsSDK/PaymentsSDK.xcframework:1:1: error: While building for macOS, no library for this platform was found in '/Users/admin/builder/spi-builder-workspace/.dependencies/artifacts/spi-builder-workspace/PaymentsSDK/PaymentsSDK.xcframework'. (in target 'PaymentsSDK' from project 'PaymentsSDK')
/Users/admin/builder/spi-builder-workspace/.dependencies/artifacts/alviere-core-ios/AlCore/AlCore.xcframework:1:1: error: While building for macOS, no library for this platform was found in '/Users/admin/builder/spi-builder-workspace/.dependencies/artifacts/alviere-core-ios/AlCore/AlCore.xcframework'. (in target 'PaymentsSDK' from project 'PaymentsSDK')
/Users/admin/builder/spi-builder-workspace/.dependencies/artifacts/alviere-camera-ios/MiSnapBarcodeScanner/MiSnapBarcodeScanner.xcframework:1:1: error: While building for macOS, no library for this platform was found in '/Users/admin/builder/spi-builder-workspace/.dependencies/artifacts/alviere-camera-ios/MiSnapBarcodeScanner/MiSnapBarcodeScanner.xcframework'. (in target 'PaymentsSDK' from project 'PaymentsSDK')
/Users/admin/builder/spi-builder-workspace/.dependencies/artifacts/alviere-camera-ios/MiSnapFacialCapture/MiSnapFacialCapture.xcframework:1:1: error: While building for macOS, no library for this platform was found in '/Users/admin/builder/spi-builder-workspace/.dependencies/artifacts/alviere-camera-ios/MiSnapFacialCapture/MiSnapFacialCapture.xcframework'. (in target 'PaymentsSDK' from project 'PaymentsSDK')
/Users/admin/builder/spi-builder-workspace/.dependencies/artifacts/alviere-camera-ios/MiSnap/MiSnap.xcframework:1:1: error: While building for macOS, no library for this platform was found in '/Users/admin/builder/spi-builder-workspace/.dependencies/artifacts/alviere-camera-ios/MiSnap/MiSnap.xcframework'. (in target 'PaymentsSDK' from project 'PaymentsSDK')
/Users/admin/builder/spi-builder-workspace/.dependencies/artifacts/alviere-camera-ios/MiSnapCore/MiSnapCore.xcframework:1:1: error: While building for macOS, no library for this platform was found in '/Users/admin/builder/spi-builder-workspace/.dependencies/artifacts/alviere-camera-ios/MiSnapCore/MiSnapCore.xcframework'. (in target 'PaymentsSDK' from project 'PaymentsSDK')
/Users/admin/builder/spi-builder-workspace/.dependencies/artifacts/alviere-camera-ios/MiSnapCamera/MiSnapCamera.xcframework:1:1: error: While building for macOS, no library for this platform was found in '/Users/admin/builder/spi-builder-workspace/.dependencies/artifacts/alviere-camera-ios/MiSnapCamera/MiSnapCamera.xcframework'. (in target 'PaymentsSDK' from project 'PaymentsSDK')
/Users/admin/builder/spi-builder-workspace/.dependencies/artifacts/alviere-camera-ios/MiSnapScience/MiSnapScience.xcframework:1:1: error: While building for macOS, no library for this platform was found in '/Users/admin/builder/spi-builder-workspace/.dependencies/artifacts/alviere-camera-ios/MiSnapScience/MiSnapScience.xcframework'. (in target 'PaymentsSDK' from project 'PaymentsSDK')
/Users/admin/builder/spi-builder-workspace/.dependencies/artifacts/alviere-camera-ios/MobileFlow/MobileFlow.xcframework:1:1: error: While building for macOS, no library for this platform was found in '/Users/admin/builder/spi-builder-workspace/.dependencies/artifacts/alviere-camera-ios/MobileFlow/MobileFlow.xcframework'. (in target 'PaymentsSDK' from project 'PaymentsSDK')
/Users/admin/builder/spi-builder-workspace/.dependencies/artifacts/alviere-core-ios/AlCore/AlCore.xcframework:1:1: error: While building for macOS, no library for this platform was found in '/Users/admin/builder/spi-builder-workspace/.dependencies/artifacts/alviere-core-ios/AlCore/AlCore.xcframework'. (in target 'PaymentsSDK' from project 'PaymentsSDK')
/Users/admin/builder/spi-builder-workspace/.dependencies/artifacts/alviere-camera-ios/MiSnapBarcodeScanner/MiSnapBarcodeScanner.xcframework:1:1: error: While building for macOS, no library for this platform was found in '/Users/admin/builder/spi-builder-workspace/.dependencies/artifacts/alviere-camera-ios/MiSnapBarcodeScanner/MiSnapBarcodeScanner.xcframework'. (in target 'PaymentsSDK' from project 'PaymentsSDK')
/Users/admin/builder/spi-builder-workspace/.dependencies/artifacts/alviere-camera-ios/MiSnapFacialCapture/MiSnapFacialCapture.xcframework:1:1: error: While building for macOS, no library for this platform was found in '/Users/admin/builder/spi-builder-workspace/.dependencies/artifacts/alviere-camera-ios/MiSnapFacialCapture/MiSnapFacialCapture.xcframework'. (in target 'PaymentsSDK' from project 'PaymentsSDK')
/Users/admin/builder/spi-builder-workspace/.dependencies/artifacts/alviere-camera-ios/MiSnap/MiSnap.xcframework:1:1: error: While building for macOS, no library for this platform was found in '/Users/admin/builder/spi-builder-workspace/.dependencies/artifacts/alviere-camera-ios/MiSnap/MiSnap.xcframework'. (in target 'PaymentsSDK' from project 'PaymentsSDK')
/Users/admin/builder/spi-builder-workspace/.dependencies/artifacts/alviere-camera-ios/MiSnapCore/MiSnapCore.xcframework:1:1: error: While building for macOS, no library for this platform was found in '/Users/admin/builder/spi-builder-workspace/.dependencies/artifacts/alviere-camera-ios/MiSnapCore/MiSnapCore.xcframework'. (in target 'PaymentsSDK' from project 'PaymentsSDK')
/Users/admin/builder/spi-builder-workspace/.dependencies/artifacts/alviere-camera-ios/MiSnapCamera/MiSnapCamera.xcframework:1:1: error: While building for macOS, no library for this platform was found in '/Users/admin/builder/spi-builder-workspace/.dependencies/artifacts/alviere-camera-ios/MiSnapCamera/MiSnapCamera.xcframework'. (in target 'PaymentsSDK' from project 'PaymentsSDK')
/Users/admin/builder/spi-builder-workspace/.dependencies/artifacts/alviere-camera-ios/MiSnapScience/MiSnapScience.xcframework:1:1: error: While building for macOS, no library for this platform was found in '/Users/admin/builder/spi-builder-workspace/.dependencies/artifacts/alviere-camera-ios/MiSnapScience/MiSnapScience.xcframework'. (in target 'PaymentsSDK' from project 'PaymentsSDK')
/Users/admin/builder/spi-builder-workspace/.dependencies/artifacts/alviere-camera-ios/MobileFlow/MobileFlow.xcframework:1:1: error: While building for macOS, no library for this platform was found in '/Users/admin/builder/spi-builder-workspace/.dependencies/artifacts/alviere-camera-ios/MobileFlow/MobileFlow.xcframework'. (in target 'PaymentsSDK' from project 'PaymentsSDK')
/Users/admin/builder/spi-builder-workspace/.dependencies/artifacts/alviere-core-ios/AlCore/AlCore.xcframework:1:1: error: While building for macOS, no library for this platform was found in '/Users/admin/builder/spi-builder-workspace/.dependencies/artifacts/alviere-core-ios/AlCore/AlCore.xcframework'. (in target 'AlCore' from project 'AlCore')
/Users/admin/builder/spi-builder-workspace/.dependencies/artifacts/spi-builder-workspace/PaymentsSDK/PaymentsSDK.xcframework:1:1: error: While building for macOS, no library for this platform was found in '/Users/admin/builder/spi-builder-workspace/.dependencies/artifacts/spi-builder-workspace/PaymentsSDK/PaymentsSDK.xcframework'. (in target 'PaymentsSDKDeps' from project 'PaymentsSDK')
/Users/admin/builder/spi-builder-workspace/.dependencies/artifacts/alviere-core-ios/AlCore/AlCore.xcframework:1:1: error: While building for macOS, no library for this platform was found in '/Users/admin/builder/spi-builder-workspace/.dependencies/artifacts/alviere-core-ios/AlCore/AlCore.xcframework'. (in target 'PaymentsSDKDeps' from project 'PaymentsSDK')
/Users/admin/builder/spi-builder-workspace/.dependencies/artifacts/alviere-camera-ios/MiSnapBarcodeScanner/MiSnapBarcodeScanner.xcframework:1:1: error: While building for macOS, no library for this platform was found in '/Users/admin/builder/spi-builder-workspace/.dependencies/artifacts/alviere-camera-ios/MiSnapBarcodeScanner/MiSnapBarcodeScanner.xcframework'. (in target 'PaymentsSDKDeps' from project 'PaymentsSDK')
/Users/admin/builder/spi-builder-workspace/.dependencies/artifacts/alviere-camera-ios/MiSnapFacialCapture/MiSnapFacialCapture.xcframework:1:1: error: While building for macOS, no library for this platform was found in '/Users/admin/builder/spi-builder-workspace/.dependencies/artifacts/alviere-camera-ios/MiSnapFacialCapture/MiSnapFacialCapture.xcframework'. (in target 'PaymentsSDKDeps' from project 'PaymentsSDK')
/Users/admin/builder/spi-builder-workspace/.dependencies/artifacts/alviere-camera-ios/MiSnap/MiSnap.xcframework:1:1: error: While building for macOS, no library for this platform was found in '/Users/admin/builder/spi-builder-workspace/.dependencies/artifacts/alviere-camera-ios/MiSnap/MiSnap.xcframework'. (in target 'PaymentsSDKDeps' from project 'PaymentsSDK')
/Users/admin/builder/spi-builder-workspace/.dependencies/artifacts/alviere-camera-ios/MiSnapCore/MiSnapCore.xcframework:1:1: error: While building for macOS, no library for this platform was found in '/Users/admin/builder/spi-builder-workspace/.dependencies/artifacts/alviere-camera-ios/MiSnapCore/MiSnapCore.xcframework'. (in target 'PaymentsSDKDeps' from project 'PaymentsSDK')
/Users/admin/builder/spi-builder-workspace/.dependencies/artifacts/alviere-camera-ios/MiSnapCamera/MiSnapCamera.xcframework:1:1: error: While building for macOS, no library for this platform was found in '/Users/admin/builder/spi-builder-workspace/.dependencies/artifacts/alviere-camera-ios/MiSnapCamera/MiSnapCamera.xcframework'. (in target 'PaymentsSDKDeps' from project 'PaymentsSDK')
/Users/admin/builder/spi-builder-workspace/.dependencies/artifacts/alviere-camera-ios/MiSnapScience/MiSnapScience.xcframework:1:1: error: While building for macOS, no library for this platform was found in '/Users/admin/builder/spi-builder-workspace/.dependencies/artifacts/alviere-camera-ios/MiSnapScience/MiSnapScience.xcframework'. (in target 'PaymentsSDKDeps' from project 'PaymentsSDK')
/Users/admin/builder/spi-builder-workspace/.dependencies/artifacts/alviere-camera-ios/MobileFlow/MobileFlow.xcframework:1:1: error: While building for macOS, no library for this platform was found in '/Users/admin/builder/spi-builder-workspace/.dependencies/artifacts/alviere-camera-ios/MobileFlow/MobileFlow.xcframework'. (in target 'PaymentsSDKDeps' from project 'PaymentsSDK')
2026-07-23 04:11:05.460 xcodebuild[845:4740] [MT] IDERunDestination: Supported platforms for the buildables in the current scheme is empty.
--- xcodebuild: WARNING: Using the first of multiple matching destinations:
{ platform:macOS, arch:arm64, id:1403ecf05cbfd568123b4ba0ca59747ccf25fbe8, name:My Mac }
{ platform:macOS, arch:arm64, variant:Mac Catalyst, id:1403ecf05cbfd568123b4ba0ca59747ccf25fbe8, name:My Mac }
{ platform:macOS, arch:arm64, variant:DriverKit, id:1403ecf05cbfd568123b4ba0ca59747ccf25fbe8, name:My Mac }
{ platform:macOS, arch:arm64, variant:Designed for [iPad,iPhone], id:1403ecf05cbfd568123b4ba0ca59747ccf25fbe8, name:My Mac }
** BUILD FAILED **
The following build commands failed:
Building workspace spi-builder-workspace with scheme PaymentsSDK
(1 failure)
Command line invocation:
/Applications/Xcode-26.3.0.app/Contents/Developer/usr/bin/xcodebuild -IDEClonedSourcePackagesDirPathOverride=/Users/admin/builder/spi-builder-workspace/.dependencies -resolvePackageDependencies
Resolve Package Graph
Resolved source packages:
AlCamera: https://github.com/Alviere/alviere-camera-ios.git @ 1.6.0
PaymentsSDK: /Users/admin/builder/spi-builder-workspace
AlCore: https://github.com/Alviere/alviere-core-ios.git @ 0.9.32
resolved source packages: AlCamera, PaymentsSDK, AlCore
2026-07-23 04:11:07.898 xcodebuild[876:4926] [MT] IDERunDestination: Supported platforms for the buildables in the current scheme is empty.
{
"default_localization" : "en",
"dependencies" : [
{
"identity" : "alviere-core-ios",
"requirement" : {
"exact" : [
"0.9.32"
]
},
"type" : "sourceControl",
"url" : "https://github.com/Alviere/alviere-core-ios.git"
},
{
"identity" : "alviere-camera-ios",
"requirement" : {
"exact" : [
"1.6.0"
]
},
"type" : "sourceControl",
"url" : "https://github.com/Alviere/alviere-camera-ios.git"
}
],
"manifest_display_name" : "PaymentsSDK",
"name" : "PaymentsSDK",
"path" : "/Users/admin/builder/spi-builder-workspace",
"platforms" : [
{
"name" : "ios",
"version" : "13.0"
}
],
"products" : [
{
"name" : "PaymentsSDK",
"targets" : [
"PaymentsSDKDeps"
],
"type" : {
"library" : [
"static"
]
}
}
],
"targets" : [
{
"c99name" : "PaymentsSDKDeps",
"module_type" : "SwiftTarget",
"name" : "PaymentsSDKDeps",
"path" : "PaymentsSDKDeps",
"product_dependencies" : [
"AlCore",
"AlCamera"
],
"product_memberships" : [
"PaymentsSDK"
],
"sources" : [
"PaymentsSDK.swift"
],
"target_dependencies" : [
"PaymentsSDK"
],
"type" : "library"
},
{
"c99name" : "PaymentsSDK",
"module_type" : "BinaryTarget",
"name" : "PaymentsSDK",
"path" : "remote/archive/PaymentsSDK.xcframework.zip",
"product_memberships" : [
"PaymentsSDK"
],
"sources" : [
],
"type" : "binary"
}
],
"tools_version" : "5.5"
}
{
"workspace" : {
"name" : "spi-builder-workspace",
"schemes" : [
"PaymentsSDK"
]
}
}
2026-07-23 04:11:08.960 xcodebuild[884:4987] [MT] IDERunDestination: Supported platforms for the buildables in the current scheme is empty.
Running build ...
env DEVELOPER_DIR=/Applications/Xcode-26.3.0.app xcrun xcodebuild -IDEClonedSourcePackagesDirPathOverride=$PWD/.dependencies -skipMacroValidation -skipPackagePluginValidation -derivedDataPath $PWD/.derivedData build -scheme PaymentsSDK -destination platform=macOS,arch=arm64
Command line invocation:
/Applications/Xcode-26.3.0.app/Contents/Developer/usr/bin/xcodebuild -IDEClonedSourcePackagesDirPathOverride=/Users/admin/builder/spi-builder-workspace/.dependencies -skipMacroValidation -skipPackagePluginValidation -derivedDataPath /Users/admin/builder/spi-builder-workspace/.derivedData build -scheme PaymentsSDK -destination platform=macOS,arch=arm64
Resolve Package Graph
Resolved source packages:
PaymentsSDK: /Users/admin/builder/spi-builder-workspace
AlCamera: https://github.com/Alviere/alviere-camera-ios.git @ 1.6.0
AlCore: https://github.com/Alviere/alviere-core-ios.git @ 0.9.32
ComputePackagePrebuildTargetDependencyGraph
Prepare packages
CreateBuildRequest
SendProjectDescription
CreateBuildOperation
ComputeTargetDependencyGraph
note: Building targets in dependency order
note: Target dependency graph (4 targets)
Target 'PaymentsSDK' in project 'PaymentsSDK'
➜ Explicit dependency on target 'PaymentsSDKDeps' in project 'PaymentsSDK'
➜ Explicit dependency on target 'AlCore' in project 'AlCore'
➜ Explicit dependency on target 'AlCamera' in project 'AlCamera'
Target 'PaymentsSDKDeps' in project 'PaymentsSDK'
➜ Explicit dependency on target 'AlCore' in project 'AlCore'
➜ Explicit dependency on target 'AlCamera' in project 'AlCamera'
Target 'AlCamera' in project 'AlCamera' (no dependencies)
Target 'AlCore' in project 'AlCore' (no dependencies)
GatherProvisioningInputs
CreateBuildDescription
ExecuteExternalTool /Applications/Xcode-26.3.0.app/Contents/Developer/Toolchains/XcodeDefault.xctoolchain/usr/bin/clang -v -E -dM -isysroot /Applications/Xcode-26.3.0.app/Contents/Developer/Platforms/MacOSX.platform/Developer/SDKs/MacOSX26.2.sdk -x c -c /dev/null
ExecuteExternalTool /Applications/Xcode-26.3.0.app/Contents/Developer/Toolchains/XcodeDefault.xctoolchain/usr/bin/swiftc --version
ExecuteExternalTool /Applications/Xcode-26.3.0.app/Contents/Developer/Toolchains/XcodeDefault.xctoolchain/usr/bin/ld -version_details
Build description signature: e91c34d2af239118b5ffd822421529a5
Build description path: /Users/admin/builder/spi-builder-workspace/.derivedData/Build/Intermediates.noindex/XCBuildData/e91c34d2af239118b5ffd822421529a5.xcbuilddata
/Users/admin/builder/spi-builder-workspace/.dependencies/artifacts/alviere-core-ios/AlCore/AlCore.xcframework:1:1: error: While building for macOS, no library for this platform was found in '/Users/admin/builder/spi-builder-workspace/.dependencies/artifacts/alviere-core-ios/AlCore/AlCore.xcframework'. (in target 'AlCore' from project 'AlCore')
/Users/admin/builder/spi-builder-workspace/.dependencies/artifacts/alviere-camera-ios/MiSnapBarcodeScanner/MiSnapBarcodeScanner.xcframework:1:1: error: While building for macOS, no library for this platform was found in '/Users/admin/builder/spi-builder-workspace/.dependencies/artifacts/alviere-camera-ios/MiSnapBarcodeScanner/MiSnapBarcodeScanner.xcframework'. (in target 'AlCamera' from project 'AlCamera')
/Users/admin/builder/spi-builder-workspace/.dependencies/artifacts/alviere-camera-ios/MiSnapFacialCapture/MiSnapFacialCapture.xcframework:1:1: error: While building for macOS, no library for this platform was found in '/Users/admin/builder/spi-builder-workspace/.dependencies/artifacts/alviere-camera-ios/MiSnapFacialCapture/MiSnapFacialCapture.xcframework'. (in target 'AlCamera' from project 'AlCamera')
/Users/admin/builder/spi-builder-workspace/.dependencies/artifacts/alviere-camera-ios/MiSnap/MiSnap.xcframework:1:1: error: While building for macOS, no library for this platform was found in '/Users/admin/builder/spi-builder-workspace/.dependencies/artifacts/alviere-camera-ios/MiSnap/MiSnap.xcframework'. (in target 'AlCamera' from project 'AlCamera')
/Users/admin/builder/spi-builder-workspace/.dependencies/artifacts/alviere-camera-ios/MiSnapCore/MiSnapCore.xcframework:1:1: error: While building for macOS, no library for this platform was found in '/Users/admin/builder/spi-builder-workspace/.dependencies/artifacts/alviere-camera-ios/MiSnapCore/MiSnapCore.xcframework'. (in target 'AlCamera' from project 'AlCamera')
/Users/admin/builder/spi-builder-workspace/.dependencies/artifacts/alviere-camera-ios/MiSnapCamera/MiSnapCamera.xcframework:1:1: error: While building for macOS, no library for this platform was found in '/Users/admin/builder/spi-builder-workspace/.dependencies/artifacts/alviere-camera-ios/MiSnapCamera/MiSnapCamera.xcframework'. (in target 'AlCamera' from project 'AlCamera')
/Users/admin/builder/spi-builder-workspace/.dependencies/artifacts/alviere-camera-ios/MiSnapScience/MiSnapScience.xcframework:1:1: error: While building for macOS, no library for this platform was found in '/Users/admin/builder/spi-builder-workspace/.dependencies/artifacts/alviere-camera-ios/MiSnapScience/MiSnapScience.xcframework'. (in target 'AlCamera' from project 'AlCamera')
/Users/admin/builder/spi-builder-workspace/.dependencies/artifacts/alviere-camera-ios/MobileFlow/MobileFlow.xcframework:1:1: error: While building for macOS, no library for this platform was found in '/Users/admin/builder/spi-builder-workspace/.dependencies/artifacts/alviere-camera-ios/MobileFlow/MobileFlow.xcframework'. (in target 'AlCamera' from project 'AlCamera')
/Users/admin/builder/spi-builder-workspace/.dependencies/artifacts/spi-builder-workspace/PaymentsSDK/PaymentsSDK.xcframework:1:1: error: While building for macOS, no library for this platform was found in '/Users/admin/builder/spi-builder-workspace/.dependencies/artifacts/spi-builder-workspace/PaymentsSDK/PaymentsSDK.xcframework'. (in target 'PaymentsSDKDeps' from project 'PaymentsSDK')
/Users/admin/builder/spi-builder-workspace/.dependencies/artifacts/alviere-core-ios/AlCore/AlCore.xcframework:1:1: error: While building for macOS, no library for this platform was found in '/Users/admin/builder/spi-builder-workspace/.dependencies/artifacts/alviere-core-ios/AlCore/AlCore.xcframework'. (in target 'PaymentsSDKDeps' from project 'PaymentsSDK')
/Users/admin/builder/spi-builder-workspace/.dependencies/artifacts/alviere-camera-ios/MiSnapBarcodeScanner/MiSnapBarcodeScanner.xcframework:1:1: error: While building for macOS, no library for this platform was found in '/Users/admin/builder/spi-builder-workspace/.dependencies/artifacts/alviere-camera-ios/MiSnapBarcodeScanner/MiSnapBarcodeScanner.xcframework'. (in target 'PaymentsSDKDeps' from project 'PaymentsSDK')
/Users/admin/builder/spi-builder-workspace/.dependencies/artifacts/alviere-camera-ios/MiSnapFacialCapture/MiSnapFacialCapture.xcframework:1:1: error: While building for macOS, no library for this platform was found in '/Users/admin/builder/spi-builder-workspace/.dependencies/artifacts/alviere-camera-ios/MiSnapFacialCapture/MiSnapFacialCapture.xcframework'. (in target 'PaymentsSDKDeps' from project 'PaymentsSDK')
/Users/admin/builder/spi-builder-workspace/.dependencies/artifacts/alviere-camera-ios/MiSnap/MiSnap.xcframework:1:1: error: While building for macOS, no library for this platform was found in '/Users/admin/builder/spi-builder-workspace/.dependencies/artifacts/alviere-camera-ios/MiSnap/MiSnap.xcframework'. (in target 'PaymentsSDKDeps' from project 'PaymentsSDK')
/Users/admin/builder/spi-builder-workspace/.dependencies/artifacts/alviere-camera-ios/MiSnapCore/MiSnapCore.xcframework:1:1: error: While building for macOS, no library for this platform was found in '/Users/admin/builder/spi-builder-workspace/.dependencies/artifacts/alviere-camera-ios/MiSnapCore/MiSnapCore.xcframework'. (in target 'PaymentsSDKDeps' from project 'PaymentsSDK')
/Users/admin/builder/spi-builder-workspace/.dependencies/artifacts/alviere-camera-ios/MiSnapCamera/MiSnapCamera.xcframework:1:1: error: While building for macOS, no library for this platform was found in '/Users/admin/builder/spi-builder-workspace/.dependencies/artifacts/alviere-camera-ios/MiSnapCamera/MiSnapCamera.xcframework'. (in target 'PaymentsSDKDeps' from project 'PaymentsSDK')
/Users/admin/builder/spi-builder-workspace/.dependencies/artifacts/alviere-camera-ios/MiSnapScience/MiSnapScience.xcframework:1:1: error: While building for macOS, no library for this platform was found in '/Users/admin/builder/spi-builder-workspace/.dependencies/artifacts/alviere-camera-ios/MiSnapScience/MiSnapScience.xcframework'. (in target 'PaymentsSDKDeps' from project 'PaymentsSDK')
/Users/admin/builder/spi-builder-workspace/.dependencies/artifacts/alviere-camera-ios/MobileFlow/MobileFlow.xcframework:1:1: error: While building for macOS, no library for this platform was found in '/Users/admin/builder/spi-builder-workspace/.dependencies/artifacts/alviere-camera-ios/MobileFlow/MobileFlow.xcframework'. (in target 'PaymentsSDKDeps' from project 'PaymentsSDK')
/Users/admin/builder/spi-builder-workspace/.dependencies/artifacts/spi-builder-workspace/PaymentsSDK/PaymentsSDK.xcframework:1:1: error: While building for macOS, no library for this platform was found in '/Users/admin/builder/spi-builder-workspace/.dependencies/artifacts/spi-builder-workspace/PaymentsSDK/PaymentsSDK.xcframework'. (in target 'PaymentsSDK' from project 'PaymentsSDK')
/Users/admin/builder/spi-builder-workspace/.dependencies/artifacts/alviere-core-ios/AlCore/AlCore.xcframework:1:1: error: While building for macOS, no library for this platform was found in '/Users/admin/builder/spi-builder-workspace/.dependencies/artifacts/alviere-core-ios/AlCore/AlCore.xcframework'. (in target 'PaymentsSDK' from project 'PaymentsSDK')
/Users/admin/builder/spi-builder-workspace/.dependencies/artifacts/alviere-camera-ios/MiSnapBarcodeScanner/MiSnapBarcodeScanner.xcframework:1:1: error: While building for macOS, no library for this platform was found in '/Users/admin/builder/spi-builder-workspace/.dependencies/artifacts/alviere-camera-ios/MiSnapBarcodeScanner/MiSnapBarcodeScanner.xcframework'. (in target 'PaymentsSDK' from project 'PaymentsSDK')
/Users/admin/builder/spi-builder-workspace/.dependencies/artifacts/alviere-camera-ios/MiSnapFacialCapture/MiSnapFacialCapture.xcframework:1:1: error: While building for macOS, no library for this platform was found in '/Users/admin/builder/spi-builder-workspace/.dependencies/artifacts/alviere-camera-ios/MiSnapFacialCapture/MiSnapFacialCapture.xcframework'. (in target 'PaymentsSDK' from project 'PaymentsSDK')
/Users/admin/builder/spi-builder-workspace/.dependencies/artifacts/alviere-camera-ios/MiSnap/MiSnap.xcframework:1:1: error: While building for macOS, no library for this platform was found in '/Users/admin/builder/spi-builder-workspace/.dependencies/artifacts/alviere-camera-ios/MiSnap/MiSnap.xcframework'. (in target 'PaymentsSDK' from project 'PaymentsSDK')
/Users/admin/builder/spi-builder-workspace/.dependencies/artifacts/alviere-camera-ios/MiSnapCore/MiSnapCore.xcframework:1:1: error: While building for macOS, no library for this platform was found in '/Users/admin/builder/spi-builder-workspace/.dependencies/artifacts/alviere-camera-ios/MiSnapCore/MiSnapCore.xcframework'. (in target 'PaymentsSDK' from project 'PaymentsSDK')
/Users/admin/builder/spi-builder-workspace/.dependencies/artifacts/alviere-camera-ios/MiSnapCamera/MiSnapCamera.xcframework:1:1: error: While building for macOS, no library for this platform was found in '/Users/admin/builder/spi-builder-workspace/.dependencies/artifacts/alviere-camera-ios/MiSnapCamera/MiSnapCamera.xcframework'. (in target 'PaymentsSDK' from project 'PaymentsSDK')
/Users/admin/builder/spi-builder-workspace/.dependencies/artifacts/alviere-camera-ios/MiSnapScience/MiSnapScience.xcframework:1:1: error: While building for macOS, no library for this platform was found in '/Users/admin/builder/spi-builder-workspace/.dependencies/artifacts/alviere-camera-ios/MiSnapScience/MiSnapScience.xcframework'. (in target 'PaymentsSDK' from project 'PaymentsSDK')
/Users/admin/builder/spi-builder-workspace/.dependencies/artifacts/alviere-camera-ios/MobileFlow/MobileFlow.xcframework:1:1: error: While building for macOS, no library for this platform was found in '/Users/admin/builder/spi-builder-workspace/.dependencies/artifacts/alviere-camera-ios/MobileFlow/MobileFlow.xcframework'. (in target 'PaymentsSDK' from project 'PaymentsSDK')
/Users/admin/builder/spi-builder-workspace/.dependencies/artifacts/alviere-core-ios/AlCore/AlCore.xcframework:1:1: error: While building for macOS, no library for this platform was found in '/Users/admin/builder/spi-builder-workspace/.dependencies/artifacts/alviere-core-ios/AlCore/AlCore.xcframework'. (in target 'PaymentsSDK' from project 'PaymentsSDK')
/Users/admin/builder/spi-builder-workspace/.dependencies/artifacts/alviere-camera-ios/MiSnapBarcodeScanner/MiSnapBarcodeScanner.xcframework:1:1: error: While building for macOS, no library for this platform was found in '/Users/admin/builder/spi-builder-workspace/.dependencies/artifacts/alviere-camera-ios/MiSnapBarcodeScanner/MiSnapBarcodeScanner.xcframework'. (in target 'PaymentsSDK' from project 'PaymentsSDK')
/Users/admin/builder/spi-builder-workspace/.dependencies/artifacts/alviere-camera-ios/MiSnapFacialCapture/MiSnapFacialCapture.xcframework:1:1: error: While building for macOS, no library for this platform was found in '/Users/admin/builder/spi-builder-workspace/.dependencies/artifacts/alviere-camera-ios/MiSnapFacialCapture/MiSnapFacialCapture.xcframework'. (in target 'PaymentsSDK' from project 'PaymentsSDK')
/Users/admin/builder/spi-builder-workspace/.dependencies/artifacts/alviere-camera-ios/MiSnap/MiSnap.xcframework:1:1: error: While building for macOS, no library for this platform was found in '/Users/admin/builder/spi-builder-workspace/.dependencies/artifacts/alviere-camera-ios/MiSnap/MiSnap.xcframework'. (in target 'PaymentsSDK' from project 'PaymentsSDK')
/Users/admin/builder/spi-builder-workspace/.dependencies/artifacts/alviere-camera-ios/MiSnapCore/MiSnapCore.xcframework:1:1: error: While building for macOS, no library for this platform was found in '/Users/admin/builder/spi-builder-workspace/.dependencies/artifacts/alviere-camera-ios/MiSnapCore/MiSnapCore.xcframework'. (in target 'PaymentsSDK' from project 'PaymentsSDK')
/Users/admin/builder/spi-builder-workspace/.dependencies/artifacts/alviere-camera-ios/MiSnapCamera/MiSnapCamera.xcframework:1:1: error: While building for macOS, no library for this platform was found in '/Users/admin/builder/spi-builder-workspace/.dependencies/artifacts/alviere-camera-ios/MiSnapCamera/MiSnapCamera.xcframework'. (in target 'PaymentsSDK' from project 'PaymentsSDK')
/Users/admin/builder/spi-builder-workspace/.dependencies/artifacts/alviere-camera-ios/MiSnapScience/MiSnapScience.xcframework:1:1: error: While building for macOS, no library for this platform was found in '/Users/admin/builder/spi-builder-workspace/.dependencies/artifacts/alviere-camera-ios/MiSnapScience/MiSnapScience.xcframework'. (in target 'PaymentsSDK' from project 'PaymentsSDK')
/Users/admin/builder/spi-builder-workspace/.dependencies/artifacts/alviere-camera-ios/MobileFlow/MobileFlow.xcframework:1:1: error: While building for macOS, no library for this platform was found in '/Users/admin/builder/spi-builder-workspace/.dependencies/artifacts/alviere-camera-ios/MobileFlow/MobileFlow.xcframework'. (in target 'PaymentsSDK' from project 'PaymentsSDK')
2026-07-23 04:11:09.810 xcodebuild[886:5017] [MT] IDERunDestination: Supported platforms for the buildables in the current scheme is empty.
--- xcodebuild: WARNING: Using the first of multiple matching destinations:
{ platform:macOS, arch:arm64, id:1403ecf05cbfd568123b4ba0ca59747ccf25fbe8, name:My Mac }
{ platform:macOS, arch:arm64, variant:Mac Catalyst, id:1403ecf05cbfd568123b4ba0ca59747ccf25fbe8, name:My Mac }
{ platform:macOS, arch:arm64, variant:DriverKit, id:1403ecf05cbfd568123b4ba0ca59747ccf25fbe8, name:My Mac }
{ platform:macOS, arch:arm64, variant:Designed for [iPad,iPhone], id:1403ecf05cbfd568123b4ba0ca59747ccf25fbe8, name:My Mac }
** BUILD FAILED **
The following build commands failed:
Building workspace spi-builder-workspace with scheme PaymentsSDK
(1 failure)
BUILD FAILURE 6.2 macosXcodebuild