The Swift Package Index logo.Swift Package Index

Build Information

Failed to build PexelsSwift, reference main (feef36), with Swift 6.4 for Wasm on 20 Sep 2026 18:31:10 UTC.

Build Command

bash -c docker run --pull=always --rm -v "checkouts-54344844-0":/host -w "$PWD" -e JAVA_HOME="/root/.sdkman/candidates/java/current" -e SPI_BUILD="1" -e SPI_PROCESSING="1" registry.gitlab.com/saguaro1/spi-images:wasm-6.4-latest swift build --swift-sdk swift-6.4.x-DEVELOPMENT-SNAPSHOT-2026-09-04-a_wasm 2>&1

Build Log

========================================
RunAll
========================================
Builder version: 5.1.0
Interrupt handler set up.
========================================
Checkout
========================================
Clone URL: https://github.com/lukepistrol/Pexels-Swift.git
Reference: main
Initialized empty Git repository in /host/spi-builder-workspace/.git/
hint: Using 'master' as the name for the initial branch. This default branch name
hint: is subject to change. To configure the initial branch name to use in all
hint: of your new repositories, which will suppress this warning, call:
hint:
hint: 	git config --global init.defaultBranch <name>
hint:
hint: Names commonly chosen instead of 'master' are 'main', 'trunk' and
hint: 'development'. The just-created branch can be renamed via this command:
hint:
hint: 	git branch -m <name>
From https://github.com/lukepistrol/Pexels-Swift
 * branch            main       -> FETCH_HEAD
 * [new branch]      main       -> origin/main
HEAD is now at feef363 Merge pull request #16 from itzaks/main
Cloned https://github.com/lukepistrol/Pexels-Swift.git
Revision (git rev-parse @):
feef3637b92ea25baf9588a25578090b6a01d2af
SUCCESS checkout https://github.com/lukepistrol/Pexels-Swift.git at main
========================================
Build
========================================
Selected platform:         wasm
Swift version:             6.4
Building package at path:  $PWD
https://github.com/lukepistrol/Pexels-Swift.git
Running build ...
bash -c docker run --pull=always --rm -v "checkouts-54344844-0":/host -w "$PWD" -e JAVA_HOME="/root/.sdkman/candidates/java/current" -e SPI_BUILD="1" -e SPI_PROCESSING="1" registry.gitlab.com/saguaro1/spi-images:wasm-6.4-latest swift build --swift-sdk swift-6.4.x-DEVELOPMENT-SNAPSHOT-2026-09-04-a_wasm 2>&1
wasm-6.4-latest: Pulling from saguaro1/spi-images
Digest: sha256:4328fdb43c680d205c1d6761b1e3267aa38277eefdda9ddfb17b6a0f1a77857a
Status: Image is up to date for registry.gitlab.com/saguaro1/spi-images:wasm-6.4-latest
Fetching https://github.com/apple/swift-docc-plugin
[1/2345] Fetching swift-docc-plugin
Fetched https://github.com/apple/swift-docc-plugin (0.53s)
Computing version for https://github.com/apple/swift-docc-plugin
Computed https://github.com/apple/swift-docc-plugin at 1.5.0 (0.74s)
Fetching https://github.com/swiftlang/swift-docc-symbolkit
[1/3824] Fetching swift-docc-symbolkit
Fetched https://github.com/swiftlang/swift-docc-symbolkit (0.57s)
Computing version for https://github.com/swiftlang/swift-docc-symbolkit
Computed https://github.com/swiftlang/swift-docc-symbolkit at 1.0.0 (0.81s)
Creating working copy for https://github.com/apple/swift-docc-plugin
Working copy of https://github.com/apple/swift-docc-plugin resolved at 1.5.0
Creating working copy for https://github.com/swiftlang/swift-docc-symbolkit
Working copy of https://github.com/swiftlang/swift-docc-symbolkit resolved at 1.0.0
Building for debugging...
[Pre-planning 5 / 66]
[Writing build description]
error: SwiftCompile normal wasm32 failed with a nonzero exit code. Command line:     cd /host

/host/spi-builder-workspace/Sources/PexelsSwift/Extensions/HTTPURLResponse+.swift:10:8: error: non-nominal type 'HTTPURLResponse' (aka 'AnyObject') cannot be extended [#]8;;https://docs.swift.org/compiler/documentation/diagnostics/nominal-types\NominalTypes]8;;\]
 8 | import Foundation
 9 |
10 | public extension HTTPURLResponse {
   |        `- error: non-nominal type 'HTTPURLResponse' (aka 'AnyObject') cannot be extended [#]8;;https://docs.swift.org/compiler/documentation/diagnostics/nominal-types\NominalTypes]8;;\]
11 |     /// Returns an integer describing the Pexels API call limit, if set.
12 |     ///
/host/spi-builder-workspace/Sources/PexelsSwift/Logger/PSLogger.swift:77:31: error: 'HTTPURLResponse' is unavailable: This type has moved to the FoundationNetworking module. Import that module to use it.
 75 |     /// ``PSLogLevel/info`` or ``PSLogLevel/debug``.
 76 |     /// - Parameter response: The response to log.
 77 |     func response(_ response: HTTPURLResponse) {
    |                               `- error: 'HTTPURLResponse' is unavailable: This type has moved to the FoundationNetworking module. Import that module to use it.
 78 |         guard logLevel == .info || logLevel == .debug else { return }
 79 |         var logMessage = logTitle(for: .info)
Foundation.HTTPURLResponse:2:18: note: 'HTTPURLResponse' has been explicitly marked unavailable here
1 | @available(*, unavailable, message: "This type has moved to the FoundationNetworking module. Import that module to use it.")
2 | public typealias HTTPURLResponse = AnyObject
  |                  `- note: 'HTTPURLResponse' has been explicitly marked unavailable here
/host/spi-builder-workspace/Sources/PexelsSwift/MockURLProtocol/MockURLProtocol.swift:13:47: error: cannot find type 'URLRequest' in scope
11 | final class MockURLProtocol: URLProtocol {
12 |
13 |     override class func canInit(with request: URLRequest) -> Bool {
   |                                               `- error: cannot find type 'URLRequest' in scope
14 |         return true
15 |     }
/host/spi-builder-workspace/Sources/PexelsSwift/MockURLProtocol/MockURLProtocol.swift:17:70: error: cannot find type 'URLRequest' in scope
15 |     }
16 |
17 |     override class func canonicalRequest(for request: URLRequest) -> URLRequest {
   |                                                                      `- error: cannot find type 'URLRequest' in scope
18 |         return request
19 |     }
/host/spi-builder-workspace/Sources/PexelsSwift/MockURLProtocol/MockURLProtocol.swift:17:55: error: cannot find type 'URLRequest' in scope
15 |     }
16 |
17 |     override class func canonicalRequest(for request: URLRequest) -> URLRequest {
   |                                                       `- error: cannot find type 'URLRequest' in scope
18 |         return request
19 |     }
/host/spi-builder-workspace/Sources/PexelsSwift/MockURLProtocol/MockURLProtocol.swift:21:34: error: cannot find type 'URLRequest' in scope
19 |     }
20 |
21 |     static var requestHandler: ((URLRequest) throws -> (HTTPURLResponse, Data?))?
   |                                  `- error: cannot find type 'URLRequest' in scope
22 |
23 |     override func startLoading() {
/host/spi-builder-workspace/Sources/PexelsSwift/MockURLProtocol/MockURLProtocol.swift:23:19: error: method does not override any method from its superclass
21 |     static var requestHandler: ((URLRequest) throws -> (HTTPURLResponse, Data?))?
22 |
23 |     override func startLoading() {
   |                   `- error: method does not override any method from its superclass
24 |         guard let handler = MockURLProtocol.requestHandler else {
25 |             fatalError("Handler is unavailable.")
/host/spi-builder-workspace/Sources/PexelsSwift/MockURLProtocol/MockURLProtocol.swift:43:19: error: method does not override any method from its superclass
41 |     }
42 |
43 |     override func stopLoading() {
   |                   `- error: method does not override any method from its superclass
44 |
45 |     }
/host/spi-builder-workspace/Sources/PexelsSwift/MockURLProtocol/MockURLProtocol.swift:11:30: error: 'URLProtocol' is unavailable: This type has moved to the FoundationNetworking module. Import that module to use it.
 9 |
10 | /// A subclass of `URLProtocol` to intercept URL requests for testing purposes.
11 | final class MockURLProtocol: URLProtocol {
   |                              `- error: 'URLProtocol' is unavailable: This type has moved to the FoundationNetworking module. Import that module to use it.
12 |
13 |     override class func canInit(with request: URLRequest) -> Bool {
Foundation.URLProtocol:2:18: note: 'URLProtocol' has been explicitly marked unavailable here
1 | @available(*, unavailable, message: "This type has moved to the FoundationNetworking module. Import that module to use it.")
2 | public typealias URLProtocol = AnyObject
  |                  `- note: 'URLProtocol' has been explicitly marked unavailable here
/host/spi-builder-workspace/Sources/PexelsSwift/PexelsSwift.swift:13:21: error: 'URLSession' is unavailable: This type has moved to the FoundationNetworking module. Import that module to use it.
 11 | public class PexelsSwift {
 12 |
 13 |     let urlSession: URLSession
    |                     `- error: 'URLSession' is unavailable: This type has moved to the FoundationNetworking module. Import that module to use it.
 14 |
 15 |     internal init(urlSession: URLSession = .shared) {
Foundation.URLSession:2:18: note: 'URLSession' has been explicitly marked unavailable here
1 | @available(*, unavailable, message: "This type has moved to the FoundationNetworking module. Import that module to use it.")
2 | public typealias URLSession = AnyObject
  |                  `- note: 'URLSession' has been explicitly marked unavailable here
/host/spi-builder-workspace/Sources/PexelsSwift/PexelsSwift.swift:15:31: error: 'URLSession' is unavailable: This type has moved to the FoundationNetworking module. Import that module to use it.
 13 |     let urlSession: URLSession
 14 |
 15 |     internal init(urlSession: URLSession = .shared) {
    |                               `- error: 'URLSession' is unavailable: This type has moved to the FoundationNetworking module. Import that module to use it.
 16 |         self.urlSession = urlSession
 17 |     }
Foundation.URLSession:2:18: note: 'URLSession' has been explicitly marked unavailable here
1 | @available(*, unavailable, message: "This type has moved to the FoundationNetworking module. Import that module to use it.")
2 | public typealias URLSession = AnyObject
  |                  `- note: 'URLSession' has been explicitly marked unavailable here
/host/spi-builder-workspace/Sources/PexelsSwift/PexelsSwift.swift:15:45: error: type 'URLSession' (aka 'AnyObject') has no member 'shared'
 13 |     let urlSession: URLSession
 14 |
 15 |     internal init(urlSession: URLSession = .shared) {
    |                                             `- error: type 'URLSession' (aka 'AnyObject') has no member 'shared'
 16 |         self.urlSession = urlSession
 17 |     }
/host/spi-builder-workspace/Sources/PexelsSwift/PexelsSwift.swift:15:45: error: value of type '_' expected to be instance of class or class-constrained type
 13 |     let urlSession: URLSession
 14 |
 15 |     internal init(urlSession: URLSession = .shared) {
    |                                             `- error: value of type '_' expected to be instance of class or class-constrained type
 16 |         self.urlSession = urlSession
 17 |     }
/host/spi-builder-workspace/Sources/PexelsSwift/PexelsSwift.swift:26:19: error: 'HTTPURLResponse' is unavailable: This type has moved to the FoundationNetworking module. Import that module to use it.
 24 |         data: [PSVideo],
 25 |         paging: PSPagingInfo,
 26 |         response: HTTPURLResponse
    |                   `- error: 'HTTPURLResponse' is unavailable: This type has moved to the FoundationNetworking module. Import that module to use it.
 27 |     ), PSError>
 28 |
Foundation.HTTPURLResponse:2:18: note: 'HTTPURLResponse' has been explicitly marked unavailable here
1 | @available(*, unavailable, message: "This type has moved to the FoundationNetworking module. Import that module to use it.")
2 | public typealias HTTPURLResponse = AnyObject
  |                  `- note: 'HTTPURLResponse' has been explicitly marked unavailable here
/host/spi-builder-workspace/Sources/PexelsSwift/PexelsSwift.swift:32:19: error: 'HTTPURLResponse' is unavailable: This type has moved to the FoundationNetworking module. Import that module to use it.
 30 |     public typealias VideoResult = Result<(
 31 |         data: PSVideo,
 32 |         response: HTTPURLResponse
    |                   `- error: 'HTTPURLResponse' is unavailable: This type has moved to the FoundationNetworking module. Import that module to use it.
 33 |     ), PSError>
 34 |
Foundation.HTTPURLResponse:2:18: note: 'HTTPURLResponse' has been explicitly marked unavailable here
1 | @available(*, unavailable, message: "This type has moved to the FoundationNetworking module. Import that module to use it.")
2 | public typealias HTTPURLResponse = AnyObject
  |                  `- note: 'HTTPURLResponse' has been explicitly marked unavailable here
/host/spi-builder-workspace/Sources/PexelsSwift/PexelsSwift.swift:39:19: error: 'HTTPURLResponse' is unavailable: This type has moved to the FoundationNetworking module. Import that module to use it.
 37 |         data: [PSPhoto],
 38 |         paging: PSPagingInfo,
 39 |         response: HTTPURLResponse
    |                   `- error: 'HTTPURLResponse' is unavailable: This type has moved to the FoundationNetworking module. Import that module to use it.
 40 |     ), PSError>
 41 |
Foundation.HTTPURLResponse:2:18: note: 'HTTPURLResponse' has been explicitly marked unavailable here
1 | @available(*, unavailable, message: "This type has moved to the FoundationNetworking module. Import that module to use it.")
2 | public typealias HTTPURLResponse = AnyObject
  |                  `- note: 'HTTPURLResponse' has been explicitly marked unavailable here
/host/spi-builder-workspace/Sources/PexelsSwift/PexelsSwift.swift:45:19: error: 'HTTPURLResponse' is unavailable: This type has moved to the FoundationNetworking module. Import that module to use it.
 43 |     public typealias PhotoResult = Result<(
 44 |         data: PSPhoto,
 45 |         response: HTTPURLResponse
    |                   `- error: 'HTTPURLResponse' is unavailable: This type has moved to the FoundationNetworking module. Import that module to use it.
 46 |     ), PSError>
 47 |
Foundation.HTTPURLResponse:2:18: note: 'HTTPURLResponse' has been explicitly marked unavailable here
1 | @available(*, unavailable, message: "This type has moved to the FoundationNetworking module. Import that module to use it.")
2 | public typealias HTTPURLResponse = AnyObject
  |                  `- note: 'HTTPURLResponse' has been explicitly marked unavailable here
/host/spi-builder-workspace/Sources/PexelsSwift/PexelsSwift.swift:52:19: error: 'HTTPURLResponse' is unavailable: This type has moved to the FoundationNetworking module. Import that module to use it.
 50 |         data: [PSCollection],
 51 |         paging: PSPagingInfo,
 52 |         response: HTTPURLResponse
    |                   `- error: 'HTTPURLResponse' is unavailable: This type has moved to the FoundationNetworking module. Import that module to use it.
 53 |     ), PSError>
 54 |
Foundation.HTTPURLResponse:2:18: note: 'HTTPURLResponse' has been explicitly marked unavailable here
1 | @available(*, unavailable, message: "This type has moved to the FoundationNetworking module. Import that module to use it.")
2 | public typealias HTTPURLResponse = AnyObject
  |                  `- note: 'HTTPURLResponse' has been explicitly marked unavailable here
/host/spi-builder-workspace/Sources/PexelsSwift/PexelsSwift.swift:56:65: error: 'HTTPURLResponse' is unavailable: This type has moved to the FoundationNetworking module. Import that module to use it.
 54 |
 55 |     /// Result type for a generic type of `<T>`.
 56 |     internal typealias PSResult<T> = Result<(data: T, response: HTTPURLResponse), PSError>
    |                                                                 `- error: 'HTTPURLResponse' is unavailable: This type has moved to the FoundationNetworking module. Import that module to use it.
 57 |
 58 |     /// The singleton instance of ``PexelsSwift``
Foundation.HTTPURLResponse:2:18: note: 'HTTPURLResponse' has been explicitly marked unavailable here
1 | @available(*, unavailable, message: "This type has moved to the FoundationNetworking module. Import that module to use it.")
2 | public typealias HTTPURLResponse = AnyObject
  |                  `- note: 'HTTPURLResponse' has been explicitly marked unavailable here
/host/spi-builder-workspace/Sources/PexelsSwift/PexelsSwift.swift:198:47: error: 'HTTPURLResponse' is unavailable: This type has moved to the FoundationNetworking module. Import that module to use it.
196 |     /// ``PexelsSwift/PexelsSwift/rateLimit-swift.property``, if possible
197 |     /// - Parameter response: The response to fetch the rate limit data from
198 |     private func saveRateLimits(for response: HTTPURLResponse) {
    |                                               `- error: 'HTTPURLResponse' is unavailable: This type has moved to the FoundationNetworking module. Import that module to use it.
199 |         guard let limit = response.pexelsLimit,
200 |               let remaining = response.pexelsRemaining,
Foundation.HTTPURLResponse:2:18: note: 'HTTPURLResponse' has been explicitly marked unavailable here
1 | @available(*, unavailable, message: "This type has moved to the FoundationNetworking module. Import that module to use it.")
2 | public typealias HTTPURLResponse = AnyObject
  |                  `- note: 'HTTPURLResponse' has been explicitly marked unavailable here
/host/spi-builder-workspace/Sources/PexelsSwift/_Deprecated/URLSession+DataForRequest.swift:12:1: error: non-nominal type 'URLSession' (aka 'AnyObject') cannot be extended [#]8;;https://docs.swift.org/compiler/documentation/diagnostics/nominal-types\NominalTypes]8;;\]
10 | @available(iOS, deprecated: 15, message: "Use the built-in API instead")
11 | @available(macOS, deprecated: 12, message: "Use the built-in API instead")
12 | extension URLSession {
   | `- error: non-nominal type 'URLSession' (aka 'AnyObject') cannot be extended [#]8;;https://docs.swift.org/compiler/documentation/diagnostics/nominal-types\NominalTypes]8;;\]
13 |     /// Downloads the contents of a URL based on the specified URL request and delivers the data asynchronously.
14 |     ///
[#NominalTypes]: <https://docs.swift.org/compiler/documentation/diagnostics/nominal-types>
Failed frontend command:
/usr/bin/swift-frontend -frontend -emit-module -experimental-skip-non-inlinable-function-bodies-without-types /host/spi-builder-workspace/Sources/PexelsSwift/Errors/PSError.swift /host/spi-builder-workspace/Sources/PexelsSwift/Extensions/Data+PrettyJSON.swift /host/spi-builder-workspace/Sources/PexelsSwift/Extensions/HTTPURLResponse+.swift /host/spi-builder-workspace/Sources/PexelsSwift/Extensions/Int+String.swift /host/spi-builder-workspace/Sources/PexelsSwift/Logger/PSLogLevel.swift /host/spi-builder-workspace/Sources/PexelsSwift/Logger/PSLogger.swift /host/spi-builder-workspace/Sources/PexelsSwift/MockURLProtocol/MockURLProtocol.swift /host/spi-builder-workspace/Sources/PexelsSwift/PexelsSwift+Collections.swift /host/spi-builder-workspace/Sources/PexelsSwift/PexelsSwift+Extensions/PexelsSwift+API.swift /host/spi-builder-workspace/Sources/PexelsSwift/PexelsSwift+Extensions/PexelsSwift+Color.swift /host/spi-builder-workspace/Sources/PexelsSwift/PexelsSwift+Extensions/PexelsSwift+Orientation+Size+Locale.swift /host/spi-builder-workspace/Sources/PexelsSwift/PexelsSwift+Extensions/PexelsSwift+QueryParameter.swift /host/spi-builder-workspace/Sources/PexelsSwift/PexelsSwift+Extensions/PexelsSwift+RateLimit.swift /host/spi-builder-workspace/Sources/PexelsSwift/PexelsSwift+Extensions/PexelsSwift+Results.swift /host/spi-builder-workspace/Sources/PexelsSwift/PexelsSwift+Photos.swift /host/spi-builder-workspace/Sources/PexelsSwift/PexelsSwift+Videos.swift /host/spi-builder-workspace/Sources/PexelsSwift/PexelsSwift.swift /host/spi-builder-workspace/Sources/PexelsSwift/Resources/PSCollection.swift /host/spi-builder-workspace/Sources/PexelsSwift/Resources/PSPagingInfo.swift /host/spi-builder-workspace/Sources/PexelsSwift/Resources/PSPhoto.swift /host/spi-builder-workspace/Sources/PexelsSwift/Resources/PSVideo.swift /host/spi-builder-workspace/Sources/PexelsSwift/_Deprecated/URLSession+DataForRequest.swift -target wasm32-unknown-wasip1 -disable-objc-interop -sdk /root/.swiftpm/swift-sdks/swift-6.4.x-DEVELOPMENT-SNAPSHOT-2026-09-04-a_wasm.artifactbundle/swift-6.4.x-DEVELOPMENT-SNAPSHOT-2026-09-04-a_wasm/wasm32-unknown-wasip1/WASI.sdk -sysroot /root/.swiftpm/swift-sdks/swift-6.4.x-DEVELOPMENT-SNAPSHOT-2026-09-04-a_wasm.artifactbundle/swift-6.4.x-DEVELOPMENT-SNAPSHOT-2026-09-04-a_wasm/wasm32-unknown-wasip1/WASI.sdk -I /host/spi-builder-workspace/.build/out/Products/Debug-webassembly-wasm32 -module-cache-path /host/spi-builder-workspace/.build/out/ModuleCache.noindex -color-diagnostics -Xcc -fcolor-diagnostics -enable-testing -g -debug-info-format\=dwarf -dwarf-version\=4 -swift-version 5 -Onone -D SWIFT_PACKAGE -D DEBUG -D SWIFT_MODULE_RESOURCE_BUNDLE_UNAVAILABLE -D Xcode -serialize-debugging-options -enable-experimental-feature DebugDescriptionMacro -empty-abi-descriptor -external-plugin-path /usr/lib/swift/host/plugins/testing\#/usr/bin/swift-plugin-server -validate-clang-modules-once -clang-build-session-file /host/spi-builder-workspace/.build/out/ModuleCache.noindex/Session.modulevalidation -Xcc -working-directory -Xcc /host -resource-dir /root/.swiftpm/swift-sdks/swift-6.4.x-DEVELOPMENT-SNAPSHOT-2026-09-04-a_wasm.artifactbundle/swift-6.4.x-DEVELOPMENT-SNAPSHOT-2026-09-04-a_wasm/wasm32-unknown-wasip1/swift.xctoolchain/usr/lib/swift_static -use-static-resource-dir -enable-anonymous-context-mangled-names -file-compilation-dir /host -Xcc -resource-dir -Xcc /root/.swiftpm/swift-sdks/swift-6.4.x-DEVELOPMENT-SNAPSHOT-2026-09-04-a_wasm.artifactbundle/swift-6.4.x-DEVELOPMENT-SNAPSHOT-2026-09-04-a_wasm/wasm32-unknown-wasip1/swift.xctoolchain/usr/lib/swift_static/clang -Xcc -D_LIBCPP_HARDENING_MODE\=_LIBCPP_HARDENING_MODE_DEBUG -Xcc -fmodules-prune-interval\=86400 -Xcc -fmodules-prune-after\=345600 -Xcc -I/host/spi-builder-workspace/.build/out/Products/Debug-webassembly-wasm32/include -Xcc -I/host/spi-builder-workspace/.build/out/Intermediates.noindex/PexelsSwift.build/Debug-webassembly-wasm32/PexelsSwift-t.build/DerivedSources-normal/wasm32 -Xcc -I/host/spi-builder-workspace/.build/out/Intermediates.noindex/PexelsSwift.build/Debug-webassembly-wasm32/PexelsSwift-t.build/DerivedSources/wasm32 -Xcc -I/host/spi-builder-workspace/.build/out/Intermediates.noindex/PexelsSwift.build/Debug-webassembly-wasm32/PexelsSwift-t.build/DerivedSources -Xcc -DSWIFT_PACKAGE -Xcc -DDEBUG\=1 -no-auto-bridging-header-chaining -module-name PexelsSwift -const-gather-protocols-file /host/spi-builder-workspace/.build/out/Intermediates.noindex/PexelsSwift.build/Debug-webassembly-wasm32/PexelsSwift-t.build/Objects-normal/wasm32/PexelsSwift_const_extract_protocols.json -in-process-plugin-server-path /usr/lib/swift/host/libSwiftInProcPluginServer.so -plugin-path /usr/lib/swift/host/plugins -plugin-path /usr/local/lib/swift/host/plugins -emit-module-doc-path /host/spi-builder-workspace/.build/out/Intermediates.noindex/PexelsSwift.build/Debug-webassembly-wasm32/PexelsSwift-t.build/Objects-normal/wasm32/Modules/PexelsSwift.swiftdoc -emit-module-source-info-path /host/spi-builder-workspace/.build/out/Intermediates.noindex/PexelsSwift.build/Debug-webassembly-wasm32/PexelsSwift-t.build/Objects-normal/wasm32/Modules/PexelsSwift.swiftsourceinfo -emit-objc-header-path /host/spi-builder-workspace/.build/out/Intermediates.noindex/PexelsSwift.build/Debug-webassembly-wasm32/PexelsSwift-t.build/Objects-normal/wasm32/PexelsSwift-Swift.h -serialize-diagnostics-path /host/spi-builder-workspace/.build/out/Intermediates.noindex/PexelsSwift.build/Debug-webassembly-wasm32/PexelsSwift-t.build/Objects-normal/wasm32/PexelsSwift-primary-emit-module.dia -emit-dependencies-path /host/spi-builder-workspace/.build/out/Intermediates.noindex/PexelsSwift.build/Debug-webassembly-wasm32/PexelsSwift-t.build/Objects-normal/wasm32/PexelsSwift-primary-emit-module.d -parse-as-library -o /host/spi-builder-workspace/.build/out/Intermediates.noindex/PexelsSwift.build/Debug-webassembly-wasm32/PexelsSwift-t.build/Objects-normal/wasm32/Modules/PexelsSwift.swiftmodule
[27 / 35] PexelsSwift
error: Build failed
BUILD FAILURE 6.4 wasm