The Swift Package Index logo.Swift Package Index

Build Information

Failed to build SwifitLearn, reference master (259662), with Swift 6.4 for watchOS using Xcode 27.0 on 16 Sep 2026 10:37:56 UTC.

Build Command

env DEVELOPER_DIR=/Applications/Xcode-27.0.0-Release.Candidate.app xcrun xcodebuild -IDEClonedSourcePackagesDirPathOverride=$PWD/.dependencies -skipMacroValidation -skipPackagePluginValidation -derivedDataPath $PWD/.derivedData build -scheme SwifitLearn -destination generic/platform=watchOS

Build Log

========================================
RunAll
========================================
Builder version: 5.1.0
Interrupt handler set up.
========================================
Checkout
========================================
Clone URL: https://github.com/t-ae/swifit-learn.git
Reference: master
Initialized empty Git repository in /Users/admin/builder/spi-builder-workspace/.git/
From https://github.com/t-ae/swifit-learn
 * branch            master     -> FETCH_HEAD
 * [new branch]      master     -> origin/master
HEAD is now at 259662c Update for Swift4
Cloned https://github.com/t-ae/swifit-learn.git
Revision (git rev-parse @):
259662cff3c5cfcc627c48294e578884ed97a931
SUCCESS checkout https://github.com/t-ae/swifit-learn.git at master
========================================
Build
========================================
Selected platform:         watchOS
Swift version:             6.4
Building package at path:  $PWD
https://github.com/t-ae/swifit-learn.git
Command line invocation:
    /Applications/Xcode-27.0.0-Release.Candidate.app/Contents/Developer/usr/bin/xcodebuild -IDEClonedSourcePackagesDirPathOverride=/Users/admin/builder/spi-builder-workspace/.dependencies -resolvePackageDependencies
Resolve Package Graph
Fetching from https://github.com/t-ae/ndarray.git
Fetching from https://github.com/t-ae/xorswift.git
Creating working copy of package ‘ndarray’
Checking out 0.0.14 of package ‘ndarray’
Creating working copy of package ‘xorswift’
Checking out 0.0.10 of package ‘xorswift’
Resolve Package Graph
Resolved source packages:
  NDArray: https://github.com/t-ae/ndarray.git @ 0.0.14
  SwifitLearn: /Users/admin/builder/spi-builder-workspace
  Xorswift: https://github.com/t-ae/xorswift.git @ 0.0.10
resolved source packages: NDArray, SwifitLearn, Xorswift
2026-09-16 06:37:04.713 xcodebuild[529:3031] [MT] IDERunDestination: Supported platforms for the buildables in the current scheme is empty.
{
  "dependencies" : [
    {
      "identity" : "ndarray",
      "requirement" : {
        "range" : [
          {
            "lower_bound" : "0.0.14",
            "upper_bound" : "1.0.0"
          }
        ]
      },
      "type" : "sourceControl",
      "url" : "https://github.com/t-ae/ndarray.git"
    }
  ],
  "manifest_display_name" : "SwifitLearn",
  "name" : "SwifitLearn",
  "path" : "/Users/admin/builder/spi-builder-workspace",
  "platforms" : [
  ],
  "products" : [
    {
      "name" : "SwifitLearn",
      "targets" : [
        "SwifitLearn"
      ],
      "type" : {
        "library" : [
          "automatic"
        ]
      }
    }
  ],
  "targets" : [
    {
      "c99name" : "SwifitLearnTests",
      "module_type" : "SwiftTarget",
      "name" : "SwifitLearnTests",
      "path" : "Tests/SwifitLearnTests",
      "sources" : [
        "IrisClassificationTests.swift",
        "IrisDataset.swift",
        "UtilsTests.swift"
      ],
      "target_dependencies" : [
        "SwifitLearn"
      ],
      "type" : "test"
    },
    {
      "c99name" : "SwifitLearn",
      "module_type" : "SwiftTarget",
      "name" : "SwifitLearn",
      "path" : "Sources",
      "product_dependencies" : [
        "NDArray"
      ],
      "product_memberships" : [
        "SwifitLearn"
      ],
      "sources" : [
        "DBSCAN.swift",
        "KMeans.swift",
        "KNeighborClassifier.swift",
        "MeanShift.swift",
        "RandomForestClassifier.swift",
        "Utils.swift"
      ],
      "type" : "library"
    }
  ],
  "tools_version" : "4.0"
}
{
  "workspace" : {
    "name" : "SwifitLearn",
    "schemes" : [
      "SwifitLearn"
    ]
  }
}
2026-09-16 06:37:45.930 xcodebuild[721:4456] [MT] IDERunDestination: Supported platforms for the buildables in the current scheme is empty.
Running build ...
env DEVELOPER_DIR=/Applications/Xcode-27.0.0-Release.Candidate.app xcrun xcodebuild -IDEClonedSourcePackagesDirPathOverride=$PWD/.dependencies -skipMacroValidation -skipPackagePluginValidation -derivedDataPath $PWD/.derivedData build -scheme SwifitLearn -destination generic/platform=watchOS
Command line invocation:
    /Applications/Xcode-27.0.0-Release.Candidate.app/Contents/Developer/usr/bin/xcodebuild -IDEClonedSourcePackagesDirPathOverride=/Users/admin/builder/spi-builder-workspace/.dependencies -skipMacroValidation -skipPackagePluginValidation -derivedDataPath /Users/admin/builder/spi-builder-workspace/.derivedData build -scheme SwifitLearn -destination generic/platform=watchOS
Resolve Package Graph
Resolve Package Graph
Resolved source packages:
  Xorswift: https://github.com/t-ae/xorswift.git @ 0.0.10
  SwifitLearn: /Users/admin/builder/spi-builder-workspace
  NDArray: https://github.com/t-ae/ndarray.git @ 0.0.14
ComputePackagePrebuildTargetDependencyGraph
Prepare packages
CreateBuildRequest
SendProjectDescription
CreateBuildOperation
ComputeTargetDependencyGraph
note: Building targets in dependency order
note: Target dependency graph (6 targets)
    Target 'SwifitLearn-product' in project 'SwifitLearn'
        ➜ Explicit dependency on target 'SwifitLearn' in project 'SwifitLearn'
        ➜ Explicit dependency on target 'NDArray-product' in project 'NDArray'
    Target 'SwifitLearn' in project 'SwifitLearn'
        ➜ Explicit dependency on target 'NDArray-product' in project 'NDArray'
    Target 'NDArray-product' in project 'NDArray'
        ➜ Explicit dependency on target 'NDArray' in project 'NDArray'
        ➜ Explicit dependency on target 'Xorswift-product' in project 'Xorswift'
    Target 'NDArray' in project 'NDArray'
        ➜ Explicit dependency on target 'Xorswift-product' in project 'Xorswift'
    Target 'Xorswift-product' in project 'Xorswift'
        ➜ Explicit dependency on target 'Xorswift' in project 'Xorswift'
    Target 'Xorswift' in project 'Xorswift' (no dependencies)
GatherProvisioningInputs
CreateBuildDescription
ExecuteExternalTool /Applications/Xcode-27.0.0-Release.Candidate.app/Contents/Developer/Toolchains/XcodeDefault.xctoolchain/usr/bin/clang -v -E -dM -isysroot /Applications/Xcode-27.0.0-Release.Candidate.app/Contents/Developer/Platforms/WatchOS.platform/Developer/SDKs/WatchOS27.0.sdk -x c -c /dev/null
ExecuteExternalTool /Applications/Xcode-27.0.0-Release.Candidate.app/Contents/Developer/Toolchains/XcodeDefault.xctoolchain/usr/bin/swiftc --version
ExecuteExternalTool /Applications/Xcode-27.0.0-Release.Candidate.app/Contents/Developer/Toolchains/XcodeDefault.xctoolchain/usr/bin/ld -version_details
Build description signature: bfbab09ec7b2c3c439f92438821efce2
Build description path: /Users/admin/builder/spi-builder-workspace/.derivedData/Build/Intermediates.noindex/XCBuildData/bfbab09ec7b2c3c439f92438821efce2.xcbuilddata
CreateBuildDirectory /Users/admin/builder/spi-builder-workspace/.derivedData/SDKExplicitPrecompiledModules
    cd /Users/admin/builder/spi-builder-workspace/.swiftpm/xcode
    builtin-create-build-directory /Users/admin/builder/spi-builder-workspace/.derivedData/SDKExplicitPrecompiledModules
CreateBuildDirectory /Users/admin/builder/spi-builder-workspace/.derivedData/ModuleCache.noindex
    cd /Users/admin/builder/spi-builder-workspace/.swiftpm/xcode
    builtin-create-build-directory /Users/admin/builder/spi-builder-workspace/.derivedData/ModuleCache.noindex
CreateBuildDirectory /Users/admin/builder/spi-builder-workspace/.derivedData/CompilationCache.noindex
    cd /Users/admin/builder/spi-builder-workspace/.swiftpm/xcode
    builtin-create-build-directory /Users/admin/builder/spi-builder-workspace/.derivedData/CompilationCache.noindex
ClangStatCache /Applications/Xcode-27.0.0-Release.Candidate.app/Contents/Developer/Toolchains/XcodeDefault.xctoolchain/usr/bin/clang-stat-cache /Applications/Xcode-27.0.0-Release.Candidate.app/Contents/Developer/Platforms/WatchOS.platform/Developer/SDKs/WatchOS27.0.sdk /Users/admin/builder/spi-builder-workspace/.derivedData/SDKStatCaches.noindex/watchos27.0-24R360-e829b21a6f8c9b70876ba0858053c04477534ef55a1706bf4c1112bbb242f0a2.sdkstatcache
    cd /Users/admin/builder/spi-builder-workspace/.swiftpm/xcode
    /Applications/Xcode-27.0.0-Release.Candidate.app/Contents/Developer/Toolchains/XcodeDefault.xctoolchain/usr/bin/clang-stat-cache /Applications/Xcode-27.0.0-Release.Candidate.app/Contents/Developer/Platforms/WatchOS.platform/Developer/SDKs/WatchOS27.0.sdk -o /Users/admin/builder/spi-builder-workspace/.derivedData/SDKStatCaches.noindex/watchos27.0-24R360-e829b21a6f8c9b70876ba0858053c04477534ef55a1706bf4c1112bbb242f0a2.sdkstatcache
CreateBuildDirectory /Users/admin/builder/spi-builder-workspace/.derivedData/Build/Products
    cd /Users/admin/builder/spi-builder-workspace/.swiftpm/xcode
    builtin-create-build-directory /Users/admin/builder/spi-builder-workspace/.derivedData/Build/Products
CreateBuildDirectory /Users/admin/builder/spi-builder-workspace/.derivedData/Build/Intermediates.noindex
    cd /Users/admin/builder/spi-builder-workspace/.swiftpm/xcode
    builtin-create-build-directory /Users/admin/builder/spi-builder-workspace/.derivedData/Build/Intermediates.noindex
CreateBuildDirectory /Users/admin/builder/spi-builder-workspace/.derivedData/Build/Intermediates.noindex/SwiftExplicitPrecompiledModules
    cd /Users/admin/builder/spi-builder-workspace/.swiftpm/xcode
    builtin-create-build-directory /Users/admin/builder/spi-builder-workspace/.derivedData/Build/Intermediates.noindex/SwiftExplicitPrecompiledModules
CreateBuildDirectory /Users/admin/builder/spi-builder-workspace/.derivedData/Build/Intermediates.noindex/PrecompiledHeaders
    cd /Users/admin/builder/spi-builder-workspace/.swiftpm/xcode
    builtin-create-build-directory /Users/admin/builder/spi-builder-workspace/.derivedData/Build/Intermediates.noindex/PrecompiledHeaders
CreateBuildDirectory /Users/admin/builder/spi-builder-workspace/.derivedData/Build/Intermediates.noindex/ExplicitPrecompiledModules
    cd /Users/admin/builder/spi-builder-workspace/.swiftpm/xcode
    builtin-create-build-directory /Users/admin/builder/spi-builder-workspace/.derivedData/Build/Intermediates.noindex/ExplicitPrecompiledModules
CreateBuildDirectory /Users/admin/builder/spi-builder-workspace/.derivedData/Build/Intermediates.noindex/EagerLinkingTBDs/Debug-watchos
    cd /Users/admin/builder/spi-builder-workspace/.swiftpm/xcode
    builtin-create-build-directory /Users/admin/builder/spi-builder-workspace/.derivedData/Build/Intermediates.noindex/EagerLinkingTBDs/Debug-watchos
CreateBuildDirectory /Users/admin/builder/spi-builder-workspace/.derivedData/Build/Products/Debug-watchos
    cd /Users/admin/builder/spi-builder-workspace/.swiftpm/xcode
    builtin-create-build-directory /Users/admin/builder/spi-builder-workspace/.derivedData/Build/Products/Debug-watchos
CreateBuildDirectory /Users/admin/builder/spi-builder-workspace/.derivedData/Build/Products/Debug-watchos/PackageFrameworks
    cd /Users/admin/builder/spi-builder-workspace/.swiftpm/xcode
    builtin-create-build-directory /Users/admin/builder/spi-builder-workspace/.derivedData/Build/Products/Debug-watchos/PackageFrameworks
WriteAuxiliaryFile /Users/admin/builder/spi-builder-workspace/.derivedData/Build/Intermediates.noindex/Xorswift.build/Debug-watchos/Xorswift-t.build/Xorswift.modulemap (in target 'Xorswift' from project 'Xorswift')
    cd /Users/admin/builder/spi-builder-workspace/.dependencies/checkouts/xorswift
    write-file /Users/admin/builder/spi-builder-workspace/.derivedData/Build/Intermediates.noindex/Xorswift.build/Debug-watchos/Xorswift-t.build/Xorswift.modulemap
WriteAuxiliaryFile /Users/admin/builder/spi-builder-workspace/.derivedData/Build/Intermediates.noindex/Xorswift.build/Debug-watchos/Xorswift-t.build/Xorswift.DependencyStaticMetadataFileList (in target 'Xorswift' from project 'Xorswift')
    cd /Users/admin/builder/spi-builder-workspace/.dependencies/checkouts/xorswift
    write-file /Users/admin/builder/spi-builder-workspace/.derivedData/Build/Intermediates.noindex/Xorswift.build/Debug-watchos/Xorswift-t.build/Xorswift.DependencyStaticMetadataFileList
WriteAuxiliaryFile /Users/admin/builder/spi-builder-workspace/.derivedData/Build/Intermediates.noindex/Xorswift.build/Debug-watchos/Xorswift-t.build/Objects-normal/arm64_32/Xorswift_const_extract_protocols.json (in target 'Xorswift' from project 'Xorswift')
    cd /Users/admin/builder/spi-builder-workspace/.dependencies/checkouts/xorswift
    write-file /Users/admin/builder/spi-builder-workspace/.derivedData/Build/Intermediates.noindex/Xorswift.build/Debug-watchos/Xorswift-t.build/Objects-normal/arm64_32/Xorswift_const_extract_protocols.json
WriteAuxiliaryFile /Users/admin/builder/spi-builder-workspace/.derivedData/Build/Intermediates.noindex/Xorswift.build/Debug-watchos/Xorswift-t.build/Objects-normal/arm64/Xorswift-OutputFileMap.json (in target 'Xorswift' from project 'Xorswift')
    cd /Users/admin/builder/spi-builder-workspace/.dependencies/checkouts/xorswift
    write-file /Users/admin/builder/spi-builder-workspace/.derivedData/Build/Intermediates.noindex/Xorswift.build/Debug-watchos/Xorswift-t.build/Objects-normal/arm64/Xorswift-OutputFileMap.json
WriteAuxiliaryFile /Users/admin/builder/spi-builder-workspace/.derivedData/Build/Intermediates.noindex/Xorswift.build/Debug-watchos/Xorswift-t.build/Objects-normal/arm64/Xorswift_const_extract_protocols.json (in target 'Xorswift' from project 'Xorswift')
    cd /Users/admin/builder/spi-builder-workspace/.dependencies/checkouts/xorswift
    write-file /Users/admin/builder/spi-builder-workspace/.derivedData/Build/Intermediates.noindex/Xorswift.build/Debug-watchos/Xorswift-t.build/Objects-normal/arm64/Xorswift_const_extract_protocols.json
WriteAuxiliaryFile /Users/admin/builder/spi-builder-workspace/.derivedData/Build/Intermediates.noindex/Xorswift.build/Debug-watchos/Xorswift-t.build/Objects-normal/arm64_32/Xorswift.LinkFileList (in target 'Xorswift' from project 'Xorswift')
    cd /Users/admin/builder/spi-builder-workspace/.dependencies/checkouts/xorswift
    write-file /Users/admin/builder/spi-builder-workspace/.derivedData/Build/Intermediates.noindex/Xorswift.build/Debug-watchos/Xorswift-t.build/Objects-normal/arm64_32/Xorswift.LinkFileList
WriteAuxiliaryFile /Users/admin/builder/spi-builder-workspace/.derivedData/Build/Intermediates.noindex/Xorswift.build/Debug-watchos/Xorswift-t.build/Objects-normal/arm64/Xorswift.LinkFileList (in target 'Xorswift' from project 'Xorswift')
    cd /Users/admin/builder/spi-builder-workspace/.dependencies/checkouts/xorswift
    write-file /Users/admin/builder/spi-builder-workspace/.derivedData/Build/Intermediates.noindex/Xorswift.build/Debug-watchos/Xorswift-t.build/Objects-normal/arm64/Xorswift.LinkFileList
WriteAuxiliaryFile /Users/admin/builder/spi-builder-workspace/.derivedData/Build/Intermediates.noindex/Xorswift.build/Debug-watchos/Xorswift-t.build/Objects-normal/arm64_32/Xorswift-OutputFileMap.json (in target 'Xorswift' from project 'Xorswift')
    cd /Users/admin/builder/spi-builder-workspace/.dependencies/checkouts/xorswift
    write-file /Users/admin/builder/spi-builder-workspace/.derivedData/Build/Intermediates.noindex/Xorswift.build/Debug-watchos/Xorswift-t.build/Objects-normal/arm64_32/Xorswift-OutputFileMap.json
WriteAuxiliaryFile /Users/admin/builder/spi-builder-workspace/.derivedData/Build/Intermediates.noindex/Xorswift.build/Debug-watchos/Xorswift-t.build/Xorswift.DependencyMetadataFileList (in target 'Xorswift' from project 'Xorswift')
    cd /Users/admin/builder/spi-builder-workspace/.dependencies/checkouts/xorswift
    write-file /Users/admin/builder/spi-builder-workspace/.derivedData/Build/Intermediates.noindex/Xorswift.build/Debug-watchos/Xorswift-t.build/Xorswift.DependencyMetadataFileList
WriteAuxiliaryFile /Users/admin/builder/spi-builder-workspace/.derivedData/Build/Intermediates.noindex/Xorswift.build/Debug-watchos/Xorswift-t.build/Objects-normal/arm64_32/Xorswift.SwiftFileList (in target 'Xorswift' from project 'Xorswift')
    cd /Users/admin/builder/spi-builder-workspace/.dependencies/checkouts/xorswift
    write-file /Users/admin/builder/spi-builder-workspace/.derivedData/Build/Intermediates.noindex/Xorswift.build/Debug-watchos/Xorswift-t.build/Objects-normal/arm64_32/Xorswift.SwiftFileList
WriteAuxiliaryFile /Users/admin/builder/spi-builder-workspace/.derivedData/Build/Intermediates.noindex/Xorswift.build/Debug-watchos/Xorswift-t.build/Objects-normal/arm64/Xorswift.SwiftFileList (in target 'Xorswift' from project 'Xorswift')
    cd /Users/admin/builder/spi-builder-workspace/.dependencies/checkouts/xorswift
    write-file /Users/admin/builder/spi-builder-workspace/.derivedData/Build/Intermediates.noindex/Xorswift.build/Debug-watchos/Xorswift-t.build/Objects-normal/arm64/Xorswift.SwiftFileList
WriteAuxiliaryFile /Users/admin/builder/spi-builder-workspace/.derivedData/Build/Intermediates.noindex/Xorswift.build/Debug-watchos/Xorswift-t.build/Objects-normal/arm64_32/Xorswift.SwiftConstValuesFileList (in target 'Xorswift' from project 'Xorswift')
    cd /Users/admin/builder/spi-builder-workspace/.dependencies/checkouts/xorswift
    write-file /Users/admin/builder/spi-builder-workspace/.derivedData/Build/Intermediates.noindex/Xorswift.build/Debug-watchos/Xorswift-t.build/Objects-normal/arm64_32/Xorswift.SwiftConstValuesFileList
WriteAuxiliaryFile /Users/admin/builder/spi-builder-workspace/.derivedData/Build/Intermediates.noindex/Xorswift.build/Debug-watchos/Xorswift-t.build/Objects-normal/arm64/Xorswift.SwiftConstValuesFileList (in target 'Xorswift' from project 'Xorswift')
    cd /Users/admin/builder/spi-builder-workspace/.dependencies/checkouts/xorswift
    write-file /Users/admin/builder/spi-builder-workspace/.derivedData/Build/Intermediates.noindex/Xorswift.build/Debug-watchos/Xorswift-t.build/Objects-normal/arm64/Xorswift.SwiftConstValuesFileList
WriteAuxiliaryFile /Users/admin/builder/spi-builder-workspace/.derivedData/Build/Intermediates.noindex/SwifitLearn.build/Debug-watchos/SwifitLearn-t.build/SwifitLearn.modulemap (in target 'SwifitLearn' from project 'SwifitLearn')
    cd /Users/admin/builder/spi-builder-workspace
    write-file /Users/admin/builder/spi-builder-workspace/.derivedData/Build/Intermediates.noindex/SwifitLearn.build/Debug-watchos/SwifitLearn-t.build/SwifitLearn.modulemap
Copy /Users/admin/builder/spi-builder-workspace/.derivedData/Build/Intermediates.noindex/GeneratedModuleMaps-watchos/Xorswift.modulemap /Users/admin/builder/spi-builder-workspace/.derivedData/Build/Intermediates.noindex/Xorswift.build/Debug-watchos/Xorswift-t.build/Xorswift.modulemap (in target 'Xorswift' from project 'Xorswift')
    cd /Users/admin/builder/spi-builder-workspace/.dependencies/checkouts/xorswift
    builtin-copy -exclude .DS_Store -exclude CVS -exclude .svn -exclude .git -exclude .hg -resolve-src-symlinks /Users/admin/builder/spi-builder-workspace/.derivedData/Build/Intermediates.noindex/Xorswift.build/Debug-watchos/Xorswift-t.build/Xorswift.modulemap /Users/admin/builder/spi-builder-workspace/.derivedData/Build/Intermediates.noindex/GeneratedModuleMaps-watchos
WriteAuxiliaryFile /Users/admin/builder/spi-builder-workspace/.derivedData/Build/Intermediates.noindex/SwifitLearn.build/Debug-watchos/SwifitLearn-t.build/SwifitLearn.DependencyStaticMetadataFileList (in target 'SwifitLearn' from project 'SwifitLearn')
    cd /Users/admin/builder/spi-builder-workspace
    write-file /Users/admin/builder/spi-builder-workspace/.derivedData/Build/Intermediates.noindex/SwifitLearn.build/Debug-watchos/SwifitLearn-t.build/SwifitLearn.DependencyStaticMetadataFileList
WriteAuxiliaryFile /Users/admin/builder/spi-builder-workspace/.derivedData/Build/Intermediates.noindex/SwifitLearn.build/Debug-watchos/SwifitLearn-t.build/SwifitLearn.DependencyMetadataFileList (in target 'SwifitLearn' from project 'SwifitLearn')
    cd /Users/admin/builder/spi-builder-workspace
    write-file /Users/admin/builder/spi-builder-workspace/.derivedData/Build/Intermediates.noindex/SwifitLearn.build/Debug-watchos/SwifitLearn-t.build/SwifitLearn.DependencyMetadataFileList
WriteAuxiliaryFile /Users/admin/builder/spi-builder-workspace/.derivedData/Build/Intermediates.noindex/SwifitLearn.build/Debug-watchos/SwifitLearn-t.build/Objects-normal/arm64_32/SwifitLearn_const_extract_protocols.json (in target 'SwifitLearn' from project 'SwifitLearn')
    cd /Users/admin/builder/spi-builder-workspace
    write-file /Users/admin/builder/spi-builder-workspace/.derivedData/Build/Intermediates.noindex/SwifitLearn.build/Debug-watchos/SwifitLearn-t.build/Objects-normal/arm64_32/SwifitLearn_const_extract_protocols.json
WriteAuxiliaryFile /Users/admin/builder/spi-builder-workspace/.derivedData/Build/Intermediates.noindex/SwifitLearn.build/Debug-watchos/SwifitLearn-t.build/Objects-normal/arm64_32/SwifitLearn.SwiftFileList (in target 'SwifitLearn' from project 'SwifitLearn')
    cd /Users/admin/builder/spi-builder-workspace
    write-file /Users/admin/builder/spi-builder-workspace/.derivedData/Build/Intermediates.noindex/SwifitLearn.build/Debug-watchos/SwifitLearn-t.build/Objects-normal/arm64_32/SwifitLearn.SwiftFileList
WriteAuxiliaryFile /Users/admin/builder/spi-builder-workspace/.derivedData/Build/Intermediates.noindex/SwifitLearn.build/Debug-watchos/SwifitLearn-t.build/Objects-normal/arm64_32/SwifitLearn.SwiftConstValuesFileList (in target 'SwifitLearn' from project 'SwifitLearn')
    cd /Users/admin/builder/spi-builder-workspace
    write-file /Users/admin/builder/spi-builder-workspace/.derivedData/Build/Intermediates.noindex/SwifitLearn.build/Debug-watchos/SwifitLearn-t.build/Objects-normal/arm64_32/SwifitLearn.SwiftConstValuesFileList
WriteAuxiliaryFile /Users/admin/builder/spi-builder-workspace/.derivedData/Build/Intermediates.noindex/SwifitLearn.build/Debug-watchos/SwifitLearn-t.build/Objects-normal/arm64_32/SwifitLearn.LinkFileList (in target 'SwifitLearn' from project 'SwifitLearn')
    cd /Users/admin/builder/spi-builder-workspace
    write-file /Users/admin/builder/spi-builder-workspace/.derivedData/Build/Intermediates.noindex/SwifitLearn.build/Debug-watchos/SwifitLearn-t.build/Objects-normal/arm64_32/SwifitLearn.LinkFileList
WriteAuxiliaryFile /Users/admin/builder/spi-builder-workspace/.derivedData/Build/Intermediates.noindex/SwifitLearn.build/Debug-watchos/SwifitLearn-t.build/Objects-normal/arm64_32/SwifitLearn-OutputFileMap.json (in target 'SwifitLearn' from project 'SwifitLearn')
    cd /Users/admin/builder/spi-builder-workspace
    write-file /Users/admin/builder/spi-builder-workspace/.derivedData/Build/Intermediates.noindex/SwifitLearn.build/Debug-watchos/SwifitLearn-t.build/Objects-normal/arm64_32/SwifitLearn-OutputFileMap.json
WriteAuxiliaryFile /Users/admin/builder/spi-builder-workspace/.derivedData/Build/Intermediates.noindex/SwifitLearn.build/Debug-watchos/SwifitLearn-t.build/Objects-normal/arm64/SwifitLearn_const_extract_protocols.json (in target 'SwifitLearn' from project 'SwifitLearn')
    cd /Users/admin/builder/spi-builder-workspace
    write-file /Users/admin/builder/spi-builder-workspace/.derivedData/Build/Intermediates.noindex/SwifitLearn.build/Debug-watchos/SwifitLearn-t.build/Objects-normal/arm64/SwifitLearn_const_extract_protocols.json
WriteAuxiliaryFile /Users/admin/builder/spi-builder-workspace/.derivedData/Build/Intermediates.noindex/SwifitLearn.build/Debug-watchos/SwifitLearn-t.build/Objects-normal/arm64/SwifitLearn.SwiftFileList (in target 'SwifitLearn' from project 'SwifitLearn')
    cd /Users/admin/builder/spi-builder-workspace
    write-file /Users/admin/builder/spi-builder-workspace/.derivedData/Build/Intermediates.noindex/SwifitLearn.build/Debug-watchos/SwifitLearn-t.build/Objects-normal/arm64/SwifitLearn.SwiftFileList
WriteAuxiliaryFile /Users/admin/builder/spi-builder-workspace/.derivedData/Build/Intermediates.noindex/SwifitLearn.build/Debug-watchos/SwifitLearn-t.build/Objects-normal/arm64/SwifitLearn.SwiftConstValuesFileList (in target 'SwifitLearn' from project 'SwifitLearn')
    cd /Users/admin/builder/spi-builder-workspace
    write-file /Users/admin/builder/spi-builder-workspace/.derivedData/Build/Intermediates.noindex/SwifitLearn.build/Debug-watchos/SwifitLearn-t.build/Objects-normal/arm64/SwifitLearn.SwiftConstValuesFileList
WriteAuxiliaryFile /Users/admin/builder/spi-builder-workspace/.derivedData/Build/Intermediates.noindex/SwifitLearn.build/Debug-watchos/SwifitLearn-t.build/Objects-normal/arm64/SwifitLearn.LinkFileList (in target 'SwifitLearn' from project 'SwifitLearn')
    cd /Users/admin/builder/spi-builder-workspace
    write-file /Users/admin/builder/spi-builder-workspace/.derivedData/Build/Intermediates.noindex/SwifitLearn.build/Debug-watchos/SwifitLearn-t.build/Objects-normal/arm64/SwifitLearn.LinkFileList
WriteAuxiliaryFile /Users/admin/builder/spi-builder-workspace/.derivedData/Build/Intermediates.noindex/SwifitLearn.build/Debug-watchos/SwifitLearn-t.build/Objects-normal/arm64/SwifitLearn-OutputFileMap.json (in target 'SwifitLearn' from project 'SwifitLearn')
    cd /Users/admin/builder/spi-builder-workspace
    write-file /Users/admin/builder/spi-builder-workspace/.derivedData/Build/Intermediates.noindex/SwifitLearn.build/Debug-watchos/SwifitLearn-t.build/Objects-normal/arm64/SwifitLearn-OutputFileMap.json
Copy /Users/admin/builder/spi-builder-workspace/.derivedData/Build/Intermediates.noindex/GeneratedModuleMaps-watchos/SwifitLearn.modulemap /Users/admin/builder/spi-builder-workspace/.derivedData/Build/Intermediates.noindex/SwifitLearn.build/Debug-watchos/SwifitLearn-t.build/SwifitLearn.modulemap (in target 'SwifitLearn' from project 'SwifitLearn')
    cd /Users/admin/builder/spi-builder-workspace
    builtin-copy -exclude .DS_Store -exclude CVS -exclude .svn -exclude .git -exclude .hg -resolve-src-symlinks /Users/admin/builder/spi-builder-workspace/.derivedData/Build/Intermediates.noindex/SwifitLearn.build/Debug-watchos/SwifitLearn-t.build/SwifitLearn.modulemap /Users/admin/builder/spi-builder-workspace/.derivedData/Build/Intermediates.noindex/GeneratedModuleMaps-watchos
WriteAuxiliaryFile /Users/admin/builder/spi-builder-workspace/.derivedData/Build/Intermediates.noindex/NDArray.build/Debug-watchos/NDArray-t.build/Objects-normal/arm64_32/NDArray.SwiftConstValuesFileList (in target 'NDArray' from project 'NDArray')
    cd /Users/admin/builder/spi-builder-workspace/.dependencies/checkouts/ndarray
    write-file /Users/admin/builder/spi-builder-workspace/.derivedData/Build/Intermediates.noindex/NDArray.build/Debug-watchos/NDArray-t.build/Objects-normal/arm64_32/NDArray.SwiftConstValuesFileList
WriteAuxiliaryFile /Users/admin/builder/spi-builder-workspace/.derivedData/Build/Intermediates.noindex/NDArray.build/Debug-watchos/NDArray-t.build/Objects-normal/arm64_32/NDArray_const_extract_protocols.json (in target 'NDArray' from project 'NDArray')
    cd /Users/admin/builder/spi-builder-workspace/.dependencies/checkouts/ndarray
    write-file /Users/admin/builder/spi-builder-workspace/.derivedData/Build/Intermediates.noindex/NDArray.build/Debug-watchos/NDArray-t.build/Objects-normal/arm64_32/NDArray_const_extract_protocols.json
WriteAuxiliaryFile /Users/admin/builder/spi-builder-workspace/.derivedData/Build/Intermediates.noindex/NDArray.build/Debug-watchos/NDArray-t.build/Objects-normal/arm64_32/NDArray.LinkFileList (in target 'NDArray' from project 'NDArray')
    cd /Users/admin/builder/spi-builder-workspace/.dependencies/checkouts/ndarray
    write-file /Users/admin/builder/spi-builder-workspace/.derivedData/Build/Intermediates.noindex/NDArray.build/Debug-watchos/NDArray-t.build/Objects-normal/arm64_32/NDArray.LinkFileList
WriteAuxiliaryFile /Users/admin/builder/spi-builder-workspace/.derivedData/Build/Intermediates.noindex/NDArray.build/Debug-watchos/NDArray-t.build/Objects-normal/arm64_32/NDArray.SwiftFileList (in target 'NDArray' from project 'NDArray')
    cd /Users/admin/builder/spi-builder-workspace/.dependencies/checkouts/ndarray
    write-file /Users/admin/builder/spi-builder-workspace/.derivedData/Build/Intermediates.noindex/NDArray.build/Debug-watchos/NDArray-t.build/Objects-normal/arm64_32/NDArray.SwiftFileList
WriteAuxiliaryFile /Users/admin/builder/spi-builder-workspace/.derivedData/Build/Intermediates.noindex/NDArray.build/Debug-watchos/NDArray-t.build/Objects-normal/arm64_32/NDArray-OutputFileMap.json (in target 'NDArray' from project 'NDArray')
    cd /Users/admin/builder/spi-builder-workspace/.dependencies/checkouts/ndarray
    write-file /Users/admin/builder/spi-builder-workspace/.derivedData/Build/Intermediates.noindex/NDArray.build/Debug-watchos/NDArray-t.build/Objects-normal/arm64_32/NDArray-OutputFileMap.json
WriteAuxiliaryFile /Users/admin/builder/spi-builder-workspace/.derivedData/Build/Intermediates.noindex/NDArray.build/Debug-watchos/NDArray-t.build/Objects-normal/arm64/NDArray_const_extract_protocols.json (in target 'NDArray' from project 'NDArray')
    cd /Users/admin/builder/spi-builder-workspace/.dependencies/checkouts/ndarray
    write-file /Users/admin/builder/spi-builder-workspace/.derivedData/Build/Intermediates.noindex/NDArray.build/Debug-watchos/NDArray-t.build/Objects-normal/arm64/NDArray_const_extract_protocols.json
WriteAuxiliaryFile /Users/admin/builder/spi-builder-workspace/.derivedData/Build/Intermediates.noindex/NDArray.build/Debug-watchos/NDArray-t.build/Objects-normal/arm64/NDArray.SwiftFileList (in target 'NDArray' from project 'NDArray')
    cd /Users/admin/builder/spi-builder-workspace/.dependencies/checkouts/ndarray
    write-file /Users/admin/builder/spi-builder-workspace/.derivedData/Build/Intermediates.noindex/NDArray.build/Debug-watchos/NDArray-t.build/Objects-normal/arm64/NDArray.SwiftFileList
WriteAuxiliaryFile /Users/admin/builder/spi-builder-workspace/.derivedData/Build/Intermediates.noindex/NDArray.build/Debug-watchos/NDArray-t.build/Objects-normal/arm64/NDArray.SwiftConstValuesFileList (in target 'NDArray' from project 'NDArray')
    cd /Users/admin/builder/spi-builder-workspace/.dependencies/checkouts/ndarray
    write-file /Users/admin/builder/spi-builder-workspace/.derivedData/Build/Intermediates.noindex/NDArray.build/Debug-watchos/NDArray-t.build/Objects-normal/arm64/NDArray.SwiftConstValuesFileList
WriteAuxiliaryFile /Users/admin/builder/spi-builder-workspace/.derivedData/Build/Intermediates.noindex/NDArray.build/Debug-watchos/NDArray-t.build/Objects-normal/arm64/NDArray.LinkFileList (in target 'NDArray' from project 'NDArray')
    cd /Users/admin/builder/spi-builder-workspace/.dependencies/checkouts/ndarray
    write-file /Users/admin/builder/spi-builder-workspace/.derivedData/Build/Intermediates.noindex/NDArray.build/Debug-watchos/NDArray-t.build/Objects-normal/arm64/NDArray.LinkFileList
WriteAuxiliaryFile /Users/admin/builder/spi-builder-workspace/.derivedData/Build/Intermediates.noindex/NDArray.build/Debug-watchos/NDArray-t.build/Objects-normal/arm64/NDArray-OutputFileMap.json (in target 'NDArray' from project 'NDArray')
    cd /Users/admin/builder/spi-builder-workspace/.dependencies/checkouts/ndarray
    write-file /Users/admin/builder/spi-builder-workspace/.derivedData/Build/Intermediates.noindex/NDArray.build/Debug-watchos/NDArray-t.build/Objects-normal/arm64/NDArray-OutputFileMap.json
WriteAuxiliaryFile /Users/admin/builder/spi-builder-workspace/.derivedData/Build/Intermediates.noindex/NDArray.build/Debug-watchos/NDArray-t.build/NDArray.modulemap (in target 'NDArray' from project 'NDArray')
    cd /Users/admin/builder/spi-builder-workspace/.dependencies/checkouts/ndarray
    write-file /Users/admin/builder/spi-builder-workspace/.derivedData/Build/Intermediates.noindex/NDArray.build/Debug-watchos/NDArray-t.build/NDArray.modulemap
WriteAuxiliaryFile /Users/admin/builder/spi-builder-workspace/.derivedData/Build/Intermediates.noindex/NDArray.build/Debug-watchos/NDArray-t.build/NDArray.DependencyStaticMetadataFileList (in target 'NDArray' from project 'NDArray')
    cd /Users/admin/builder/spi-builder-workspace/.dependencies/checkouts/ndarray
    write-file /Users/admin/builder/spi-builder-workspace/.derivedData/Build/Intermediates.noindex/NDArray.build/Debug-watchos/NDArray-t.build/NDArray.DependencyStaticMetadataFileList
WriteAuxiliaryFile /Users/admin/builder/spi-builder-workspace/.derivedData/Build/Intermediates.noindex/NDArray.build/Debug-watchos/NDArray-t.build/NDArray.DependencyMetadataFileList (in target 'NDArray' from project 'NDArray')
    cd /Users/admin/builder/spi-builder-workspace/.dependencies/checkouts/ndarray
    write-file /Users/admin/builder/spi-builder-workspace/.derivedData/Build/Intermediates.noindex/NDArray.build/Debug-watchos/NDArray-t.build/NDArray.DependencyMetadataFileList
Copy /Users/admin/builder/spi-builder-workspace/.derivedData/Build/Intermediates.noindex/GeneratedModuleMaps-watchos/NDArray.modulemap /Users/admin/builder/spi-builder-workspace/.derivedData/Build/Intermediates.noindex/NDArray.build/Debug-watchos/NDArray-t.build/NDArray.modulemap (in target 'NDArray' from project 'NDArray')
    cd /Users/admin/builder/spi-builder-workspace/.dependencies/checkouts/ndarray
    builtin-copy -exclude .DS_Store -exclude CVS -exclude .svn -exclude .git -exclude .hg -resolve-src-symlinks /Users/admin/builder/spi-builder-workspace/.derivedData/Build/Intermediates.noindex/NDArray.build/Debug-watchos/NDArray-t.build/NDArray.modulemap /Users/admin/builder/spi-builder-workspace/.derivedData/Build/Intermediates.noindex/GeneratedModuleMaps-watchos
SwiftDriver Xorswift normal arm64 com.apple.xcode.tools.swift.compiler (in target 'Xorswift' from project 'Xorswift')
    cd /Users/admin/builder/spi-builder-workspace/.swiftpm/xcode
    builtin-SwiftDriver -- /Applications/Xcode-27.0.0-Release.Candidate.app/Contents/Developer/Toolchains/XcodeDefault.xctoolchain/usr/bin/swiftc -parse-as-library -module-name Xorswift -Onone @/Users/admin/builder/spi-builder-workspace/.derivedData/Build/Intermediates.noindex/Xorswift.build/Debug-watchos/Xorswift-t.build/Objects-normal/arm64/Xorswift.SwiftFileList -DSWIFT_PACKAGE -DDEBUG -DSWIFT_MODULE_RESOURCE_BUNDLE_UNAVAILABLE -DXcode -plugin-path /Applications/Xcode-27.0.0-Release.Candidate.app/Contents/Developer/Toolchains/XcodeDefault.xctoolchain/usr/lib/swift/host/plugins/testing -enable-experimental-feature DebugDescriptionMacro -sdk /Applications/Xcode-27.0.0-Release.Candidate.app/Contents/Developer/Platforms/WatchOS.platform/Developer/SDKs/WatchOS27.0.sdk -target arm64-apple-watchos9.0 -g -module-cache-path /Users/admin/builder/spi-builder-workspace/.derivedData/ModuleCache.noindex -Xfrontend -serialize-debugging-options -profile-coverage-mapping -profile-generate -enable-testing -suppress-warnings -index-store-path /Users/admin/builder/spi-builder-workspace/.derivedData/Index.noindex/DataStore -Xcc -D_LIBCPP_HARDENING_MODE\=_LIBCPP_HARDENING_MODE_DEBUG -swift-version 4 -I /Users/admin/builder/spi-builder-workspace/.derivedData/Build/Products/Debug-watchos -Isystem /Applications/Xcode-27.0.0-Release.Candidate.app/Contents/Developer/Platforms/WatchOS.platform/Developer/usr/lib -F /Users/admin/builder/spi-builder-workspace/.derivedData/Build/Products/Debug-watchos -F /Applications/Xcode-27.0.0-Release.Candidate.app/Contents/Developer/Platforms/WatchOS.platform/Developer/Library/Frameworks -F /Applications/Xcode-27.0.0-Release.Candidate.app/Contents/Developer/Platforms/WatchOS.platform/Developer/SDKs/WatchOS27.0.sdk/Developer/Library/Frameworks -c -j10 -enable-batch-mode -incremental -Xcc -ivfsstatcache -Xcc /Users/admin/builder/spi-builder-workspace/.derivedData/SDKStatCaches.noindex/watchos27.0-24R360-e829b21a6f8c9b70876ba0858053c04477534ef55a1706bf4c1112bbb242f0a2.sdkstatcache -output-file-map /Users/admin/builder/spi-builder-workspace/.derivedData/Build/Intermediates.noindex/Xorswift.build/Debug-watchos/Xorswift-t.build/Objects-normal/arm64/Xorswift-OutputFileMap.json -save-temps -no-color-diagnostics -emit-dependencies -emit-module -emit-module-path /Users/admin/builder/spi-builder-workspace/.derivedData/Build/Intermediates.noindex/Xorswift.build/Debug-watchos/Xorswift-t.build/Objects-normal/arm64/Xorswift.swiftmodule -serialize-diagnostics -validate-clang-modules-once -clang-build-session-file /Users/admin/builder/spi-builder-workspace/.derivedData/ModuleCache.noindex/Session.modulevalidation -Xcc -fmodules-prune-interval\=86400 -Xcc -fmodules-prune-after\=345600 -emit-const-values -const-gather-protocols-list /Users/admin/builder/spi-builder-workspace/.derivedData/Build/Intermediates.noindex/Xorswift.build/Debug-watchos/Xorswift-t.build/Objects-normal/arm64/Xorswift_const_extract_protocols.json -Xcc -I/Users/admin/builder/spi-builder-workspace/.derivedData/Build/Products/Debug-watchos/include -Xcc -I/Users/admin/builder/spi-builder-workspace/.derivedData/Build/Intermediates.noindex/Xorswift.build/Debug-watchos/Xorswift-t.build/DerivedSources-normal/arm64 -Xcc -I/Users/admin/builder/spi-builder-workspace/.derivedData/Build/Intermediates.noindex/Xorswift.build/Debug-watchos/Xorswift-t.build/DerivedSources/arm64 -Xcc -I/Users/admin/builder/spi-builder-workspace/.derivedData/Build/Intermediates.noindex/Xorswift.build/Debug-watchos/Xorswift-t.build/DerivedSources -Xcc -DSWIFT_PACKAGE -Xcc -DDEBUG\=1 -emit-objc-header -emit-objc-header-path /Users/admin/builder/spi-builder-workspace/.derivedData/Build/Intermediates.noindex/Xorswift.build/Debug-watchos/Xorswift-t.build/Objects-normal/arm64/Xorswift-Swift.h -working-directory /Users/admin/builder/spi-builder-workspace/.swiftpm/xcode -experimental-emit-module-separately -disable-cmo
SwiftDriver Xorswift normal arm64_32 com.apple.xcode.tools.swift.compiler (in target 'Xorswift' from project 'Xorswift')
    cd /Users/admin/builder/spi-builder-workspace/.swiftpm/xcode
    builtin-SwiftDriver -- /Applications/Xcode-27.0.0-Release.Candidate.app/Contents/Developer/Toolchains/XcodeDefault.xctoolchain/usr/bin/swiftc -parse-as-library -module-name Xorswift -Onone @/Users/admin/builder/spi-builder-workspace/.derivedData/Build/Intermediates.noindex/Xorswift.build/Debug-watchos/Xorswift-t.build/Objects-normal/arm64_32/Xorswift.SwiftFileList -DSWIFT_PACKAGE -DDEBUG -DSWIFT_MODULE_RESOURCE_BUNDLE_UNAVAILABLE -DXcode -plugin-path /Applications/Xcode-27.0.0-Release.Candidate.app/Contents/Developer/Toolchains/XcodeDefault.xctoolchain/usr/lib/swift/host/plugins/testing -enable-experimental-feature DebugDescriptionMacro -sdk /Applications/Xcode-27.0.0-Release.Candidate.app/Contents/Developer/Platforms/WatchOS.platform/Developer/SDKs/WatchOS27.0.sdk -target arm64_32-apple-watchos9.0 -g -module-cache-path /Users/admin/builder/spi-builder-workspace/.derivedData/ModuleCache.noindex -Xfrontend -serialize-debugging-options -profile-coverage-mapping -profile-generate -enable-testing -suppress-warnings -index-store-path /Users/admin/builder/spi-builder-workspace/.derivedData/Index.noindex/DataStore -Xcc -D_LIBCPP_HARDENING_MODE\=_LIBCPP_HARDENING_MODE_DEBUG -swift-version 4 -I /Users/admin/builder/spi-builder-workspace/.derivedData/Build/Products/Debug-watchos -Isystem /Applications/Xcode-27.0.0-Release.Candidate.app/Contents/Developer/Platforms/WatchOS.platform/Developer/usr/lib -F /Users/admin/builder/spi-builder-workspace/.derivedData/Build/Products/Debug-watchos -F /Applications/Xcode-27.0.0-Release.Candidate.app/Contents/Developer/Platforms/WatchOS.platform/Developer/Library/Frameworks -F /Applications/Xcode-27.0.0-Release.Candidate.app/Contents/Developer/Platforms/WatchOS.platform/Developer/SDKs/WatchOS27.0.sdk/Developer/Library/Frameworks -c -j10 -enable-batch-mode -incremental -Xcc -ivfsstatcache -Xcc /Users/admin/builder/spi-builder-workspace/.derivedData/SDKStatCaches.noindex/watchos27.0-24R360-e829b21a6f8c9b70876ba0858053c04477534ef55a1706bf4c1112bbb242f0a2.sdkstatcache -output-file-map /Users/admin/builder/spi-builder-workspace/.derivedData/Build/Intermediates.noindex/Xorswift.build/Debug-watchos/Xorswift-t.build/Objects-normal/arm64_32/Xorswift-OutputFileMap.json -save-temps -no-color-diagnostics -emit-dependencies -emit-module -emit-module-path /Users/admin/builder/spi-builder-workspace/.derivedData/Build/Intermediates.noindex/Xorswift.build/Debug-watchos/Xorswift-t.build/Objects-normal/arm64_32/Xorswift.swiftmodule -serialize-diagnostics -validate-clang-modules-once -clang-build-session-file /Users/admin/builder/spi-builder-workspace/.derivedData/ModuleCache.noindex/Session.modulevalidation -Xcc -fmodules-prune-interval\=86400 -Xcc -fmodules-prune-after\=345600 -emit-const-values -const-gather-protocols-list /Users/admin/builder/spi-builder-workspace/.derivedData/Build/Intermediates.noindex/Xorswift.build/Debug-watchos/Xorswift-t.build/Objects-normal/arm64_32/Xorswift_const_extract_protocols.json -Xcc -I/Users/admin/builder/spi-builder-workspace/.derivedData/Build/Products/Debug-watchos/include -Xcc -I/Users/admin/builder/spi-builder-workspace/.derivedData/Build/Intermediates.noindex/Xorswift.build/Debug-watchos/Xorswift-t.build/DerivedSources-normal/arm64_32 -Xcc -I/Users/admin/builder/spi-builder-workspace/.derivedData/Build/Intermediates.noindex/Xorswift.build/Debug-watchos/Xorswift-t.build/DerivedSources/arm64_32 -Xcc -I/Users/admin/builder/spi-builder-workspace/.derivedData/Build/Intermediates.noindex/Xorswift.build/Debug-watchos/Xorswift-t.build/DerivedSources -Xcc -DSWIFT_PACKAGE -Xcc -DDEBUG\=1 -emit-objc-header -emit-objc-header-path /Users/admin/builder/spi-builder-workspace/.derivedData/Build/Intermediates.noindex/Xorswift.build/Debug-watchos/Xorswift-t.build/Objects-normal/arm64_32/Xorswift-Swift.h -working-directory /Users/admin/builder/spi-builder-workspace/.swiftpm/xcode -experimental-emit-module-separately -disable-cmo
SwiftEmitModule normal arm64 Emitting\ module\ for\ Xorswift (in target 'Xorswift' from project 'Xorswift')
SwiftCompile normal arm64 (in target 'Xorswift' from project 'Xorswift')
    cd /Users/admin/builder/spi-builder-workspace/.swiftpm/xcode

SwiftCompile normal arm64 Compiling\ Normal.swift /Users/admin/builder/spi-builder-workspace/.dependencies/checkouts/xorswift/Sources/Normal.swift (in target 'Xorswift' from project 'Xorswift')
SwiftCompile normal arm64 /Users/admin/builder/spi-builder-workspace/.dependencies/checkouts/xorswift/Sources/Normal.swift (in target 'Xorswift' from project 'Xorswift')
    cd /Users/admin/builder/spi-builder-workspace/.swiftpm/xcode
    builtin-SwiftPerFileCompile Normal.swift
/Users/admin/builder/spi-builder-workspace/.dependencies/checkouts/xorswift/Sources/Normal.swift:106:47: error: cannot convert value of type 'Int32' to expected argument type 'Int'
104 |                                 mu: Float = 0,
105 |                                 sigma: Float = 1) {
106 |         _xorshift_normal(start: start, count: Int32(count), mu: mu, sigma: sigma)
    |                                               `- error: cannot convert value of type 'Int32' to expected argument type 'Int'
107 |     }
108 | #endif
/Users/admin/builder/spi-builder-workspace/.dependencies/checkouts/xorswift/Sources/Normal.swift:124:19: error: cannot find 'nextafterf' in scope
122 |
123 |     var p = start
124 |     let divisor = nextafterf(Float(UInt32.max), Float.infinity)
    |                   `- error: cannot find 'nextafterf' in scope
125 |
126 |     if count%2 == 1 {
/Users/admin/builder/spi-builder-workspace/.dependencies/checkouts/xorswift/Sources/Normal.swift:138:27: error: cannot find 'sqrtf' in scope
136 |         let x2 = Float(w) / divisor + Float.leastNormalMagnitude
137 |
138 |         p.pointee = sigma*sqrtf(-2*logf(x1))*cosf(2*Float.pi*x2) + mu
    |                           `- error: cannot find 'sqrtf' in scope
139 |         p += 1
140 |     }
/Users/admin/builder/spi-builder-workspace/.dependencies/checkouts/xorswift/Sources/Normal.swift:138:36: error: cannot find 'logf' in scope
136 |         let x2 = Float(w) / divisor + Float.leastNormalMagnitude
137 |
138 |         p.pointee = sigma*sqrtf(-2*logf(x1))*cosf(2*Float.pi*x2) + mu
    |                                    `- error: cannot find 'logf' in scope
139 |         p += 1
140 |     }
/Users/admin/builder/spi-builder-workspace/.dependencies/checkouts/xorswift/Sources/Normal.swift:138:46: error: cannot find 'cosf' in scope
136 |         let x2 = Float(w) / divisor + Float.leastNormalMagnitude
137 |
138 |         p.pointee = sigma*sqrtf(-2*logf(x1))*cosf(2*Float.pi*x2) + mu
    |                                              `- error: cannot find 'cosf' in scope
139 |         p += 1
140 |     }
/Users/admin/builder/spi-builder-workspace/.dependencies/checkouts/xorswift/Sources/Normal.swift:156:27: error: cannot find 'sqrtf' in scope
154 |         x1 = Float(x) / divisor + Float.leastNormalMagnitude
155 |         x2 = Float(y) / divisor + Float.leastNormalMagnitude
156 |         p.pointee = sigma*sqrtf(-2*logf(x1))*cosf(2*Float.pi*x2) + mu
    |                           `- error: cannot find 'sqrtf' in scope
157 |         p += 1
158 |
/Users/admin/builder/spi-builder-workspace/.dependencies/checkouts/xorswift/Sources/Normal.swift:156:36: error: cannot find 'logf' in scope
154 |         x1 = Float(x) / divisor + Float.leastNormalMagnitude
155 |         x2 = Float(y) / divisor + Float.leastNormalMagnitude
156 |         p.pointee = sigma*sqrtf(-2*logf(x1))*cosf(2*Float.pi*x2) + mu
    |                                    `- error: cannot find 'logf' in scope
157 |         p += 1
158 |
/Users/admin/builder/spi-builder-workspace/.dependencies/checkouts/xorswift/Sources/Normal.swift:156:46: error: cannot find 'cosf' in scope
154 |         x1 = Float(x) / divisor + Float.leastNormalMagnitude
155 |         x2 = Float(y) / divisor + Float.leastNormalMagnitude
156 |         p.pointee = sigma*sqrtf(-2*logf(x1))*cosf(2*Float.pi*x2) + mu
    |                                              `- error: cannot find 'cosf' in scope
157 |         p += 1
158 |
/Users/admin/builder/spi-builder-workspace/.dependencies/checkouts/xorswift/Sources/Normal.swift:161:27: error: cannot find 'sqrtf' in scope
159 |         x1 = Float(z) / divisor + Float.leastNormalMagnitude
160 |         x2 = Float(w) / divisor + Float.leastNormalMagnitude
161 |         p.pointee = sigma*sqrtf(-2*logf(x1))*cosf(2*Float.pi*x2) + mu
    |                           `- error: cannot find 'sqrtf' in scope
162 |         p += 1
163 |     }
/Users/admin/builder/spi-builder-workspace/.dependencies/checkouts/xorswift/Sources/Normal.swift:161:36: error: cannot find 'logf' in scope
159 |         x1 = Float(z) / divisor + Float.leastNormalMagnitude
160 |         x2 = Float(w) / divisor + Float.leastNormalMagnitude
161 |         p.pointee = sigma*sqrtf(-2*logf(x1))*cosf(2*Float.pi*x2) + mu
    |                                    `- error: cannot find 'logf' in scope
162 |         p += 1
163 |     }
/Users/admin/builder/spi-builder-workspace/.dependencies/checkouts/xorswift/Sources/Normal.swift:161:46: error: cannot find 'cosf' in scope
159 |         x1 = Float(z) / divisor + Float.leastNormalMagnitude
160 |         x2 = Float(w) / divisor + Float.leastNormalMagnitude
161 |         p.pointee = sigma*sqrtf(-2*logf(x1))*cosf(2*Float.pi*x2) + mu
    |                                              `- error: cannot find 'cosf' in scope
162 |         p += 1
163 |     }
/Users/admin/builder/spi-builder-workspace/.dependencies/checkouts/xorswift/Sources/Normal.swift:272:47: error: cannot convert value of type 'Int32' to expected argument type 'Int'
270 |                                 mu: Double = 0,
271 |                                 sigma: Double = 1) {
272 |         _xorshift_normal(start: start, count: Int32(count), mu: mu, sigma: sigma)
    |                                               `- error: cannot convert value of type 'Int32' to expected argument type 'Int'
273 |     }
274 | #endif
/Users/admin/builder/spi-builder-workspace/.dependencies/checkouts/xorswift/Sources/Normal.swift:304:27: error: cannot find 'sqrt' in scope
302 |         let x2 = Double(w) / divisor + Double.leastNormalMagnitude
303 |
304 |         p.pointee = sigma*sqrt(-2*log(x1))*cos(2*Double.pi*x2) + mu
    |                           `- error: cannot find 'sqrt' in scope
305 |         p += 1
306 |     }
/Users/admin/builder/spi-builder-workspace/.dependencies/checkouts/xorswift/Sources/Normal.swift:304:35: error: cannot find 'log' in scope
302 |         let x2 = Double(w) / divisor + Double.leastNormalMagnitude
303 |
304 |         p.pointee = sigma*sqrt(-2*log(x1))*cos(2*Double.pi*x2) + mu
    |                                   `- error: cannot find 'log' in scope
305 |         p += 1
306 |     }
/Users/admin/builder/spi-builder-workspace/.dependencies/checkouts/xorswift/Sources/Normal.swift:304:44: error: cannot find 'cos' in scope
302 |         let x2 = Double(w) / divisor + Double.leastNormalMagnitude
303 |
304 |         p.pointee = sigma*sqrt(-2*log(x1))*cos(2*Double.pi*x2) + mu
    |                                            `- error: cannot find 'cos' in scope
305 |         p += 1
306 |     }
/Users/admin/builder/spi-builder-workspace/.dependencies/checkouts/xorswift/Sources/Normal.swift:322:27: error: cannot find 'sqrt' in scope
320 |         x1 = Double(x) / divisor + Double.leastNormalMagnitude
321 |         x2 = Double(y) / divisor + Double.leastNormalMagnitude
322 |         p.pointee = sigma*sqrt(-2*log(x1))*cos(2*Double.pi*x2) + mu
    |                           `- error: cannot find 'sqrt' in scope
323 |         p += 1
324 |
/Users/admin/builder/spi-builder-workspace/.dependencies/checkouts/xorswift/Sources/Normal.swift:322:35: error: cannot find 'log' in scope
320 |         x1 = Double(x) / divisor + Double.leastNormalMagnitude
321 |         x2 = Double(y) / divisor + Double.leastNormalMagnitude
322 |         p.pointee = sigma*sqrt(-2*log(x1))*cos(2*Double.pi*x2) + mu
    |                                   `- error: cannot find 'log' in scope
323 |         p += 1
324 |
/Users/admin/builder/spi-builder-workspace/.dependencies/checkouts/xorswift/Sources/Normal.swift:322:44: error: cannot find 'cos' in scope
320 |         x1 = Double(x) / divisor + Double.leastNormalMagnitude
321 |         x2 = Double(y) / divisor + Double.leastNormalMagnitude
322 |         p.pointee = sigma*sqrt(-2*log(x1))*cos(2*Double.pi*x2) + mu
    |                                            `- error: cannot find 'cos' in scope
323 |         p += 1
324 |
/Users/admin/builder/spi-builder-workspace/.dependencies/checkouts/xorswift/Sources/Normal.swift:327:27: error: cannot find 'sqrt' in scope
325 |         x1 = Double(z) / divisor + Double.leastNormalMagnitude
326 |         x2 = Double(w) / divisor + Double.leastNormalMagnitude
327 |         p.pointee = sigma*sqrt(-2*log(x1))*cos(2*Double.pi*x2) + mu
    |                           `- error: cannot find 'sqrt' in scope
328 |         p += 1
329 |     }
/Users/admin/builder/spi-builder-workspace/.dependencies/checkouts/xorswift/Sources/Normal.swift:327:35: error: cannot find 'log' in scope
325 |         x1 = Double(z) / divisor + Double.leastNormalMagnitude
326 |         x2 = Double(w) / divisor + Double.leastNormalMagnitude
327 |         p.pointee = sigma*sqrt(-2*log(x1))*cos(2*Double.pi*x2) + mu
    |                                   `- error: cannot find 'log' in scope
328 |         p += 1
329 |     }
SwiftCompile normal arm64 Compiling\ Xorswift.swift /Users/admin/builder/spi-builder-workspace/.dependencies/checkouts/xorswift/Sources/Xorswift.swift (in target 'Xorswift' from project 'Xorswift')
SwiftCompile normal arm64 /Users/admin/builder/spi-builder-workspace/.dependencies/checkouts/xorswift/Sources/Xorswift.swift (in target 'Xorswift' from project 'Xorswift')
    cd /Users/admin/builder/spi-builder-workspace/.swiftpm/xcode
    builtin-SwiftPerFileCompile Xorswift.swift
SwiftCompile normal arm64 Compiling\ Uniform.swift /Users/admin/builder/spi-builder-workspace/.dependencies/checkouts/xorswift/Sources/Uniform.swift (in target 'Xorswift' from project 'Xorswift')
SwiftCompile normal arm64 /Users/admin/builder/spi-builder-workspace/.dependencies/checkouts/xorswift/Sources/Uniform.swift (in target 'Xorswift' from project 'Xorswift')
    cd /Users/admin/builder/spi-builder-workspace/.swiftpm/xcode
    builtin-SwiftPerFileCompile Uniform.swift
SwiftCompile normal arm64_32 Compiling\ State.swift /Users/admin/builder/spi-builder-workspace/.dependencies/checkouts/xorswift/Sources/State.swift (in target 'Xorswift' from project 'Xorswift')
SwiftCompile normal arm64_32 /Users/admin/builder/spi-builder-workspace/.dependencies/checkouts/xorswift/Sources/State.swift (in target 'Xorswift' from project 'Xorswift')
    cd /Users/admin/builder/spi-builder-workspace/.swiftpm/xcode
    builtin-SwiftPerFileCompile State.swift
SwiftEmitModule normal arm64_32 Emitting\ module\ for\ Xorswift (in target 'Xorswift' from project 'Xorswift')
SwiftCompile normal arm64_32 (in target 'Xorswift' from project 'Xorswift')
    cd /Users/admin/builder/spi-builder-workspace/.swiftpm/xcode

SwiftCompile normal arm64_32 Compiling\ Xorswift.swift /Users/admin/builder/spi-builder-workspace/.dependencies/checkouts/xorswift/Sources/Xorswift.swift (in target 'Xorswift' from project 'Xorswift')
SwiftCompile normal arm64_32 /Users/admin/builder/spi-builder-workspace/.dependencies/checkouts/xorswift/Sources/Xorswift.swift (in target 'Xorswift' from project 'Xorswift')
    cd /Users/admin/builder/spi-builder-workspace/.swiftpm/xcode
    builtin-SwiftPerFileCompile Xorswift.swift
SwiftCompile normal arm64_32 Compiling\ Uniform.swift /Users/admin/builder/spi-builder-workspace/.dependencies/checkouts/xorswift/Sources/Uniform.swift (in target 'Xorswift' from project 'Xorswift')
SwiftCompile normal arm64_32 /Users/admin/builder/spi-builder-workspace/.dependencies/checkouts/xorswift/Sources/Uniform.swift (in target 'Xorswift' from project 'Xorswift')
    cd /Users/admin/builder/spi-builder-workspace/.swiftpm/xcode
    builtin-SwiftPerFileCompile Uniform.swift
SwiftCompile normal arm64 Compiling\ NextAfter.swift /Users/admin/builder/spi-builder-workspace/.dependencies/checkouts/xorswift/Sources/NextAfter.swift (in target 'Xorswift' from project 'Xorswift')
SwiftCompile normal arm64 /Users/admin/builder/spi-builder-workspace/.dependencies/checkouts/xorswift/Sources/NextAfter.swift (in target 'Xorswift' from project 'Xorswift')
    cd /Users/admin/builder/spi-builder-workspace/.swiftpm/xcode
    builtin-SwiftPerFileCompile NextAfter.swift
SwiftCompile normal arm64_32 Compiling\ NextAfter.swift /Users/admin/builder/spi-builder-workspace/.dependencies/checkouts/xorswift/Sources/NextAfter.swift (in target 'Xorswift' from project 'Xorswift')
SwiftCompile normal arm64_32 /Users/admin/builder/spi-builder-workspace/.dependencies/checkouts/xorswift/Sources/NextAfter.swift (in target 'Xorswift' from project 'Xorswift')
    cd /Users/admin/builder/spi-builder-workspace/.swiftpm/xcode
    builtin-SwiftPerFileCompile NextAfter.swift
SwiftCompile normal arm64 Compiling\ State.swift /Users/admin/builder/spi-builder-workspace/.dependencies/checkouts/xorswift/Sources/State.swift (in target 'Xorswift' from project 'Xorswift')
SwiftCompile normal arm64 /Users/admin/builder/spi-builder-workspace/.dependencies/checkouts/xorswift/Sources/State.swift (in target 'Xorswift' from project 'Xorswift')
    cd /Users/admin/builder/spi-builder-workspace/.swiftpm/xcode
    builtin-SwiftPerFileCompile State.swift
SwiftDriverJobDiscovery normal arm64_32 Emitting module for Xorswift (in target 'Xorswift' from project 'Xorswift')
SwiftCompile normal arm64_32 Compiling\ Normal.swift /Users/admin/builder/spi-builder-workspace/.dependencies/checkouts/xorswift/Sources/Normal.swift (in target 'Xorswift' from project 'Xorswift')
/Users/admin/builder/spi-builder-workspace/.dependencies/checkouts/xorswift/Sources/Normal.swift:106:47: error: cannot convert value of type 'Int32' to expected argument type 'Int'
104 |                                 mu: Float = 0,
105 |                                 sigma: Float = 1) {
106 |         _xorshift_normal(start: start, count: Int32(count), mu: mu, sigma: sigma)
    |                                               `- error: cannot convert value of type 'Int32' to expected argument type 'Int'
107 |     }
108 | #endif
/Users/admin/builder/spi-builder-workspace/.dependencies/checkouts/xorswift/Sources/Normal.swift:124:19: error: cannot find 'nextafterf' in scope
122 |
123 |     var p = start
124 |     let divisor = nextafterf(Float(UInt32.max), Float.infinity)
    |                   `- error: cannot find 'nextafterf' in scope
125 |
126 |     if count%2 == 1 {
/Users/admin/builder/spi-builder-workspace/.dependencies/checkouts/xorswift/Sources/Normal.swift:138:27: error: cannot find 'sqrtf' in scope
136 |         let x2 = Float(w) / divisor + Float.leastNormalMagnitude
137 |
138 |         p.pointee = sigma*sqrtf(-2*logf(x1))*cosf(2*Float.pi*x2) + mu
    |                           `- error: cannot find 'sqrtf' in scope
139 |         p += 1
140 |     }
/Users/admin/builder/spi-builder-workspace/.dependencies/checkouts/xorswift/Sources/Normal.swift:138:36: error: cannot find 'logf' in scope
136 |         let x2 = Float(w) / divisor + Float.leastNormalMagnitude
137 |
138 |         p.pointee = sigma*sqrtf(-2*logf(x1))*cosf(2*Float.pi*x2) + mu
    |                                    `- error: cannot find 'logf' in scope
139 |         p += 1
140 |     }
/Users/admin/builder/spi-builder-workspace/.dependencies/checkouts/xorswift/Sources/Normal.swift:138:46: error: cannot find 'cosf' in scope
136 |         let x2 = Float(w) / divisor + Float.leastNormalMagnitude
137 |
138 |         p.pointee = sigma*sqrtf(-2*logf(x1))*cosf(2*Float.pi*x2) + mu
    |                                              `- error: cannot find 'cosf' in scope
139 |         p += 1
140 |     }
/Users/admin/builder/spi-builder-workspace/.dependencies/checkouts/xorswift/Sources/Normal.swift:156:27: error: cannot find 'sqrtf' in scope
154 |         x1 = Float(x) / divisor + Float.leastNormalMagnitude
155 |         x2 = Float(y) / divisor + Float.leastNormalMagnitude
156 |         p.pointee = sigma*sqrtf(-2*logf(x1))*cosf(2*Float.pi*x2) + mu
    |                           `- error: cannot find 'sqrtf' in scope
157 |         p += 1
158 |
/Users/admin/builder/spi-builder-workspace/.dependencies/checkouts/xorswift/Sources/Normal.swift:156:36: error: cannot find 'logf' in scope
154 |         x1 = Float(x) / divisor + Float.leastNormalMagnitude
155 |         x2 = Float(y) / divisor + Float.leastNormalMagnitude
156 |         p.pointee = sigma*sqrtf(-2*logf(x1))*cosf(2*Float.pi*x2) + mu
    |                                    `- error: cannot find 'logf' in scope
157 |         p += 1
158 |
/Users/admin/builder/spi-builder-workspace/.dependencies/checkouts/xorswift/Sources/Normal.swift:156:46: error: cannot find 'cosf' in scope
154 |         x1 = Float(x) / divisor + Float.leastNormalMagnitude
155 |         x2 = Float(y) / divisor + Float.leastNormalMagnitude
156 |         p.pointee = sigma*sqrtf(-2*logf(x1))*cosf(2*Float.pi*x2) + mu
    |                                              `- error: cannot find 'cosf' in scope
157 |         p += 1
158 |
/Users/admin/builder/spi-builder-workspace/.dependencies/checkouts/xorswift/Sources/Normal.swift:161:27: error: cannot find 'sqrtf' in scope
159 |         x1 = Float(z) / divisor + Float.leastNormalMagnitude
160 |         x2 = Float(w) / divisor + Float.leastNormalMagnitude
161 |         p.pointee = sigma*sqrtf(-2*logf(x1))*cosf(2*Float.pi*x2) + mu
    |                           `- error: cannot find 'sqrtf' in scope
162 |         p += 1
163 |     }
/Users/admin/builder/spi-builder-workspace/.dependencies/checkouts/xorswift/Sources/Normal.swift:161:36: error: cannot find 'logf' in scope
159 |         x1 = Float(z) / divisor + Float.leastNormalMagnitude
160 |         x2 = Float(w) / divisor + Float.leastNormalMagnitude
161 |         p.pointee = sigma*sqrtf(-2*logf(x1))*cosf(2*Float.pi*x2) + mu
    |                                    `- error: cannot find 'logf' in scope
162 |         p += 1
163 |     }
/Users/admin/builder/spi-builder-workspace/.dependencies/checkouts/xorswift/Sources/Normal.swift:161:46: error: cannot find 'cosf' in scope
159 |         x1 = Float(z) / divisor + Float.leastNormalMagnitude
160 |         x2 = Float(w) / divisor + Float.leastNormalMagnitude
161 |         p.pointee = sigma*sqrtf(-2*logf(x1))*cosf(2*Float.pi*x2) + mu
    |                                              `- error: cannot find 'cosf' in scope
162 |         p += 1
163 |     }
/Users/admin/builder/spi-builder-workspace/.dependencies/checkouts/xorswift/Sources/Normal.swift:272:47: error: cannot convert value of type 'Int32' to expected argument type 'Int'
270 |                                 mu: Double = 0,
271 |                                 sigma: Double = 1) {
272 |         _xorshift_normal(start: start, count: Int32(count), mu: mu, sigma: sigma)
    |                                               `- error: cannot convert value of type 'Int32' to expected argument type 'Int'
273 |     }
274 | #endif
/Users/admin/builder/spi-builder-workspace/.dependencies/checkouts/xorswift/Sources/Normal.swift:304:27: error: cannot find 'sqrt' in scope
302 |         let x2 = Double(w) / divisor + Double.leastNormalMagnitude
303 |
304 |         p.pointee = sigma*sqrt(-2*log(x1))*cos(2*Double.pi*x2) + mu
    |                           `- error: cannot find 'sqrt' in scope
305 |         p += 1
306 |     }
/Users/admin/builder/spi-builder-workspace/.dependencies/checkouts/xorswift/Sources/Normal.swift:304:35: error: cannot find 'log' in scope
302 |         let x2 = Double(w) / divisor + Double.leastNormalMagnitude
303 |
304 |         p.pointee = sigma*sqrt(-2*log(x1))*cos(2*Double.pi*x2) + mu
    |                                   `- error: cannot find 'log' in scope
305 |         p += 1
306 |     }
/Users/admin/builder/spi-builder-workspace/.dependencies/checkouts/xorswift/Sources/Normal.swift:304:44: error: cannot find 'cos' in scope
302 |         let x2 = Double(w) / divisor + Double.leastNormalMagnitude
303 |
304 |         p.pointee = sigma*sqrt(-2*log(x1))*cos(2*Double.pi*x2) + mu
    |                                            `- error: cannot find 'cos' in scope
305 |         p += 1
306 |     }
/Users/admin/builder/spi-builder-workspace/.dependencies/checkouts/xorswift/Sources/Normal.swift:322:27: error: cannot find 'sqrt' in scope
320 |         x1 = Double(x) / divisor + Double.leastNormalMagnitude
321 |         x2 = Double(y) / divisor + Double.leastNormalMagnitude
322 |         p.pointee = sigma*sqrt(-2*log(x1))*cos(2*Double.pi*x2) + mu
    |                           `- error: cannot find 'sqrt' in scope
323 |         p += 1
324 |
/Users/admin/builder/spi-builder-workspace/.dependencies/checkouts/xorswift/Sources/Normal.swift:322:35: error: cannot find 'log' in scope
320 |         x1 = Double(x) / divisor + Double.leastNormalMagnitude
321 |         x2 = Double(y) / divisor + Double.leastNormalMagnitude
322 |         p.pointee = sigma*sqrt(-2*log(x1))*cos(2*Double.pi*x2) + mu
    |                                   `- error: cannot find 'log' in scope
323 |         p += 1
324 |
/Users/admin/builder/spi-builder-workspace/.dependencies/checkouts/xorswift/Sources/Normal.swift:322:44: error: cannot find 'cos' in scope
320 |         x1 = Double(x) / divisor + Double.leastNormalMagnitude
321 |         x2 = Double(y) / divisor + Double.leastNormalMagnitude
322 |         p.pointee = sigma*sqrt(-2*log(x1))*cos(2*Double.pi*x2) + mu
    |                                            `- error: cannot find 'cos' in scope
323 |         p += 1
324 |
/Users/admin/builder/spi-builder-workspace/.dependencies/checkouts/xorswift/Sources/Normal.swift:327:27: error: cannot find 'sqrt' in scope
325 |         x1 = Double(z) / divisor + Double.leastNormalMagnitude
326 |         x2 = Double(w) / divisor + Double.leastNormalMagnitude
327 |         p.pointee = sigma*sqrt(-2*log(x1))*cos(2*Double.pi*x2) + mu
    |                           `- error: cannot find 'sqrt' in scope
328 |         p += 1
329 |     }
/Users/admin/builder/spi-builder-workspace/.dependencies/checkouts/xorswift/Sources/Normal.swift:327:35: error: cannot find 'log' in scope
325 |         x1 = Double(z) / divisor + Double.leastNormalMagnitude
326 |         x2 = Double(w) / divisor + Double.leastNormalMagnitude
327 |         p.pointee = sigma*sqrt(-2*log(x1))*cos(2*Double.pi*x2) + mu
    |                                   `- error: cannot find 'log' in scope
328 |         p += 1
329 |     }
/Users/admin/builder/spi-builder-workspace/.dependencies/checkouts/xorswift/Sources/Normal.swift:327:44: error: cannot find 'cos' in scope
325 |         x1 = Double(z) / divisor + Double.leastNormalMagnitude
326 |         x2 = Double(w) / divisor + Double.leastNormalMagnitude
327 |         p.pointee = sigma*sqrt(-2*log(x1))*cos(2*Double.pi*x2) + mu
    |                                            `- error: cannot find 'cos' in scope
328 |         p += 1
329 |     }
Failed frontend command:
/Applications/Xcode-27.0.0-Release.Candidate.app/Contents/Developer/Toolchains/XcodeDefault.xctoolchain/usr/bin/swift-frontend -frontend -c /Users/admin/builder/spi-builder-workspace/.dependencies/checkouts/xorswift/Sources/NextAfter.swift -primary-file /Users/admin/builder/spi-builder-workspace/.dependencies/checkouts/xorswift/Sources/Normal.swift /Users/admin/builder/spi-builder-workspace/.dependencies/checkouts/xorswift/Sources/State.swift /Users/admin/builder/spi-builder-workspace/.dependencies/checkouts/xorswift/Sources/Uniform.swift /Users/admin/builder/spi-builder-workspace/.dependencies/checkouts/xorswift/Sources/Xorswift.swift -emit-dependencies-path /Users/admin/builder/spi-builder-workspace/.derivedData/Build/Intermediates.noindex/Xorswift.build/Debug-watchos/Xorswift-t.build/Objects-normal/arm64_32/Normal.d -emit-const-values-path /Users/admin/builder/spi-builder-workspace/.derivedData/Build/Intermediates.noindex/Xorswift.build/Debug-watchos/Xorswift-t.build/Objects-normal/arm64_32/Normal.swiftconstvalues -emit-reference-dependencies-path /Users/admin/builder/spi-builder-workspace/.derivedData/Build/Intermediates.noindex/Xorswift.build/Debug-watchos/Xorswift-t.build/Objects-normal/arm64_32/Normal.swiftdeps -serialize-diagnostics-path /Users/admin/builder/spi-builder-workspace/.derivedData/Build/Intermediates.noindex/Xorswift.build/Debug-watchos/Xorswift-t.build/Objects-normal/arm64_32/Normal.dia -target arm64_32-apple-watchos9.0 -enable-objc-interop -sdk /Applications/Xcode-27.0.0-Release.Candidate.app/Contents/Developer/Platforms/WatchOS.platform/Developer/SDKs/WatchOS27.0.sdk -I /Users/admin/builder/spi-builder-workspace/.derivedData/Build/Products/Debug-watchos -Isystem /Applications/Xcode-27.0.0-Release.Candidate.app/Contents/Developer/Platforms/WatchOS.platform/Developer/usr/lib -F /Users/admin/builder/spi-builder-workspace/.derivedData/Build/Products/Debug-watchos -F /Applications/Xcode-27.0.0-Release.Candidate.app/Contents/Developer/Platforms/WatchOS.platform/Developer/Library/Frameworks -F /Applications/Xcode-27.0.0-Release.Candidate.app/Contents/Developer/Platforms/WatchOS.platform/Developer/SDKs/WatchOS27.0.sdk/Developer/Library/Frameworks -module-cache-path /Users/admin/builder/spi-builder-workspace/.derivedData/ModuleCache.noindex -no-color-diagnostics -Xcc -fno-color-diagnostics -enable-testing -g -debug-info-format\=dwarf -dwarf-version\=4 -suppress-warnings -profile-generate -profile-coverage-mapping -swift-version 4 -Onone -D SWIFT_PACKAGE -D DEBUG -D SWIFT_MODULE_RESOURCE_BUNDLE_UNAVAILABLE -D Xcode -serialize-debugging-options -enable-experimental-feature DebugDescriptionMacro -empty-abi-descriptor -plugin-path /Applications/Xcode-27.0.0-Release.Candidate.app/Contents/Developer/Toolchains/XcodeDefault.xctoolchain/usr/lib/swift/host/plugins/testing -validate-clang-modules-once -clang-build-session-file /Users/admin/builder/spi-builder-workspace/.derivedData/ModuleCache.noindex/Session.modulevalidation -Xcc -working-directory -Xcc /Users/admin/builder/spi-builder-workspace/.swiftpm/xcode -enable-anonymous-context-mangled-names -file-compilation-dir /Users/admin/builder/spi-builder-workspace/.swiftpm/xcode -Xcc -D_LIBCPP_HARDENING_MODE\=_LIBCPP_HARDENING_MODE_DEBUG -Xcc -ivfsstatcache -Xcc /Users/admin/builder/spi-builder-workspace/.derivedData/SDKStatCaches.noindex/watchos27.0-24R360-e829b21a6f8c9b70876ba0858053c04477534ef55a1706bf4c1112bbb242f0a2.sdkstatcache -Xcc -fmodules-prune-interval\=86400 -Xcc -fmodules-prune-after\=345600 -Xcc -I/Users/admin/builder/spi-builder-workspace/.derivedData/Build/Products/Debug-watchos/include -Xcc -I/Users/admin/builder/spi-builder-workspace/.derivedData/Build/Intermediates.noindex/Xorswift.build/Debug-watchos/Xorswift-t.build/DerivedSources-normal/arm64_32 -Xcc -I/Users/admin/builder/spi-builder-workspace/.derivedData/Build/Intermediates.noindex/Xorswift.build/Debug-watchos/Xorswift-t.build/DerivedSources/arm64_32 -Xcc -I/Users/admin/builder/spi-builder-workspace/.derivedData/Build/Intermediates.noindex/Xorswift.build/Debug-watchos/Xorswift-t.build/DerivedSources -Xcc -DSWIFT_PACKAGE -Xcc -DDEBUG\=1 -no-auto-bridging-header-chaining -module-name Xorswift -const-gather-protocols-file /Users/admin/builder/spi-builder-workspace/.derivedData/Build/Intermediates.noindex/Xorswift.build/Debug-watchos/Xorswift-t.build/Objects-normal/arm64_32/Xorswift_const_extract_protocols.json -disable-clang-spi -target-sdk-version 27.0 -target-sdk-name watchos27.0 -external-plugin-path /Applications/Xcode-27.0.0-Release.Candidate.app/Contents/Developer/Platforms/WatchOS.platform/Developer/usr/lib/swift/host/plugins\#/Applications/Xcode-27.0.0-Release.Candidate.app/Contents/Developer/Platforms/WatchOS.platform/Developer/usr/bin/swift-plugin-server -external-plugin-path /Applications/Xcode-27.0.0-Release.Candidate.app/Contents/Developer/Platforms/WatchOS.platform/Developer/usr/local/lib/swift/host/plugins\#/Applications/Xcode-27.0.0-Release.Candidate.app/Contents/Developer/Platforms/WatchOS.platform/Developer/usr/bin/swift-plugin-server -in-process-plugin-server-path /Applications/Xcode-27.0.0-Release.Candidate.app/Contents/Developer/Toolchains/XcodeDefault.xctoolchain/usr/lib/swift/host/libSwiftInProcPluginServer.dylib -plugin-path /Applications/Xcode-27.0.0-Release.Candidate.app/Contents/Developer/Toolchains/XcodeDefault.xctoolchain/usr/lib/swift/host/plugins -plugin-path /Applications/Xcode-27.0.0-Release.Candidate.app/Contents/Developer/Toolchains/XcodeDefault.xctoolchain/usr/local/lib/swift/host/plugins -parse-as-library -o /Users/admin/builder/spi-builder-workspace/.derivedData/Build/Intermediates.noindex/Xorswift.build/Debug-watchos/Xorswift-t.build/Objects-normal/arm64_32/Normal.o -index-unit-output-path /Xorswift.build/Debug-watchos/Xorswift-t.build/Objects-normal/arm64_32/Normal.o -index-store-path /Users/admin/builder/spi-builder-workspace/.derivedData/Index.noindex/DataStore -index-system-modules
SwiftCompile normal arm64_32 /Users/admin/builder/spi-builder-workspace/.dependencies/checkouts/xorswift/Sources/Normal.swift (in target 'Xorswift' from project 'Xorswift')
    cd /Users/admin/builder/spi-builder-workspace/.swiftpm/xcode
    builtin-SwiftPerFileCompile Normal.swift
SwiftDriverJobDiscovery normal arm64 Emitting module for Xorswift (in target 'Xorswift' from project 'Xorswift')
SwiftDriver\ Compilation\ Requirements Xorswift normal arm64_32 com.apple.xcode.tools.swift.compiler (in target 'Xorswift' from project 'Xorswift')
    cd /Users/admin/builder/spi-builder-workspace/.swiftpm/xcode
    builtin-Swift-Compilation-Requirements -- /Applications/Xcode-27.0.0-Release.Candidate.app/Contents/Developer/Toolchains/XcodeDefault.xctoolchain/usr/bin/swiftc -parse-as-library -module-name Xorswift -Onone @/Users/admin/builder/spi-builder-workspace/.derivedData/Build/Intermediates.noindex/Xorswift.build/Debug-watchos/Xorswift-t.build/Objects-normal/arm64_32/Xorswift.SwiftFileList -DSWIFT_PACKAGE -DDEBUG -DSWIFT_MODULE_RESOURCE_BUNDLE_UNAVAILABLE -DXcode -plugin-path /Applications/Xcode-27.0.0-Release.Candidate.app/Contents/Developer/Toolchains/XcodeDefault.xctoolchain/usr/lib/swift/host/plugins/testing -enable-experimental-feature DebugDescriptionMacro -sdk /Applications/Xcode-27.0.0-Release.Candidate.app/Contents/Developer/Platforms/WatchOS.platform/Developer/SDKs/WatchOS27.0.sdk -target arm64_32-apple-watchos9.0 -g -module-cache-path /Users/admin/builder/spi-builder-workspace/.derivedData/ModuleCache.noindex -Xfrontend -serialize-debugging-options -profile-coverage-mapping -profile-generate -enable-testing -suppress-warnings -index-store-path /Users/admin/builder/spi-builder-workspace/.derivedData/Index.noindex/DataStore -Xcc -D_LIBCPP_HARDENING_MODE\=_LIBCPP_HARDENING_MODE_DEBUG -swift-version 4 -I /Users/admin/builder/spi-builder-workspace/.derivedData/Build/Products/Debug-watchos -Isystem /Applications/Xcode-27.0.0-Release.Candidate.app/Contents/Developer/Platforms/WatchOS.platform/Developer/usr/lib -F /Users/admin/builder/spi-builder-workspace/.derivedData/Build/Products/Debug-watchos -F /Applications/Xcode-27.0.0-Release.Candidate.app/Contents/Developer/Platforms/WatchOS.platform/Developer/Library/Frameworks -F /Applications/Xcode-27.0.0-Release.Candidate.app/Contents/Developer/Platforms/WatchOS.platform/Developer/SDKs/WatchOS27.0.sdk/Developer/Library/Frameworks -c -j10 -enable-batch-mode -incremental -Xcc -ivfsstatcache -Xcc /Users/admin/builder/spi-builder-workspace/.derivedData/SDKStatCaches.noindex/watchos27.0-24R360-e829b21a6f8c9b70876ba0858053c04477534ef55a1706bf4c1112bbb242f0a2.sdkstatcache -output-file-map /Users/admin/builder/spi-builder-workspace/.derivedData/Build/Intermediates.noindex/Xorswift.build/Debug-watchos/Xorswift-t.build/Objects-normal/arm64_32/Xorswift-OutputFileMap.json -save-temps -no-color-diagnostics -emit-dependencies -emit-module -emit-module-path /Users/admin/builder/spi-builder-workspace/.derivedData/Build/Intermediates.noindex/Xorswift.build/Debug-watchos/Xorswift-t.build/Objects-normal/arm64_32/Xorswift.swiftmodule -serialize-diagnostics -validate-clang-modules-once -clang-build-session-file /Users/admin/builder/spi-builder-workspace/.derivedData/ModuleCache.noindex/Session.modulevalidation -Xcc -fmodules-prune-interval\=86400 -Xcc -fmodules-prune-after\=345600 -emit-const-values -const-gather-protocols-list /Users/admin/builder/spi-builder-workspace/.derivedData/Build/Intermediates.noindex/Xorswift.build/Debug-watchos/Xorswift-t.build/Objects-normal/arm64_32/Xorswift_const_extract_protocols.json -Xcc -I/Users/admin/builder/spi-builder-workspace/.derivedData/Build/Products/Debug-watchos/include -Xcc -I/Users/admin/builder/spi-builder-workspace/.derivedData/Build/Intermediates.noindex/Xorswift.build/Debug-watchos/Xorswift-t.build/DerivedSources-normal/arm64_32 -Xcc -I/Users/admin/builder/spi-builder-workspace/.derivedData/Build/Intermediates.noindex/Xorswift.build/Debug-watchos/Xorswift-t.build/DerivedSources/arm64_32 -Xcc -I/Users/admin/builder/spi-builder-workspace/.derivedData/Build/Intermediates.noindex/Xorswift.build/Debug-watchos/Xorswift-t.build/DerivedSources -Xcc -DSWIFT_PACKAGE -Xcc -DDEBUG\=1 -emit-objc-header -emit-objc-header-path /Users/admin/builder/spi-builder-workspace/.derivedData/Build/Intermediates.noindex/Xorswift.build/Debug-watchos/Xorswift-t.build/Objects-normal/arm64_32/Xorswift-Swift.h -working-directory /Users/admin/builder/spi-builder-workspace/.swiftpm/xcode -experimental-emit-module-separately -disable-cmo
PruneExplicitPrecompiledModules /Users/admin/builder/spi-builder-workspace/.derivedData/Build/Intermediates.noindex/SwiftExplicitPrecompiledModules
PruneExplicitPrecompiledModules /Users/admin/builder/spi-builder-workspace/.derivedData/SDKExplicitPrecompiledModules
PruneExplicitPrecompiledModules /Users/admin/builder/spi-builder-workspace/.derivedData/Build/Intermediates.noindex/ExplicitPrecompiledModules
2026-09-16 06:37:48.695 xcodebuild[722:4504] [MT] IDERunDestination: Supported platforms for the buildables in the current scheme is empty.
** BUILD FAILED **
The following build commands failed:
	SwiftCompile normal arm64_32 Compiling\ Normal.swift /Users/admin/builder/spi-builder-workspace/.dependencies/checkouts/xorswift/Sources/Normal.swift (in target 'Xorswift' from project 'Xorswift')
	SwiftCompile normal arm64_32 /Users/admin/builder/spi-builder-workspace/.dependencies/checkouts/xorswift/Sources/Normal.swift (in target 'Xorswift' from project 'Xorswift')
	Building workspace SwifitLearn with scheme SwifitLearn
(3 failures)
Command line invocation:
    /Applications/Xcode-27.0.0-Release.Candidate.app/Contents/Developer/usr/bin/xcodebuild -IDEClonedSourcePackagesDirPathOverride=/Users/admin/builder/spi-builder-workspace/.dependencies -resolvePackageDependencies
Resolve Package Graph
Resolved source packages:
  Xorswift: https://github.com/t-ae/xorswift.git @ 0.0.10
  NDArray: https://github.com/t-ae/ndarray.git @ 0.0.14
  SwifitLearn: /Users/admin/builder/spi-builder-workspace
resolved source packages: Xorswift, NDArray, SwifitLearn
2026-09-16 06:37:53.012 xcodebuild[765:4801] [MT] IDERunDestination: Supported platforms for the buildables in the current scheme is empty.
{
  "dependencies" : [
    {
      "identity" : "ndarray",
      "requirement" : {
        "range" : [
          {
            "lower_bound" : "0.0.14",
            "upper_bound" : "1.0.0"
          }
        ]
      },
      "type" : "sourceControl",
      "url" : "https://github.com/t-ae/ndarray.git"
    }
  ],
  "manifest_display_name" : "SwifitLearn",
  "name" : "SwifitLearn",
  "path" : "/Users/admin/builder/spi-builder-workspace",
  "platforms" : [
  ],
  "products" : [
    {
      "name" : "SwifitLearn",
      "targets" : [
        "SwifitLearn"
      ],
      "type" : {
        "library" : [
          "automatic"
        ]
      }
    }
  ],
  "targets" : [
    {
      "c99name" : "SwifitLearnTests",
      "module_type" : "SwiftTarget",
      "name" : "SwifitLearnTests",
      "path" : "Tests/SwifitLearnTests",
      "sources" : [
        "IrisClassificationTests.swift",
        "IrisDataset.swift",
        "UtilsTests.swift"
      ],
      "target_dependencies" : [
        "SwifitLearn"
      ],
      "type" : "test"
    },
    {
      "c99name" : "SwifitLearn",
      "module_type" : "SwiftTarget",
      "name" : "SwifitLearn",
      "path" : "Sources",
      "product_dependencies" : [
        "NDArray"
      ],
      "product_memberships" : [
        "SwifitLearn"
      ],
      "sources" : [
        "DBSCAN.swift",
        "KMeans.swift",
        "KNeighborClassifier.swift",
        "MeanShift.swift",
        "RandomForestClassifier.swift",
        "Utils.swift"
      ],
      "type" : "library"
    }
  ],
  "tools_version" : "4.0"
}
{
  "workspace" : {
    "name" : "SwifitLearn",
    "schemes" : [
      "SwifitLearn"
    ]
  }
}
2026-09-16 06:37:54.306 xcodebuild[773:4868] [MT] IDERunDestination: Supported platforms for the buildables in the current scheme is empty.
Running build ...
env DEVELOPER_DIR=/Applications/Xcode-27.0.0-Release.Candidate.app xcrun xcodebuild -IDEClonedSourcePackagesDirPathOverride=$PWD/.dependencies -skipMacroValidation -skipPackagePluginValidation -derivedDataPath $PWD/.derivedData build -scheme SwifitLearn -destination generic/platform=watchOS
Command line invocation:
    /Applications/Xcode-27.0.0-Release.Candidate.app/Contents/Developer/usr/bin/xcodebuild -IDEClonedSourcePackagesDirPathOverride=/Users/admin/builder/spi-builder-workspace/.dependencies -skipMacroValidation -skipPackagePluginValidation -derivedDataPath /Users/admin/builder/spi-builder-workspace/.derivedData build -scheme SwifitLearn -destination generic/platform=watchOS
Resolve Package Graph
Resolved source packages:
  NDArray: https://github.com/t-ae/ndarray.git @ 0.0.14
  Xorswift: https://github.com/t-ae/xorswift.git @ 0.0.10
  SwifitLearn: /Users/admin/builder/spi-builder-workspace
ComputePackagePrebuildTargetDependencyGraph
Prepare packages
CreateBuildRequest
SendProjectDescription
CreateBuildOperation
ComputeTargetDependencyGraph
note: Building targets in dependency order
note: Target dependency graph (6 targets)
    Target 'SwifitLearn-product' in project 'SwifitLearn'
        ➜ Explicit dependency on target 'SwifitLearn' in project 'SwifitLearn'
        ➜ Explicit dependency on target 'NDArray-product' in project 'NDArray'
    Target 'SwifitLearn' in project 'SwifitLearn'
        ➜ Explicit dependency on target 'NDArray-product' in project 'NDArray'
    Target 'NDArray-product' in project 'NDArray'
        ➜ Explicit dependency on target 'NDArray' in project 'NDArray'
        ➜ Explicit dependency on target 'Xorswift-product' in project 'Xorswift'
    Target 'NDArray' in project 'NDArray'
        ➜ Explicit dependency on target 'Xorswift-product' in project 'Xorswift'
    Target 'Xorswift-product' in project 'Xorswift'
        ➜ Explicit dependency on target 'Xorswift' in project 'Xorswift'
    Target 'Xorswift' in project 'Xorswift' (no dependencies)
GatherProvisioningInputs
CreateBuildDescription
ClangStatCache /Applications/Xcode-27.0.0-Release.Candidate.app/Contents/Developer/Toolchains/XcodeDefault.xctoolchain/usr/bin/clang-stat-cache /Applications/Xcode-27.0.0-Release.Candidate.app/Contents/Developer/Platforms/WatchOS.platform/Developer/SDKs/WatchOS27.0.sdk /Users/admin/builder/spi-builder-workspace/.derivedData/SDKStatCaches.noindex/watchos27.0-24R360-e829b21a6f8c9b70876ba0858053c04477534ef55a1706bf4c1112bbb242f0a2.sdkstatcache
    cd /Users/admin/builder/spi-builder-workspace/.swiftpm/xcode
    /Applications/Xcode-27.0.0-Release.Candidate.app/Contents/Developer/Toolchains/XcodeDefault.xctoolchain/usr/bin/clang-stat-cache /Applications/Xcode-27.0.0-Release.Candidate.app/Contents/Developer/Platforms/WatchOS.platform/Developer/SDKs/WatchOS27.0.sdk -o /Users/admin/builder/spi-builder-workspace/.derivedData/SDKStatCaches.noindex/watchos27.0-24R360-e829b21a6f8c9b70876ba0858053c04477534ef55a1706bf4c1112bbb242f0a2.sdkstatcache
SwiftDriver Xorswift normal arm64_32 com.apple.xcode.tools.swift.compiler (in target 'Xorswift' from project 'Xorswift')
    cd /Users/admin/builder/spi-builder-workspace/.swiftpm/xcode
    builtin-SwiftDriver -- /Applications/Xcode-27.0.0-Release.Candidate.app/Contents/Developer/Toolchains/XcodeDefault.xctoolchain/usr/bin/swiftc -parse-as-library -module-name Xorswift -Onone @/Users/admin/builder/spi-builder-workspace/.derivedData/Build/Intermediates.noindex/Xorswift.build/Debug-watchos/Xorswift-t.build/Objects-normal/arm64_32/Xorswift.SwiftFileList -DSWIFT_PACKAGE -DDEBUG -DSWIFT_MODULE_RESOURCE_BUNDLE_UNAVAILABLE -DXcode -plugin-path /Applications/Xcode-27.0.0-Release.Candidate.app/Contents/Developer/Toolchains/XcodeDefault.xctoolchain/usr/lib/swift/host/plugins/testing -enable-experimental-feature DebugDescriptionMacro -sdk /Applications/Xcode-27.0.0-Release.Candidate.app/Contents/Developer/Platforms/WatchOS.platform/Developer/SDKs/WatchOS27.0.sdk -target arm64_32-apple-watchos9.0 -g -module-cache-path /Users/admin/builder/spi-builder-workspace/.derivedData/ModuleCache.noindex -Xfrontend -serialize-debugging-options -profile-coverage-mapping -profile-generate -enable-testing -suppress-warnings -index-store-path /Users/admin/builder/spi-builder-workspace/.derivedData/Index.noindex/DataStore -Xcc -D_LIBCPP_HARDENING_MODE\=_LIBCPP_HARDENING_MODE_DEBUG -swift-version 4 -I /Users/admin/builder/spi-builder-workspace/.derivedData/Build/Products/Debug-watchos -Isystem /Applications/Xcode-27.0.0-Release.Candidate.app/Contents/Developer/Platforms/WatchOS.platform/Developer/usr/lib -F /Users/admin/builder/spi-builder-workspace/.derivedData/Build/Products/Debug-watchos -F /Applications/Xcode-27.0.0-Release.Candidate.app/Contents/Developer/Platforms/WatchOS.platform/Developer/Library/Frameworks -F /Applications/Xcode-27.0.0-Release.Candidate.app/Contents/Developer/Platforms/WatchOS.platform/Developer/SDKs/WatchOS27.0.sdk/Developer/Library/Frameworks -c -j10 -enable-batch-mode -incremental -Xcc -ivfsstatcache -Xcc /Users/admin/builder/spi-builder-workspace/.derivedData/SDKStatCaches.noindex/watchos27.0-24R360-e829b21a6f8c9b70876ba0858053c04477534ef55a1706bf4c1112bbb242f0a2.sdkstatcache -output-file-map /Users/admin/builder/spi-builder-workspace/.derivedData/Build/Intermediates.noindex/Xorswift.build/Debug-watchos/Xorswift-t.build/Objects-normal/arm64_32/Xorswift-OutputFileMap.json -save-temps -no-color-diagnostics -emit-dependencies -emit-module -emit-module-path /Users/admin/builder/spi-builder-workspace/.derivedData/Build/Intermediates.noindex/Xorswift.build/Debug-watchos/Xorswift-t.build/Objects-normal/arm64_32/Xorswift.swiftmodule -serialize-diagnostics -validate-clang-modules-once -clang-build-session-file /Users/admin/builder/spi-builder-workspace/.derivedData/ModuleCache.noindex/Session.modulevalidation -Xcc -fmodules-prune-interval\=86400 -Xcc -fmodules-prune-after\=345600 -emit-const-values -const-gather-protocols-list /Users/admin/builder/spi-builder-workspace/.derivedData/Build/Intermediates.noindex/Xorswift.build/Debug-watchos/Xorswift-t.build/Objects-normal/arm64_32/Xorswift_const_extract_protocols.json -Xcc -I/Users/admin/builder/spi-builder-workspace/.derivedData/Build/Products/Debug-watchos/include -Xcc -I/Users/admin/builder/spi-builder-workspace/.derivedData/Build/Intermediates.noindex/Xorswift.build/Debug-watchos/Xorswift-t.build/DerivedSources-normal/arm64_32 -Xcc -I/Users/admin/builder/spi-builder-workspace/.derivedData/Build/Intermediates.noindex/Xorswift.build/Debug-watchos/Xorswift-t.build/DerivedSources/arm64_32 -Xcc -I/Users/admin/builder/spi-builder-workspace/.derivedData/Build/Intermediates.noindex/Xorswift.build/Debug-watchos/Xorswift-t.build/DerivedSources -Xcc -DSWIFT_PACKAGE -Xcc -DDEBUG\=1 -emit-objc-header -emit-objc-header-path /Users/admin/builder/spi-builder-workspace/.derivedData/Build/Intermediates.noindex/Xorswift.build/Debug-watchos/Xorswift-t.build/Objects-normal/arm64_32/Xorswift-Swift.h -working-directory /Users/admin/builder/spi-builder-workspace/.swiftpm/xcode -experimental-emit-module-separately -disable-cmo
SwiftDriver Xorswift normal arm64 com.apple.xcode.tools.swift.compiler (in target 'Xorswift' from project 'Xorswift')
    cd /Users/admin/builder/spi-builder-workspace/.swiftpm/xcode
    builtin-SwiftDriver -- /Applications/Xcode-27.0.0-Release.Candidate.app/Contents/Developer/Toolchains/XcodeDefault.xctoolchain/usr/bin/swiftc -parse-as-library -module-name Xorswift -Onone @/Users/admin/builder/spi-builder-workspace/.derivedData/Build/Intermediates.noindex/Xorswift.build/Debug-watchos/Xorswift-t.build/Objects-normal/arm64/Xorswift.SwiftFileList -DSWIFT_PACKAGE -DDEBUG -DSWIFT_MODULE_RESOURCE_BUNDLE_UNAVAILABLE -DXcode -plugin-path /Applications/Xcode-27.0.0-Release.Candidate.app/Contents/Developer/Toolchains/XcodeDefault.xctoolchain/usr/lib/swift/host/plugins/testing -enable-experimental-feature DebugDescriptionMacro -sdk /Applications/Xcode-27.0.0-Release.Candidate.app/Contents/Developer/Platforms/WatchOS.platform/Developer/SDKs/WatchOS27.0.sdk -target arm64-apple-watchos9.0 -g -module-cache-path /Users/admin/builder/spi-builder-workspace/.derivedData/ModuleCache.noindex -Xfrontend -serialize-debugging-options -profile-coverage-mapping -profile-generate -enable-testing -suppress-warnings -index-store-path /Users/admin/builder/spi-builder-workspace/.derivedData/Index.noindex/DataStore -Xcc -D_LIBCPP_HARDENING_MODE\=_LIBCPP_HARDENING_MODE_DEBUG -swift-version 4 -I /Users/admin/builder/spi-builder-workspace/.derivedData/Build/Products/Debug-watchos -Isystem /Applications/Xcode-27.0.0-Release.Candidate.app/Contents/Developer/Platforms/WatchOS.platform/Developer/usr/lib -F /Users/admin/builder/spi-builder-workspace/.derivedData/Build/Products/Debug-watchos -F /Applications/Xcode-27.0.0-Release.Candidate.app/Contents/Developer/Platforms/WatchOS.platform/Developer/Library/Frameworks -F /Applications/Xcode-27.0.0-Release.Candidate.app/Contents/Developer/Platforms/WatchOS.platform/Developer/SDKs/WatchOS27.0.sdk/Developer/Library/Frameworks -c -j10 -enable-batch-mode -incremental -Xcc -ivfsstatcache -Xcc /Users/admin/builder/spi-builder-workspace/.derivedData/SDKStatCaches.noindex/watchos27.0-24R360-e829b21a6f8c9b70876ba0858053c04477534ef55a1706bf4c1112bbb242f0a2.sdkstatcache -output-file-map /Users/admin/builder/spi-builder-workspace/.derivedData/Build/Intermediates.noindex/Xorswift.build/Debug-watchos/Xorswift-t.build/Objects-normal/arm64/Xorswift-OutputFileMap.json -save-temps -no-color-diagnostics -emit-dependencies -emit-module -emit-module-path /Users/admin/builder/spi-builder-workspace/.derivedData/Build/Intermediates.noindex/Xorswift.build/Debug-watchos/Xorswift-t.build/Objects-normal/arm64/Xorswift.swiftmodule -serialize-diagnostics -validate-clang-modules-once -clang-build-session-file /Users/admin/builder/spi-builder-workspace/.derivedData/ModuleCache.noindex/Session.modulevalidation -Xcc -fmodules-prune-interval\=86400 -Xcc -fmodules-prune-after\=345600 -emit-const-values -const-gather-protocols-list /Users/admin/builder/spi-builder-workspace/.derivedData/Build/Intermediates.noindex/Xorswift.build/Debug-watchos/Xorswift-t.build/Objects-normal/arm64/Xorswift_const_extract_protocols.json -Xcc -I/Users/admin/builder/spi-builder-workspace/.derivedData/Build/Products/Debug-watchos/include -Xcc -I/Users/admin/builder/spi-builder-workspace/.derivedData/Build/Intermediates.noindex/Xorswift.build/Debug-watchos/Xorswift-t.build/DerivedSources-normal/arm64 -Xcc -I/Users/admin/builder/spi-builder-workspace/.derivedData/Build/Intermediates.noindex/Xorswift.build/Debug-watchos/Xorswift-t.build/DerivedSources/arm64 -Xcc -I/Users/admin/builder/spi-builder-workspace/.derivedData/Build/Intermediates.noindex/Xorswift.build/Debug-watchos/Xorswift-t.build/DerivedSources -Xcc -DSWIFT_PACKAGE -Xcc -DDEBUG\=1 -emit-objc-header -emit-objc-header-path /Users/admin/builder/spi-builder-workspace/.derivedData/Build/Intermediates.noindex/Xorswift.build/Debug-watchos/Xorswift-t.build/Objects-normal/arm64/Xorswift-Swift.h -working-directory /Users/admin/builder/spi-builder-workspace/.swiftpm/xcode -experimental-emit-module-separately -disable-cmo
SwiftCompile normal arm64 Compiling\ Normal.swift /Users/admin/builder/spi-builder-workspace/.dependencies/checkouts/xorswift/Sources/Normal.swift (in target 'Xorswift' from project 'Xorswift')
/Users/admin/builder/spi-builder-workspace/.dependencies/checkouts/xorswift/Sources/Normal.swift:106:47: error: cannot convert value of type 'Int32' to expected argument type 'Int'
104 |                                 mu: Float = 0,
105 |                                 sigma: Float = 1) {
106 |         _xorshift_normal(start: start, count: Int32(count), mu: mu, sigma: sigma)
    |                                               `- error: cannot convert value of type 'Int32' to expected argument type 'Int'
107 |     }
108 | #endif
/Users/admin/builder/spi-builder-workspace/.dependencies/checkouts/xorswift/Sources/Normal.swift:124:19: error: cannot find 'nextafterf' in scope
122 |
123 |     var p = start
124 |     let divisor = nextafterf(Float(UInt32.max), Float.infinity)
    |                   `- error: cannot find 'nextafterf' in scope
125 |
126 |     if count%2 == 1 {
/Users/admin/builder/spi-builder-workspace/.dependencies/checkouts/xorswift/Sources/Normal.swift:138:27: error: cannot find 'sqrtf' in scope
136 |         let x2 = Float(w) / divisor + Float.leastNormalMagnitude
137 |
138 |         p.pointee = sigma*sqrtf(-2*logf(x1))*cosf(2*Float.pi*x2) + mu
    |                           `- error: cannot find 'sqrtf' in scope
139 |         p += 1
140 |     }
/Users/admin/builder/spi-builder-workspace/.dependencies/checkouts/xorswift/Sources/Normal.swift:138:36: error: cannot find 'logf' in scope
136 |         let x2 = Float(w) / divisor + Float.leastNormalMagnitude
137 |
138 |         p.pointee = sigma*sqrtf(-2*logf(x1))*cosf(2*Float.pi*x2) + mu
    |                                    `- error: cannot find 'logf' in scope
139 |         p += 1
140 |     }
/Users/admin/builder/spi-builder-workspace/.dependencies/checkouts/xorswift/Sources/Normal.swift:138:46: error: cannot find 'cosf' in scope
136 |         let x2 = Float(w) / divisor + Float.leastNormalMagnitude
137 |
138 |         p.pointee = sigma*sqrtf(-2*logf(x1))*cosf(2*Float.pi*x2) + mu
    |                                              `- error: cannot find 'cosf' in scope
139 |         p += 1
140 |     }
/Users/admin/builder/spi-builder-workspace/.dependencies/checkouts/xorswift/Sources/Normal.swift:156:27: error: cannot find 'sqrtf' in scope
154 |         x1 = Float(x) / divisor + Float.leastNormalMagnitude
155 |         x2 = Float(y) / divisor + Float.leastNormalMagnitude
156 |         p.pointee = sigma*sqrtf(-2*logf(x1))*cosf(2*Float.pi*x2) + mu
    |                           `- error: cannot find 'sqrtf' in scope
157 |         p += 1
158 |
/Users/admin/builder/spi-builder-workspace/.dependencies/checkouts/xorswift/Sources/Normal.swift:156:36: error: cannot find 'logf' in scope
154 |         x1 = Float(x) / divisor + Float.leastNormalMagnitude
155 |         x2 = Float(y) / divisor + Float.leastNormalMagnitude
156 |         p.pointee = sigma*sqrtf(-2*logf(x1))*cosf(2*Float.pi*x2) + mu
    |                                    `- error: cannot find 'logf' in scope
157 |         p += 1
158 |
/Users/admin/builder/spi-builder-workspace/.dependencies/checkouts/xorswift/Sources/Normal.swift:156:46: error: cannot find 'cosf' in scope
154 |         x1 = Float(x) / divisor + Float.leastNormalMagnitude
155 |         x2 = Float(y) / divisor + Float.leastNormalMagnitude
156 |         p.pointee = sigma*sqrtf(-2*logf(x1))*cosf(2*Float.pi*x2) + mu
    |                                              `- error: cannot find 'cosf' in scope
157 |         p += 1
158 |
/Users/admin/builder/spi-builder-workspace/.dependencies/checkouts/xorswift/Sources/Normal.swift:161:27: error: cannot find 'sqrtf' in scope
159 |         x1 = Float(z) / divisor + Float.leastNormalMagnitude
160 |         x2 = Float(w) / divisor + Float.leastNormalMagnitude
161 |         p.pointee = sigma*sqrtf(-2*logf(x1))*cosf(2*Float.pi*x2) + mu
    |                           `- error: cannot find 'sqrtf' in scope
162 |         p += 1
163 |     }
/Users/admin/builder/spi-builder-workspace/.dependencies/checkouts/xorswift/Sources/Normal.swift:161:36: error: cannot find 'logf' in scope
159 |         x1 = Float(z) / divisor + Float.leastNormalMagnitude
160 |         x2 = Float(w) / divisor + Float.leastNormalMagnitude
161 |         p.pointee = sigma*sqrtf(-2*logf(x1))*cosf(2*Float.pi*x2) + mu
    |                                    `- error: cannot find 'logf' in scope
162 |         p += 1
163 |     }
/Users/admin/builder/spi-builder-workspace/.dependencies/checkouts/xorswift/Sources/Normal.swift:161:46: error: cannot find 'cosf' in scope
159 |         x1 = Float(z) / divisor + Float.leastNormalMagnitude
160 |         x2 = Float(w) / divisor + Float.leastNormalMagnitude
161 |         p.pointee = sigma*sqrtf(-2*logf(x1))*cosf(2*Float.pi*x2) + mu
    |                                              `- error: cannot find 'cosf' in scope
162 |         p += 1
163 |     }
/Users/admin/builder/spi-builder-workspace/.dependencies/checkouts/xorswift/Sources/Normal.swift:272:47: error: cannot convert value of type 'Int32' to expected argument type 'Int'
270 |                                 mu: Double = 0,
271 |                                 sigma: Double = 1) {
272 |         _xorshift_normal(start: start, count: Int32(count), mu: mu, sigma: sigma)
    |                                               `- error: cannot convert value of type 'Int32' to expected argument type 'Int'
273 |     }
274 | #endif
/Users/admin/builder/spi-builder-workspace/.dependencies/checkouts/xorswift/Sources/Normal.swift:304:27: error: cannot find 'sqrt' in scope
302 |         let x2 = Double(w) / divisor + Double.leastNormalMagnitude
303 |
304 |         p.pointee = sigma*sqrt(-2*log(x1))*cos(2*Double.pi*x2) + mu
    |                           `- error: cannot find 'sqrt' in scope
305 |         p += 1
306 |     }
/Users/admin/builder/spi-builder-workspace/.dependencies/checkouts/xorswift/Sources/Normal.swift:304:35: error: cannot find 'log' in scope
302 |         let x2 = Double(w) / divisor + Double.leastNormalMagnitude
303 |
304 |         p.pointee = sigma*sqrt(-2*log(x1))*cos(2*Double.pi*x2) + mu
    |                                   `- error: cannot find 'log' in scope
305 |         p += 1
306 |     }
/Users/admin/builder/spi-builder-workspace/.dependencies/checkouts/xorswift/Sources/Normal.swift:304:44: error: cannot find 'cos' in scope
302 |         let x2 = Double(w) / divisor + Double.leastNormalMagnitude
303 |
304 |         p.pointee = sigma*sqrt(-2*log(x1))*cos(2*Double.pi*x2) + mu
    |                                            `- error: cannot find 'cos' in scope
305 |         p += 1
306 |     }
/Users/admin/builder/spi-builder-workspace/.dependencies/checkouts/xorswift/Sources/Normal.swift:322:27: error: cannot find 'sqrt' in scope
320 |         x1 = Double(x) / divisor + Double.leastNormalMagnitude
321 |         x2 = Double(y) / divisor + Double.leastNormalMagnitude
322 |         p.pointee = sigma*sqrt(-2*log(x1))*cos(2*Double.pi*x2) + mu
    |                           `- error: cannot find 'sqrt' in scope
323 |         p += 1
324 |
/Users/admin/builder/spi-builder-workspace/.dependencies/checkouts/xorswift/Sources/Normal.swift:322:35: error: cannot find 'log' in scope
320 |         x1 = Double(x) / divisor + Double.leastNormalMagnitude
321 |         x2 = Double(y) / divisor + Double.leastNormalMagnitude
322 |         p.pointee = sigma*sqrt(-2*log(x1))*cos(2*Double.pi*x2) + mu
    |                                   `- error: cannot find 'log' in scope
323 |         p += 1
324 |
/Users/admin/builder/spi-builder-workspace/.dependencies/checkouts/xorswift/Sources/Normal.swift:322:44: error: cannot find 'cos' in scope
320 |         x1 = Double(x) / divisor + Double.leastNormalMagnitude
321 |         x2 = Double(y) / divisor + Double.leastNormalMagnitude
322 |         p.pointee = sigma*sqrt(-2*log(x1))*cos(2*Double.pi*x2) + mu
    |                                            `- error: cannot find 'cos' in scope
323 |         p += 1
324 |
/Users/admin/builder/spi-builder-workspace/.dependencies/checkouts/xorswift/Sources/Normal.swift:327:27: error: cannot find 'sqrt' in scope
325 |         x1 = Double(z) / divisor + Double.leastNormalMagnitude
326 |         x2 = Double(w) / divisor + Double.leastNormalMagnitude
327 |         p.pointee = sigma*sqrt(-2*log(x1))*cos(2*Double.pi*x2) + mu
    |                           `- error: cannot find 'sqrt' in scope
328 |         p += 1
329 |     }
/Users/admin/builder/spi-builder-workspace/.dependencies/checkouts/xorswift/Sources/Normal.swift:327:35: error: cannot find 'log' in scope
325 |         x1 = Double(z) / divisor + Double.leastNormalMagnitude
326 |         x2 = Double(w) / divisor + Double.leastNormalMagnitude
327 |         p.pointee = sigma*sqrt(-2*log(x1))*cos(2*Double.pi*x2) + mu
    |                                   `- error: cannot find 'log' in scope
328 |         p += 1
329 |     }
/Users/admin/builder/spi-builder-workspace/.dependencies/checkouts/xorswift/Sources/Normal.swift:327:44: error: cannot find 'cos' in scope
325 |         x1 = Double(z) / divisor + Double.leastNormalMagnitude
326 |         x2 = Double(w) / divisor + Double.leastNormalMagnitude
327 |         p.pointee = sigma*sqrt(-2*log(x1))*cos(2*Double.pi*x2) + mu
    |                                            `- error: cannot find 'cos' in scope
328 |         p += 1
329 |     }
Failed frontend command:
SwiftCompile normal arm64 /Users/admin/builder/spi-builder-workspace/.dependencies/checkouts/xorswift/Sources/Normal.swift (in target 'Xorswift' from project 'Xorswift')
    cd /Users/admin/builder/spi-builder-workspace/.swiftpm/xcode
    builtin-SwiftPerFileCompile Normal.swift
/Applications/Xcode-27.0.0-Release.Candidate.app/Contents/Developer/Toolchains/XcodeDefault.xctoolchain/usr/bin/swift-frontend -frontend -c /Users/admin/builder/spi-builder-workspace/.dependencies/checkouts/xorswift/Sources/NextAfter.swift -primary-file /Users/admin/builder/spi-builder-workspace/.dependencies/checkouts/xorswift/Sources/Normal.swift /Users/admin/builder/spi-builder-workspace/.dependencies/checkouts/xorswift/Sources/State.swift /Users/admin/builder/spi-builder-workspace/.dependencies/checkouts/xorswift/Sources/Uniform.swift /Users/admin/builder/spi-builder-workspace/.dependencies/checkouts/xorswift/Sources/Xorswift.swift -emit-dependencies-path /Users/admin/builder/spi-builder-workspace/.derivedData/Build/Intermediates.noindex/Xorswift.build/Debug-watchos/Xorswift-t.build/Objects-normal/arm64/Normal.d -emit-const-values-path /Users/admin/builder/spi-builder-workspace/.derivedData/Build/Intermediates.noindex/Xorswift.build/Debug-watchos/Xorswift-t.build/Objects-normal/arm64/Normal.swiftconstvalues -emit-reference-dependencies-path /Users/admin/builder/spi-builder-workspace/.derivedData/Build/Intermediates.noindex/Xorswift.build/Debug-watchos/Xorswift-t.build/Objects-normal/arm64/Normal.swiftdeps -serialize-diagnostics-path /Users/admin/builder/spi-builder-workspace/.derivedData/Build/Intermediates.noindex/Xorswift.build/Debug-watchos/Xorswift-t.build/Objects-normal/arm64/Normal.dia -target arm64-apple-watchos9.0 -Xllvm -aarch64-use-tbi -enable-objc-interop -stack-check -sdk /Applications/Xcode-27.0.0-Release.Candidate.app/Contents/Developer/Platforms/WatchOS.platform/Developer/SDKs/WatchOS27.0.sdk -I /Users/admin/builder/spi-builder-workspace/.derivedData/Build/Products/Debug-watchos -Isystem /Applications/Xcode-27.0.0-Release.Candidate.app/Contents/Developer/Platforms/WatchOS.platform/Developer/usr/lib -F /Users/admin/builder/spi-builder-workspace/.derivedData/Build/Products/Debug-watchos -F /Applications/Xcode-27.0.0-Release.Candidate.app/Contents/Developer/Platforms/WatchOS.platform/Developer/Library/Frameworks -F /Applications/Xcode-27.0.0-Release.Candidate.app/Contents/Developer/Platforms/WatchOS.platform/Developer/SDKs/WatchOS27.0.sdk/Developer/Library/Frameworks -module-cache-path /Users/admin/builder/spi-builder-workspace/.derivedData/ModuleCache.noindex -no-color-diagnostics -Xcc -fno-color-diagnostics -enable-testing -g -debug-info-format\=dwarf -dwarf-version\=4 -suppress-warnings -profile-generate -profile-coverage-mapping -swift-version 4 -Onone -D SWIFT_PACKAGE -D DEBUG -D SWIFT_MODULE_RESOURCE_BUNDLE_UNAVAILABLE -D Xcode -serialize-debugging-options -enable-experimental-feature DebugDescriptionMacro -empty-abi-descriptor -plugin-path /Applications/Xcode-27.0.0-Release.Candidate.app/Contents/Developer/Toolchains/XcodeDefault.xctoolchain/usr/lib/swift/host/plugins/testing -validate-clang-modules-once -clang-build-session-file /Users/admin/builder/spi-builder-workspace/.derivedData/ModuleCache.noindex/Session.modulevalidation -Xcc -working-directory -Xcc /Users/admin/builder/spi-builder-workspace/.swiftpm/xcode -enable-anonymous-context-mangled-names -file-compilation-dir /Users/admin/builder/spi-builder-workspace/.swiftpm/xcode -Xcc -D_LIBCPP_HARDENING_MODE\=_LIBCPP_HARDENING_MODE_DEBUG -Xcc -ivfsstatcache -Xcc /Users/admin/builder/spi-builder-workspace/.derivedData/SDKStatCaches.noindex/watchos27.0-24R360-e829b21a6f8c9b70876ba0858053c04477534ef55a1706bf4c1112bbb242f0a2.sdkstatcache -Xcc -fmodules-prune-interval\=86400 -Xcc -fmodules-prune-after\=345600 -Xcc -I/Users/admin/builder/spi-builder-workspace/.derivedData/Build/Products/Debug-watchos/include -Xcc -I/Users/admin/builder/spi-builder-workspace/.derivedData/Build/Intermediates.noindex/Xorswift.build/Debug-watchos/Xorswift-t.build/DerivedSources-normal/arm64 -Xcc -I/Users/admin/builder/spi-builder-workspace/.derivedData/Build/Intermediates.noindex/Xorswift.build/Debug-watchos/Xorswift-t.build/DerivedSources/arm64 -Xcc -I/Users/admin/builder/spi-builder-workspace/.derivedData/Build/Intermediates.noindex/Xorswift.build/Debug-watchos/Xorswift-t.build/DerivedSources -Xcc -DSWIFT_PACKAGE -Xcc -DDEBUG\=1 -no-auto-bridging-header-chaining -module-name Xorswift -const-gather-protocols-file /Users/admin/builder/spi-builder-workspace/.derivedData/Build/Intermediates.noindex/Xorswift.build/Debug-watchos/Xorswift-t.build/Objects-normal/arm64/Xorswift_const_extract_protocols.json -disable-clang-spi -target-sdk-version 27.0 -target-sdk-name watchos27.0 -external-plugin-path /Applications/Xcode-27.0.0-Release.Candidate.app/Contents/Developer/Platforms/WatchOS.platform/Developer/usr/lib/swift/host/plugins\#/Applications/Xcode-27.0.0-Release.Candidate.app/Contents/Developer/Platforms/WatchOS.platform/Developer/usr/bin/swift-plugin-server -external-plugin-path /Applications/Xcode-27.0.0-Release.Candidate.app/Contents/Developer/Platforms/WatchOS.platform/Developer/usr/local/lib/swift/host/plugins\#/Applications/Xcode-27.0.0-Release.Candidate.app/Contents/Developer/Platforms/WatchOS.platform/Developer/usr/bin/swift-plugin-server -in-process-plugin-server-path /Applications/Xcode-27.0.0-Release.Candidate.app/Contents/Developer/Toolchains/XcodeDefault.xctoolchain/usr/lib/swift/host/libSwiftInProcPluginServer.dylib -plugin-path /Applications/Xcode-27.0.0-Release.Candidate.app/Contents/Developer/Toolchains/XcodeDefault.xctoolchain/usr/lib/swift/host/plugins -plugin-path /Applications/Xcode-27.0.0-Release.Candidate.app/Contents/Developer/Toolchains/XcodeDefault.xctoolchain/usr/local/lib/swift/host/plugins -parse-as-library -o /Users/admin/builder/spi-builder-workspace/.derivedData/Build/Intermediates.noindex/Xorswift.build/Debug-watchos/Xorswift-t.build/Objects-normal/arm64/Normal.o -index-unit-output-path /Xorswift.build/Debug-watchos/Xorswift-t.build/Objects-normal/arm64/Normal.o -index-store-path /Users/admin/builder/spi-builder-workspace/.derivedData/Index.noindex/DataStore -index-system-modules
SwiftEmitModule normal arm64_32 Emitting\ module\ for\ Xorswift (in target 'Xorswift' from project 'Xorswift')
SwiftCompile normal arm64_32 (in target 'Xorswift' from project 'Xorswift')
    cd /Users/admin/builder/spi-builder-workspace/.swiftpm/xcode

SwiftCompile normal arm64_32 Compiling\ Uniform.swift /Users/admin/builder/spi-builder-workspace/.dependencies/checkouts/xorswift/Sources/Uniform.swift (in target 'Xorswift' from project 'Xorswift')
SwiftCompile normal arm64_32 /Users/admin/builder/spi-builder-workspace/.dependencies/checkouts/xorswift/Sources/Uniform.swift (in target 'Xorswift' from project 'Xorswift')
    cd /Users/admin/builder/spi-builder-workspace/.swiftpm/xcode
    builtin-SwiftPerFileCompile Uniform.swift
SwiftCompile normal arm64 Compiling\ NextAfter.swift /Users/admin/builder/spi-builder-workspace/.dependencies/checkouts/xorswift/Sources/NextAfter.swift (in target 'Xorswift' from project 'Xorswift')
SwiftCompile normal arm64 /Users/admin/builder/spi-builder-workspace/.dependencies/checkouts/xorswift/Sources/NextAfter.swift (in target 'Xorswift' from project 'Xorswift')
    cd /Users/admin/builder/spi-builder-workspace/.swiftpm/xcode
    builtin-SwiftPerFileCompile NextAfter.swift
SwiftCompile normal arm64_32 Compiling\ NextAfter.swift /Users/admin/builder/spi-builder-workspace/.dependencies/checkouts/xorswift/Sources/NextAfter.swift (in target 'Xorswift' from project 'Xorswift')
SwiftCompile normal arm64_32 /Users/admin/builder/spi-builder-workspace/.dependencies/checkouts/xorswift/Sources/NextAfter.swift (in target 'Xorswift' from project 'Xorswift')
    cd /Users/admin/builder/spi-builder-workspace/.swiftpm/xcode
    builtin-SwiftPerFileCompile NextAfter.swift
SwiftCompile normal arm64_32 Compiling\ State.swift /Users/admin/builder/spi-builder-workspace/.dependencies/checkouts/xorswift/Sources/State.swift (in target 'Xorswift' from project 'Xorswift')
SwiftCompile normal arm64_32 /Users/admin/builder/spi-builder-workspace/.dependencies/checkouts/xorswift/Sources/State.swift (in target 'Xorswift' from project 'Xorswift')
    cd /Users/admin/builder/spi-builder-workspace/.swiftpm/xcode
    builtin-SwiftPerFileCompile State.swift
SwiftCompile normal arm64 Compiling\ State.swift /Users/admin/builder/spi-builder-workspace/.dependencies/checkouts/xorswift/Sources/State.swift (in target 'Xorswift' from project 'Xorswift')
SwiftCompile normal arm64 /Users/admin/builder/spi-builder-workspace/.dependencies/checkouts/xorswift/Sources/State.swift (in target 'Xorswift' from project 'Xorswift')
    cd /Users/admin/builder/spi-builder-workspace/.swiftpm/xcode
    builtin-SwiftPerFileCompile State.swift
SwiftCompile normal arm64_32 Compiling\ Xorswift.swift /Users/admin/builder/spi-builder-workspace/.dependencies/checkouts/xorswift/Sources/Xorswift.swift (in target 'Xorswift' from project 'Xorswift')
SwiftCompile normal arm64_32 /Users/admin/builder/spi-builder-workspace/.dependencies/checkouts/xorswift/Sources/Xorswift.swift (in target 'Xorswift' from project 'Xorswift')
    cd /Users/admin/builder/spi-builder-workspace/.swiftpm/xcode
    builtin-SwiftPerFileCompile Xorswift.swift
SwiftCompile normal arm64_32 Compiling\ Normal.swift /Users/admin/builder/spi-builder-workspace/.dependencies/checkouts/xorswift/Sources/Normal.swift (in target 'Xorswift' from project 'Xorswift')
/Users/admin/builder/spi-builder-workspace/.dependencies/checkouts/xorswift/Sources/Normal.swift:106:47: error: cannot convert value of type 'Int32' to expected argument type 'Int'
104 |                                 mu: Float = 0,
105 |                                 sigma: Float = 1) {
106 |         _xorshift_normal(start: start, count: Int32(count), mu: mu, sigma: sigma)
    |                                               `- error: cannot convert value of type 'Int32' to expected argument type 'Int'
107 |     }
108 | #endif
/Users/admin/builder/spi-builder-workspace/.dependencies/checkouts/xorswift/Sources/Normal.swift:124:19: error: cannot find 'nextafterf' in scope
122 |
123 |     var p = start
124 |     let divisor = nextafterf(Float(UInt32.max), Float.infinity)
    |                   `- error: cannot find 'nextafterf' in scope
125 |
126 |     if count%2 == 1 {
/Users/admin/builder/spi-builder-workspace/.dependencies/checkouts/xorswift/Sources/Normal.swift:138:27: error: cannot find 'sqrtf' in scope
136 |         let x2 = Float(w) / divisor + Float.leastNormalMagnitude
137 |
138 |         p.pointee = sigma*sqrtf(-2*logf(x1))*cosf(2*Float.pi*x2) + mu
    |                           `- error: cannot find 'sqrtf' in scope
139 |         p += 1
140 |     }
/Users/admin/builder/spi-builder-workspace/.dependencies/checkouts/xorswift/Sources/Normal.swift:138:36: error: cannot find 'logf' in scope
136 |         let x2 = Float(w) / divisor + Float.leastNormalMagnitude
137 |
138 |         p.pointee = sigma*sqrtf(-2*logf(x1))*cosf(2*Float.pi*x2) + mu
    |                                    `- error: cannot find 'logf' in scope
139 |         p += 1
140 |     }
/Users/admin/builder/spi-builder-workspace/.dependencies/checkouts/xorswift/Sources/Normal.swift:138:46: error: cannot find 'cosf' in scope
136 |         let x2 = Float(w) / divisor + Float.leastNormalMagnitude
137 |
138 |         p.pointee = sigma*sqrtf(-2*logf(x1))*cosf(2*Float.pi*x2) + mu
    |                                              `- error: cannot find 'cosf' in scope
139 |         p += 1
140 |     }
/Users/admin/builder/spi-builder-workspace/.dependencies/checkouts/xorswift/Sources/Normal.swift:156:27: error: cannot find 'sqrtf' in scope
154 |         x1 = Float(x) / divisor + Float.leastNormalMagnitude
155 |         x2 = Float(y) / divisor + Float.leastNormalMagnitude
156 |         p.pointee = sigma*sqrtf(-2*logf(x1))*cosf(2*Float.pi*x2) + mu
    |                           `- error: cannot find 'sqrtf' in scope
157 |         p += 1
158 |
/Users/admin/builder/spi-builder-workspace/.dependencies/checkouts/xorswift/Sources/Normal.swift:156:36: error: cannot find 'logf' in scope
154 |         x1 = Float(x) / divisor + Float.leastNormalMagnitude
155 |         x2 = Float(y) / divisor + Float.leastNormalMagnitude
156 |         p.pointee = sigma*sqrtf(-2*logf(x1))*cosf(2*Float.pi*x2) + mu
    |                                    `- error: cannot find 'logf' in scope
157 |         p += 1
158 |
/Users/admin/builder/spi-builder-workspace/.dependencies/checkouts/xorswift/Sources/Normal.swift:156:46: error: cannot find 'cosf' in scope
154 |         x1 = Float(x) / divisor + Float.leastNormalMagnitude
155 |         x2 = Float(y) / divisor + Float.leastNormalMagnitude
156 |         p.pointee = sigma*sqrtf(-2*logf(x1))*cosf(2*Float.pi*x2) + mu
    |                                              `- error: cannot find 'cosf' in scope
157 |         p += 1
158 |
/Users/admin/builder/spi-builder-workspace/.dependencies/checkouts/xorswift/Sources/Normal.swift:161:27: error: cannot find 'sqrtf' in scope
159 |         x1 = Float(z) / divisor + Float.leastNormalMagnitude
160 |         x2 = Float(w) / divisor + Float.leastNormalMagnitude
161 |         p.pointee = sigma*sqrtf(-2*logf(x1))*cosf(2*Float.pi*x2) + mu
    |                           `- error: cannot find 'sqrtf' in scope
162 |         p += 1
163 |     }
/Users/admin/builder/spi-builder-workspace/.dependencies/checkouts/xorswift/Sources/Normal.swift:161:36: error: cannot find 'logf' in scope
159 |         x1 = Float(z) / divisor + Float.leastNormalMagnitude
160 |         x2 = Float(w) / divisor + Float.leastNormalMagnitude
161 |         p.pointee = sigma*sqrtf(-2*logf(x1))*cosf(2*Float.pi*x2) + mu
    |                                    `- error: cannot find 'logf' in scope
162 |         p += 1
163 |     }
/Users/admin/builder/spi-builder-workspace/.dependencies/checkouts/xorswift/Sources/Normal.swift:161:46: error: cannot find 'cosf' in scope
159 |         x1 = Float(z) / divisor + Float.leastNormalMagnitude
160 |         x2 = Float(w) / divisor + Float.leastNormalMagnitude
161 |         p.pointee = sigma*sqrtf(-2*logf(x1))*cosf(2*Float.pi*x2) + mu
    |                                              `- error: cannot find 'cosf' in scope
162 |         p += 1
163 |     }
/Users/admin/builder/spi-builder-workspace/.dependencies/checkouts/xorswift/Sources/Normal.swift:272:47: error: cannot convert value of type 'Int32' to expected argument type 'Int'
270 |                                 mu: Double = 0,
271 |                                 sigma: Double = 1) {
272 |         _xorshift_normal(start: start, count: Int32(count), mu: mu, sigma: sigma)
    |                                               `- error: cannot convert value of type 'Int32' to expected argument type 'Int'
273 |     }
274 | #endif
/Users/admin/builder/spi-builder-workspace/.dependencies/checkouts/xorswift/Sources/Normal.swift:304:27: error: cannot find 'sqrt' in scope
302 |         let x2 = Double(w) / divisor + Double.leastNormalMagnitude
303 |
304 |         p.pointee = sigma*sqrt(-2*log(x1))*cos(2*Double.pi*x2) + mu
    |                           `- error: cannot find 'sqrt' in scope
305 |         p += 1
306 |     }
/Users/admin/builder/spi-builder-workspace/.dependencies/checkouts/xorswift/Sources/Normal.swift:304:35: error: cannot find 'log' in scope
302 |         let x2 = Double(w) / divisor + Double.leastNormalMagnitude
303 |
304 |         p.pointee = sigma*sqrt(-2*log(x1))*cos(2*Double.pi*x2) + mu
    |                                   `- error: cannot find 'log' in scope
305 |         p += 1
306 |     }
/Users/admin/builder/spi-builder-workspace/.dependencies/checkouts/xorswift/Sources/Normal.swift:304:44: error: cannot find 'cos' in scope
302 |         let x2 = Double(w) / divisor + Double.leastNormalMagnitude
303 |
304 |         p.pointee = sigma*sqrt(-2*log(x1))*cos(2*Double.pi*x2) + mu
    |                                            `- error: cannot find 'cos' in scope
305 |         p += 1
306 |     }
/Users/admin/builder/spi-builder-workspace/.dependencies/checkouts/xorswift/Sources/Normal.swift:322:27: error: cannot find 'sqrt' in scope
320 |         x1 = Double(x) / divisor + Double.leastNormalMagnitude
321 |         x2 = Double(y) / divisor + Double.leastNormalMagnitude
322 |         p.pointee = sigma*sqrt(-2*log(x1))*cos(2*Double.pi*x2) + mu
    |                           `- error: cannot find 'sqrt' in scope
323 |         p += 1
324 |
/Users/admin/builder/spi-builder-workspace/.dependencies/checkouts/xorswift/Sources/Normal.swift:322:35: error: cannot find 'log' in scope
320 |         x1 = Double(x) / divisor + Double.leastNormalMagnitude
321 |         x2 = Double(y) / divisor + Double.leastNormalMagnitude
322 |         p.pointee = sigma*sqrt(-2*log(x1))*cos(2*Double.pi*x2) + mu
    |                                   `- error: cannot find 'log' in scope
323 |         p += 1
324 |
/Users/admin/builder/spi-builder-workspace/.dependencies/checkouts/xorswift/Sources/Normal.swift:322:44: error: cannot find 'cos' in scope
320 |         x1 = Double(x) / divisor + Double.leastNormalMagnitude
321 |         x2 = Double(y) / divisor + Double.leastNormalMagnitude
322 |         p.pointee = sigma*sqrt(-2*log(x1))*cos(2*Double.pi*x2) + mu
    |                                            `- error: cannot find 'cos' in scope
323 |         p += 1
324 |
/Users/admin/builder/spi-builder-workspace/.dependencies/checkouts/xorswift/Sources/Normal.swift:327:27: error: cannot find 'sqrt' in scope
325 |         x1 = Double(z) / divisor + Double.leastNormalMagnitude
326 |         x2 = Double(w) / divisor + Double.leastNormalMagnitude
327 |         p.pointee = sigma*sqrt(-2*log(x1))*cos(2*Double.pi*x2) + mu
    |                           `- error: cannot find 'sqrt' in scope
328 |         p += 1
329 |     }
/Users/admin/builder/spi-builder-workspace/.dependencies/checkouts/xorswift/Sources/Normal.swift:327:35: error: cannot find 'log' in scope
325 |         x1 = Double(z) / divisor + Double.leastNormalMagnitude
326 |         x2 = Double(w) / divisor + Double.leastNormalMagnitude
327 |         p.pointee = sigma*sqrt(-2*log(x1))*cos(2*Double.pi*x2) + mu
    |                                   `- error: cannot find 'log' in scope
328 |         p += 1
329 |     }
/Users/admin/builder/spi-builder-workspace/.dependencies/checkouts/xorswift/Sources/Normal.swift:327:44: error: cannot find 'cos' in scope
325 |         x1 = Double(z) / divisor + Double.leastNormalMagnitude
326 |         x2 = Double(w) / divisor + Double.leastNormalMagnitude
327 |         p.pointee = sigma*sqrt(-2*log(x1))*cos(2*Double.pi*x2) + mu
    |                                            `- error: cannot find 'cos' in scope
328 |         p += 1
329 |     }
Failed frontend command:
/Applications/Xcode-27.0.0-Release.Candidate.app/Contents/Developer/Toolchains/XcodeDefault.xctoolchain/usr/bin/swift-frontend -frontend -c /Users/admin/builder/spi-builder-workspace/.dependencies/checkouts/xorswift/Sources/NextAfter.swift -primary-file /Users/admin/builder/spi-builder-workspace/.dependencies/checkouts/xorswift/Sources/Normal.swift /Users/admin/builder/spi-builder-workspace/.dependencies/checkouts/xorswift/Sources/State.swift /Users/admin/builder/spi-builder-workspace/.dependencies/checkouts/xorswift/Sources/Uniform.swift /Users/admin/builder/spi-builder-workspace/.dependencies/checkouts/xorswift/Sources/Xorswift.swift -emit-dependencies-path /Users/admin/builder/spi-builder-workspace/.derivedData/Build/Intermediates.noindex/Xorswift.build/Debug-watchos/Xorswift-t.build/Objects-normal/arm64_32/Normal.d -emit-const-values-path /Users/admin/builder/spi-builder-workspace/.derivedData/Build/Intermediates.noindex/Xorswift.build/Debug-watchos/Xorswift-t.build/Objects-normal/arm64_32/Normal.swiftconstvalues -emit-reference-dependencies-path /Users/admin/builder/spi-builder-workspace/.derivedData/Build/Intermediates.noindex/Xorswift.build/Debug-watchos/Xorswift-t.build/Objects-normal/arm64_32/Normal.swiftdeps -serialize-diagnostics-path /Users/admin/builder/spi-builder-workspace/.derivedData/Build/Intermediates.noindex/Xorswift.build/Debug-watchos/Xorswift-t.build/Objects-normal/arm64_32/Normal.dia -target arm64_32-apple-watchos9.0 -enable-objc-interop -sdk /Applications/Xcode-27.0.0-Release.Candidate.app/Contents/Developer/Platforms/WatchOS.platform/Developer/SDKs/WatchOS27.0.sdk -I /Users/admin/builder/spi-builder-workspace/.derivedData/Build/Products/Debug-watchos -Isystem /Applications/Xcode-27.0.0-Release.Candidate.app/Contents/Developer/Platforms/WatchOS.platform/Developer/usr/lib -F /Users/admin/builder/spi-builder-workspace/.derivedData/Build/Products/Debug-watchos -F /Applications/Xcode-27.0.0-Release.Candidate.app/Contents/Developer/Platforms/WatchOS.platform/Developer/Library/Frameworks -F /Applications/Xcode-27.0.0-Release.Candidate.app/Contents/Developer/Platforms/WatchOS.platform/Developer/SDKs/WatchOS27.0.sdk/Developer/Library/Frameworks -module-cache-path /Users/admin/builder/spi-builder-workspace/.derivedData/ModuleCache.noindex -no-color-diagnostics -Xcc -fno-color-diagnostics -enable-testing -g -debug-info-format\=dwarf -dwarf-version\=4 -suppress-warnings -profile-generate -profile-coverage-mapping -swift-version 4 -Onone -D SWIFT_PACKAGE -D DEBUG -D SWIFT_MODULE_RESOURCE_BUNDLE_UNAVAILABLE -D Xcode -serialize-debugging-options -enable-experimental-feature DebugDescriptionMacro -empty-abi-descriptor -plugin-path /Applications/Xcode-27.0.0-Release.Candidate.app/Contents/Developer/Toolchains/XcodeDefault.xctoolchain/usr/lib/swift/host/plugins/testing -validate-clang-modules-once -clang-build-session-file /Users/admin/builder/spi-builder-workspace/.derivedData/ModuleCache.noindex/Session.modulevalidation -Xcc -working-directory -Xcc /Users/admin/builder/spi-builder-workspace/.swiftpm/xcode -enable-anonymous-context-mangled-names -file-compilation-dir /Users/admin/builder/spi-builder-workspace/.swiftpm/xcode -Xcc -D_LIBCPP_HARDENING_MODE\=_LIBCPP_HARDENING_MODE_DEBUG -Xcc -ivfsstatcache -Xcc /Users/admin/builder/spi-builder-workspace/.derivedData/SDKStatCaches.noindex/watchos27.0-24R360-e829b21a6f8c9b70876ba0858053c04477534ef55a1706bf4c1112bbb242f0a2.sdkstatcache -Xcc -fmodules-prune-interval\=86400 -Xcc -fmodules-prune-after\=345600 -Xcc -I/Users/admin/builder/spi-builder-workspace/.derivedData/Build/Products/Debug-watchos/include -Xcc -I/Users/admin/builder/spi-builder-workspace/.derivedData/Build/Intermediates.noindex/Xorswift.build/Debug-watchos/Xorswift-t.build/DerivedSources-normal/arm64_32 -Xcc -I/Users/admin/builder/spi-builder-workspace/.derivedData/Build/Intermediates.noindex/Xorswift.build/Debug-watchos/Xorswift-t.build/DerivedSources/arm64_32 -Xcc -I/Users/admin/builder/spi-builder-workspace/.derivedData/Build/Intermediates.noindex/Xorswift.build/Debug-watchos/Xorswift-t.build/DerivedSources -Xcc -DSWIFT_PACKAGE -Xcc -DDEBUG\=1 -no-auto-bridging-header-chaining -module-name Xorswift -const-gather-protocols-file /Users/admin/builder/spi-builder-workspace/.derivedData/Build/Intermediates.noindex/Xorswift.build/Debug-watchos/Xorswift-t.build/Objects-normal/arm64_32/Xorswift_const_extract_protocols.json -disable-clang-spi -target-sdk-version 27.0 -target-sdk-name watchos27.0 -external-plugin-path /Applications/Xcode-27.0.0-Release.Candidate.app/Contents/Developer/Platforms/WatchOS.platform/Developer/usr/lib/swift/host/plugins\#/Applications/Xcode-27.0.0-Release.Candidate.app/Contents/Developer/Platforms/WatchOS.platform/Developer/usr/bin/swift-plugin-server -external-plugin-path /Applications/Xcode-27.0.0-Release.Candidate.app/Contents/Developer/Platforms/WatchOS.platform/Developer/usr/local/lib/swift/host/plugins\#/Applications/Xcode-27.0.0-Release.Candidate.app/Contents/Developer/Platforms/WatchOS.platform/Developer/usr/bin/swift-plugin-server -in-process-plugin-server-path /Applications/Xcode-27.0.0-Release.Candidate.app/Contents/Developer/Toolchains/XcodeDefault.xctoolchain/usr/lib/swift/host/libSwiftInProcPluginServer.dylib -plugin-path /Applications/Xcode-27.0.0-Release.Candidate.app/Contents/Developer/Toolchains/XcodeDefault.xctoolchain/usr/lib/swift/host/plugins -plugin-path /Applications/Xcode-27.0.0-Release.Candidate.app/Contents/Developer/Toolchains/XcodeDefault.xctoolchain/usr/local/lib/swift/host/plugins -parse-as-library -o /Users/admin/builder/spi-builder-workspace/.derivedData/Build/Intermediates.noindex/Xorswift.build/Debug-watchos/Xorswift-t.build/Objects-normal/arm64_32/Normal.o -index-unit-output-path /Xorswift.build/Debug-watchos/Xorswift-t.build/Objects-normal/arm64_32/Normal.o -index-store-path /Users/admin/builder/spi-builder-workspace/.derivedData/Index.noindex/DataStore -index-system-modules
SwiftCompile normal arm64_32 /Users/admin/builder/spi-builder-workspace/.dependencies/checkouts/xorswift/Sources/Normal.swift (in target 'Xorswift' from project 'Xorswift')
    cd /Users/admin/builder/spi-builder-workspace/.swiftpm/xcode
    builtin-SwiftPerFileCompile Normal.swift
SwiftEmitModule normal arm64 Emitting\ module\ for\ Xorswift (in target 'Xorswift' from project 'Xorswift')
SwiftCompile normal arm64 (in target 'Xorswift' from project 'Xorswift')
    cd /Users/admin/builder/spi-builder-workspace/.swiftpm/xcode

SwiftCompile normal arm64 Compiling\ Xorswift.swift /Users/admin/builder/spi-builder-workspace/.dependencies/checkouts/xorswift/Sources/Xorswift.swift (in target 'Xorswift' from project 'Xorswift')
SwiftCompile normal arm64 /Users/admin/builder/spi-builder-workspace/.dependencies/checkouts/xorswift/Sources/Xorswift.swift (in target 'Xorswift' from project 'Xorswift')
    cd /Users/admin/builder/spi-builder-workspace/.swiftpm/xcode
    builtin-SwiftPerFileCompile Xorswift.swift
SwiftDriverJobDiscovery normal arm64_32 Emitting module for Xorswift (in target 'Xorswift' from project 'Xorswift')
SwiftCompile normal arm64 Compiling\ Uniform.swift /Users/admin/builder/spi-builder-workspace/.dependencies/checkouts/xorswift/Sources/Uniform.swift (in target 'Xorswift' from project 'Xorswift')
SwiftCompile normal arm64 /Users/admin/builder/spi-builder-workspace/.dependencies/checkouts/xorswift/Sources/Uniform.swift (in target 'Xorswift' from project 'Xorswift')
    cd /Users/admin/builder/spi-builder-workspace/.swiftpm/xcode
    builtin-SwiftPerFileCompile Uniform.swift
SwiftDriverJobDiscovery normal arm64 Emitting module for Xorswift (in target 'Xorswift' from project 'Xorswift')
SwiftDriver\ Compilation\ Requirements Xorswift normal arm64_32 com.apple.xcode.tools.swift.compiler (in target 'Xorswift' from project 'Xorswift')
    cd /Users/admin/builder/spi-builder-workspace/.swiftpm/xcode
    builtin-Swift-Compilation-Requirements -- /Applications/Xcode-27.0.0-Release.Candidate.app/Contents/Developer/Toolchains/XcodeDefault.xctoolchain/usr/bin/swiftc -parse-as-library -module-name Xorswift -Onone @/Users/admin/builder/spi-builder-workspace/.derivedData/Build/Intermediates.noindex/Xorswift.build/Debug-watchos/Xorswift-t.build/Objects-normal/arm64_32/Xorswift.SwiftFileList -DSWIFT_PACKAGE -DDEBUG -DSWIFT_MODULE_RESOURCE_BUNDLE_UNAVAILABLE -DXcode -plugin-path /Applications/Xcode-27.0.0-Release.Candidate.app/Contents/Developer/Toolchains/XcodeDefault.xctoolchain/usr/lib/swift/host/plugins/testing -enable-experimental-feature DebugDescriptionMacro -sdk /Applications/Xcode-27.0.0-Release.Candidate.app/Contents/Developer/Platforms/WatchOS.platform/Developer/SDKs/WatchOS27.0.sdk -target arm64_32-apple-watchos9.0 -g -module-cache-path /Users/admin/builder/spi-builder-workspace/.derivedData/ModuleCache.noindex -Xfrontend -serialize-debugging-options -profile-coverage-mapping -profile-generate -enable-testing -suppress-warnings -index-store-path /Users/admin/builder/spi-builder-workspace/.derivedData/Index.noindex/DataStore -Xcc -D_LIBCPP_HARDENING_MODE\=_LIBCPP_HARDENING_MODE_DEBUG -swift-version 4 -I /Users/admin/builder/spi-builder-workspace/.derivedData/Build/Products/Debug-watchos -Isystem /Applications/Xcode-27.0.0-Release.Candidate.app/Contents/Developer/Platforms/WatchOS.platform/Developer/usr/lib -F /Users/admin/builder/spi-builder-workspace/.derivedData/Build/Products/Debug-watchos -F /Applications/Xcode-27.0.0-Release.Candidate.app/Contents/Developer/Platforms/WatchOS.platform/Developer/Library/Frameworks -F /Applications/Xcode-27.0.0-Release.Candidate.app/Contents/Developer/Platforms/WatchOS.platform/Developer/SDKs/WatchOS27.0.sdk/Developer/Library/Frameworks -c -j10 -enable-batch-mode -incremental -Xcc -ivfsstatcache -Xcc /Users/admin/builder/spi-builder-workspace/.derivedData/SDKStatCaches.noindex/watchos27.0-24R360-e829b21a6f8c9b70876ba0858053c04477534ef55a1706bf4c1112bbb242f0a2.sdkstatcache -output-file-map /Users/admin/builder/spi-builder-workspace/.derivedData/Build/Intermediates.noindex/Xorswift.build/Debug-watchos/Xorswift-t.build/Objects-normal/arm64_32/Xorswift-OutputFileMap.json -save-temps -no-color-diagnostics -emit-dependencies -emit-module -emit-module-path /Users/admin/builder/spi-builder-workspace/.derivedData/Build/Intermediates.noindex/Xorswift.build/Debug-watchos/Xorswift-t.build/Objects-normal/arm64_32/Xorswift.swiftmodule -serialize-diagnostics -validate-clang-modules-once -clang-build-session-file /Users/admin/builder/spi-builder-workspace/.derivedData/ModuleCache.noindex/Session.modulevalidation -Xcc -fmodules-prune-interval\=86400 -Xcc -fmodules-prune-after\=345600 -emit-const-values -const-gather-protocols-list /Users/admin/builder/spi-builder-workspace/.derivedData/Build/Intermediates.noindex/Xorswift.build/Debug-watchos/Xorswift-t.build/Objects-normal/arm64_32/Xorswift_const_extract_protocols.json -Xcc -I/Users/admin/builder/spi-builder-workspace/.derivedData/Build/Products/Debug-watchos/include -Xcc -I/Users/admin/builder/spi-builder-workspace/.derivedData/Build/Intermediates.noindex/Xorswift.build/Debug-watchos/Xorswift-t.build/DerivedSources-normal/arm64_32 -Xcc -I/Users/admin/builder/spi-builder-workspace/.derivedData/Build/Intermediates.noindex/Xorswift.build/Debug-watchos/Xorswift-t.build/DerivedSources/arm64_32 -Xcc -I/Users/admin/builder/spi-builder-workspace/.derivedData/Build/Intermediates.noindex/Xorswift.build/Debug-watchos/Xorswift-t.build/DerivedSources -Xcc -DSWIFT_PACKAGE -Xcc -DDEBUG\=1 -emit-objc-header -emit-objc-header-path /Users/admin/builder/spi-builder-workspace/.derivedData/Build/Intermediates.noindex/Xorswift.build/Debug-watchos/Xorswift-t.build/Objects-normal/arm64_32/Xorswift-Swift.h -working-directory /Users/admin/builder/spi-builder-workspace/.swiftpm/xcode -experimental-emit-module-separately -disable-cmo
PruneExplicitPrecompiledModules /Users/admin/builder/spi-builder-workspace/.derivedData/Build/Intermediates.noindex/SwiftExplicitPrecompiledModules
PruneExplicitPrecompiledModules /Users/admin/builder/spi-builder-workspace/.derivedData/SDKExplicitPrecompiledModules
PruneExplicitPrecompiledModules /Users/admin/builder/spi-builder-workspace/.derivedData/Build/Intermediates.noindex/ExplicitPrecompiledModules
2026-09-16 06:37:55.279 xcodebuild[774:4891] [MT] IDERunDestination: Supported platforms for the buildables in the current scheme is empty.
** BUILD FAILED **
The following build commands failed:
	SwiftCompile normal arm64 /Users/admin/builder/spi-builder-workspace/.dependencies/checkouts/xorswift/Sources/Normal.swift (in target 'Xorswift' from project 'Xorswift')
	SwiftCompile normal arm64 Compiling\ Normal.swift /Users/admin/builder/spi-builder-workspace/.dependencies/checkouts/xorswift/Sources/Normal.swift (in target 'Xorswift' from project 'Xorswift')
	SwiftCompile normal arm64_32 Compiling\ Normal.swift /Users/admin/builder/spi-builder-workspace/.dependencies/checkouts/xorswift/Sources/Normal.swift (in target 'Xorswift' from project 'Xorswift')
	SwiftCompile normal arm64_32 /Users/admin/builder/spi-builder-workspace/.dependencies/checkouts/xorswift/Sources/Normal.swift (in target 'Xorswift' from project 'Xorswift')
	Building workspace SwifitLearn with scheme SwifitLearn
(5 failures)
BUILD FAILURE 6.4 watchOS