Build Information
Failed to build Scout, reference 0.4.0 (d38b84), with Swift 6.1 for watchOS using Xcode 16.3 on 20 Oct 2026 02:25:29 UTC.
Build Command
env DEVELOPER_DIR=/Applications/Xcode-16.3.0.app xcrun xcodebuild -IDEClonedSourcePackagesDirPathOverride=$PWD/.dependencies -skipMacroValidation -skipPackagePluginValidation -derivedDataPath $PWD/.derivedData build -scheme Scout-Package -destination generic/platform=watchOSBuild Log
SwiftDriverJobDiscovery normal arm64 Compiling CompileUnit+Ranges.swift, CompileUnit.swift (in target 'DWARF' from project 'Scout')
SwiftCompile normal arm64_32 Compiling\ RangeList.swift,\ UnitHeader.swift /Users/admin/builder/spi-builder-workspace/Sources/ScoutSymbols/DWARF/CompileUnit/RangeList.swift /Users/admin/builder/spi-builder-workspace/Sources/ScoutSymbols/DWARF/CompileUnit/UnitHeader.swift (in target 'DWARF' from project 'Scout')
SwiftCompile normal arm64_32 /Users/admin/builder/spi-builder-workspace/Sources/ScoutSymbols/DWARF/CompileUnit/RangeList.swift (in target 'DWARF' from project 'Scout')
cd /Users/admin/builder/spi-builder-workspace/.swiftpm/xcode
SwiftCompile normal arm64_32 /Users/admin/builder/spi-builder-workspace/Sources/ScoutSymbols/DWARF/CompileUnit/UnitHeader.swift (in target 'DWARF' from project 'Scout')
cd /Users/admin/builder/spi-builder-workspace/.swiftpm/xcode
SwiftEmitModule normal arm64 Emitting\ module\ for\ scout_symbols (in target 'scout-symbols' from project 'Scout')
EmitSwiftModule normal arm64 (in target 'scout-symbols' from project 'Scout')
cd /Users/admin/builder/spi-builder-workspace/.swiftpm/xcode
SwiftEmitModule normal arm64_32 Emitting\ module\ for\ scout_symbols (in target 'scout-symbols' from project 'Scout')
EmitSwiftModule normal arm64_32 (in target 'scout-symbols' from project 'Scout')
cd /Users/admin/builder/spi-builder-workspace/.swiftpm/xcode
SwiftCompile normal arm64 Compiling\ SwiftDemangler.swift /Users/admin/builder/spi-builder-workspace/Sources/ScoutSymbols/CLI/SwiftDemangler.swift (in target 'scout-symbols' from project 'Scout')
SwiftCompile normal arm64 /Users/admin/builder/spi-builder-workspace/Sources/ScoutSymbols/CLI/SwiftDemangler.swift (in target 'scout-symbols' from project 'Scout')
cd /Users/admin/builder/spi-builder-workspace/.swiftpm/xcode
SwiftDriverJobDiscovery normal arm64 Compiling AttributeValue.swift, DebugEntry.swift (in target 'DWARF' from project 'Scout')
SwiftDriverJobDiscovery normal arm64_32 Compiling MultiplexLogHandler.swift, StreamLogHandler.swift (in target 'Logging' from project 'swift-log')
SwiftCompile normal arm64_32 Compiling\ SwiftDemangler.swift /Users/admin/builder/spi-builder-workspace/Sources/ScoutSymbols/CLI/SwiftDemangler.swift (in target 'scout-symbols' from project 'Scout')
SwiftCompile normal arm64_32 /Users/admin/builder/spi-builder-workspace/Sources/ScoutSymbols/CLI/SwiftDemangler.swift (in target 'scout-symbols' from project 'Scout')
cd /Users/admin/builder/spi-builder-workspace/.swiftpm/xcode
SwiftDriverJobDiscovery normal arm64_32 Compiling EntryCollector.swift, SymbolTable+Image.swift (in target 'DWARF' from project 'Scout')
SwiftCompile normal arm64 Compiling\ ScoutSymbols.swift /Users/admin/builder/spi-builder-workspace/Sources/ScoutSymbols/CLI/ScoutSymbols.swift (in target 'scout-symbols' from project 'Scout')
SwiftCompile normal arm64 /Users/admin/builder/spi-builder-workspace/Sources/ScoutSymbols/CLI/ScoutSymbols.swift (in target 'scout-symbols' from project 'Scout')
cd /Users/admin/builder/spi-builder-workspace/.swiftpm/xcode
SwiftDriverJobDiscovery normal arm64_32 Compiling DataCursor.swift, MachOImage.swift (in target 'DWARF' from project 'Scout')
SwiftCompile normal arm64_32 Compiling\ Command.swift /Users/admin/builder/spi-builder-workspace/Sources/ScoutSymbols/CLI/Command.swift (in target 'scout-symbols' from project 'Scout')
SwiftCompile normal arm64_32 /Users/admin/builder/spi-builder-workspace/Sources/ScoutSymbols/CLI/Command.swift (in target 'scout-symbols' from project 'Scout')
cd /Users/admin/builder/spi-builder-workspace/.swiftpm/xcode
SwiftDriverJobDiscovery normal arm64_32 Compiling CompileUnit+Ranges.swift, CompileUnit.swift (in target 'DWARF' from project 'Scout')
SwiftCompile normal arm64 Compiling\ Command.swift /Users/admin/builder/spi-builder-workspace/Sources/ScoutSymbols/CLI/Command.swift (in target 'scout-symbols' from project 'Scout')
SwiftCompile normal arm64 /Users/admin/builder/spi-builder-workspace/Sources/ScoutSymbols/CLI/Command.swift (in target 'scout-symbols' from project 'Scout')
cd /Users/admin/builder/spi-builder-workspace/.swiftpm/xcode
SwiftDriverJobDiscovery normal arm64_32 Compiling Logger.swift (in target 'Logging' from project 'swift-log')
SwiftCompile normal arm64_32 Compiling\ ScoutSymbols.swift /Users/admin/builder/spi-builder-workspace/Sources/ScoutSymbols/CLI/ScoutSymbols.swift (in target 'scout-symbols' from project 'Scout')
SwiftCompile normal arm64_32 /Users/admin/builder/spi-builder-workspace/Sources/ScoutSymbols/CLI/ScoutSymbols.swift (in target 'scout-symbols' from project 'Scout')
cd /Users/admin/builder/spi-builder-workspace/.swiftpm/xcode
SwiftDriverJobDiscovery normal arm64 Emitting module for scout_symbols (in target 'scout-symbols' from project 'Scout')
SwiftDriver\ Compilation\ Requirements scout-symbols normal arm64 com.apple.xcode.tools.swift.compiler (in target 'scout-symbols' from project 'Scout')
cd /Users/admin/builder/spi-builder-workspace/.swiftpm/xcode
builtin-Swift-Compilation-Requirements -- /Applications/Xcode-16.3.0.app/Contents/Developer/Toolchains/XcodeDefault.xctoolchain/usr/bin/swiftc -module-name scout_symbols -Onone -enforce-exclusivity\=checked @/Users/admin/builder/spi-builder-workspace/.derivedData/Build/Intermediates.noindex/Scout.build/Debug-watchos/scout-symbols.build/Objects-normal/arm64/scout-symbols.SwiftFileList -DSWIFT_PACKAGE -DDEBUG -DXcode -plugin-path /Applications/Xcode-16.3.0.app/Contents/Developer/Toolchains/XcodeDefault.xctoolchain/usr/lib/swift/host/plugins/testing -enable-experimental-feature DebugDescriptionMacro -sdk /Applications/Xcode-16.3.0.app/Contents/Developer/Platforms/WatchOS.platform/Developer/SDKs/WatchOS11.4.sdk -target arm64-apple-watchos9.0 -g -module-cache-path /Users/admin/builder/spi-builder-workspace/.derivedData/ModuleCache.noindex -Xfrontend -serialize-debugging-options -profile-coverage-mapping -profile-generate -enable-testing -index-store-path /Users/admin/builder/spi-builder-workspace/.derivedData/Index.noindex/DataStore -swift-version 6 -I /Users/admin/builder/spi-builder-workspace/.derivedData/Build/Products/Debug-watchos -I /Applications/Xcode-16.3.0.app/Contents/Developer/Platforms/WatchOS.platform/Developer/usr/lib -F /Users/admin/builder/spi-builder-workspace/.derivedData/Build/Products/Debug-watchos/PackageFrameworks -F /Users/admin/builder/spi-builder-workspace/.derivedData/Build/Products/Debug-watchos/PackageFrameworks -F /Users/admin/builder/spi-builder-workspace/.derivedData/Build/Products/Debug-watchos -F /Applications/Xcode-16.3.0.app/Contents/Developer/Platforms/WatchOS.platform/Developer/Library/Frameworks -F /Applications/Xcode-16.3.0.app/Contents/Developer/Platforms/WatchOS.platform/Developer/SDKs/WatchOS11.4.sdk/Developer/Library/Frameworks -c -j10 -enable-batch-mode -incremental -Xcc -ivfsstatcache -Xcc /Users/admin/builder/spi-builder-workspace/.derivedData/SDKStatCaches.noindex/watchos11.4-22T246-43efb940ff07ba2497b70ec94253f576.sdkstatcache -output-file-map /Users/admin/builder/spi-builder-workspace/.derivedData/Build/Intermediates.noindex/Scout.build/Debug-watchos/scout-symbols.build/Objects-normal/arm64/scout-symbols-OutputFileMap.json -use-frontend-parseable-output -save-temps -no-color-diagnostics -serialize-diagnostics -emit-dependencies -emit-module -emit-module-path /Users/admin/builder/spi-builder-workspace/.derivedData/Build/Intermediates.noindex/Scout.build/Debug-watchos/scout-symbols.build/Objects-normal/arm64/scout_symbols.swiftmodule -validate-clang-modules-once -clang-build-session-file /Users/admin/builder/spi-builder-workspace/.derivedData/ModuleCache.noindex/Session.modulevalidation -package-name spi_builder_workspace -emit-const-values -Xfrontend -const-gather-protocols-file -Xfrontend /Users/admin/builder/spi-builder-workspace/.derivedData/Build/Intermediates.noindex/Scout.build/Debug-watchos/scout-symbols.build/Objects-normal/arm64/scout-symbols_const_extract_protocols.json -Xcc -I/Users/admin/builder/spi-builder-workspace/.derivedData/Build/Products/Debug-watchos/include -Xcc -I/Users/admin/builder/spi-builder-workspace/.derivedData/Build/Intermediates.noindex/Scout.build/Debug-watchos/scout-symbols.build/DerivedSources-normal/arm64 -Xcc -I/Users/admin/builder/spi-builder-workspace/.derivedData/Build/Intermediates.noindex/Scout.build/Debug-watchos/scout-symbols.build/DerivedSources/arm64 -Xcc -I/Users/admin/builder/spi-builder-workspace/.derivedData/Build/Intermediates.noindex/Scout.build/Debug-watchos/scout-symbols.build/DerivedSources -Xcc -DSWIFT_PACKAGE -Xcc -DDEBUG\=1 -working-directory /Users/admin/builder/spi-builder-workspace/.swiftpm/xcode -experimental-emit-module-separately -disable-cmo
SwiftDriverJobDiscovery normal arm64_32 Emitting module for scout_symbols (in target 'scout-symbols' from project 'Scout')
SwiftDriver\ Compilation Logging normal arm64_32 com.apple.xcode.tools.swift.compiler (in target 'Logging' from project 'swift-log')
cd /Users/admin/builder/spi-builder-workspace/.swiftpm/xcode
builtin-Swift-Compilation -- /Applications/Xcode-16.3.0.app/Contents/Developer/Toolchains/XcodeDefault.xctoolchain/usr/bin/swiftc -module-name Logging -Onone -enforce-exclusivity\=checked @/Users/admin/builder/spi-builder-workspace/.derivedData/Build/Intermediates.noindex/swift-log.build/Debug-watchos/Logging.build/Objects-normal/arm64_32/Logging.SwiftFileList -DSWIFT_PACKAGE -DDEBUG -DXcode -enable-upcoming-feature ExistentialAny -enable-upcoming-feature MemberImportVisibility -enable-upcoming-feature InternalImportsByDefault -plugin-path /Applications/Xcode-16.3.0.app/Contents/Developer/Toolchains/XcodeDefault.xctoolchain/usr/lib/swift/host/plugins/testing -enable-experimental-feature DebugDescriptionMacro -sdk /Applications/Xcode-16.3.0.app/Contents/Developer/Platforms/WatchOS.platform/Developer/SDKs/WatchOS11.4.sdk -target arm64_32-apple-watchos5.0 -g -module-cache-path /Users/admin/builder/spi-builder-workspace/.derivedData/ModuleCache.noindex -Xfrontend -serialize-debugging-options -profile-coverage-mapping -profile-generate -enable-testing -suppress-warnings -index-store-path /Users/admin/builder/spi-builder-workspace/.derivedData/Index.noindex/DataStore -swift-version 6 -I /Users/admin/builder/spi-builder-workspace/.derivedData/Build/Products/Debug-watchos -I /Applications/Xcode-16.3.0.app/Contents/Developer/Platforms/WatchOS.platform/Developer/usr/lib -F /Users/admin/builder/spi-builder-workspace/.derivedData/Build/Products/Debug-watchos -F /Applications/Xcode-16.3.0.app/Contents/Developer/Platforms/WatchOS.platform/Developer/Library/Frameworks -F /Applications/Xcode-16.3.0.app/Contents/Developer/Platforms/WatchOS.platform/Developer/SDKs/WatchOS11.4.sdk/Developer/Library/Frameworks -c -j10 -enable-batch-mode -incremental -Xcc -ivfsstatcache -Xcc /Users/admin/builder/spi-builder-workspace/.derivedData/SDKStatCaches.noindex/watchos11.4-22T246-43efb940ff07ba2497b70ec94253f576.sdkstatcache -output-file-map /Users/admin/builder/spi-builder-workspace/.derivedData/Build/Intermediates.noindex/swift-log.build/Debug-watchos/Logging.build/Objects-normal/arm64_32/Logging-OutputFileMap.json -use-frontend-parseable-output -save-temps -no-color-diagnostics -serialize-diagnostics -emit-dependencies -emit-module -emit-module-path /Users/admin/builder/spi-builder-workspace/.derivedData/Build/Intermediates.noindex/swift-log.build/Debug-watchos/Logging.build/Objects-normal/arm64_32/Logging.swiftmodule -user-module-version 1.15.1 -validate-clang-modules-once -clang-build-session-file /Users/admin/builder/spi-builder-workspace/.derivedData/ModuleCache.noindex/Session.modulevalidation -package-name swift_log -Xcc -I/Users/admin/builder/spi-builder-workspace/.derivedData/Build/Intermediates.noindex/swift-log.build/Debug-watchos/Logging.build/swift-overrides.hmap -emit-const-values -Xfrontend -const-gather-protocols-file -Xfrontend /Users/admin/builder/spi-builder-workspace/.derivedData/Build/Intermediates.noindex/swift-log.build/Debug-watchos/Logging.build/Objects-normal/arm64_32/Logging_const_extract_protocols.json -Xcc -I/Users/admin/builder/spi-builder-workspace/.derivedData/Build/Products/Debug-watchos/include -Xcc -I/Users/admin/builder/spi-builder-workspace/.derivedData/Build/Intermediates.noindex/swift-log.build/Debug-watchos/Logging.build/DerivedSources-normal/arm64_32 -Xcc -I/Users/admin/builder/spi-builder-workspace/.derivedData/Build/Intermediates.noindex/swift-log.build/Debug-watchos/Logging.build/DerivedSources/arm64_32 -Xcc -I/Users/admin/builder/spi-builder-workspace/.derivedData/Build/Intermediates.noindex/swift-log.build/Debug-watchos/Logging.build/DerivedSources -Xcc -DSWIFT_PACKAGE -Xcc -DDEBUG\=1 -emit-objc-header -emit-objc-header-path /Users/admin/builder/spi-builder-workspace/.derivedData/Build/Intermediates.noindex/swift-log.build/Debug-watchos/Logging.build/Objects-normal/arm64_32/Logging-Swift.h -working-directory /Users/admin/builder/spi-builder-workspace/.swiftpm/xcode -experimental-emit-module-separately -disable-cmo
SwiftDriver\ Compilation\ Requirements scout-symbols normal arm64_32 com.apple.xcode.tools.swift.compiler (in target 'scout-symbols' from project 'Scout')
cd /Users/admin/builder/spi-builder-workspace/.swiftpm/xcode
builtin-Swift-Compilation-Requirements -- /Applications/Xcode-16.3.0.app/Contents/Developer/Toolchains/XcodeDefault.xctoolchain/usr/bin/swiftc -module-name scout_symbols -Onone -enforce-exclusivity\=checked @/Users/admin/builder/spi-builder-workspace/.derivedData/Build/Intermediates.noindex/Scout.build/Debug-watchos/scout-symbols.build/Objects-normal/arm64_32/scout-symbols.SwiftFileList -DSWIFT_PACKAGE -DDEBUG -DXcode -plugin-path /Applications/Xcode-16.3.0.app/Contents/Developer/Toolchains/XcodeDefault.xctoolchain/usr/lib/swift/host/plugins/testing -enable-experimental-feature DebugDescriptionMacro -sdk /Applications/Xcode-16.3.0.app/Contents/Developer/Platforms/WatchOS.platform/Developer/SDKs/WatchOS11.4.sdk -target arm64_32-apple-watchos9.0 -g -module-cache-path /Users/admin/builder/spi-builder-workspace/.derivedData/ModuleCache.noindex -Xfrontend -serialize-debugging-options -profile-coverage-mapping -profile-generate -enable-testing -index-store-path /Users/admin/builder/spi-builder-workspace/.derivedData/Index.noindex/DataStore -swift-version 6 -I /Users/admin/builder/spi-builder-workspace/.derivedData/Build/Products/Debug-watchos -I /Applications/Xcode-16.3.0.app/Contents/Developer/Platforms/WatchOS.platform/Developer/usr/lib -F /Users/admin/builder/spi-builder-workspace/.derivedData/Build/Products/Debug-watchos/PackageFrameworks -F /Users/admin/builder/spi-builder-workspace/.derivedData/Build/Products/Debug-watchos/PackageFrameworks -F /Users/admin/builder/spi-builder-workspace/.derivedData/Build/Products/Debug-watchos -F /Applications/Xcode-16.3.0.app/Contents/Developer/Platforms/WatchOS.platform/Developer/Library/Frameworks -F /Applications/Xcode-16.3.0.app/Contents/Developer/Platforms/WatchOS.platform/Developer/SDKs/WatchOS11.4.sdk/Developer/Library/Frameworks -c -j10 -enable-batch-mode -incremental -Xcc -ivfsstatcache -Xcc /Users/admin/builder/spi-builder-workspace/.derivedData/SDKStatCaches.noindex/watchos11.4-22T246-43efb940ff07ba2497b70ec94253f576.sdkstatcache -output-file-map /Users/admin/builder/spi-builder-workspace/.derivedData/Build/Intermediates.noindex/Scout.build/Debug-watchos/scout-symbols.build/Objects-normal/arm64_32/scout-symbols-OutputFileMap.json -use-frontend-parseable-output -save-temps -no-color-diagnostics -serialize-diagnostics -emit-dependencies -emit-module -emit-module-path /Users/admin/builder/spi-builder-workspace/.derivedData/Build/Intermediates.noindex/Scout.build/Debug-watchos/scout-symbols.build/Objects-normal/arm64_32/scout_symbols.swiftmodule -validate-clang-modules-once -clang-build-session-file /Users/admin/builder/spi-builder-workspace/.derivedData/ModuleCache.noindex/Session.modulevalidation -package-name spi_builder_workspace -emit-const-values -Xfrontend -const-gather-protocols-file -Xfrontend /Users/admin/builder/spi-builder-workspace/.derivedData/Build/Intermediates.noindex/Scout.build/Debug-watchos/scout-symbols.build/Objects-normal/arm64_32/scout-symbols_const_extract_protocols.json -Xcc -I/Users/admin/builder/spi-builder-workspace/.derivedData/Build/Products/Debug-watchos/include -Xcc -I/Users/admin/builder/spi-builder-workspace/.derivedData/Build/Intermediates.noindex/Scout.build/Debug-watchos/scout-symbols.build/DerivedSources-normal/arm64_32 -Xcc -I/Users/admin/builder/spi-builder-workspace/.derivedData/Build/Intermediates.noindex/Scout.build/Debug-watchos/scout-symbols.build/DerivedSources/arm64_32 -Xcc -I/Users/admin/builder/spi-builder-workspace/.derivedData/Build/Intermediates.noindex/Scout.build/Debug-watchos/scout-symbols.build/DerivedSources -Xcc -DSWIFT_PACKAGE -Xcc -DDEBUG\=1 -working-directory /Users/admin/builder/spi-builder-workspace/.swiftpm/xcode -experimental-emit-module-separately -disable-cmo
Copy /Users/admin/builder/spi-builder-workspace/.derivedData/Build/Products/Debug-watchos/scout_symbols.swiftmodule/arm64-apple-watchos.abi.json /Users/admin/builder/spi-builder-workspace/.derivedData/Build/Intermediates.noindex/Scout.build/Debug-watchos/scout-symbols.build/Objects-normal/arm64/scout_symbols.abi.json (in target 'scout-symbols' from project 'Scout')
cd /Users/admin/builder/spi-builder-workspace
builtin-copy -exclude .DS_Store -exclude CVS -exclude .svn -exclude .git -exclude .hg -resolve-src-symlinks -rename /Users/admin/builder/spi-builder-workspace/.derivedData/Build/Intermediates.noindex/Scout.build/Debug-watchos/scout-symbols.build/Objects-normal/arm64/scout_symbols.abi.json /Users/admin/builder/spi-builder-workspace/.derivedData/Build/Products/Debug-watchos/scout_symbols.swiftmodule/arm64-apple-watchos.abi.json
Copy /Users/admin/builder/spi-builder-workspace/.derivedData/Build/Products/Debug-watchos/scout_symbols.swiftmodule/arm64_32-apple-watchos.abi.json /Users/admin/builder/spi-builder-workspace/.derivedData/Build/Intermediates.noindex/Scout.build/Debug-watchos/scout-symbols.build/Objects-normal/arm64_32/scout_symbols.abi.json (in target 'scout-symbols' from project 'Scout')
cd /Users/admin/builder/spi-builder-workspace
builtin-copy -exclude .DS_Store -exclude CVS -exclude .svn -exclude .git -exclude .hg -resolve-src-symlinks -rename /Users/admin/builder/spi-builder-workspace/.derivedData/Build/Intermediates.noindex/Scout.build/Debug-watchos/scout-symbols.build/Objects-normal/arm64_32/scout_symbols.abi.json /Users/admin/builder/spi-builder-workspace/.derivedData/Build/Products/Debug-watchos/scout_symbols.swiftmodule/arm64_32-apple-watchos.abi.json
SwiftDriverJobDiscovery normal arm64 Compiling Abbreviation+Form.swift, Abbreviation.swift (in target 'DWARF' from project 'Scout')
SwiftCompile normal arm64_32 Compiling\ LineTable.swift,\ StringSections.swift /Users/admin/builder/spi-builder-workspace/Sources/ScoutSymbols/DWARF/LineTable/LineTable.swift /Users/admin/builder/spi-builder-workspace/Sources/ScoutSymbols/DWARF/LineTable/StringSections.swift (in target 'DWARF' from project 'Scout')
SwiftCompile normal arm64_32 /Users/admin/builder/spi-builder-workspace/Sources/ScoutSymbols/DWARF/LineTable/LineTable.swift (in target 'DWARF' from project 'Scout')
cd /Users/admin/builder/spi-builder-workspace/.swiftpm/xcode
SwiftCompile normal arm64_32 /Users/admin/builder/spi-builder-workspace/Sources/ScoutSymbols/DWARF/LineTable/StringSections.swift (in target 'DWARF' from project 'Scout')
cd /Users/admin/builder/spi-builder-workspace/.swiftpm/xcode
SwiftCompile normal arm64 Compiling\ DataCursor.swift,\ MachOImage.swift /Users/admin/builder/spi-builder-workspace/Sources/ScoutSymbols/DWARF/MachO/DataCursor.swift /Users/admin/builder/spi-builder-workspace/Sources/ScoutSymbols/DWARF/MachO/MachOImage.swift (in target 'DWARF' from project 'Scout')
SwiftCompile normal arm64 /Users/admin/builder/spi-builder-workspace/Sources/ScoutSymbols/DWARF/MachO/DataCursor.swift (in target 'DWARF' from project 'Scout')
cd /Users/admin/builder/spi-builder-workspace/.swiftpm/xcode
SwiftCompile normal arm64 /Users/admin/builder/spi-builder-workspace/Sources/ScoutSymbols/DWARF/MachO/MachOImage.swift (in target 'DWARF' from project 'Scout')
cd /Users/admin/builder/spi-builder-workspace/.swiftpm/xcode
SwiftCompile normal arm64_32 Compiling\ DebugInfo.swift,\ DebugSections.swift /Users/admin/builder/spi-builder-workspace/Sources/ScoutSymbols/DWARF/DebugInfo/DebugInfo.swift /Users/admin/builder/spi-builder-workspace/Sources/ScoutSymbols/DWARF/DebugInfo/DebugSections.swift (in target 'DWARF' from project 'Scout')
SwiftCompile normal arm64_32 /Users/admin/builder/spi-builder-workspace/Sources/ScoutSymbols/DWARF/DebugInfo/DebugInfo.swift (in target 'DWARF' from project 'Scout')
cd /Users/admin/builder/spi-builder-workspace/.swiftpm/xcode
SwiftCompile normal arm64_32 /Users/admin/builder/spi-builder-workspace/Sources/ScoutSymbols/DWARF/DebugInfo/DebugSections.swift (in target 'DWARF' from project 'Scout')
cd /Users/admin/builder/spi-builder-workspace/.swiftpm/xcode
SwiftDriverJobDiscovery normal arm64 Compiling SwiftDemangler.swift (in target 'scout-symbols' from project 'Scout')
SwiftCompile normal arm64_32 Compiling\ AttributeValue.swift,\ DebugEntry.swift /Users/admin/builder/spi-builder-workspace/Sources/ScoutSymbols/DWARF/DebugEntry/AttributeValue.swift /Users/admin/builder/spi-builder-workspace/Sources/ScoutSymbols/DWARF/DebugEntry/DebugEntry.swift (in target 'DWARF' from project 'Scout')
SwiftCompile normal arm64_32 /Users/admin/builder/spi-builder-workspace/Sources/ScoutSymbols/DWARF/DebugEntry/AttributeValue.swift (in target 'DWARF' from project 'Scout')
cd /Users/admin/builder/spi-builder-workspace/.swiftpm/xcode
SwiftCompile normal arm64_32 /Users/admin/builder/spi-builder-workspace/Sources/ScoutSymbols/DWARF/DebugEntry/DebugEntry.swift (in target 'DWARF' from project 'Scout')
cd /Users/admin/builder/spi-builder-workspace/.swiftpm/xcode
SwiftDriverJobDiscovery normal arm64 Compiling RangeList.swift, UnitHeader.swift (in target 'DWARF' from project 'Scout')
SwiftCompile normal arm64 Compiling\ LineHeader.swift,\ LineProgram.swift /Users/admin/builder/spi-builder-workspace/Sources/ScoutSymbols/DWARF/LineTable/LineHeader.swift /Users/admin/builder/spi-builder-workspace/Sources/ScoutSymbols/DWARF/LineTable/LineProgram.swift (in target 'DWARF' from project 'Scout')
SwiftCompile normal arm64 /Users/admin/builder/spi-builder-workspace/Sources/ScoutSymbols/DWARF/LineTable/LineHeader.swift (in target 'DWARF' from project 'Scout')
cd /Users/admin/builder/spi-builder-workspace/.swiftpm/xcode
SwiftCompile normal arm64 /Users/admin/builder/spi-builder-workspace/Sources/ScoutSymbols/DWARF/LineTable/LineProgram.swift (in target 'DWARF' from project 'Scout')
cd /Users/admin/builder/spi-builder-workspace/.swiftpm/xcode
SwiftDriverJobDiscovery normal arm64_32 Compiling SwiftDemangler.swift (in target 'scout-symbols' from project 'Scout')
SwiftCompile normal arm64 Compiling\ DebugInfo.swift,\ DebugSections.swift /Users/admin/builder/spi-builder-workspace/Sources/ScoutSymbols/DWARF/DebugInfo/DebugInfo.swift /Users/admin/builder/spi-builder-workspace/Sources/ScoutSymbols/DWARF/DebugInfo/DebugSections.swift (in target 'DWARF' from project 'Scout')
SwiftCompile normal arm64 /Users/admin/builder/spi-builder-workspace/Sources/ScoutSymbols/DWARF/DebugInfo/DebugInfo.swift (in target 'DWARF' from project 'Scout')
cd /Users/admin/builder/spi-builder-workspace/.swiftpm/xcode
SwiftCompile normal arm64 /Users/admin/builder/spi-builder-workspace/Sources/ScoutSymbols/DWARF/DebugInfo/DebugSections.swift (in target 'DWARF' from project 'Scout')
cd /Users/admin/builder/spi-builder-workspace/.swiftpm/xcode
SwiftDriverJobDiscovery normal arm64_32 Compiling RangeList.swift, UnitHeader.swift (in target 'DWARF' from project 'Scout')
SwiftCompile normal arm64 Compiling\ LineTable.swift,\ StringSections.swift /Users/admin/builder/spi-builder-workspace/Sources/ScoutSymbols/DWARF/LineTable/LineTable.swift /Users/admin/builder/spi-builder-workspace/Sources/ScoutSymbols/DWARF/LineTable/StringSections.swift (in target 'DWARF' from project 'Scout')
SwiftCompile normal arm64 /Users/admin/builder/spi-builder-workspace/Sources/ScoutSymbols/DWARF/LineTable/LineTable.swift (in target 'DWARF' from project 'Scout')
cd /Users/admin/builder/spi-builder-workspace/.swiftpm/xcode
SwiftCompile normal arm64 /Users/admin/builder/spi-builder-workspace/Sources/ScoutSymbols/DWARF/LineTable/StringSections.swift (in target 'DWARF' from project 'Scout')
cd /Users/admin/builder/spi-builder-workspace/.swiftpm/xcode
SwiftDriverJobDiscovery normal arm64_32 Compiling Command.swift (in target 'scout-symbols' from project 'Scout')
SwiftCompile normal arm64_32 Compiling\ LineHeader.swift,\ LineProgram.swift /Users/admin/builder/spi-builder-workspace/Sources/ScoutSymbols/DWARF/LineTable/LineHeader.swift /Users/admin/builder/spi-builder-workspace/Sources/ScoutSymbols/DWARF/LineTable/LineProgram.swift (in target 'DWARF' from project 'Scout')
SwiftCompile normal arm64_32 /Users/admin/builder/spi-builder-workspace/Sources/ScoutSymbols/DWARF/LineTable/LineHeader.swift (in target 'DWARF' from project 'Scout')
cd /Users/admin/builder/spi-builder-workspace/.swiftpm/xcode
SwiftCompile normal arm64_32 /Users/admin/builder/spi-builder-workspace/Sources/ScoutSymbols/DWARF/LineTable/LineProgram.swift (in target 'DWARF' from project 'Scout')
cd /Users/admin/builder/spi-builder-workspace/.swiftpm/xcode
SwiftDriverJobDiscovery normal arm64 Compiling ScoutSymbols.swift (in target 'scout-symbols' from project 'Scout')
SwiftCompile normal arm64_32 Compiling\ MachOSegment.swift /Users/admin/builder/spi-builder-workspace/Sources/ScoutSymbols/DWARF/MachO/MachOSegment.swift (in target 'DWARF' from project 'Scout')
SwiftCompile normal arm64_32 /Users/admin/builder/spi-builder-workspace/Sources/ScoutSymbols/DWARF/MachO/MachOSegment.swift (in target 'DWARF' from project 'Scout')
cd /Users/admin/builder/spi-builder-workspace/.swiftpm/xcode
SwiftDriverJobDiscovery normal arm64 Compiling Command.swift (in target 'scout-symbols' from project 'Scout')
SwiftDriver\ Compilation scout-symbols normal arm64 com.apple.xcode.tools.swift.compiler (in target 'scout-symbols' from project 'Scout')
cd /Users/admin/builder/spi-builder-workspace/.swiftpm/xcode
builtin-Swift-Compilation -- /Applications/Xcode-16.3.0.app/Contents/Developer/Toolchains/XcodeDefault.xctoolchain/usr/bin/swiftc -module-name scout_symbols -Onone -enforce-exclusivity\=checked @/Users/admin/builder/spi-builder-workspace/.derivedData/Build/Intermediates.noindex/Scout.build/Debug-watchos/scout-symbols.build/Objects-normal/arm64/scout-symbols.SwiftFileList -DSWIFT_PACKAGE -DDEBUG -DXcode -plugin-path /Applications/Xcode-16.3.0.app/Contents/Developer/Toolchains/XcodeDefault.xctoolchain/usr/lib/swift/host/plugins/testing -enable-experimental-feature DebugDescriptionMacro -sdk /Applications/Xcode-16.3.0.app/Contents/Developer/Platforms/WatchOS.platform/Developer/SDKs/WatchOS11.4.sdk -target arm64-apple-watchos9.0 -g -module-cache-path /Users/admin/builder/spi-builder-workspace/.derivedData/ModuleCache.noindex -Xfrontend -serialize-debugging-options -profile-coverage-mapping -profile-generate -enable-testing -index-store-path /Users/admin/builder/spi-builder-workspace/.derivedData/Index.noindex/DataStore -swift-version 6 -I /Users/admin/builder/spi-builder-workspace/.derivedData/Build/Products/Debug-watchos -I /Applications/Xcode-16.3.0.app/Contents/Developer/Platforms/WatchOS.platform/Developer/usr/lib -F /Users/admin/builder/spi-builder-workspace/.derivedData/Build/Products/Debug-watchos/PackageFrameworks -F /Users/admin/builder/spi-builder-workspace/.derivedData/Build/Products/Debug-watchos/PackageFrameworks -F /Users/admin/builder/spi-builder-workspace/.derivedData/Build/Products/Debug-watchos -F /Applications/Xcode-16.3.0.app/Contents/Developer/Platforms/WatchOS.platform/Developer/Library/Frameworks -F /Applications/Xcode-16.3.0.app/Contents/Developer/Platforms/WatchOS.platform/Developer/SDKs/WatchOS11.4.sdk/Developer/Library/Frameworks -c -j10 -enable-batch-mode -incremental -Xcc -ivfsstatcache -Xcc /Users/admin/builder/spi-builder-workspace/.derivedData/SDKStatCaches.noindex/watchos11.4-22T246-43efb940ff07ba2497b70ec94253f576.sdkstatcache -output-file-map /Users/admin/builder/spi-builder-workspace/.derivedData/Build/Intermediates.noindex/Scout.build/Debug-watchos/scout-symbols.build/Objects-normal/arm64/scout-symbols-OutputFileMap.json -use-frontend-parseable-output -save-temps -no-color-diagnostics -serialize-diagnostics -emit-dependencies -emit-module -emit-module-path /Users/admin/builder/spi-builder-workspace/.derivedData/Build/Intermediates.noindex/Scout.build/Debug-watchos/scout-symbols.build/Objects-normal/arm64/scout_symbols.swiftmodule -validate-clang-modules-once -clang-build-session-file /Users/admin/builder/spi-builder-workspace/.derivedData/ModuleCache.noindex/Session.modulevalidation -package-name spi_builder_workspace -emit-const-values -Xfrontend -const-gather-protocols-file -Xfrontend /Users/admin/builder/spi-builder-workspace/.derivedData/Build/Intermediates.noindex/Scout.build/Debug-watchos/scout-symbols.build/Objects-normal/arm64/scout-symbols_const_extract_protocols.json -Xcc -I/Users/admin/builder/spi-builder-workspace/.derivedData/Build/Products/Debug-watchos/include -Xcc -I/Users/admin/builder/spi-builder-workspace/.derivedData/Build/Intermediates.noindex/Scout.build/Debug-watchos/scout-symbols.build/DerivedSources-normal/arm64 -Xcc -I/Users/admin/builder/spi-builder-workspace/.derivedData/Build/Intermediates.noindex/Scout.build/Debug-watchos/scout-symbols.build/DerivedSources/arm64 -Xcc -I/Users/admin/builder/spi-builder-workspace/.derivedData/Build/Intermediates.noindex/Scout.build/Debug-watchos/scout-symbols.build/DerivedSources -Xcc -DSWIFT_PACKAGE -Xcc -DDEBUG\=1 -working-directory /Users/admin/builder/spi-builder-workspace/.swiftpm/xcode -experimental-emit-module-separately -disable-cmo
SwiftDriverJobDiscovery normal arm64_32 Compiling DebugInfo.swift, DebugSections.swift (in target 'DWARF' from project 'Scout')
SwiftCompile normal armv7k Compiling\ Metrics.swift /Users/admin/builder/spi-builder-workspace/.dependencies/checkouts/swift-metrics/Sources/CoreMetrics/Metrics.swift (in target 'CoreMetrics' from project 'swift-metrics')
SwiftCompile normal armv7k /Users/admin/builder/spi-builder-workspace/.dependencies/checkouts/swift-metrics/Sources/CoreMetrics/Metrics.swift (in target 'CoreMetrics' from project 'swift-metrics')
cd /Users/admin/builder/spi-builder-workspace/.swiftpm/xcode
SwiftCompile normal arm64_32 Compiling\ Metrics.swift /Users/admin/builder/spi-builder-workspace/.dependencies/checkouts/swift-metrics/Sources/CoreMetrics/Metrics.swift (in target 'CoreMetrics' from project 'swift-metrics')
SwiftCompile normal arm64_32 /Users/admin/builder/spi-builder-workspace/.dependencies/checkouts/swift-metrics/Sources/CoreMetrics/Metrics.swift (in target 'CoreMetrics' from project 'swift-metrics')
cd /Users/admin/builder/spi-builder-workspace/.swiftpm/xcode
SwiftDriverJobDiscovery normal arm64_32 Compiling LineTable.swift, StringSections.swift (in target 'DWARF' from project 'Scout')
SwiftCompile normal arm64 Compiling\ MappingMetricsFactory.swift /Users/admin/builder/spi-builder-workspace/.dependencies/checkouts/swift-metrics/Sources/CoreMetrics/MappingMetricsFactory.swift (in target 'CoreMetrics' from project 'swift-metrics')
SwiftCompile normal arm64 /Users/admin/builder/spi-builder-workspace/.dependencies/checkouts/swift-metrics/Sources/CoreMetrics/MappingMetricsFactory.swift (in target 'CoreMetrics' from project 'swift-metrics')
cd /Users/admin/builder/spi-builder-workspace/.swiftpm/xcode
SwiftDriverJobDiscovery normal arm64 Compiling DebugInfo.swift, DebugSections.swift (in target 'DWARF' from project 'Scout')
SwiftCompile normal armv7k Compiling\ WithMetricsFactory.swift /Users/admin/builder/spi-builder-workspace/.dependencies/checkouts/swift-metrics/Sources/CoreMetrics/WithMetricsFactory.swift (in target 'CoreMetrics' from project 'swift-metrics')
SwiftCompile normal armv7k /Users/admin/builder/spi-builder-workspace/.dependencies/checkouts/swift-metrics/Sources/CoreMetrics/WithMetricsFactory.swift (in target 'CoreMetrics' from project 'swift-metrics')
cd /Users/admin/builder/spi-builder-workspace/.swiftpm/xcode
SwiftCompile normal arm64_32 Compiling\ WithMetricsFactory.swift /Users/admin/builder/spi-builder-workspace/.dependencies/checkouts/swift-metrics/Sources/CoreMetrics/WithMetricsFactory.swift (in target 'CoreMetrics' from project 'swift-metrics')
SwiftCompile normal arm64_32 /Users/admin/builder/spi-builder-workspace/.dependencies/checkouts/swift-metrics/Sources/CoreMetrics/WithMetricsFactory.swift (in target 'CoreMetrics' from project 'swift-metrics')
cd /Users/admin/builder/spi-builder-workspace/.swiftpm/xcode
SwiftDriverJobDiscovery normal arm64_32 Compiling AttributeValue.swift, DebugEntry.swift (in target 'DWARF' from project 'Scout')
SwiftDriverJobDiscovery normal arm64_32 Compiling ScoutSymbols.swift (in target 'scout-symbols' from project 'Scout')
SwiftDriver Metrics normal arm64_32 com.apple.xcode.tools.swift.compiler (in target 'Metrics' from project 'swift-metrics')
cd /Users/admin/builder/spi-builder-workspace/.swiftpm/xcode
builtin-SwiftDriver -- /Applications/Xcode-16.3.0.app/Contents/Developer/Toolchains/XcodeDefault.xctoolchain/usr/bin/swiftc -module-name Metrics -Onone -enforce-exclusivity\=checked @/Users/admin/builder/spi-builder-workspace/.derivedData/Build/Intermediates.noindex/swift-metrics.build/Debug-watchos/Metrics.build/Objects-normal/arm64_32/Metrics.SwiftFileList -DSWIFT_PACKAGE -DDEBUG -DXcode -enable-experimental-feature StrictConcurrency\=complete -enable-upcoming-feature MemberImportVisibility -plugin-path /Applications/Xcode-16.3.0.app/Contents/Developer/Toolchains/XcodeDefault.xctoolchain/usr/lib/swift/host/plugins/testing -enable-experimental-feature DebugDescriptionMacro -sdk /Applications/Xcode-16.3.0.app/Contents/Developer/Platforms/WatchOS.platform/Developer/SDKs/WatchOS11.4.sdk -target arm64_32-apple-watchos5.0 -g -module-cache-path /Users/admin/builder/spi-builder-workspace/.derivedData/ModuleCache.noindex -Xfrontend -serialize-debugging-options -profile-coverage-mapping -profile-generate -enable-testing -suppress-warnings -index-store-path /Users/admin/builder/spi-builder-workspace/.derivedData/Index.noindex/DataStore -swift-version 6 -I /Users/admin/builder/spi-builder-workspace/.derivedData/Build/Products/Debug-watchos -I /Applications/Xcode-16.3.0.app/Contents/Developer/Platforms/WatchOS.platform/Developer/usr/lib -F /Users/admin/builder/spi-builder-workspace/.derivedData/Build/Products/Debug-watchos/PackageFrameworks -F /Users/admin/builder/spi-builder-workspace/.derivedData/Build/Products/Debug-watchos -F /Applications/Xcode-16.3.0.app/Contents/Developer/Platforms/WatchOS.platform/Developer/Library/Frameworks -F /Applications/Xcode-16.3.0.app/Contents/Developer/Platforms/WatchOS.platform/Developer/SDKs/WatchOS11.4.sdk/Developer/Library/Frameworks -parse-as-library -c -j10 -enable-batch-mode -incremental -Xcc -ivfsstatcache -Xcc /Users/admin/builder/spi-builder-workspace/.derivedData/SDKStatCaches.noindex/watchos11.4-22T246-43efb940ff07ba2497b70ec94253f576.sdkstatcache -output-file-map /Users/admin/builder/spi-builder-workspace/.derivedData/Build/Intermediates.noindex/swift-metrics.build/Debug-watchos/Metrics.build/Objects-normal/arm64_32/Metrics-OutputFileMap.json -use-frontend-parseable-output -save-temps -no-color-diagnostics -serialize-diagnostics -emit-dependencies -emit-module -emit-module-path /Users/admin/builder/spi-builder-workspace/.derivedData/Build/Intermediates.noindex/swift-metrics.build/Debug-watchos/Metrics.build/Objects-normal/arm64_32/Metrics.swiftmodule -user-module-version 2.11.0 -validate-clang-modules-once -clang-build-session-file /Users/admin/builder/spi-builder-workspace/.derivedData/ModuleCache.noindex/Session.modulevalidation -package-name swift_metrics -Xcc -I/Users/admin/builder/spi-builder-workspace/.derivedData/Build/Intermediates.noindex/swift-metrics.build/Debug-watchos/Metrics.build/swift-overrides.hmap -emit-const-values -Xfrontend -const-gather-protocols-file -Xfrontend /Users/admin/builder/spi-builder-workspace/.derivedData/Build/Intermediates.noindex/swift-metrics.build/Debug-watchos/Metrics.build/Objects-normal/arm64_32/Metrics_const_extract_protocols.json -Xcc -I/Users/admin/builder/spi-builder-workspace/.derivedData/Build/Products/Debug-watchos/include -Xcc -I/Users/admin/builder/spi-builder-workspace/.derivedData/Build/Intermediates.noindex/swift-metrics.build/Debug-watchos/Metrics.build/DerivedSources-normal/arm64_32 -Xcc -I/Users/admin/builder/spi-builder-workspace/.derivedData/Build/Intermediates.noindex/swift-metrics.build/Debug-watchos/Metrics.build/DerivedSources/arm64_32 -Xcc -I/Users/admin/builder/spi-builder-workspace/.derivedData/Build/Intermediates.noindex/swift-metrics.build/Debug-watchos/Metrics.build/DerivedSources -Xcc -DSWIFT_PACKAGE -Xcc -DDEBUG\=1 -emit-objc-header -emit-objc-header-path /Users/admin/builder/spi-builder-workspace/.derivedData/Build/Intermediates.noindex/swift-metrics.build/Debug-watchos/Metrics.build/Objects-normal/arm64_32/Metrics-Swift.h -working-directory /Users/admin/builder/spi-builder-workspace/.swiftpm/xcode -experimental-emit-module-separately -disable-cmo
SwiftDriverJobDiscovery normal arm64 Compiling DataCursor.swift, MachOImage.swift (in target 'DWARF' from project 'Scout')
SwiftDriver Metrics normal armv7k com.apple.xcode.tools.swift.compiler (in target 'Metrics' from project 'swift-metrics')
cd /Users/admin/builder/spi-builder-workspace/.swiftpm/xcode
builtin-SwiftDriver -- /Applications/Xcode-16.3.0.app/Contents/Developer/Toolchains/XcodeDefault.xctoolchain/usr/bin/swiftc -module-name Metrics -Onone -enforce-exclusivity\=checked @/Users/admin/builder/spi-builder-workspace/.derivedData/Build/Intermediates.noindex/swift-metrics.build/Debug-watchos/Metrics.build/Objects-normal/armv7k/Metrics.SwiftFileList -DSWIFT_PACKAGE -DDEBUG -DXcode -enable-experimental-feature StrictConcurrency\=complete -enable-upcoming-feature MemberImportVisibility -plugin-path /Applications/Xcode-16.3.0.app/Contents/Developer/Toolchains/XcodeDefault.xctoolchain/usr/lib/swift/host/plugins/testing -enable-experimental-feature DebugDescriptionMacro -sdk /Applications/Xcode-16.3.0.app/Contents/Developer/Platforms/WatchOS.platform/Developer/SDKs/WatchOS11.4.sdk -target armv7k-apple-watchos5.0 -g -module-cache-path /Users/admin/builder/spi-builder-workspace/.derivedData/ModuleCache.noindex -Xfrontend -serialize-debugging-options -profile-coverage-mapping -profile-generate -enable-testing -suppress-warnings -index-store-path /Users/admin/builder/spi-builder-workspace/.derivedData/Index.noindex/DataStore -swift-version 6 -I /Users/admin/builder/spi-builder-workspace/.derivedData/Build/Products/Debug-watchos -I /Applications/Xcode-16.3.0.app/Contents/Developer/Platforms/WatchOS.platform/Developer/usr/lib -F /Users/admin/builder/spi-builder-workspace/.derivedData/Build/Products/Debug-watchos/PackageFrameworks -F /Users/admin/builder/spi-builder-workspace/.derivedData/Build/Products/Debug-watchos -F /Applications/Xcode-16.3.0.app/Contents/Developer/Platforms/WatchOS.platform/Developer/Library/Frameworks -F /Applications/Xcode-16.3.0.app/Contents/Developer/Platforms/WatchOS.platform/Developer/SDKs/WatchOS11.4.sdk/Developer/Library/Frameworks -parse-as-library -c -j10 -enable-batch-mode -incremental -Xcc -ivfsstatcache -Xcc /Users/admin/builder/spi-builder-workspace/.derivedData/SDKStatCaches.noindex/watchos11.4-22T246-43efb940ff07ba2497b70ec94253f576.sdkstatcache -output-file-map /Users/admin/builder/spi-builder-workspace/.derivedData/Build/Intermediates.noindex/swift-metrics.build/Debug-watchos/Metrics.build/Objects-normal/armv7k/Metrics-OutputFileMap.json -use-frontend-parseable-output -save-temps -no-color-diagnostics -serialize-diagnostics -emit-dependencies -emit-module -emit-module-path /Users/admin/builder/spi-builder-workspace/.derivedData/Build/Intermediates.noindex/swift-metrics.build/Debug-watchos/Metrics.build/Objects-normal/armv7k/Metrics.swiftmodule -user-module-version 2.11.0 -validate-clang-modules-once -clang-build-session-file /Users/admin/builder/spi-builder-workspace/.derivedData/ModuleCache.noindex/Session.modulevalidation -package-name swift_metrics -Xcc -I/Users/admin/builder/spi-builder-workspace/.derivedData/Build/Intermediates.noindex/swift-metrics.build/Debug-watchos/Metrics.build/swift-overrides.hmap -emit-const-values -Xfrontend -const-gather-protocols-file -Xfrontend /Users/admin/builder/spi-builder-workspace/.derivedData/Build/Intermediates.noindex/swift-metrics.build/Debug-watchos/Metrics.build/Objects-normal/armv7k/Metrics_const_extract_protocols.json -Xcc -I/Users/admin/builder/spi-builder-workspace/.derivedData/Build/Products/Debug-watchos/include -Xcc -I/Users/admin/builder/spi-builder-workspace/.derivedData/Build/Intermediates.noindex/swift-metrics.build/Debug-watchos/Metrics.build/DerivedSources-normal/armv7k -Xcc -I/Users/admin/builder/spi-builder-workspace/.derivedData/Build/Intermediates.noindex/swift-metrics.build/Debug-watchos/Metrics.build/DerivedSources/armv7k -Xcc -I/Users/admin/builder/spi-builder-workspace/.derivedData/Build/Intermediates.noindex/swift-metrics.build/Debug-watchos/Metrics.build/DerivedSources -Xcc -DSWIFT_PACKAGE -Xcc -DDEBUG\=1 -emit-objc-header -emit-objc-header-path /Users/admin/builder/spi-builder-workspace/.derivedData/Build/Intermediates.noindex/swift-metrics.build/Debug-watchos/Metrics.build/Objects-normal/armv7k/Metrics-Swift.h -working-directory /Users/admin/builder/spi-builder-workspace/.swiftpm/xcode -experimental-emit-module-separately -disable-cmo
SwiftDriverJobDiscovery normal arm64 Compiling LineHeader.swift, LineProgram.swift (in target 'DWARF' from project 'Scout')
SwiftDriver Metrics normal arm64 com.apple.xcode.tools.swift.compiler (in target 'Metrics' from project 'swift-metrics')
cd /Users/admin/builder/spi-builder-workspace/.swiftpm/xcode
builtin-SwiftDriver -- /Applications/Xcode-16.3.0.app/Contents/Developer/Toolchains/XcodeDefault.xctoolchain/usr/bin/swiftc -module-name Metrics -Onone -enforce-exclusivity\=checked @/Users/admin/builder/spi-builder-workspace/.derivedData/Build/Intermediates.noindex/swift-metrics.build/Debug-watchos/Metrics.build/Objects-normal/arm64/Metrics.SwiftFileList -DSWIFT_PACKAGE -DDEBUG -DXcode -enable-experimental-feature StrictConcurrency\=complete -enable-upcoming-feature MemberImportVisibility -plugin-path /Applications/Xcode-16.3.0.app/Contents/Developer/Toolchains/XcodeDefault.xctoolchain/usr/lib/swift/host/plugins/testing -enable-experimental-feature DebugDescriptionMacro -sdk /Applications/Xcode-16.3.0.app/Contents/Developer/Platforms/WatchOS.platform/Developer/SDKs/WatchOS11.4.sdk -target arm64-apple-watchos5.0 -g -module-cache-path /Users/admin/builder/spi-builder-workspace/.derivedData/ModuleCache.noindex -Xfrontend -serialize-debugging-options -profile-coverage-mapping -profile-generate -enable-testing -suppress-warnings -index-store-path /Users/admin/builder/spi-builder-workspace/.derivedData/Index.noindex/DataStore -swift-version 6 -I /Users/admin/builder/spi-builder-workspace/.derivedData/Build/Products/Debug-watchos -I /Applications/Xcode-16.3.0.app/Contents/Developer/Platforms/WatchOS.platform/Developer/usr/lib -F /Users/admin/builder/spi-builder-workspace/.derivedData/Build/Products/Debug-watchos/PackageFrameworks -F /Users/admin/builder/spi-builder-workspace/.derivedData/Build/Products/Debug-watchos -F /Applications/Xcode-16.3.0.app/Contents/Developer/Platforms/WatchOS.platform/Developer/Library/Frameworks -F /Applications/Xcode-16.3.0.app/Contents/Developer/Platforms/WatchOS.platform/Developer/SDKs/WatchOS11.4.sdk/Developer/Library/Frameworks -parse-as-library -c -j10 -enable-batch-mode -incremental -Xcc -ivfsstatcache -Xcc /Users/admin/builder/spi-builder-workspace/.derivedData/SDKStatCaches.noindex/watchos11.4-22T246-43efb940ff07ba2497b70ec94253f576.sdkstatcache -output-file-map /Users/admin/builder/spi-builder-workspace/.derivedData/Build/Intermediates.noindex/swift-metrics.build/Debug-watchos/Metrics.build/Objects-normal/arm64/Metrics-OutputFileMap.json -use-frontend-parseable-output -save-temps -no-color-diagnostics -serialize-diagnostics -emit-dependencies -emit-module -emit-module-path /Users/admin/builder/spi-builder-workspace/.derivedData/Build/Intermediates.noindex/swift-metrics.build/Debug-watchos/Metrics.build/Objects-normal/arm64/Metrics.swiftmodule -user-module-version 2.11.0 -validate-clang-modules-once -clang-build-session-file /Users/admin/builder/spi-builder-workspace/.derivedData/ModuleCache.noindex/Session.modulevalidation -package-name swift_metrics -Xcc -I/Users/admin/builder/spi-builder-workspace/.derivedData/Build/Intermediates.noindex/swift-metrics.build/Debug-watchos/Metrics.build/swift-overrides.hmap -emit-const-values -Xfrontend -const-gather-protocols-file -Xfrontend /Users/admin/builder/spi-builder-workspace/.derivedData/Build/Intermediates.noindex/swift-metrics.build/Debug-watchos/Metrics.build/Objects-normal/arm64/Metrics_const_extract_protocols.json -Xcc -I/Users/admin/builder/spi-builder-workspace/.derivedData/Build/Products/Debug-watchos/include -Xcc -I/Users/admin/builder/spi-builder-workspace/.derivedData/Build/Intermediates.noindex/swift-metrics.build/Debug-watchos/Metrics.build/DerivedSources-normal/arm64 -Xcc -I/Users/admin/builder/spi-builder-workspace/.derivedData/Build/Intermediates.noindex/swift-metrics.build/Debug-watchos/Metrics.build/DerivedSources/arm64 -Xcc -I/Users/admin/builder/spi-builder-workspace/.derivedData/Build/Intermediates.noindex/swift-metrics.build/Debug-watchos/Metrics.build/DerivedSources -Xcc -DSWIFT_PACKAGE -Xcc -DDEBUG\=1 -emit-objc-header -emit-objc-header-path /Users/admin/builder/spi-builder-workspace/.derivedData/Build/Intermediates.noindex/swift-metrics.build/Debug-watchos/Metrics.build/Objects-normal/arm64/Metrics-Swift.h -working-directory /Users/admin/builder/spi-builder-workspace/.swiftpm/xcode -experimental-emit-module-separately -disable-cmo
SwiftEmitModule normal arm64_32 Emitting\ module\ for\ Metrics (in target 'Metrics' from project 'swift-metrics')
SwiftCompile normal arm64_32 /Users/admin/builder/spi-builder-workspace/.dependencies/checkouts/swift-metrics/Sources/Metrics/Metrics.swift (in target 'Metrics' from project 'swift-metrics')
cd /Users/admin/builder/spi-builder-workspace/.swiftpm/xcode
SwiftEmitModule normal armv7k Emitting\ module\ for\ Metrics (in target 'Metrics' from project 'swift-metrics')
SwiftCompile normal armv7k /Users/admin/builder/spi-builder-workspace/.dependencies/checkouts/swift-metrics/Sources/Metrics/Metrics.swift (in target 'Metrics' from project 'swift-metrics')
cd /Users/admin/builder/spi-builder-workspace/.swiftpm/xcode
SwiftEmitModule normal arm64 Emitting\ module\ for\ Metrics (in target 'Metrics' from project 'swift-metrics')
SwiftCompile normal arm64 /Users/admin/builder/spi-builder-workspace/.dependencies/checkouts/swift-metrics/Sources/Metrics/Metrics.swift (in target 'Metrics' from project 'swift-metrics')
cd /Users/admin/builder/spi-builder-workspace/.swiftpm/xcode
SwiftDriverJobDiscovery normal arm64 Compiling LineTable.swift, StringSections.swift (in target 'DWARF' from project 'Scout')
SwiftDriver\ Compilation scout-symbols normal arm64_32 com.apple.xcode.tools.swift.compiler (in target 'scout-symbols' from project 'Scout')
cd /Users/admin/builder/spi-builder-workspace/.swiftpm/xcode
builtin-Swift-Compilation -- /Applications/Xcode-16.3.0.app/Contents/Developer/Toolchains/XcodeDefault.xctoolchain/usr/bin/swiftc -module-name scout_symbols -Onone -enforce-exclusivity\=checked @/Users/admin/builder/spi-builder-workspace/.derivedData/Build/Intermediates.noindex/Scout.build/Debug-watchos/scout-symbols.build/Objects-normal/arm64_32/scout-symbols.SwiftFileList -DSWIFT_PACKAGE -DDEBUG -DXcode -plugin-path /Applications/Xcode-16.3.0.app/Contents/Developer/Toolchains/XcodeDefault.xctoolchain/usr/lib/swift/host/plugins/testing -enable-experimental-feature DebugDescriptionMacro -sdk /Applications/Xcode-16.3.0.app/Contents/Developer/Platforms/WatchOS.platform/Developer/SDKs/WatchOS11.4.sdk -target arm64_32-apple-watchos9.0 -g -module-cache-path /Users/admin/builder/spi-builder-workspace/.derivedData/ModuleCache.noindex -Xfrontend -serialize-debugging-options -profile-coverage-mapping -profile-generate -enable-testing -index-store-path /Users/admin/builder/spi-builder-workspace/.derivedData/Index.noindex/DataStore -swift-version 6 -I /Users/admin/builder/spi-builder-workspace/.derivedData/Build/Products/Debug-watchos -I /Applications/Xcode-16.3.0.app/Contents/Developer/Platforms/WatchOS.platform/Developer/usr/lib -F /Users/admin/builder/spi-builder-workspace/.derivedData/Build/Products/Debug-watchos/PackageFrameworks -F /Users/admin/builder/spi-builder-workspace/.derivedData/Build/Products/Debug-watchos/PackageFrameworks -F /Users/admin/builder/spi-builder-workspace/.derivedData/Build/Products/Debug-watchos -F /Applications/Xcode-16.3.0.app/Contents/Developer/Platforms/WatchOS.platform/Developer/Library/Frameworks -F /Applications/Xcode-16.3.0.app/Contents/Developer/Platforms/WatchOS.platform/Developer/SDKs/WatchOS11.4.sdk/Developer/Library/Frameworks -c -j10 -enable-batch-mode -incremental -Xcc -ivfsstatcache -Xcc /Users/admin/builder/spi-builder-workspace/.derivedData/SDKStatCaches.noindex/watchos11.4-22T246-43efb940ff07ba2497b70ec94253f576.sdkstatcache -output-file-map /Users/admin/builder/spi-builder-workspace/.derivedData/Build/Intermediates.noindex/Scout.build/Debug-watchos/scout-symbols.build/Objects-normal/arm64_32/scout-symbols-OutputFileMap.json -use-frontend-parseable-output -save-temps -no-color-diagnostics -serialize-diagnostics -emit-dependencies -emit-module -emit-module-path /Users/admin/builder/spi-builder-workspace/.derivedData/Build/Intermediates.noindex/Scout.build/Debug-watchos/scout-symbols.build/Objects-normal/arm64_32/scout_symbols.swiftmodule -validate-clang-modules-once -clang-build-session-file /Users/admin/builder/spi-builder-workspace/.derivedData/ModuleCache.noindex/Session.modulevalidation -package-name spi_builder_workspace -emit-const-values -Xfrontend -const-gather-protocols-file -Xfrontend /Users/admin/builder/spi-builder-workspace/.derivedData/Build/Intermediates.noindex/Scout.build/Debug-watchos/scout-symbols.build/Objects-normal/arm64_32/scout-symbols_const_extract_protocols.json -Xcc -I/Users/admin/builder/spi-builder-workspace/.derivedData/Build/Products/Debug-watchos/include -Xcc -I/Users/admin/builder/spi-builder-workspace/.derivedData/Build/Intermediates.noindex/Scout.build/Debug-watchos/scout-symbols.build/DerivedSources-normal/arm64_32 -Xcc -I/Users/admin/builder/spi-builder-workspace/.derivedData/Build/Intermediates.noindex/Scout.build/Debug-watchos/scout-symbols.build/DerivedSources/arm64_32 -Xcc -I/Users/admin/builder/spi-builder-workspace/.derivedData/Build/Intermediates.noindex/Scout.build/Debug-watchos/scout-symbols.build/DerivedSources -Xcc -DSWIFT_PACKAGE -Xcc -DDEBUG\=1 -working-directory /Users/admin/builder/spi-builder-workspace/.swiftpm/xcode -experimental-emit-module-separately -disable-cmo
SwiftDriverJobDiscovery normal arm64_32 Compiling MachOSegment.swift (in target 'DWARF' from project 'Scout')
SwiftCompile normal arm64_32 Compiling\ Metrics.swift /Users/admin/builder/spi-builder-workspace/.dependencies/checkouts/swift-metrics/Sources/Metrics/Metrics.swift (in target 'Metrics' from project 'swift-metrics')
SwiftCompile normal arm64_32 /Users/admin/builder/spi-builder-workspace/.dependencies/checkouts/swift-metrics/Sources/Metrics/Metrics.swift (in target 'Metrics' from project 'swift-metrics')
cd /Users/admin/builder/spi-builder-workspace/.swiftpm/xcode
SwiftCompile normal arm64 Compiling\ Metrics.swift /Users/admin/builder/spi-builder-workspace/.dependencies/checkouts/swift-metrics/Sources/Metrics/Metrics.swift (in target 'Metrics' from project 'swift-metrics')
SwiftCompile normal arm64 /Users/admin/builder/spi-builder-workspace/.dependencies/checkouts/swift-metrics/Sources/Metrics/Metrics.swift (in target 'Metrics' from project 'swift-metrics')
cd /Users/admin/builder/spi-builder-workspace/.swiftpm/xcode
SwiftDriverJobDiscovery normal armv7k Compiling WithMetricsFactory.swift (in target 'CoreMetrics' from project 'swift-metrics')
SwiftCompile normal armv7k Compiling\ Metrics.swift /Users/admin/builder/spi-builder-workspace/.dependencies/checkouts/swift-metrics/Sources/Metrics/Metrics.swift (in target 'Metrics' from project 'swift-metrics')
SwiftCompile normal armv7k /Users/admin/builder/spi-builder-workspace/.dependencies/checkouts/swift-metrics/Sources/Metrics/Metrics.swift (in target 'Metrics' from project 'swift-metrics')
cd /Users/admin/builder/spi-builder-workspace/.swiftpm/xcode
SwiftDriverJobDiscovery normal arm64_32 Compiling WithMetricsFactory.swift (in target 'CoreMetrics' from project 'swift-metrics')
SwiftDriver\ Compilation DWARF normal arm64 com.apple.xcode.tools.swift.compiler (in target 'DWARF' from project 'Scout')
cd /Users/admin/builder/spi-builder-workspace/.swiftpm/xcode
builtin-Swift-Compilation -- /Applications/Xcode-16.3.0.app/Contents/Developer/Toolchains/XcodeDefault.xctoolchain/usr/bin/swiftc -module-name DWARF -Onone -enforce-exclusivity\=checked @/Users/admin/builder/spi-builder-workspace/.derivedData/Build/Intermediates.noindex/Scout.build/Debug-watchos/DWARF.build/Objects-normal/arm64/DWARF.SwiftFileList -DSWIFT_PACKAGE -DDEBUG -DXcode -plugin-path /Applications/Xcode-16.3.0.app/Contents/Developer/Toolchains/XcodeDefault.xctoolchain/usr/lib/swift/host/plugins/testing -enable-experimental-feature DebugDescriptionMacro -sdk /Applications/Xcode-16.3.0.app/Contents/Developer/Platforms/WatchOS.platform/Developer/SDKs/WatchOS11.4.sdk -target arm64-apple-watchos9.0 -g -module-cache-path /Users/admin/builder/spi-builder-workspace/.derivedData/ModuleCache.noindex -Xfrontend -serialize-debugging-options -profile-coverage-mapping -profile-generate -enable-testing -index-store-path /Users/admin/builder/spi-builder-workspace/.derivedData/Index.noindex/DataStore -swift-version 6 -I /Users/admin/builder/spi-builder-workspace/.derivedData/Build/Products/Debug-watchos -I /Applications/Xcode-16.3.0.app/Contents/Developer/Platforms/WatchOS.platform/Developer/usr/lib -F /Users/admin/builder/spi-builder-workspace/.derivedData/Build/Products/Debug-watchos/PackageFrameworks -F /Users/admin/builder/spi-builder-workspace/.derivedData/Build/Products/Debug-watchos -F /Applications/Xcode-16.3.0.app/Contents/Developer/Platforms/WatchOS.platform/Developer/Library/Frameworks -F /Applications/Xcode-16.3.0.app/Contents/Developer/Platforms/WatchOS.platform/Developer/SDKs/WatchOS11.4.sdk/Developer/Library/Frameworks -c -j10 -enable-batch-mode -incremental -Xcc -ivfsstatcache -Xcc /Users/admin/builder/spi-builder-workspace/.derivedData/SDKStatCaches.noindex/watchos11.4-22T246-43efb940ff07ba2497b70ec94253f576.sdkstatcache -output-file-map /Users/admin/builder/spi-builder-workspace/.derivedData/Build/Intermediates.noindex/Scout.build/Debug-watchos/DWARF.build/Objects-normal/arm64/DWARF-OutputFileMap.json -use-frontend-parseable-output -save-temps -no-color-diagnostics -serialize-diagnostics -emit-dependencies -emit-module -emit-module-path /Users/admin/builder/spi-builder-workspace/.derivedData/Build/Intermediates.noindex/Scout.build/Debug-watchos/DWARF.build/Objects-normal/arm64/DWARF.swiftmodule -validate-clang-modules-once -clang-build-session-file /Users/admin/builder/spi-builder-workspace/.derivedData/ModuleCache.noindex/Session.modulevalidation -package-name spi_builder_workspace -Xcc -I/Users/admin/builder/spi-builder-workspace/.derivedData/Build/Intermediates.noindex/Scout.build/Debug-watchos/DWARF.build/swift-overrides.hmap -emit-const-values -Xfrontend -const-gather-protocols-file -Xfrontend /Users/admin/builder/spi-builder-workspace/.derivedData/Build/Intermediates.noindex/Scout.build/Debug-watchos/DWARF.build/Objects-normal/arm64/DWARF_const_extract_protocols.json -Xcc -I/Users/admin/builder/spi-builder-workspace/.derivedData/Build/Products/Debug-watchos/include -Xcc -I/Users/admin/builder/spi-builder-workspace/.derivedData/Build/Intermediates.noindex/Scout.build/Debug-watchos/DWARF.build/DerivedSources-normal/arm64 -Xcc -I/Users/admin/builder/spi-builder-workspace/.derivedData/Build/Intermediates.noindex/Scout.build/Debug-watchos/DWARF.build/DerivedSources/arm64 -Xcc -I/Users/admin/builder/spi-builder-workspace/.derivedData/Build/Intermediates.noindex/Scout.build/Debug-watchos/DWARF.build/DerivedSources -Xcc -DSWIFT_PACKAGE -Xcc -DDEBUG\=1 -emit-objc-header -emit-objc-header-path /Users/admin/builder/spi-builder-workspace/.derivedData/Build/Intermediates.noindex/Scout.build/Debug-watchos/DWARF.build/Objects-normal/arm64/DWARF-Swift.h -working-directory /Users/admin/builder/spi-builder-workspace/.swiftpm/xcode -experimental-emit-module-separately -disable-cmo
SwiftDriverJobDiscovery normal arm64 Compiling MappingMetricsFactory.swift (in target 'CoreMetrics' from project 'swift-metrics')
SwiftCompile normal armv7k Compiling\ Locks.swift /Users/admin/builder/spi-builder-workspace/.dependencies/checkouts/swift-metrics/Sources/CoreMetrics/Locks.swift (in target 'CoreMetrics' from project 'swift-metrics')
SwiftCompile normal armv7k /Users/admin/builder/spi-builder-workspace/.dependencies/checkouts/swift-metrics/Sources/CoreMetrics/Locks.swift (in target 'CoreMetrics' from project 'swift-metrics')
cd /Users/admin/builder/spi-builder-workspace/.swiftpm/xcode
SwiftCompile normal arm64_32 Compiling\ MappingMetricsFactory.swift /Users/admin/builder/spi-builder-workspace/.dependencies/checkouts/swift-metrics/Sources/CoreMetrics/MappingMetricsFactory.swift (in target 'CoreMetrics' from project 'swift-metrics')
SwiftCompile normal arm64_32 /Users/admin/builder/spi-builder-workspace/.dependencies/checkouts/swift-metrics/Sources/CoreMetrics/MappingMetricsFactory.swift (in target 'CoreMetrics' from project 'swift-metrics')
cd /Users/admin/builder/spi-builder-workspace/.swiftpm/xcode
SwiftDriverJobDiscovery normal arm64_32 Compiling LineHeader.swift, LineProgram.swift (in target 'DWARF' from project 'Scout')
SwiftDriverJobDiscovery normal arm64_32 Emitting module for Metrics (in target 'Metrics' from project 'swift-metrics')
SwiftDriver\ Compilation DWARF normal arm64_32 com.apple.xcode.tools.swift.compiler (in target 'DWARF' from project 'Scout')
cd /Users/admin/builder/spi-builder-workspace/.swiftpm/xcode
builtin-Swift-Compilation -- /Applications/Xcode-16.3.0.app/Contents/Developer/Toolchains/XcodeDefault.xctoolchain/usr/bin/swiftc -module-name DWARF -Onone -enforce-exclusivity\=checked @/Users/admin/builder/spi-builder-workspace/.derivedData/Build/Intermediates.noindex/Scout.build/Debug-watchos/DWARF.build/Objects-normal/arm64_32/DWARF.SwiftFileList -DSWIFT_PACKAGE -DDEBUG -DXcode -plugin-path /Applications/Xcode-16.3.0.app/Contents/Developer/Toolchains/XcodeDefault.xctoolchain/usr/lib/swift/host/plugins/testing -enable-experimental-feature DebugDescriptionMacro -sdk /Applications/Xcode-16.3.0.app/Contents/Developer/Platforms/WatchOS.platform/Developer/SDKs/WatchOS11.4.sdk -target arm64_32-apple-watchos9.0 -g -module-cache-path /Users/admin/builder/spi-builder-workspace/.derivedData/ModuleCache.noindex -Xfrontend -serialize-debugging-options -profile-coverage-mapping -profile-generate -enable-testing -index-store-path /Users/admin/builder/spi-builder-workspace/.derivedData/Index.noindex/DataStore -swift-version 6 -I /Users/admin/builder/spi-builder-workspace/.derivedData/Build/Products/Debug-watchos -I /Applications/Xcode-16.3.0.app/Contents/Developer/Platforms/WatchOS.platform/Developer/usr/lib -F /Users/admin/builder/spi-builder-workspace/.derivedData/Build/Products/Debug-watchos/PackageFrameworks -F /Users/admin/builder/spi-builder-workspace/.derivedData/Build/Products/Debug-watchos -F /Applications/Xcode-16.3.0.app/Contents/Developer/Platforms/WatchOS.platform/Developer/Library/Frameworks -F /Applications/Xcode-16.3.0.app/Contents/Developer/Platforms/WatchOS.platform/Developer/SDKs/WatchOS11.4.sdk/Developer/Library/Frameworks -c -j10 -enable-batch-mode -incremental -Xcc -ivfsstatcache -Xcc /Users/admin/builder/spi-builder-workspace/.derivedData/SDKStatCaches.noindex/watchos11.4-22T246-43efb940ff07ba2497b70ec94253f576.sdkstatcache -output-file-map /Users/admin/builder/spi-builder-workspace/.derivedData/Build/Intermediates.noindex/Scout.build/Debug-watchos/DWARF.build/Objects-normal/arm64_32/DWARF-OutputFileMap.json -use-frontend-parseable-output -save-temps -no-color-diagnostics -serialize-diagnostics -emit-dependencies -emit-module -emit-module-path /Users/admin/builder/spi-builder-workspace/.derivedData/Build/Intermediates.noindex/Scout.build/Debug-watchos/DWARF.build/Objects-normal/arm64_32/DWARF.swiftmodule -validate-clang-modules-once -clang-build-session-file /Users/admin/builder/spi-builder-workspace/.derivedData/ModuleCache.noindex/Session.modulevalidation -package-name spi_builder_workspace -Xcc -I/Users/admin/builder/spi-builder-workspace/.derivedData/Build/Intermediates.noindex/Scout.build/Debug-watchos/DWARF.build/swift-overrides.hmap -emit-const-values -Xfrontend -const-gather-protocols-file -Xfrontend /Users/admin/builder/spi-builder-workspace/.derivedData/Build/Intermediates.noindex/Scout.build/Debug-watchos/DWARF.build/Objects-normal/arm64_32/DWARF_const_extract_protocols.json -Xcc -I/Users/admin/builder/spi-builder-workspace/.derivedData/Build/Products/Debug-watchos/include -Xcc -I/Users/admin/builder/spi-builder-workspace/.derivedData/Build/Intermediates.noindex/Scout.build/Debug-watchos/DWARF.build/DerivedSources-normal/arm64_32 -Xcc -I/Users/admin/builder/spi-builder-workspace/.derivedData/Build/Intermediates.noindex/Scout.build/Debug-watchos/DWARF.build/DerivedSources/arm64_32 -Xcc -I/Users/admin/builder/spi-builder-workspace/.derivedData/Build/Intermediates.noindex/Scout.build/Debug-watchos/DWARF.build/DerivedSources -Xcc -DSWIFT_PACKAGE -Xcc -DDEBUG\=1 -emit-objc-header -emit-objc-header-path /Users/admin/builder/spi-builder-workspace/.derivedData/Build/Intermediates.noindex/Scout.build/Debug-watchos/DWARF.build/Objects-normal/arm64_32/DWARF-Swift.h -working-directory /Users/admin/builder/spi-builder-workspace/.swiftpm/xcode -experimental-emit-module-separately -disable-cmo
SwiftDriver\ Compilation\ Requirements Metrics normal arm64_32 com.apple.xcode.tools.swift.compiler (in target 'Metrics' from project 'swift-metrics')
cd /Users/admin/builder/spi-builder-workspace/.swiftpm/xcode
builtin-Swift-Compilation-Requirements -- /Applications/Xcode-16.3.0.app/Contents/Developer/Toolchains/XcodeDefault.xctoolchain/usr/bin/swiftc -module-name Metrics -Onone -enforce-exclusivity\=checked @/Users/admin/builder/spi-builder-workspace/.derivedData/Build/Intermediates.noindex/swift-metrics.build/Debug-watchos/Metrics.build/Objects-normal/arm64_32/Metrics.SwiftFileList -DSWIFT_PACKAGE -DDEBUG -DXcode -enable-experimental-feature StrictConcurrency\=complete -enable-upcoming-feature MemberImportVisibility -plugin-path /Applications/Xcode-16.3.0.app/Contents/Developer/Toolchains/XcodeDefault.xctoolchain/usr/lib/swift/host/plugins/testing -enable-experimental-feature DebugDescriptionMacro -sdk /Applications/Xcode-16.3.0.app/Contents/Developer/Platforms/WatchOS.platform/Developer/SDKs/WatchOS11.4.sdk -target arm64_32-apple-watchos5.0 -g -module-cache-path /Users/admin/builder/spi-builder-workspace/.derivedData/ModuleCache.noindex -Xfrontend -serialize-debugging-options -profile-coverage-mapping -profile-generate -enable-testing -suppress-warnings -index-store-path /Users/admin/builder/spi-builder-workspace/.derivedData/Index.noindex/DataStore -swift-version 6 -I /Users/admin/builder/spi-builder-workspace/.derivedData/Build/Products/Debug-watchos -I /Applications/Xcode-16.3.0.app/Contents/Developer/Platforms/WatchOS.platform/Developer/usr/lib -F /Users/admin/builder/spi-builder-workspace/.derivedData/Build/Products/Debug-watchos/PackageFrameworks -F /Users/admin/builder/spi-builder-workspace/.derivedData/Build/Products/Debug-watchos -F /Applications/Xcode-16.3.0.app/Contents/Developer/Platforms/WatchOS.platform/Developer/Library/Frameworks -F /Applications/Xcode-16.3.0.app/Contents/Developer/Platforms/WatchOS.platform/Developer/SDKs/WatchOS11.4.sdk/Developer/Library/Frameworks -parse-as-library -c -j10 -enable-batch-mode -incremental -Xcc -ivfsstatcache -Xcc /Users/admin/builder/spi-builder-workspace/.derivedData/SDKStatCaches.noindex/watchos11.4-22T246-43efb940ff07ba2497b70ec94253f576.sdkstatcache -output-file-map /Users/admin/builder/spi-builder-workspace/.derivedData/Build/Intermediates.noindex/swift-metrics.build/Debug-watchos/Metrics.build/Objects-normal/arm64_32/Metrics-OutputFileMap.json -use-frontend-parseable-output -save-temps -no-color-diagnostics -serialize-diagnostics -emit-dependencies -emit-module -emit-module-path /Users/admin/builder/spi-builder-workspace/.derivedData/Build/Intermediates.noindex/swift-metrics.build/Debug-watchos/Metrics.build/Objects-normal/arm64_32/Metrics.swiftmodule -user-module-version 2.11.0 -validate-clang-modules-once -clang-build-session-file /Users/admin/builder/spi-builder-workspace/.derivedData/ModuleCache.noindex/Session.modulevalidation -package-name swift_metrics -Xcc -I/Users/admin/builder/spi-builder-workspace/.derivedData/Build/Intermediates.noindex/swift-metrics.build/Debug-watchos/Metrics.build/swift-overrides.hmap -emit-const-values -Xfrontend -const-gather-protocols-file -Xfrontend /Users/admin/builder/spi-builder-workspace/.derivedData/Build/Intermediates.noindex/swift-metrics.build/Debug-watchos/Metrics.build/Objects-normal/arm64_32/Metrics_const_extract_protocols.json -Xcc -I/Users/admin/builder/spi-builder-workspace/.derivedData/Build/Products/Debug-watchos/include -Xcc -I/Users/admin/builder/spi-builder-workspace/.derivedData/Build/Intermediates.noindex/swift-metrics.build/Debug-watchos/Metrics.build/DerivedSources-normal/arm64_32 -Xcc -I/Users/admin/builder/spi-builder-workspace/.derivedData/Build/Intermediates.noindex/swift-metrics.build/Debug-watchos/Metrics.build/DerivedSources/arm64_32 -Xcc -I/Users/admin/builder/spi-builder-workspace/.derivedData/Build/Intermediates.noindex/swift-metrics.build/Debug-watchos/Metrics.build/DerivedSources -Xcc -DSWIFT_PACKAGE -Xcc -DDEBUG\=1 -emit-objc-header -emit-objc-header-path /Users/admin/builder/spi-builder-workspace/.derivedData/Build/Intermediates.noindex/swift-metrics.build/Debug-watchos/Metrics.build/Objects-normal/arm64_32/Metrics-Swift.h -working-directory /Users/admin/builder/spi-builder-workspace/.swiftpm/xcode -experimental-emit-module-separately -disable-cmo
SwiftCompile normal arm64 Compiling\ WithMetricsFactory.swift /Users/admin/builder/spi-builder-workspace/.dependencies/checkouts/swift-metrics/Sources/CoreMetrics/WithMetricsFactory.swift (in target 'CoreMetrics' from project 'swift-metrics')
SwiftCompile normal arm64 /Users/admin/builder/spi-builder-workspace/.dependencies/checkouts/swift-metrics/Sources/CoreMetrics/WithMetricsFactory.swift (in target 'CoreMetrics' from project 'swift-metrics')
cd /Users/admin/builder/spi-builder-workspace/.swiftpm/xcode
SwiftDriverJobDiscovery normal armv7k Emitting module for Metrics (in target 'Metrics' from project 'swift-metrics')
SwiftCompile normal arm64_32 Compiling\ Locks.swift /Users/admin/builder/spi-builder-workspace/.dependencies/checkouts/swift-metrics/Sources/CoreMetrics/Locks.swift (in target 'CoreMetrics' from project 'swift-metrics')
SwiftCompile normal arm64_32 /Users/admin/builder/spi-builder-workspace/.dependencies/checkouts/swift-metrics/Sources/CoreMetrics/Locks.swift (in target 'CoreMetrics' from project 'swift-metrics')
cd /Users/admin/builder/spi-builder-workspace/.swiftpm/xcode
SwiftDriver\ Compilation\ Requirements Metrics normal armv7k com.apple.xcode.tools.swift.compiler (in target 'Metrics' from project 'swift-metrics')
cd /Users/admin/builder/spi-builder-workspace/.swiftpm/xcode
builtin-Swift-Compilation-Requirements -- /Applications/Xcode-16.3.0.app/Contents/Developer/Toolchains/XcodeDefault.xctoolchain/usr/bin/swiftc -module-name Metrics -Onone -enforce-exclusivity\=checked @/Users/admin/builder/spi-builder-workspace/.derivedData/Build/Intermediates.noindex/swift-metrics.build/Debug-watchos/Metrics.build/Objects-normal/armv7k/Metrics.SwiftFileList -DSWIFT_PACKAGE -DDEBUG -DXcode -enable-experimental-feature StrictConcurrency\=complete -enable-upcoming-feature MemberImportVisibility -plugin-path /Applications/Xcode-16.3.0.app/Contents/Developer/Toolchains/XcodeDefault.xctoolchain/usr/lib/swift/host/plugins/testing -enable-experimental-feature DebugDescriptionMacro -sdk /Applications/Xcode-16.3.0.app/Contents/Developer/Platforms/WatchOS.platform/Developer/SDKs/WatchOS11.4.sdk -target armv7k-apple-watchos5.0 -g -module-cache-path /Users/admin/builder/spi-builder-workspace/.derivedData/ModuleCache.noindex -Xfrontend -serialize-debugging-options -profile-coverage-mapping -profile-generate -enable-testing -suppress-warnings -index-store-path /Users/admin/builder/spi-builder-workspace/.derivedData/Index.noindex/DataStore -swift-version 6 -I /Users/admin/builder/spi-builder-workspace/.derivedData/Build/Products/Debug-watchos -I /Applications/Xcode-16.3.0.app/Contents/Developer/Platforms/WatchOS.platform/Developer/usr/lib -F /Users/admin/builder/spi-builder-workspace/.derivedData/Build/Products/Debug-watchos/PackageFrameworks -F /Users/admin/builder/spi-builder-workspace/.derivedData/Build/Products/Debug-watchos -F /Applications/Xcode-16.3.0.app/Contents/Developer/Platforms/WatchOS.platform/Developer/Library/Frameworks -F /Applications/Xcode-16.3.0.app/Contents/Developer/Platforms/WatchOS.platform/Developer/SDKs/WatchOS11.4.sdk/Developer/Library/Frameworks -parse-as-library -c -j10 -enable-batch-mode -incremental -Xcc -ivfsstatcache -Xcc /Users/admin/builder/spi-builder-workspace/.derivedData/SDKStatCaches.noindex/watchos11.4-22T246-43efb940ff07ba2497b70ec94253f576.sdkstatcache -output-file-map /Users/admin/builder/spi-builder-workspace/.derivedData/Build/Intermediates.noindex/swift-metrics.build/Debug-watchos/Metrics.build/Objects-normal/armv7k/Metrics-OutputFileMap.json -use-frontend-parseable-output -save-temps -no-color-diagnostics -serialize-diagnostics -emit-dependencies -emit-module -emit-module-path /Users/admin/builder/spi-builder-workspace/.derivedData/Build/Intermediates.noindex/swift-metrics.build/Debug-watchos/Metrics.build/Objects-normal/armv7k/Metrics.swiftmodule -user-module-version 2.11.0 -validate-clang-modules-once -clang-build-session-file /Users/admin/builder/spi-builder-workspace/.derivedData/ModuleCache.noindex/Session.modulevalidation -package-name swift_metrics -Xcc -I/Users/admin/builder/spi-builder-workspace/.derivedData/Build/Intermediates.noindex/swift-metrics.build/Debug-watchos/Metrics.build/swift-overrides.hmap -emit-const-values -Xfrontend -const-gather-protocols-file -Xfrontend /Users/admin/builder/spi-builder-workspace/.derivedData/Build/Intermediates.noindex/swift-metrics.build/Debug-watchos/Metrics.build/Objects-normal/armv7k/Metrics_const_extract_protocols.json -Xcc -I/Users/admin/builder/spi-builder-workspace/.derivedData/Build/Products/Debug-watchos/include -Xcc -I/Users/admin/builder/spi-builder-workspace/.derivedData/Build/Intermediates.noindex/swift-metrics.build/Debug-watchos/Metrics.build/DerivedSources-normal/armv7k -Xcc -I/Users/admin/builder/spi-builder-workspace/.derivedData/Build/Intermediates.noindex/swift-metrics.build/Debug-watchos/Metrics.build/DerivedSources/armv7k -Xcc -I/Users/admin/builder/spi-builder-workspace/.derivedData/Build/Intermediates.noindex/swift-metrics.build/Debug-watchos/Metrics.build/DerivedSources -Xcc -DSWIFT_PACKAGE -Xcc -DDEBUG\=1 -emit-objc-header -emit-objc-header-path /Users/admin/builder/spi-builder-workspace/.derivedData/Build/Intermediates.noindex/swift-metrics.build/Debug-watchos/Metrics.build/Objects-normal/armv7k/Metrics-Swift.h -working-directory /Users/admin/builder/spi-builder-workspace/.swiftpm/xcode -experimental-emit-module-separately -disable-cmo
SwiftDriverJobDiscovery normal arm64 Emitting module for Metrics (in target 'Metrics' from project 'swift-metrics')
SwiftDriver\ Compilation\ Requirements Metrics normal arm64 com.apple.xcode.tools.swift.compiler (in target 'Metrics' from project 'swift-metrics')
cd /Users/admin/builder/spi-builder-workspace/.swiftpm/xcode
builtin-Swift-Compilation-Requirements -- /Applications/Xcode-16.3.0.app/Contents/Developer/Toolchains/XcodeDefault.xctoolchain/usr/bin/swiftc -module-name Metrics -Onone -enforce-exclusivity\=checked @/Users/admin/builder/spi-builder-workspace/.derivedData/Build/Intermediates.noindex/swift-metrics.build/Debug-watchos/Metrics.build/Objects-normal/arm64/Metrics.SwiftFileList -DSWIFT_PACKAGE -DDEBUG -DXcode -enable-experimental-feature StrictConcurrency\=complete -enable-upcoming-feature MemberImportVisibility -plugin-path /Applications/Xcode-16.3.0.app/Contents/Developer/Toolchains/XcodeDefault.xctoolchain/usr/lib/swift/host/plugins/testing -enable-experimental-feature DebugDescriptionMacro -sdk /Applications/Xcode-16.3.0.app/Contents/Developer/Platforms/WatchOS.platform/Developer/SDKs/WatchOS11.4.sdk -target arm64-apple-watchos5.0 -g -module-cache-path /Users/admin/builder/spi-builder-workspace/.derivedData/ModuleCache.noindex -Xfrontend -serialize-debugging-options -profile-coverage-mapping -profile-generate -enable-testing -suppress-warnings -index-store-path /Users/admin/builder/spi-builder-workspace/.derivedData/Index.noindex/DataStore -swift-version 6 -I /Users/admin/builder/spi-builder-workspace/.derivedData/Build/Products/Debug-watchos -I /Applications/Xcode-16.3.0.app/Contents/Developer/Platforms/WatchOS.platform/Developer/usr/lib -F /Users/admin/builder/spi-builder-workspace/.derivedData/Build/Products/Debug-watchos/PackageFrameworks -F /Users/admin/builder/spi-builder-workspace/.derivedData/Build/Products/Debug-watchos -F /Applications/Xcode-16.3.0.app/Contents/Developer/Platforms/WatchOS.platform/Developer/Library/Frameworks -F /Applications/Xcode-16.3.0.app/Contents/Developer/Platforms/WatchOS.platform/Developer/SDKs/WatchOS11.4.sdk/Developer/Library/Frameworks -parse-as-library -c -j10 -enable-batch-mode -incremental -Xcc -ivfsstatcache -Xcc /Users/admin/builder/spi-builder-workspace/.derivedData/SDKStatCaches.noindex/watchos11.4-22T246-43efb940ff07ba2497b70ec94253f576.sdkstatcache -output-file-map /Users/admin/builder/spi-builder-workspace/.derivedData/Build/Intermediates.noindex/swift-metrics.build/Debug-watchos/Metrics.build/Objects-normal/arm64/Metrics-OutputFileMap.json -use-frontend-parseable-output -save-temps -no-color-diagnostics -serialize-diagnostics -emit-dependencies -emit-module -emit-module-path /Users/admin/builder/spi-builder-workspace/.derivedData/Build/Intermediates.noindex/swift-metrics.build/Debug-watchos/Metrics.build/Objects-normal/arm64/Metrics.swiftmodule -user-module-version 2.11.0 -validate-clang-modules-once -clang-build-session-file /Users/admin/builder/spi-builder-workspace/.derivedData/ModuleCache.noindex/Session.modulevalidation -package-name swift_metrics -Xcc -I/Users/admin/builder/spi-builder-workspace/.derivedData/Build/Intermediates.noindex/swift-metrics.build/Debug-watchos/Metrics.build/swift-overrides.hmap -emit-const-values -Xfrontend -const-gather-protocols-file -Xfrontend /Users/admin/builder/spi-builder-workspace/.derivedData/Build/Intermediates.noindex/swift-metrics.build/Debug-watchos/Metrics.build/Objects-normal/arm64/Metrics_const_extract_protocols.json -Xcc -I/Users/admin/builder/spi-builder-workspace/.derivedData/Build/Products/Debug-watchos/include -Xcc -I/Users/admin/builder/spi-builder-workspace/.derivedData/Build/Intermediates.noindex/swift-metrics.build/Debug-watchos/Metrics.build/DerivedSources-normal/arm64 -Xcc -I/Users/admin/builder/spi-builder-workspace/.derivedData/Build/Intermediates.noindex/swift-metrics.build/Debug-watchos/Metrics.build/DerivedSources/arm64 -Xcc -I/Users/admin/builder/spi-builder-workspace/.derivedData/Build/Intermediates.noindex/swift-metrics.build/Debug-watchos/Metrics.build/DerivedSources -Xcc -DSWIFT_PACKAGE -Xcc -DDEBUG\=1 -emit-objc-header -emit-objc-header-path /Users/admin/builder/spi-builder-workspace/.derivedData/Build/Intermediates.noindex/swift-metrics.build/Debug-watchos/Metrics.build/Objects-normal/arm64/Metrics-Swift.h -working-directory /Users/admin/builder/spi-builder-workspace/.swiftpm/xcode -experimental-emit-module-separately -disable-cmo
Copy /Users/admin/builder/spi-builder-workspace/.derivedData/Build/Products/Debug-watchos/Metrics.swiftmodule/armv7k-apple-watchos.abi.json /Users/admin/builder/spi-builder-workspace/.derivedData/Build/Intermediates.noindex/swift-metrics.build/Debug-watchos/Metrics.build/Objects-normal/armv7k/Metrics.abi.json (in target 'Metrics' from project 'swift-metrics')
cd /Users/admin/builder/spi-builder-workspace/.dependencies/checkouts/swift-metrics
builtin-copy -exclude .DS_Store -exclude CVS -exclude .svn -exclude .git -exclude .hg -resolve-src-symlinks -rename /Users/admin/builder/spi-builder-workspace/.derivedData/Build/Intermediates.noindex/swift-metrics.build/Debug-watchos/Metrics.build/Objects-normal/armv7k/Metrics.abi.json /Users/admin/builder/spi-builder-workspace/.derivedData/Build/Products/Debug-watchos/Metrics.swiftmodule/armv7k-apple-watchos.abi.json
Copy /Users/admin/builder/spi-builder-workspace/.derivedData/Build/Products/Debug-watchos/Metrics.swiftmodule/arm64_32-apple-watchos.abi.json /Users/admin/builder/spi-builder-workspace/.derivedData/Build/Intermediates.noindex/swift-metrics.build/Debug-watchos/Metrics.build/Objects-normal/arm64_32/Metrics.abi.json (in target 'Metrics' from project 'swift-metrics')
cd /Users/admin/builder/spi-builder-workspace/.dependencies/checkouts/swift-metrics
builtin-copy -exclude .DS_Store -exclude CVS -exclude .svn -exclude .git -exclude .hg -resolve-src-symlinks -rename /Users/admin/builder/spi-builder-workspace/.derivedData/Build/Intermediates.noindex/swift-metrics.build/Debug-watchos/Metrics.build/Objects-normal/arm64_32/Metrics.abi.json /Users/admin/builder/spi-builder-workspace/.derivedData/Build/Products/Debug-watchos/Metrics.swiftmodule/arm64_32-apple-watchos.abi.json
Copy /Users/admin/builder/spi-builder-workspace/.derivedData/Build/Products/Debug-watchos/Metrics.swiftmodule/arm64-apple-watchos.abi.json /Users/admin/builder/spi-builder-workspace/.derivedData/Build/Intermediates.noindex/swift-metrics.build/Debug-watchos/Metrics.build/Objects-normal/arm64/Metrics.abi.json (in target 'Metrics' from project 'swift-metrics')
cd /Users/admin/builder/spi-builder-workspace/.dependencies/checkouts/swift-metrics
builtin-copy -exclude .DS_Store -exclude CVS -exclude .svn -exclude .git -exclude .hg -resolve-src-symlinks -rename /Users/admin/builder/spi-builder-workspace/.derivedData/Build/Intermediates.noindex/swift-metrics.build/Debug-watchos/Metrics.build/Objects-normal/arm64/Metrics.abi.json /Users/admin/builder/spi-builder-workspace/.derivedData/Build/Products/Debug-watchos/Metrics.swiftmodule/arm64-apple-watchos.abi.json
SwiftCompile normal arm64 Compiling\ Locks.swift /Users/admin/builder/spi-builder-workspace/.dependencies/checkouts/swift-metrics/Sources/CoreMetrics/Locks.swift (in target 'CoreMetrics' from project 'swift-metrics')
SwiftCompile normal arm64 /Users/admin/builder/spi-builder-workspace/.dependencies/checkouts/swift-metrics/Sources/CoreMetrics/Locks.swift (in target 'CoreMetrics' from project 'swift-metrics')
cd /Users/admin/builder/spi-builder-workspace/.swiftpm/xcode
SwiftCompile normal arm64 Compiling\ Metrics.swift /Users/admin/builder/spi-builder-workspace/.dependencies/checkouts/swift-metrics/Sources/CoreMetrics/Metrics.swift (in target 'CoreMetrics' from project 'swift-metrics')
SwiftCompile normal arm64 /Users/admin/builder/spi-builder-workspace/.dependencies/checkouts/swift-metrics/Sources/CoreMetrics/Metrics.swift (in target 'CoreMetrics' from project 'swift-metrics')
cd /Users/admin/builder/spi-builder-workspace/.swiftpm/xcode
SwiftDriverJobDiscovery normal arm64_32 Compiling Metrics.swift (in target 'Metrics' from project 'swift-metrics')
SwiftDriver Scout normal arm64 com.apple.xcode.tools.swift.compiler (in target 'Scout' from project 'Scout')
cd /Users/admin/builder/spi-builder-workspace/.swiftpm/xcode
builtin-SwiftDriver -- /Applications/Xcode-16.3.0.app/Contents/Developer/Toolchains/XcodeDefault.xctoolchain/usr/bin/swiftc -module-name Scout -Onone -enforce-exclusivity\=checked @/Users/admin/builder/spi-builder-workspace/.derivedData/Build/Intermediates.noindex/Scout.build/Debug-watchos/Scout.build/Objects-normal/arm64/Scout.SwiftFileList -DSWIFT_PACKAGE -DDEBUG -Xcc -fmodule-map-file\=/Users/admin/builder/spi-builder-workspace/.derivedData/Build/Intermediates.noindex/GeneratedModuleMaps-watchos/CScoutHang.modulemap -DXcode -plugin-path /Applications/Xcode-16.3.0.app/Contents/Developer/Toolchains/XcodeDefault.xctoolchain/usr/lib/swift/host/plugins/testing -enable-experimental-feature DebugDescriptionMacro -sdk /Applications/Xcode-16.3.0.app/Contents/Developer/Platforms/WatchOS.platform/Developer/SDKs/WatchOS11.4.sdk -target arm64-apple-watchos9.0 -g -module-cache-path /Users/admin/builder/spi-builder-workspace/.derivedData/ModuleCache.noindex -Xfrontend -serialize-debugging-options -profile-coverage-mapping -profile-generate -enable-testing -index-store-path /Users/admin/builder/spi-builder-workspace/.derivedData/Index.noindex/DataStore -swift-version 6 -I /Users/admin/builder/spi-builder-workspace/.derivedData/Build/Products/Debug-watchos -I /Applications/Xcode-16.3.0.app/Contents/Developer/Platforms/WatchOS.platform/Developer/usr/lib -F /Users/admin/builder/spi-builder-workspace/.derivedData/Build/Products/Debug-watchos/PackageFrameworks -F /Users/admin/builder/spi-builder-workspace/.derivedData/Build/Products/Debug-watchos/PackageFrameworks -F /Users/admin/builder/spi-builder-workspace/.derivedData/Build/Products/Debug-watchos/PackageFrameworks -F /Users/admin/builder/spi-builder-workspace/.derivedData/Build/Products/Debug-watchos/PackageFrameworks -F /Users/admin/builder/spi-builder-workspace/.derivedData/Build/Products/Debug-watchos/PackageFrameworks -F /Users/admin/builder/spi-builder-workspace/.derivedData/Build/Products/Debug-watchos -F /Applications/Xcode-16.3.0.app/Contents/Developer/Platforms/WatchOS.platform/Developer/Library/Frameworks -F /Applications/Xcode-16.3.0.app/Contents/Developer/Platforms/WatchOS.platform/Developer/SDKs/WatchOS11.4.sdk/Developer/Library/Frameworks -c -j10 -enable-batch-mode -incremental -Xcc -ivfsstatcache -Xcc /Users/admin/builder/spi-builder-workspace/.derivedData/SDKStatCaches.noindex/watchos11.4-22T246-43efb940ff07ba2497b70ec94253f576.sdkstatcache -output-file-map /Users/admin/builder/spi-builder-workspace/.derivedData/Build/Intermediates.noindex/Scout.build/Debug-watchos/Scout.build/Objects-normal/arm64/Scout-OutputFileMap.json -use-frontend-parseable-output -save-temps -no-color-diagnostics -serialize-diagnostics -emit-dependencies -emit-module -emit-module-path /Users/admin/builder/spi-builder-workspace/.derivedData/Build/Intermediates.noindex/Scout.build/Debug-watchos/Scout.build/Objects-normal/arm64/Scout.swiftmodule -validate-clang-modules-once -clang-build-session-file /Users/admin/builder/spi-builder-workspace/.derivedData/ModuleCache.noindex/Session.modulevalidation -package-name spi_builder_workspace -Xcc -I/Users/admin/builder/spi-builder-workspace/.derivedData/Build/Intermediates.noindex/Scout.build/Debug-watchos/Scout.build/swift-overrides.hmap -emit-const-values -Xfrontend -const-gather-protocols-file -Xfrontend /Users/admin/builder/spi-builder-workspace/.derivedData/Build/Intermediates.noindex/Scout.build/Debug-watchos/Scout.build/Objects-normal/arm64/Scout_const_extract_protocols.json -Xcc -I/Users/admin/builder/spi-builder-workspace/Sources/CScoutHang/include -Xcc -I/Users/admin/builder/spi-builder-workspace/.derivedData/Build/Products/Debug-watchos/include -Xcc -I/Users/admin/builder/spi-builder-workspace/.derivedData/Build/Intermediates.noindex/Scout.build/Debug-watchos/Scout.build/DerivedSources-normal/arm64 -Xcc -I/Users/admin/builder/spi-builder-workspace/.derivedData/Build/Intermediates.noindex/Scout.build/Debug-watchos/Scout.build/DerivedSources/arm64 -Xcc -I/Users/admin/builder/spi-builder-workspace/.derivedData/Build/Intermediates.noindex/Scout.build/Debug-watchos/Scout.build/DerivedSources -Xcc -DSWIFT_PACKAGE -Xcc -DDEBUG\=1 -emit-objc-header -emit-objc-header-path /Users/admin/builder/spi-builder-workspace/.derivedData/Build/Intermediates.noindex/Scout.build/Debug-watchos/Scout.build/Objects-normal/arm64/Scout-Swift.h -working-directory /Users/admin/builder/spi-builder-workspace/.swiftpm/xcode -experimental-emit-module-separately -disable-cmo
SwiftDriverJobDiscovery normal arm64 Compiling Metrics.swift (in target 'Metrics' from project 'swift-metrics')
SwiftDriver Scout normal arm64_32 com.apple.xcode.tools.swift.compiler (in target 'Scout' from project 'Scout')
cd /Users/admin/builder/spi-builder-workspace/.swiftpm/xcode
builtin-SwiftDriver -- /Applications/Xcode-16.3.0.app/Contents/Developer/Toolchains/XcodeDefault.xctoolchain/usr/bin/swiftc -module-name Scout -Onone -enforce-exclusivity\=checked @/Users/admin/builder/spi-builder-workspace/.derivedData/Build/Intermediates.noindex/Scout.build/Debug-watchos/Scout.build/Objects-normal/arm64_32/Scout.SwiftFileList -DSWIFT_PACKAGE -DDEBUG -Xcc -fmodule-map-file\=/Users/admin/builder/spi-builder-workspace/.derivedData/Build/Intermediates.noindex/GeneratedModuleMaps-watchos/CScoutHang.modulemap -DXcode -plugin-path /Applications/Xcode-16.3.0.app/Contents/Developer/Toolchains/XcodeDefault.xctoolchain/usr/lib/swift/host/plugins/testing -enable-experimental-feature DebugDescriptionMacro -sdk /Applications/Xcode-16.3.0.app/Contents/Developer/Platforms/WatchOS.platform/Developer/SDKs/WatchOS11.4.sdk -target arm64_32-apple-watchos9.0 -g -module-cache-path /Users/admin/builder/spi-builder-workspace/.derivedData/ModuleCache.noindex -Xfrontend -serialize-debugging-options -profile-coverage-mapping -profile-generate -enable-testing -index-store-path /Users/admin/builder/spi-builder-workspace/.derivedData/Index.noindex/DataStore -swift-version 6 -I /Users/admin/builder/spi-builder-workspace/.derivedData/Build/Products/Debug-watchos -I /Applications/Xcode-16.3.0.app/Contents/Developer/Platforms/WatchOS.platform/Developer/usr/lib -F /Users/admin/builder/spi-builder-workspace/.derivedData/Build/Products/Debug-watchos/PackageFrameworks -F /Users/admin/builder/spi-builder-workspace/.derivedData/Build/Products/Debug-watchos/PackageFrameworks -F /Users/admin/builder/spi-builder-workspace/.derivedData/Build/Products/Debug-watchos/PackageFrameworks -F /Users/admin/builder/spi-builder-workspace/.derivedData/Build/Products/Debug-watchos/PackageFrameworks -F /Users/admin/builder/spi-builder-workspace/.derivedData/Build/Products/Debug-watchos/PackageFrameworks -F /Users/admin/builder/spi-builder-workspace/.derivedData/Build/Products/Debug-watchos -F /Applications/Xcode-16.3.0.app/Contents/Developer/Platforms/WatchOS.platform/Developer/Library/Frameworks -F /Applications/Xcode-16.3.0.app/Contents/Developer/Platforms/WatchOS.platform/Developer/SDKs/WatchOS11.4.sdk/Developer/Library/Frameworks -c -j10 -enable-batch-mode -incremental -Xcc -ivfsstatcache -Xcc /Users/admin/builder/spi-builder-workspace/.derivedData/SDKStatCaches.noindex/watchos11.4-22T246-43efb940ff07ba2497b70ec94253f576.sdkstatcache -output-file-map /Users/admin/builder/spi-builder-workspace/.derivedData/Build/Intermediates.noindex/Scout.build/Debug-watchos/Scout.build/Objects-normal/arm64_32/Scout-OutputFileMap.json -use-frontend-parseable-output -save-temps -no-color-diagnostics -serialize-diagnostics -emit-dependencies -emit-module -emit-module-path /Users/admin/builder/spi-builder-workspace/.derivedData/Build/Intermediates.noindex/Scout.build/Debug-watchos/Scout.build/Objects-normal/arm64_32/Scout.swiftmodule -validate-clang-modules-once -clang-build-session-file /Users/admin/builder/spi-builder-workspace/.derivedData/ModuleCache.noindex/Session.modulevalidation -package-name spi_builder_workspace -Xcc -I/Users/admin/builder/spi-builder-workspace/.derivedData/Build/Intermediates.noindex/Scout.build/Debug-watchos/Scout.build/swift-overrides.hmap -emit-const-values -Xfrontend -const-gather-protocols-file -Xfrontend /Users/admin/builder/spi-builder-workspace/.derivedData/Build/Intermediates.noindex/Scout.build/Debug-watchos/Scout.build/Objects-normal/arm64_32/Scout_const_extract_protocols.json -Xcc -I/Users/admin/builder/spi-builder-workspace/Sources/CScoutHang/include -Xcc -I/Users/admin/builder/spi-builder-workspace/.derivedData/Build/Products/Debug-watchos/include -Xcc -I/Users/admin/builder/spi-builder-workspace/.derivedData/Build/Intermediates.noindex/Scout.build/Debug-watchos/Scout.build/DerivedSources-normal/arm64_32 -Xcc -I/Users/admin/builder/spi-builder-workspace/.derivedData/Build/Intermediates.noindex/Scout.build/Debug-watchos/Scout.build/DerivedSources/arm64_32 -Xcc -I/Users/admin/builder/spi-builder-workspace/.derivedData/Build/Intermediates.noindex/Scout.build/Debug-watchos/Scout.build/DerivedSources -Xcc -DSWIFT_PACKAGE -Xcc -DDEBUG\=1 -emit-objc-header -emit-objc-header-path /Users/admin/builder/spi-builder-workspace/.derivedData/Build/Intermediates.noindex/Scout.build/Debug-watchos/Scout.build/Objects-normal/arm64_32/Scout-Swift.h -working-directory /Users/admin/builder/spi-builder-workspace/.swiftpm/xcode -experimental-emit-module-separately -disable-cmo
SwiftDriverJobDiscovery normal armv7k Compiling Locks.swift (in target 'CoreMetrics' from project 'swift-metrics')
SwiftDriver\ Compilation Metrics normal arm64_32 com.apple.xcode.tools.swift.compiler (in target 'Metrics' from project 'swift-metrics')
cd /Users/admin/builder/spi-builder-workspace/.swiftpm/xcode
builtin-Swift-Compilation -- /Applications/Xcode-16.3.0.app/Contents/Developer/Toolchains/XcodeDefault.xctoolchain/usr/bin/swiftc -module-name Metrics -Onone -enforce-exclusivity\=checked @/Users/admin/builder/spi-builder-workspace/.derivedData/Build/Intermediates.noindex/swift-metrics.build/Debug-watchos/Metrics.build/Objects-normal/arm64_32/Metrics.SwiftFileList -DSWIFT_PACKAGE -DDEBUG -DXcode -enable-experimental-feature StrictConcurrency\=complete -enable-upcoming-feature MemberImportVisibility -plugin-path /Applications/Xcode-16.3.0.app/Contents/Developer/Toolchains/XcodeDefault.xctoolchain/usr/lib/swift/host/plugins/testing -enable-experimental-feature DebugDescriptionMacro -sdk /Applications/Xcode-16.3.0.app/Contents/Developer/Platforms/WatchOS.platform/Developer/SDKs/WatchOS11.4.sdk -target arm64_32-apple-watchos5.0 -g -module-cache-path /Users/admin/builder/spi-builder-workspace/.derivedData/ModuleCache.noindex -Xfrontend -serialize-debugging-options -profile-coverage-mapping -profile-generate -enable-testing -suppress-warnings -index-store-path /Users/admin/builder/spi-builder-workspace/.derivedData/Index.noindex/DataStore -swift-version 6 -I /Users/admin/builder/spi-builder-workspace/.derivedData/Build/Products/Debug-watchos -I /Applications/Xcode-16.3.0.app/Contents/Developer/Platforms/WatchOS.platform/Developer/usr/lib -F /Users/admin/builder/spi-builder-workspace/.derivedData/Build/Products/Debug-watchos/PackageFrameworks -F /Users/admin/builder/spi-builder-workspace/.derivedData/Build/Products/Debug-watchos -F /Applications/Xcode-16.3.0.app/Contents/Developer/Platforms/WatchOS.platform/Developer/Library/Frameworks -F /Applications/Xcode-16.3.0.app/Contents/Developer/Platforms/WatchOS.platform/Developer/SDKs/WatchOS11.4.sdk/Developer/Library/Frameworks -parse-as-library -c -j10 -enable-batch-mode -incremental -Xcc -ivfsstatcache -Xcc /Users/admin/builder/spi-builder-workspace/.derivedData/SDKStatCaches.noindex/watchos11.4-22T246-43efb940ff07ba2497b70ec94253f576.sdkstatcache -output-file-map /Users/admin/builder/spi-builder-workspace/.derivedData/Build/Intermediates.noindex/swift-metrics.build/Debug-watchos/Metrics.build/Objects-normal/arm64_32/Metrics-OutputFileMap.json -use-frontend-parseable-output -save-temps -no-color-diagnostics -serialize-diagnostics -emit-dependencies -emit-module -emit-module-path /Users/admin/builder/spi-builder-workspace/.derivedData/Build/Intermediates.noindex/swift-metrics.build/Debug-watchos/Metrics.build/Objects-normal/arm64_32/Metrics.swiftmodule -user-module-version 2.11.0 -validate-clang-modules-once -clang-build-session-file /Users/admin/builder/spi-builder-workspace/.derivedData/ModuleCache.noindex/Session.modulevalidation -package-name swift_metrics -Xcc -I/Users/admin/builder/spi-builder-workspace/.derivedData/Build/Intermediates.noindex/swift-metrics.build/Debug-watchos/Metrics.build/swift-overrides.hmap -emit-const-values -Xfrontend -const-gather-protocols-file -Xfrontend /Users/admin/builder/spi-builder-workspace/.derivedData/Build/Intermediates.noindex/swift-metrics.build/Debug-watchos/Metrics.build/Objects-normal/arm64_32/Metrics_const_extract_protocols.json -Xcc -I/Users/admin/builder/spi-builder-workspace/.derivedData/Build/Products/Debug-watchos/include -Xcc -I/Users/admin/builder/spi-builder-workspace/.derivedData/Build/Intermediates.noindex/swift-metrics.build/Debug-watchos/Metrics.build/DerivedSources-normal/arm64_32 -Xcc -I/Users/admin/builder/spi-builder-workspace/.derivedData/Build/Intermediates.noindex/swift-metrics.build/Debug-watchos/Metrics.build/DerivedSources/arm64_32 -Xcc -I/Users/admin/builder/spi-builder-workspace/.derivedData/Build/Intermediates.noindex/swift-metrics.build/Debug-watchos/Metrics.build/DerivedSources -Xcc -DSWIFT_PACKAGE -Xcc -DDEBUG\=1 -emit-objc-header -emit-objc-header-path /Users/admin/builder/spi-builder-workspace/.derivedData/Build/Intermediates.noindex/swift-metrics.build/Debug-watchos/Metrics.build/Objects-normal/arm64_32/Metrics-Swift.h -working-directory /Users/admin/builder/spi-builder-workspace/.swiftpm/xcode -experimental-emit-module-separately -disable-cmo
SwiftDriverJobDiscovery normal armv7k Compiling Metrics.swift (in target 'Metrics' from project 'swift-metrics')
SwiftDriver\ Compilation Metrics normal arm64 com.apple.xcode.tools.swift.compiler (in target 'Metrics' from project 'swift-metrics')
cd /Users/admin/builder/spi-builder-workspace/.swiftpm/xcode
builtin-Swift-Compilation -- /Applications/Xcode-16.3.0.app/Contents/Developer/Toolchains/XcodeDefault.xctoolchain/usr/bin/swiftc -module-name Metrics -Onone -enforce-exclusivity\=checked @/Users/admin/builder/spi-builder-workspace/.derivedData/Build/Intermediates.noindex/swift-metrics.build/Debug-watchos/Metrics.build/Objects-normal/arm64/Metrics.SwiftFileList -DSWIFT_PACKAGE -DDEBUG -DXcode -enable-experimental-feature StrictConcurrency\=complete -enable-upcoming-feature MemberImportVisibility -plugin-path /Applications/Xcode-16.3.0.app/Contents/Developer/Toolchains/XcodeDefault.xctoolchain/usr/lib/swift/host/plugins/testing -enable-experimental-feature DebugDescriptionMacro -sdk /Applications/Xcode-16.3.0.app/Contents/Developer/Platforms/WatchOS.platform/Developer/SDKs/WatchOS11.4.sdk -target arm64-apple-watchos5.0 -g -module-cache-path /Users/admin/builder/spi-builder-workspace/.derivedData/ModuleCache.noindex -Xfrontend -serialize-debugging-options -profile-coverage-mapping -profile-generate -enable-testing -suppress-warnings -index-store-path /Users/admin/builder/spi-builder-workspace/.derivedData/Index.noindex/DataStore -swift-version 6 -I /Users/admin/builder/spi-builder-workspace/.derivedData/Build/Products/Debug-watchos -I /Applications/Xcode-16.3.0.app/Contents/Developer/Platforms/WatchOS.platform/Developer/usr/lib -F /Users/admin/builder/spi-builder-workspace/.derivedData/Build/Products/Debug-watchos/PackageFrameworks -F /Users/admin/builder/spi-builder-workspace/.derivedData/Build/Products/Debug-watchos -F /Applications/Xcode-16.3.0.app/Contents/Developer/Platforms/WatchOS.platform/Developer/Library/Frameworks -F /Applications/Xcode-16.3.0.app/Contents/Developer/Platforms/WatchOS.platform/Developer/SDKs/WatchOS11.4.sdk/Developer/Library/Frameworks -parse-as-library -c -j10 -enable-batch-mode -incremental -Xcc -ivfsstatcache -Xcc /Users/admin/builder/spi-builder-workspace/.derivedData/SDKStatCaches.noindex/watchos11.4-22T246-43efb940ff07ba2497b70ec94253f576.sdkstatcache -output-file-map /Users/admin/builder/spi-builder-workspace/.derivedData/Build/Intermediates.noindex/swift-metrics.build/Debug-watchos/Metrics.build/Objects-normal/arm64/Metrics-OutputFileMap.json -use-frontend-parseable-output -save-temps -no-color-diagnostics -serialize-diagnostics -emit-dependencies -emit-module -emit-module-path /Users/admin/builder/spi-builder-workspace/.derivedData/Build/Intermediates.noindex/swift-metrics.build/Debug-watchos/Metrics.build/Objects-normal/arm64/Metrics.swiftmodule -user-module-version 2.11.0 -validate-clang-modules-once -clang-build-session-file /Users/admin/builder/spi-builder-workspace/.derivedData/ModuleCache.noindex/Session.modulevalidation -package-name swift_metrics -Xcc -I/Users/admin/builder/spi-builder-workspace/.derivedData/Build/Intermediates.noindex/swift-metrics.build/Debug-watchos/Metrics.build/swift-overrides.hmap -emit-const-values -Xfrontend -const-gather-protocols-file -Xfrontend /Users/admin/builder/spi-builder-workspace/.derivedData/Build/Intermediates.noindex/swift-metrics.build/Debug-watchos/Metrics.build/Objects-normal/arm64/Metrics_const_extract_protocols.json -Xcc -I/Users/admin/builder/spi-builder-workspace/.derivedData/Build/Products/Debug-watchos/include -Xcc -I/Users/admin/builder/spi-builder-workspace/.derivedData/Build/Intermediates.noindex/swift-metrics.build/Debug-watchos/Metrics.build/DerivedSources-normal/arm64 -Xcc -I/Users/admin/builder/spi-builder-workspace/.derivedData/Build/Intermediates.noindex/swift-metrics.build/Debug-watchos/Metrics.build/DerivedSources/arm64 -Xcc -I/Users/admin/builder/spi-builder-workspace/.derivedData/Build/Intermediates.noindex/swift-metrics.build/Debug-watchos/Metrics.build/DerivedSources -Xcc -DSWIFT_PACKAGE -Xcc -DDEBUG\=1 -emit-objc-header -emit-objc-header-path /Users/admin/builder/spi-builder-workspace/.derivedData/Build/Intermediates.noindex/swift-metrics.build/Debug-watchos/Metrics.build/Objects-normal/arm64/Metrics-Swift.h -working-directory /Users/admin/builder/spi-builder-workspace/.swiftpm/xcode -experimental-emit-module-separately -disable-cmo
SwiftCompile normal armv7k Compiling\ MappingMetricsFactory.swift /Users/admin/builder/spi-builder-workspace/.dependencies/checkouts/swift-metrics/Sources/CoreMetrics/MappingMetricsFactory.swift (in target 'CoreMetrics' from project 'swift-metrics')
SwiftCompile normal armv7k /Users/admin/builder/spi-builder-workspace/.dependencies/checkouts/swift-metrics/Sources/CoreMetrics/MappingMetricsFactory.swift (in target 'CoreMetrics' from project 'swift-metrics')
cd /Users/admin/builder/spi-builder-workspace/.swiftpm/xcode
SwiftDriver\ Compilation Metrics normal armv7k com.apple.xcode.tools.swift.compiler (in target 'Metrics' from project 'swift-metrics')
cd /Users/admin/builder/spi-builder-workspace/.swiftpm/xcode
builtin-Swift-Compilation -- /Applications/Xcode-16.3.0.app/Contents/Developer/Toolchains/XcodeDefault.xctoolchain/usr/bin/swiftc -module-name Metrics -Onone -enforce-exclusivity\=checked @/Users/admin/builder/spi-builder-workspace/.derivedData/Build/Intermediates.noindex/swift-metrics.build/Debug-watchos/Metrics.build/Objects-normal/armv7k/Metrics.SwiftFileList -DSWIFT_PACKAGE -DDEBUG -DXcode -enable-experimental-feature StrictConcurrency\=complete -enable-upcoming-feature MemberImportVisibility -plugin-path /Applications/Xcode-16.3.0.app/Contents/Developer/Toolchains/XcodeDefault.xctoolchain/usr/lib/swift/host/plugins/testing -enable-experimental-feature DebugDescriptionMacro -sdk /Applications/Xcode-16.3.0.app/Contents/Developer/Platforms/WatchOS.platform/Developer/SDKs/WatchOS11.4.sdk -target armv7k-apple-watchos5.0 -g -module-cache-path /Users/admin/builder/spi-builder-workspace/.derivedData/ModuleCache.noindex -Xfrontend -serialize-debugging-options -profile-coverage-mapping -profile-generate -enable-testing -suppress-warnings -index-store-path /Users/admin/builder/spi-builder-workspace/.derivedData/Index.noindex/DataStore -swift-version 6 -I /Users/admin/builder/spi-builder-workspace/.derivedData/Build/Products/Debug-watchos -I /Applications/Xcode-16.3.0.app/Contents/Developer/Platforms/WatchOS.platform/Developer/usr/lib -F /Users/admin/builder/spi-builder-workspace/.derivedData/Build/Products/Debug-watchos/PackageFrameworks -F /Users/admin/builder/spi-builder-workspace/.derivedData/Build/Products/Debug-watchos -F /Applications/Xcode-16.3.0.app/Contents/Developer/Platforms/WatchOS.platform/Developer/Library/Frameworks -F /Applications/Xcode-16.3.0.app/Contents/Developer/Platforms/WatchOS.platform/Developer/SDKs/WatchOS11.4.sdk/Developer/Library/Frameworks -parse-as-library -c -j10 -enable-batch-mode -incremental -Xcc -ivfsstatcache -Xcc /Users/admin/builder/spi-builder-workspace/.derivedData/SDKStatCaches.noindex/watchos11.4-22T246-43efb940ff07ba2497b70ec94253f576.sdkstatcache -output-file-map /Users/admin/builder/spi-builder-workspace/.derivedData/Build/Intermediates.noindex/swift-metrics.build/Debug-watchos/Metrics.build/Objects-normal/armv7k/Metrics-OutputFileMap.json -use-frontend-parseable-output -save-temps -no-color-diagnostics -serialize-diagnostics -emit-dependencies -emit-module -emit-module-path /Users/admin/builder/spi-builder-workspace/.derivedData/Build/Intermediates.noindex/swift-metrics.build/Debug-watchos/Metrics.build/Objects-normal/armv7k/Metrics.swiftmodule -user-module-version 2.11.0 -validate-clang-modules-once -clang-build-session-file /Users/admin/builder/spi-builder-workspace/.derivedData/ModuleCache.noindex/Session.modulevalidation -package-name swift_metrics -Xcc -I/Users/admin/builder/spi-builder-workspace/.derivedData/Build/Intermediates.noindex/swift-metrics.build/Debug-watchos/Metrics.build/swift-overrides.hmap -emit-const-values -Xfrontend -const-gather-protocols-file -Xfrontend /Users/admin/builder/spi-builder-workspace/.derivedData/Build/Intermediates.noindex/swift-metrics.build/Debug-watchos/Metrics.build/Objects-normal/armv7k/Metrics_const_extract_protocols.json -Xcc -I/Users/admin/builder/spi-builder-workspace/.derivedData/Build/Products/Debug-watchos/include -Xcc -I/Users/admin/builder/spi-builder-workspace/.derivedData/Build/Intermediates.noindex/swift-metrics.build/Debug-watchos/Metrics.build/DerivedSources-normal/armv7k -Xcc -I/Users/admin/builder/spi-builder-workspace/.derivedData/Build/Intermediates.noindex/swift-metrics.build/Debug-watchos/Metrics.build/DerivedSources/armv7k -Xcc -I/Users/admin/builder/spi-builder-workspace/.derivedData/Build/Intermediates.noindex/swift-metrics.build/Debug-watchos/Metrics.build/DerivedSources -Xcc -DSWIFT_PACKAGE -Xcc -DDEBUG\=1 -emit-objc-header -emit-objc-header-path /Users/admin/builder/spi-builder-workspace/.derivedData/Build/Intermediates.noindex/swift-metrics.build/Debug-watchos/Metrics.build/Objects-normal/armv7k/Metrics-Swift.h -working-directory /Users/admin/builder/spi-builder-workspace/.swiftpm/xcode -experimental-emit-module-separately -disable-cmo
SwiftDriverJobDiscovery normal arm64_32 Compiling MappingMetricsFactory.swift (in target 'CoreMetrics' from project 'swift-metrics')
Ld /Users/admin/builder/spi-builder-workspace/.derivedData/Build/Intermediates.noindex/swift-log.build/Debug-watchos/Logging.build/Objects-normal/armv7k/Binary/Logging.o normal armv7k (in target 'Logging' from project 'swift-log')
cd /Users/admin/builder/spi-builder-workspace/.dependencies/checkouts/swift-log
/Applications/Xcode-16.3.0.app/Contents/Developer/Toolchains/XcodeDefault.xctoolchain/usr/bin/clang -Xlinker -reproducible -target armv7k-apple-watchos5.0 -r -isysroot /Applications/Xcode-16.3.0.app/Contents/Developer/Platforms/WatchOS.platform/Developer/SDKs/WatchOS11.4.sdk -O0 -w -L/Users/admin/builder/spi-builder-workspace/.derivedData/Build/Intermediates.noindex/EagerLinkingTBDs/Debug-watchos -L/Users/admin/builder/spi-builder-workspace/.derivedData/Build/Products/Debug-watchos -L/Applications/Xcode-16.3.0.app/Contents/Developer/Platforms/WatchOS.platform/Developer/usr/lib -F/Users/admin/builder/spi-builder-workspace/.derivedData/Build/Intermediates.noindex/EagerLinkingTBDs/Debug-watchos -F/Users/admin/builder/spi-builder-workspace/.derivedData/Build/Products/Debug-watchos -iframework /Applications/Xcode-16.3.0.app/Contents/Developer/Platforms/WatchOS.platform/Developer/Library/Frameworks -iframework /Applications/Xcode-16.3.0.app/Contents/Developer/Platforms/WatchOS.platform/Developer/SDKs/WatchOS11.4.sdk/Developer/Library/Frameworks -filelist /Users/admin/builder/spi-builder-workspace/.derivedData/Build/Intermediates.noindex/swift-log.build/Debug-watchos/Logging.build/Objects-normal/armv7k/Logging.LinkFileList -nostdlib -Xlinker -object_path_lto -Xlinker /Users/admin/builder/spi-builder-workspace/.derivedData/Build/Intermediates.noindex/swift-log.build/Debug-watchos/Logging.build/Objects-normal/armv7k/Logging_lto.o -rdynamic -Xlinker -no_deduplicate -Xlinker -debug_variant -Xlinker -dependency_info -Xlinker /Users/admin/builder/spi-builder-workspace/.derivedData/Build/Intermediates.noindex/swift-log.build/Debug-watchos/Logging.build/Objects-normal/armv7k/Logging_dependency_info.dat -fobjc-link-runtime -L/Applications/Xcode-16.3.0.app/Contents/Developer/Toolchains/XcodeDefault.xctoolchain/usr/lib/swift/watchos -L/usr/lib/swift -Xlinker -add_ast_path -Xlinker /Users/admin/builder/spi-builder-workspace/.derivedData/Build/Intermediates.noindex/swift-log.build/Debug-watchos/Logging.build/Objects-normal/armv7k/Logging.swiftmodule -o /Users/admin/builder/spi-builder-workspace/.derivedData/Build/Intermediates.noindex/swift-log.build/Debug-watchos/Logging.build/Objects-normal/armv7k/Binary/Logging.o
Ld /Users/admin/builder/spi-builder-workspace/.derivedData/Build/Intermediates.noindex/swift-log.build/Debug-watchos/Logging.build/Objects-normal/arm64_32/Binary/Logging.o normal arm64_32 (in target 'Logging' from project 'swift-log')
cd /Users/admin/builder/spi-builder-workspace/.dependencies/checkouts/swift-log
/Applications/Xcode-16.3.0.app/Contents/Developer/Toolchains/XcodeDefault.xctoolchain/usr/bin/clang -Xlinker -reproducible -target arm64_32-apple-watchos5.0 -r -isysroot /Applications/Xcode-16.3.0.app/Contents/Developer/Platforms/WatchOS.platform/Developer/SDKs/WatchOS11.4.sdk -O0 -w -L/Users/admin/builder/spi-builder-workspace/.derivedData/Build/Intermediates.noindex/EagerLinkingTBDs/Debug-watchos -L/Users/admin/builder/spi-builder-workspace/.derivedData/Build/Products/Debug-watchos -L/Applications/Xcode-16.3.0.app/Contents/Developer/Platforms/WatchOS.platform/Developer/usr/lib -F/Users/admin/builder/spi-builder-workspace/.derivedData/Build/Intermediates.noindex/EagerLinkingTBDs/Debug-watchos -F/Users/admin/builder/spi-builder-workspace/.derivedData/Build/Products/Debug-watchos -iframework /Applications/Xcode-16.3.0.app/Contents/Developer/Platforms/WatchOS.platform/Developer/Library/Frameworks -iframework /Applications/Xcode-16.3.0.app/Contents/Developer/Platforms/WatchOS.platform/Developer/SDKs/WatchOS11.4.sdk/Developer/Library/Frameworks -filelist /Users/admin/builder/spi-builder-workspace/.derivedData/Build/Intermediates.noindex/swift-log.build/Debug-watchos/Logging.build/Objects-normal/arm64_32/Logging.LinkFileList -nostdlib -Xlinker -object_path_lto -Xlinker /Users/admin/builder/spi-builder-workspace/.derivedData/Build/Intermediates.noindex/swift-log.build/Debug-watchos/Logging.build/Objects-normal/arm64_32/Logging_lto.o -rdynamic -Xlinker -no_deduplicate -Xlinker -debug_variant -Xlinker -dependency_info -Xlinker /Users/admin/builder/spi-builder-workspace/.derivedData/Build/Intermediates.noindex/swift-log.build/Debug-watchos/Logging.build/Objects-normal/arm64_32/Logging_dependency_info.dat -fobjc-link-runtime -L/Applications/Xcode-16.3.0.app/Contents/Developer/Toolchains/XcodeDefault.xctoolchain/usr/lib/swift/watchos -L/usr/lib/swift -Xlinker -add_ast_path -Xlinker /Users/admin/builder/spi-builder-workspace/.derivedData/Build/Intermediates.noindex/swift-log.build/Debug-watchos/Logging.build/Objects-normal/arm64_32/Logging.swiftmodule -o /Users/admin/builder/spi-builder-workspace/.derivedData/Build/Intermediates.noindex/swift-log.build/Debug-watchos/Logging.build/Objects-normal/arm64_32/Binary/Logging.o
Ld /Users/admin/builder/spi-builder-workspace/.derivedData/Build/Intermediates.noindex/swift-log.build/Debug-watchos/Logging.build/Objects-normal/arm64/Binary/Logging.o normal arm64 (in target 'Logging' from project 'swift-log')
cd /Users/admin/builder/spi-builder-workspace/.dependencies/checkouts/swift-log
/Applications/Xcode-16.3.0.app/Contents/Developer/Toolchains/XcodeDefault.xctoolchain/usr/bin/clang -Xlinker -reproducible -target arm64-apple-watchos5.0 -r -isysroot /Applications/Xcode-16.3.0.app/Contents/Developer/Platforms/WatchOS.platform/Developer/SDKs/WatchOS11.4.sdk -O0 -w -L/Users/admin/builder/spi-builder-workspace/.derivedData/Build/Intermediates.noindex/EagerLinkingTBDs/Debug-watchos -L/Users/admin/builder/spi-builder-workspace/.derivedData/Build/Products/Debug-watchos -L/Applications/Xcode-16.3.0.app/Contents/Developer/Platforms/WatchOS.platform/Developer/usr/lib -F/Users/admin/builder/spi-builder-workspace/.derivedData/Build/Intermediates.noindex/EagerLinkingTBDs/Debug-watchos -F/Users/admin/builder/spi-builder-workspace/.derivedData/Build/Products/Debug-watchos -iframework /Applications/Xcode-16.3.0.app/Contents/Developer/Platforms/WatchOS.platform/Developer/Library/Frameworks -iframework /Applications/Xcode-16.3.0.app/Contents/Developer/Platforms/WatchOS.platform/Developer/SDKs/WatchOS11.4.sdk/Developer/Library/Frameworks -filelist /Users/admin/builder/spi-builder-workspace/.derivedData/Build/Intermediates.noindex/swift-log.build/Debug-watchos/Logging.build/Objects-normal/arm64/Logging.LinkFileList -nostdlib -Xlinker -object_path_lto -Xlinker /Users/admin/builder/spi-builder-workspace/.derivedData/Build/Intermediates.noindex/swift-log.build/Debug-watchos/Logging.build/Objects-normal/arm64/Logging_lto.o -rdynamic -Xlinker -no_deduplicate -Xlinker -debug_variant -Xlinker -dependency_info -Xlinker /Users/admin/builder/spi-builder-workspace/.derivedData/Build/Intermediates.noindex/swift-log.build/Debug-watchos/Logging.build/Objects-normal/arm64/Logging_dependency_info.dat -fobjc-link-runtime -L/Applications/Xcode-16.3.0.app/Contents/Developer/Toolchains/XcodeDefault.xctoolchain/usr/lib/swift/watchos -L/usr/lib/swift -Xlinker -add_ast_path -Xlinker /Users/admin/builder/spi-builder-workspace/.derivedData/Build/Intermediates.noindex/swift-log.build/Debug-watchos/Logging.build/Objects-normal/arm64/Logging.swiftmodule -o /Users/admin/builder/spi-builder-workspace/.derivedData/Build/Intermediates.noindex/swift-log.build/Debug-watchos/Logging.build/Objects-normal/arm64/Binary/Logging.o
SwiftDriverJobDiscovery normal arm64 Compiling WithMetricsFactory.swift (in target 'CoreMetrics' from project 'swift-metrics')
RegisterExecutionPolicyException /Users/admin/builder/spi-builder-workspace/.derivedData/Build/Products/Debug-watchos/SymbolTable.o (in target 'SymbolTable' from project 'Scout')
cd /Users/admin/builder/spi-builder-workspace
builtin-RegisterExecutionPolicyException /Users/admin/builder/spi-builder-workspace/.derivedData/Build/Products/Debug-watchos/SymbolTable.o
Ld /Users/admin/builder/spi-builder-workspace/.derivedData/Build/Intermediates.noindex/Scout.build/Debug-watchos/DWARF.build/Objects-normal/arm64_32/Binary/DWARF.o normal arm64_32 (in target 'DWARF' from project 'Scout')
cd /Users/admin/builder/spi-builder-workspace
/Applications/Xcode-16.3.0.app/Contents/Developer/Toolchains/XcodeDefault.xctoolchain/usr/bin/clang -Xlinker -reproducible -target arm64_32-apple-watchos9.0 -r -isysroot /Applications/Xcode-16.3.0.app/Contents/Developer/Platforms/WatchOS.platform/Developer/SDKs/WatchOS11.4.sdk -O0 -L/Users/admin/builder/spi-builder-workspace/.derivedData/Build/Intermediates.noindex/EagerLinkingTBDs/Debug-watchos -L/Users/admin/builder/spi-builder-workspace/.derivedData/Build/Products/Debug-watchos -L/Applications/Xcode-16.3.0.app/Contents/Developer/Platforms/WatchOS.platform/Developer/usr/lib -F/Users/admin/builder/spi-builder-workspace/.derivedData/Build/Intermediates.noindex/EagerLinkingTBDs/Debug-watchos -F/Users/admin/builder/spi-builder-workspace/.derivedData/Build/Products/Debug-watchos/PackageFrameworks -F/Users/admin/builder/spi-builder-workspace/.derivedData/Build/Products/Debug-watchos -iframework /Applications/Xcode-16.3.0.app/Contents/Developer/Platforms/WatchOS.platform/Developer/Library/Frameworks -iframework /Applications/Xcode-16.3.0.app/Contents/Developer/Platforms/WatchOS.platform/Developer/SDKs/WatchOS11.4.sdk/Developer/Library/Frameworks -filelist /Users/admin/builder/spi-builder-workspace/.derivedData/Build/Intermediates.noindex/Scout.build/Debug-watchos/DWARF.build/Objects-normal/arm64_32/DWARF.LinkFileList -nostdlib -Xlinker -object_path_lto -Xlinker /Users/admin/builder/spi-builder-workspace/.derivedData/Build/Intermediates.noindex/Scout.build/Debug-watchos/DWARF.build/Objects-normal/arm64_32/DWARF_lto.o -rdynamic -Xlinker -no_deduplicate -Xlinker -debug_variant -Xlinker -dependency_info -Xlinker /Users/admin/builder/spi-builder-workspace/.derivedData/Build/Intermediates.noindex/Scout.build/Debug-watchos/DWARF.build/Objects-normal/arm64_32/DWARF_dependency_info.dat -fobjc-link-runtime -L/Applications/Xcode-16.3.0.app/Contents/Developer/Toolchains/XcodeDefault.xctoolchain/usr/lib/swift/watchos -L/usr/lib/swift -Xlinker -add_ast_path -Xlinker /Users/admin/builder/spi-builder-workspace/.derivedData/Build/Intermediates.noindex/Scout.build/Debug-watchos/DWARF.build/Objects-normal/arm64_32/DWARF.swiftmodule -o /Users/admin/builder/spi-builder-workspace/.derivedData/Build/Intermediates.noindex/Scout.build/Debug-watchos/DWARF.build/Objects-normal/arm64_32/Binary/DWARF.o
Ld /Users/admin/builder/spi-builder-workspace/.derivedData/Build/Intermediates.noindex/Scout.build/Debug-watchos/DWARF.build/Objects-normal/arm64/Binary/DWARF.o normal arm64 (in target 'DWARF' from project 'Scout')
cd /Users/admin/builder/spi-builder-workspace
/Applications/Xcode-16.3.0.app/Contents/Developer/Toolchains/XcodeDefault.xctoolchain/usr/bin/clang -Xlinker -reproducible -target arm64-apple-watchos9.0 -r -isysroot /Applications/Xcode-16.3.0.app/Contents/Developer/Platforms/WatchOS.platform/Developer/SDKs/WatchOS11.4.sdk -O0 -L/Users/admin/builder/spi-builder-workspace/.derivedData/Build/Intermediates.noindex/EagerLinkingTBDs/Debug-watchos -L/Users/admin/builder/spi-builder-workspace/.derivedData/Build/Products/Debug-watchos -L/Applications/Xcode-16.3.0.app/Contents/Developer/Platforms/WatchOS.platform/Developer/usr/lib -F/Users/admin/builder/spi-builder-workspace/.derivedData/Build/Intermediates.noindex/EagerLinkingTBDs/Debug-watchos -F/Users/admin/builder/spi-builder-workspace/.derivedData/Build/Products/Debug-watchos/PackageFrameworks -F/Users/admin/builder/spi-builder-workspace/.derivedData/Build/Products/Debug-watchos -iframework /Applications/Xcode-16.3.0.app/Contents/Developer/Platforms/WatchOS.platform/Developer/Library/Frameworks -iframework /Applications/Xcode-16.3.0.app/Contents/Developer/Platforms/WatchOS.platform/Developer/SDKs/WatchOS11.4.sdk/Developer/Library/Frameworks -filelist /Users/admin/builder/spi-builder-workspace/.derivedData/Build/Intermediates.noindex/Scout.build/Debug-watchos/DWARF.build/Objects-normal/arm64/DWARF.LinkFileList -nostdlib -Xlinker -object_path_lto -Xlinker /Users/admin/builder/spi-builder-workspace/.derivedData/Build/Intermediates.noindex/Scout.build/Debug-watchos/DWARF.build/Objects-normal/arm64/DWARF_lto.o -rdynamic -Xlinker -no_deduplicate -Xlinker -debug_variant -Xlinker -dependency_info -Xlinker /Users/admin/builder/spi-builder-workspace/.derivedData/Build/Intermediates.noindex/Scout.build/Debug-watchos/DWARF.build/Objects-normal/arm64/DWARF_dependency_info.dat -fobjc-link-runtime -L/Applications/Xcode-16.3.0.app/Contents/Developer/Toolchains/XcodeDefault.xctoolchain/usr/lib/swift/watchos -L/usr/lib/swift -Xlinker -add_ast_path -Xlinker /Users/admin/builder/spi-builder-workspace/.derivedData/Build/Intermediates.noindex/Scout.build/Debug-watchos/DWARF.build/Objects-normal/arm64/DWARF.swiftmodule -o /Users/admin/builder/spi-builder-workspace/.derivedData/Build/Intermediates.noindex/Scout.build/Debug-watchos/DWARF.build/Objects-normal/arm64/Binary/DWARF.o
CreateUniversalBinary /Users/admin/builder/spi-builder-workspace/.derivedData/Build/Products/Debug-watchos/Logging.o normal arm64\ armv7k\ arm64_32 (in target 'Logging' from project 'swift-log')
cd /Users/admin/builder/spi-builder-workspace/.dependencies/checkouts/swift-log
/Applications/Xcode-16.3.0.app/Contents/Developer/Toolchains/XcodeDefault.xctoolchain/usr/bin/lipo -create /Users/admin/builder/spi-builder-workspace/.derivedData/Build/Intermediates.noindex/swift-log.build/Debug-watchos/Logging.build/Objects-normal/arm64/Binary/Logging.o /Users/admin/builder/spi-builder-workspace/.derivedData/Build/Intermediates.noindex/swift-log.build/Debug-watchos/Logging.build/Objects-normal/armv7k/Binary/Logging.o /Users/admin/builder/spi-builder-workspace/.derivedData/Build/Intermediates.noindex/swift-log.build/Debug-watchos/Logging.build/Objects-normal/arm64_32/Binary/Logging.o -output /Users/admin/builder/spi-builder-workspace/.derivedData/Build/Products/Debug-watchos/Logging.o
SwiftDriverJobDiscovery normal armv7k Compiling Metrics.swift (in target 'CoreMetrics' from project 'swift-metrics')
RegisterExecutionPolicyException /Users/admin/builder/spi-builder-workspace/.derivedData/Build/Products/Debug-watchos/ScoutDB.o (in target 'ScoutDB' from project 'scout-db')
cd /Users/admin/builder/spi-builder-workspace/.dependencies/checkouts/scout-db
builtin-RegisterExecutionPolicyException /Users/admin/builder/spi-builder-workspace/.derivedData/Build/Products/Debug-watchos/ScoutDB.o
SwiftDriverJobDiscovery normal armv7k Compiling MappingMetricsFactory.swift (in target 'CoreMetrics' from project 'swift-metrics')
SwiftDriverJobDiscovery normal arm64_32 Compiling Locks.swift (in target 'CoreMetrics' from project 'swift-metrics')
SwiftDriver\ Compilation CoreMetrics normal armv7k com.apple.xcode.tools.swift.compiler (in target 'CoreMetrics' from project 'swift-metrics')
cd /Users/admin/builder/spi-builder-workspace/.swiftpm/xcode
builtin-Swift-Compilation -- /Applications/Xcode-16.3.0.app/Contents/Developer/Toolchains/XcodeDefault.xctoolchain/usr/bin/swiftc -module-name CoreMetrics -Onone -enforce-exclusivity\=checked @/Users/admin/builder/spi-builder-workspace/.derivedData/Build/Intermediates.noindex/swift-metrics.build/Debug-watchos/CoreMetrics.build/Objects-normal/armv7k/CoreMetrics.SwiftFileList -DSWIFT_PACKAGE -DDEBUG -DXcode -enable-experimental-feature StrictConcurrency\=complete -enable-upcoming-feature MemberImportVisibility -plugin-path /Applications/Xcode-16.3.0.app/Contents/Developer/Toolchains/XcodeDefault.xctoolchain/usr/lib/swift/host/plugins/testing -enable-experimental-feature DebugDescriptionMacro -sdk /Applications/Xcode-16.3.0.app/Contents/Developer/Platforms/WatchOS.platform/Developer/SDKs/WatchOS11.4.sdk -target armv7k-apple-watchos5.0 -g -module-cache-path /Users/admin/builder/spi-builder-workspace/.derivedData/ModuleCache.noindex -Xfrontend -serialize-debugging-options -profile-coverage-mapping -profile-generate -enable-testing -suppress-warnings -index-store-path /Users/admin/builder/spi-builder-workspace/.derivedData/Index.noindex/DataStore -swift-version 6 -I /Users/admin/builder/spi-builder-workspace/.derivedData/Build/Products/Debug-watchos -I /Applications/Xcode-16.3.0.app/Contents/Developer/Platforms/WatchOS.platform/Developer/usr/lib -F /Users/admin/builder/spi-builder-workspace/.derivedData/Build/Products/Debug-watchos -F /Applications/Xcode-16.3.0.app/Contents/Developer/Platforms/WatchOS.platform/Developer/Library/Frameworks -F /Applications/Xcode-16.3.0.app/Contents/Developer/Platforms/WatchOS.platform/Developer/SDKs/WatchOS11.4.sdk/Developer/Library/Frameworks -c -j10 -enable-batch-mode -incremental -Xcc -ivfsstatcache -Xcc /Users/admin/builder/spi-builder-workspace/.derivedData/SDKStatCaches.noindex/watchos11.4-22T246-43efb940ff07ba2497b70ec94253f576.sdkstatcache -output-file-map /Users/admin/builder/spi-builder-workspace/.derivedData/Build/Intermediates.noindex/swift-metrics.build/Debug-watchos/CoreMetrics.build/Objects-normal/armv7k/CoreMetrics-OutputFileMap.json -use-frontend-parseable-output -save-temps -no-color-diagnostics -serialize-diagnostics -emit-dependencies -emit-module -emit-module-path /Users/admin/builder/spi-builder-workspace/.derivedData/Build/Intermediates.noindex/swift-metrics.build/Debug-watchos/CoreMetrics.build/Objects-normal/armv7k/CoreMetrics.swiftmodule -user-module-version 2.11.0 -validate-clang-modules-once -clang-build-session-file /Users/admin/builder/spi-builder-workspace/.derivedData/ModuleCache.noindex/Session.modulevalidation -package-name swift_metrics -Xcc -I/Users/admin/builder/spi-builder-workspace/.derivedData/Build/Intermediates.noindex/swift-metrics.build/Debug-watchos/CoreMetrics.build/swift-overrides.hmap -emit-const-values -Xfrontend -const-gather-protocols-file -Xfrontend /Users/admin/builder/spi-builder-workspace/.derivedData/Build/Intermediates.noindex/swift-metrics.build/Debug-watchos/CoreMetrics.build/Objects-normal/armv7k/CoreMetrics_const_extract_protocols.json -Xcc -I/Users/admin/builder/spi-builder-workspace/.derivedData/Build/Products/Debug-watchos/include -Xcc -I/Users/admin/builder/spi-builder-workspace/.derivedData/Build/Intermediates.noindex/swift-metrics.build/Debug-watchos/CoreMetrics.build/DerivedSources-normal/armv7k -Xcc -I/Users/admin/builder/spi-builder-workspace/.derivedData/Build/Intermediates.noindex/swift-metrics.build/Debug-watchos/CoreMetrics.build/DerivedSources/armv7k -Xcc -I/Users/admin/builder/spi-builder-workspace/.derivedData/Build/Intermediates.noindex/swift-metrics.build/Debug-watchos/CoreMetrics.build/DerivedSources -Xcc -DSWIFT_PACKAGE -Xcc -DDEBUG\=1 -emit-objc-header -emit-objc-header-path /Users/admin/builder/spi-builder-workspace/.derivedData/Build/Intermediates.noindex/swift-metrics.build/Debug-watchos/CoreMetrics.build/Objects-normal/armv7k/CoreMetrics-Swift.h -working-directory /Users/admin/builder/spi-builder-workspace/.swiftpm/xcode -experimental-emit-module-separately -disable-cmo
SwiftDriverJobDiscovery normal arm64 Compiling Locks.swift (in target 'CoreMetrics' from project 'swift-metrics')
ExtractAppIntentsMetadata (in target 'Logging' from project 'swift-log')
cd /Users/admin/builder/spi-builder-workspace/.dependencies/checkouts/swift-log
/Applications/Xcode-16.3.0.app/Contents/Developer/Toolchains/XcodeDefault.xctoolchain/usr/bin/appintentsmetadataprocessor --toolchain-dir /Applications/Xcode-16.3.0.app/Contents/Developer/Toolchains/XcodeDefault.xctoolchain --module-name Logging --sdk-root /Applications/Xcode-16.3.0.app/Contents/Developer/Platforms/WatchOS.platform/Developer/SDKs/WatchOS11.4.sdk --xcode-version 16E140 --platform-family watchOS --deployment-target 5.0 --bundle-identifier swift-log.Logging --output /Users/admin/builder/spi-builder-workspace/.derivedData/Build/Products/Debug-watchos/Logging.appintents --target-triple arm64-apple-watchos5.0 --target-triple armv7k-apple-watchos5.0 --target-triple arm64_32-apple-watchos5.0 --binary-file /Users/admin/builder/spi-builder-workspace/.derivedData/Build/Products/Debug-watchos/Logging.o --dependency-file /Users/admin/builder/spi-builder-workspace/.derivedData/Build/Intermediates.noindex/swift-log.build/Debug-watchos/Logging.build/Objects-normal/arm64/Logging_dependency_info.dat --dependency-file /Users/admin/builder/spi-builder-workspace/.derivedData/Build/Intermediates.noindex/swift-log.build/Debug-watchos/Logging.build/Objects-normal/armv7k/Logging_dependency_info.dat --dependency-file /Users/admin/builder/spi-builder-workspace/.derivedData/Build/Intermediates.noindex/swift-log.build/Debug-watchos/Logging.build/Objects-normal/arm64_32/Logging_dependency_info.dat --stringsdata-file /Users/admin/builder/spi-builder-workspace/.derivedData/Build/Intermediates.noindex/swift-log.build/Debug-watchos/Logging.build/Objects-normal/arm64/ExtractedAppShortcutsMetadata.stringsdata --stringsdata-file /Users/admin/builder/spi-builder-workspace/.derivedData/Build/Intermediates.noindex/swift-log.build/Debug-watchos/Logging.build/Objects-normal/armv7k/ExtractedAppShortcutsMetadata.stringsdata --stringsdata-file /Users/admin/builder/spi-builder-workspace/.derivedData/Build/Intermediates.noindex/swift-log.build/Debug-watchos/Logging.build/Objects-normal/arm64_32/ExtractedAppShortcutsMetadata.stringsdata --source-file-list /Users/admin/builder/spi-builder-workspace/.derivedData/Build/Intermediates.noindex/swift-log.build/Debug-watchos/Logging.build/Objects-normal/arm64/Logging.SwiftFileList --source-file-list /Users/admin/builder/spi-builder-workspace/.derivedData/Build/Intermediates.noindex/swift-log.build/Debug-watchos/Logging.build/Objects-normal/armv7k/Logging.SwiftFileList --source-file-list /Users/admin/builder/spi-builder-workspace/.derivedData/Build/Intermediates.noindex/swift-log.build/Debug-watchos/Logging.build/Objects-normal/arm64_32/Logging.SwiftFileList --metadata-file-list /Users/admin/builder/spi-builder-workspace/.derivedData/Build/Intermediates.noindex/swift-log.build/Debug-watchos/Logging.build/Logging.DependencyMetadataFileList --static-metadata-file-list /Users/admin/builder/spi-builder-workspace/.derivedData/Build/Intermediates.noindex/swift-log.build/Debug-watchos/Logging.build/Logging.DependencyStaticMetadataFileList --swift-const-vals-list /Users/admin/builder/spi-builder-workspace/.derivedData/Build/Intermediates.noindex/swift-log.build/Debug-watchos/Logging.build/Objects-normal/arm64/Logging.SwiftConstValuesFileList --swift-const-vals-list /Users/admin/builder/spi-builder-workspace/.derivedData/Build/Intermediates.noindex/swift-log.build/Debug-watchos/Logging.build/Objects-normal/armv7k/Logging.SwiftConstValuesFileList --swift-const-vals-list /Users/admin/builder/spi-builder-workspace/.derivedData/Build/Intermediates.noindex/swift-log.build/Debug-watchos/Logging.build/Objects-normal/arm64_32/Logging.SwiftConstValuesFileList --force --compile-time-extraction --deployment-aware-processing --validate-assistant-intents --no-app-shortcuts-localization
2026-10-19 19:25:28.371 appintentsmetadataprocessor[1366:7202] Starting appintentsmetadataprocessor export
2026-10-19 19:25:28.408 appintentsmetadataprocessor[1366:7202] Extracted no relevant App Intents symbols, skipping writing output
CreateUniversalBinary /Users/admin/builder/spi-builder-workspace/.derivedData/Build/Products/Debug-watchos/DWARF.o normal arm64\ arm64_32 (in target 'DWARF' from project 'Scout')
cd /Users/admin/builder/spi-builder-workspace
/Applications/Xcode-16.3.0.app/Contents/Developer/Toolchains/XcodeDefault.xctoolchain/usr/bin/lipo -create /Users/admin/builder/spi-builder-workspace/.derivedData/Build/Intermediates.noindex/Scout.build/Debug-watchos/DWARF.build/Objects-normal/arm64/Binary/DWARF.o /Users/admin/builder/spi-builder-workspace/.derivedData/Build/Intermediates.noindex/Scout.build/Debug-watchos/DWARF.build/Objects-normal/arm64_32/Binary/DWARF.o -output /Users/admin/builder/spi-builder-workspace/.derivedData/Build/Products/Debug-watchos/DWARF.o
ExtractAppIntentsMetadata (in target 'DWARF' from project 'Scout')
cd /Users/admin/builder/spi-builder-workspace
/Applications/Xcode-16.3.0.app/Contents/Developer/Toolchains/XcodeDefault.xctoolchain/usr/bin/appintentsmetadataprocessor --toolchain-dir /Applications/Xcode-16.3.0.app/Contents/Developer/Toolchains/XcodeDefault.xctoolchain --module-name DWARF --sdk-root /Applications/Xcode-16.3.0.app/Contents/Developer/Platforms/WatchOS.platform/Developer/SDKs/WatchOS11.4.sdk --xcode-version 16E140 --platform-family watchOS --deployment-target 9.0 --bundle-identifier spi-builder-workspace.DWARF --output /Users/admin/builder/spi-builder-workspace/.derivedData/Build/Products/Debug-watchos/DWARF.appintents --target-triple arm64-apple-watchos9.0 --target-triple arm64_32-apple-watchos9.0 --binary-file /Users/admin/builder/spi-builder-workspace/.derivedData/Build/Products/Debug-watchos/DWARF.o --dependency-file /Users/admin/builder/spi-builder-workspace/.derivedData/Build/Intermediates.noindex/Scout.build/Debug-watchos/DWARF.build/Objects-normal/arm64/DWARF_dependency_info.dat --dependency-file /Users/admin/builder/spi-builder-workspace/.derivedData/Build/Intermediates.noindex/Scout.build/Debug-watchos/DWARF.build/Objects-normal/arm64_32/DWARF_dependency_info.dat --stringsdata-file /Users/admin/builder/spi-builder-workspace/.derivedData/Build/Intermediates.noindex/Scout.build/Debug-watchos/DWARF.build/Objects-normal/arm64/ExtractedAppShortcutsMetadata.stringsdata --stringsdata-file /Users/admin/builder/spi-builder-workspace/.derivedData/Build/Intermediates.noindex/Scout.build/Debug-watchos/DWARF.build/Objects-normal/arm64_32/ExtractedAppShortcutsMetadata.stringsdata --source-file-list /Users/admin/builder/spi-builder-workspace/.derivedData/Build/Intermediates.noindex/Scout.build/Debug-watchos/DWARF.build/Objects-normal/arm64/DWARF.SwiftFileList --source-file-list /Users/admin/builder/spi-builder-workspace/.derivedData/Build/Intermediates.noindex/Scout.build/Debug-watchos/DWARF.build/Objects-normal/arm64_32/DWARF.SwiftFileList --metadata-file-list /Users/admin/builder/spi-builder-workspace/.derivedData/Build/Intermediates.noindex/Scout.build/Debug-watchos/DWARF.build/DWARF.DependencyMetadataFileList --static-metadata-file-list /Users/admin/builder/spi-builder-workspace/.derivedData/Build/Intermediates.noindex/Scout.build/Debug-watchos/DWARF.build/DWARF.DependencyStaticMetadataFileList --swift-const-vals-list /Users/admin/builder/spi-builder-workspace/.derivedData/Build/Intermediates.noindex/Scout.build/Debug-watchos/DWARF.build/Objects-normal/arm64/DWARF.SwiftConstValuesFileList --swift-const-vals-list /Users/admin/builder/spi-builder-workspace/.derivedData/Build/Intermediates.noindex/Scout.build/Debug-watchos/DWARF.build/Objects-normal/arm64_32/DWARF.SwiftConstValuesFileList --force --compile-time-extraction --deployment-aware-processing --validate-assistant-intents --no-app-shortcuts-localization
2026-10-19 19:25:28.385 appintentsmetadataprocessor[1368:7222] Starting appintentsmetadataprocessor export
2026-10-19 19:25:28.421 appintentsmetadataprocessor[1368:7222] Extracted no relevant App Intents symbols, skipping writing output
SwiftDriverJobDiscovery normal arm64_32 Compiling Metrics.swift (in target 'CoreMetrics' from project 'swift-metrics')
SwiftDriver\ Compilation CoreMetrics normal arm64_32 com.apple.xcode.tools.swift.compiler (in target 'CoreMetrics' from project 'swift-metrics')
cd /Users/admin/builder/spi-builder-workspace/.swiftpm/xcode
builtin-Swift-Compilation -- /Applications/Xcode-16.3.0.app/Contents/Developer/Toolchains/XcodeDefault.xctoolchain/usr/bin/swiftc -module-name CoreMetrics -Onone -enforce-exclusivity\=checked @/Users/admin/builder/spi-builder-workspace/.derivedData/Build/Intermediates.noindex/swift-metrics.build/Debug-watchos/CoreMetrics.build/Objects-normal/arm64_32/CoreMetrics.SwiftFileList -DSWIFT_PACKAGE -DDEBUG -DXcode -enable-experimental-feature StrictConcurrency\=complete -enable-upcoming-feature MemberImportVisibility -plugin-path /Applications/Xcode-16.3.0.app/Contents/Developer/Toolchains/XcodeDefault.xctoolchain/usr/lib/swift/host/plugins/testing -enable-experimental-feature DebugDescriptionMacro -sdk /Applications/Xcode-16.3.0.app/Contents/Developer/Platforms/WatchOS.platform/Developer/SDKs/WatchOS11.4.sdk -target arm64_32-apple-watchos5.0 -g -module-cache-path /Users/admin/builder/spi-builder-workspace/.derivedData/ModuleCache.noindex -Xfrontend -serialize-debugging-options -profile-coverage-mapping -profile-generate -enable-testing -suppress-warnings -index-store-path /Users/admin/builder/spi-builder-workspace/.derivedData/Index.noindex/DataStore -swift-version 6 -I /Users/admin/builder/spi-builder-workspace/.derivedData/Build/Products/Debug-watchos -I /Applications/Xcode-16.3.0.app/Contents/Developer/Platforms/WatchOS.platform/Developer/usr/lib -F /Users/admin/builder/spi-builder-workspace/.derivedData/Build/Products/Debug-watchos -F /Applications/Xcode-16.3.0.app/Contents/Developer/Platforms/WatchOS.platform/Developer/Library/Frameworks -F /Applications/Xcode-16.3.0.app/Contents/Developer/Platforms/WatchOS.platform/Developer/SDKs/WatchOS11.4.sdk/Developer/Library/Frameworks -c -j10 -enable-batch-mode -incremental -Xcc -ivfsstatcache -Xcc /Users/admin/builder/spi-builder-workspace/.derivedData/SDKStatCaches.noindex/watchos11.4-22T246-43efb940ff07ba2497b70ec94253f576.sdkstatcache -output-file-map /Users/admin/builder/spi-builder-workspace/.derivedData/Build/Intermediates.noindex/swift-metrics.build/Debug-watchos/CoreMetrics.build/Objects-normal/arm64_32/CoreMetrics-OutputFileMap.json -use-frontend-parseable-output -save-temps -no-color-diagnostics -serialize-diagnostics -emit-dependencies -emit-module -emit-module-path /Users/admin/builder/spi-builder-workspace/.derivedData/Build/Intermediates.noindex/swift-metrics.build/Debug-watchos/CoreMetrics.build/Objects-normal/arm64_32/CoreMetrics.swiftmodule -user-module-version 2.11.0 -validate-clang-modules-once -clang-build-session-file /Users/admin/builder/spi-builder-workspace/.derivedData/ModuleCache.noindex/Session.modulevalidation -package-name swift_metrics -Xcc -I/Users/admin/builder/spi-builder-workspace/.derivedData/Build/Intermediates.noindex/swift-metrics.build/Debug-watchos/CoreMetrics.build/swift-overrides.hmap -emit-const-values -Xfrontend -const-gather-protocols-file -Xfrontend /Users/admin/builder/spi-builder-workspace/.derivedData/Build/Intermediates.noindex/swift-metrics.build/Debug-watchos/CoreMetrics.build/Objects-normal/arm64_32/CoreMetrics_const_extract_protocols.json -Xcc -I/Users/admin/builder/spi-builder-workspace/.derivedData/Build/Products/Debug-watchos/include -Xcc -I/Users/admin/builder/spi-builder-workspace/.derivedData/Build/Intermediates.noindex/swift-metrics.build/Debug-watchos/CoreMetrics.build/DerivedSources-normal/arm64_32 -Xcc -I/Users/admin/builder/spi-builder-workspace/.derivedData/Build/Intermediates.noindex/swift-metrics.build/Debug-watchos/CoreMetrics.build/DerivedSources/arm64_32 -Xcc -I/Users/admin/builder/spi-builder-workspace/.derivedData/Build/Intermediates.noindex/swift-metrics.build/Debug-watchos/CoreMetrics.build/DerivedSources -Xcc -DSWIFT_PACKAGE -Xcc -DDEBUG\=1 -emit-objc-header -emit-objc-header-path /Users/admin/builder/spi-builder-workspace/.derivedData/Build/Intermediates.noindex/swift-metrics.build/Debug-watchos/CoreMetrics.build/Objects-normal/arm64_32/CoreMetrics-Swift.h -working-directory /Users/admin/builder/spi-builder-workspace/.swiftpm/xcode -experimental-emit-module-separately -disable-cmo
SwiftCompile normal arm64 Compiling\ resource_bundle_accessor.swift,\ ActivityPoint.swift,\ RetentionCohort.swift,\ RetentionSegment.swift,\ Runtime+Screen.swift,\ ScreenEntry.Complete.swift,\ ScreenEntry.Recovery.swift,\ ScreenEntry.Trigger.swift,\ ScreenEntry.swift,\ ScreenStack.swift,\ View+ScoutScreen.swift,\ Backend.AccountError.swift,\ Backend.Engine.swift,\ Backend.Status.swift,\ Backend.swift,\ Database.swift /Users/admin/builder/spi-builder-workspace/.derivedData/Build/Intermediates.noindex/Scout.build/Debug-watchos/Scout.build/DerivedSources/resource_bundle_accessor.swift /Users/admin/builder/spi-builder-workspace/Sources/Scout/Audience/Activity/ActivityPoint.swift /Users/admin/builder/spi-builder-workspace/Sources/Scout/Audience/Retention/RetentionCohort.swift /Users/admin/builder/spi-builder-workspace/Sources/Scout/Audience/Retention/RetentionSegment.swift /Users/admin/builder/spi-builder-workspace/Sources/Scout/Audience/Screen/Runtime+Screen.swift /Users/admin/builder/spi-builder-workspace/Sources/Scout/Audience/Screen/ScreenEntry.Complete.swift /Users/admin/builder/spi-builder-workspace/Sources/Scout/Audience/Screen/ScreenEntry.Recovery.swift /Users/admin/builder/spi-builder-workspace/Sources/Scout/Audience/Screen/ScreenEntry.Trigger.swift /Users/admin/builder/spi-builder-workspace/Sources/Scout/Audience/Screen/ScreenEntry.swift /Users/admin/builder/spi-builder-workspace/Sources/Scout/Audience/Screen/ScreenStack.swift /Users/admin/builder/spi-builder-workspace/Sources/Scout/Audience/Screen/View+ScoutScreen.swift /Users/admin/builder/spi-builder-workspace/Sources/Scout/Database/Backend/Backend.AccountError.swift /Users/admin/builder/spi-builder-workspace/Sources/Scout/Database/Backend/Backend.Engine.swift /Users/admin/builder/spi-builder-workspace/Sources/Scout/Database/Backend/Backend.Status.swift /Users/admin/builder/spi-builder-workspace/Sources/Scout/Database/Backend/Backend.swift /Users/admin/builder/spi-builder-workspace/Sources/Scout/Database/Backend/Database.swift (in target 'Scout' from project 'Scout')
SwiftCompile normal arm64 /Users/admin/builder/spi-builder-workspace/.derivedData/Build/Intermediates.noindex/Scout.build/Debug-watchos/Scout.build/DerivedSources/resource_bundle_accessor.swift (in target 'Scout' from project 'Scout')
cd /Users/admin/builder/spi-builder-workspace/.swiftpm/xcode
SwiftCompile normal arm64 /Users/admin/builder/spi-builder-workspace/Sources/Scout/Audience/Activity/ActivityPoint.swift (in target 'Scout' from project 'Scout')
cd /Users/admin/builder/spi-builder-workspace/.swiftpm/xcode
SwiftCompile normal arm64 /Users/admin/builder/spi-builder-workspace/Sources/Scout/Audience/Retention/RetentionCohort.swift (in target 'Scout' from project 'Scout')
cd /Users/admin/builder/spi-builder-workspace/.swiftpm/xcode
SwiftCompile normal arm64 /Users/admin/builder/spi-builder-workspace/Sources/Scout/Audience/Retention/RetentionSegment.swift (in target 'Scout' from project 'Scout')
cd /Users/admin/builder/spi-builder-workspace/.swiftpm/xcode
SwiftCompile normal arm64 /Users/admin/builder/spi-builder-workspace/Sources/Scout/Audience/Screen/Runtime+Screen.swift (in target 'Scout' from project 'Scout')
cd /Users/admin/builder/spi-builder-workspace/.swiftpm/xcode
SwiftCompile normal arm64 /Users/admin/builder/spi-builder-workspace/Sources/Scout/Audience/Screen/ScreenEntry.Complete.swift (in target 'Scout' from project 'Scout')
cd /Users/admin/builder/spi-builder-workspace/.swiftpm/xcode
SwiftCompile normal arm64 /Users/admin/builder/spi-builder-workspace/Sources/Scout/Audience/Screen/ScreenEntry.Recovery.swift (in target 'Scout' from project 'Scout')
cd /Users/admin/builder/spi-builder-workspace/.swiftpm/xcode
SwiftCompile normal arm64 /Users/admin/builder/spi-builder-workspace/Sources/Scout/Audience/Screen/ScreenEntry.Trigger.swift (in target 'Scout' from project 'Scout')
cd /Users/admin/builder/spi-builder-workspace/.swiftpm/xcode
SwiftCompile normal arm64 /Users/admin/builder/spi-builder-workspace/Sources/Scout/Audience/Screen/ScreenEntry.swift (in target 'Scout' from project 'Scout')
cd /Users/admin/builder/spi-builder-workspace/.swiftpm/xcode
SwiftCompile normal arm64 /Users/admin/builder/spi-builder-workspace/Sources/Scout/Audience/Screen/ScreenStack.swift (in target 'Scout' from project 'Scout')
cd /Users/admin/builder/spi-builder-workspace/.swiftpm/xcode
SwiftCompile normal arm64 /Users/admin/builder/spi-builder-workspace/Sources/Scout/Audience/Screen/View+ScoutScreen.swift (in target 'Scout' from project 'Scout')
cd /Users/admin/builder/spi-builder-workspace/.swiftpm/xcode
SwiftCompile normal arm64 /Users/admin/builder/spi-builder-workspace/Sources/Scout/Database/Backend/Backend.AccountError.swift (in target 'Scout' from project 'Scout')
cd /Users/admin/builder/spi-builder-workspace/.swiftpm/xcode
SwiftCompile normal arm64 /Users/admin/builder/spi-builder-workspace/Sources/Scout/Database/Backend/Backend.Engine.swift (in target 'Scout' from project 'Scout')
cd /Users/admin/builder/spi-builder-workspace/.swiftpm/xcode
SwiftCompile normal arm64 /Users/admin/builder/spi-builder-workspace/Sources/Scout/Database/Backend/Backend.Status.swift (in target 'Scout' from project 'Scout')
cd /Users/admin/builder/spi-builder-workspace/.swiftpm/xcode
SwiftCompile normal arm64 /Users/admin/builder/spi-builder-workspace/Sources/Scout/Database/Backend/Backend.swift (in target 'Scout' from project 'Scout')
cd /Users/admin/builder/spi-builder-workspace/.swiftpm/xcode
SwiftCompile normal arm64 /Users/admin/builder/spi-builder-workspace/Sources/Scout/Database/Backend/Database.swift (in target 'Scout' from project 'Scout')
cd /Users/admin/builder/spi-builder-workspace/.swiftpm/xcode
SwiftEmitModule normal arm64 Emitting\ module\ for\ Scout (in target 'Scout' from project 'Scout')
EmitSwiftModule normal arm64 (in target 'Scout' from project 'Scout')
cd /Users/admin/builder/spi-builder-workspace/.swiftpm/xcode
SwiftCompile normal arm64 Compiling\ SessionEntry.Recovery.swift,\ SessionEntry.Rotation.swift,\ SessionEntry.Trigger.swift,\ SessionEntry.swift,\ SessionScopeEntry.swift,\ InstallEntry+Marker.swift,\ MarkerEntry.Trigger.swift,\ MarkerEntry.swift,\ Version.swift,\ VersionEntry.Trigger.swift,\ VersionEntry.swift,\ Context+Insert.swift,\ KeychainStorage.swift,\ MigrationDedupe.swift,\ MirroredRegistry.swift /Users/admin/builder/spi-builder-workspace/Sources/Scout/Lifecycle/Session/SessionEntry.Recovery.swift /Users/admin/builder/spi-builder-workspace/Sources/Scout/Lifecycle/Session/SessionEntry.Rotation.swift /Users/admin/builder/spi-builder-workspace/Sources/Scout/Lifecycle/Session/SessionEntry.Trigger.swift /Users/admin/builder/spi-builder-workspace/Sources/Scout/Lifecycle/Session/SessionEntry.swift /Users/admin/builder/spi-builder-workspace/Sources/Scout/Lifecycle/Session/SessionScopeEntry.swift /Users/admin/builder/spi-builder-workspace/Sources/Scout/Lifecycle/Version/InstallEntry+Marker.swift /Users/admin/builder/spi-builder-workspace/Sources/Scout/Lifecycle/Version/MarkerEntry.Trigger.swift /Users/admin/builder/spi-builder-workspace/Sources/Scout/Lifecycle/Version/MarkerEntry.swift /Users/admin/builder/spi-builder-workspace/Sources/Scout/Lifecycle/Version/Version.swift /Users/admin/builder/spi-builder-workspace/Sources/Scout/Lifecycle/Version/VersionEntry.Trigger.swift /Users/admin/builder/spi-builder-workspace/Sources/Scout/Lifecycle/Version/VersionEntry.swift /Users/admin/builder/spi-builder-workspace/Sources/Scout/Persistence/Context+Insert.swift /Users/admin/builder/spi-builder-workspace/Sources/Scout/Persistence/KeychainStorage.swift /Users/admin/builder/spi-builder-workspace/Sources/Scout/Persistence/MigrationDedupe.swift /Users/admin/builder/spi-builder-workspace/Sources/Scout/Persistence/MirroredRegistry.swift (in target 'Scout' from project 'Scout')
SwiftCompile normal arm64 /Users/admin/builder/spi-builder-workspace/Sources/Scout/Lifecycle/Session/SessionEntry.Recovery.swift (in target 'Scout' from project 'Scout')
cd /Users/admin/builder/spi-builder-workspace/.swiftpm/xcode
SwiftCompile normal arm64 /Users/admin/builder/spi-builder-workspace/Sources/Scout/Lifecycle/Session/SessionEntry.Rotation.swift (in target 'Scout' from project 'Scout')
cd /Users/admin/builder/spi-builder-workspace/.swiftpm/xcode
SwiftCompile normal arm64 /Users/admin/builder/spi-builder-workspace/Sources/Scout/Lifecycle/Session/SessionEntry.Trigger.swift (in target 'Scout' from project 'Scout')
cd /Users/admin/builder/spi-builder-workspace/.swiftpm/xcode
SwiftCompile normal arm64 /Users/admin/builder/spi-builder-workspace/Sources/Scout/Lifecycle/Session/SessionEntry.swift (in target 'Scout' from project 'Scout')
cd /Users/admin/builder/spi-builder-workspace/.swiftpm/xcode
SwiftCompile normal arm64 /Users/admin/builder/spi-builder-workspace/Sources/Scout/Lifecycle/Session/SessionScopeEntry.swift (in target 'Scout' from project 'Scout')
cd /Users/admin/builder/spi-builder-workspace/.swiftpm/xcode
SwiftCompile normal arm64 /Users/admin/builder/spi-builder-workspace/Sources/Scout/Lifecycle/Version/InstallEntry+Marker.swift (in target 'Scout' from project 'Scout')
cd /Users/admin/builder/spi-builder-workspace/.swiftpm/xcode
SwiftCompile normal arm64 /Users/admin/builder/spi-builder-workspace/Sources/Scout/Lifecycle/Version/MarkerEntry.Trigger.swift (in target 'Scout' from project 'Scout')
cd /Users/admin/builder/spi-builder-workspace/.swiftpm/xcode
SwiftCompile normal arm64 /Users/admin/builder/spi-builder-workspace/Sources/Scout/Lifecycle/Version/MarkerEntry.swift (in target 'Scout' from project 'Scout')
cd /Users/admin/builder/spi-builder-workspace/.swiftpm/xcode
SwiftCompile normal arm64 /Users/admin/builder/spi-builder-workspace/Sources/Scout/Lifecycle/Version/Version.swift (in target 'Scout' from project 'Scout')
cd /Users/admin/builder/spi-builder-workspace/.swiftpm/xcode
SwiftCompile normal arm64 /Users/admin/builder/spi-builder-workspace/Sources/Scout/Lifecycle/Version/VersionEntry.Trigger.swift (in target 'Scout' from project 'Scout')
cd /Users/admin/builder/spi-builder-workspace/.swiftpm/xcode
SwiftCompile normal arm64 /Users/admin/builder/spi-builder-workspace/Sources/Scout/Lifecycle/Version/VersionEntry.swift (in target 'Scout' from project 'Scout')
cd /Users/admin/builder/spi-builder-workspace/.swiftpm/xcode
SwiftCompile normal arm64 /Users/admin/builder/spi-builder-workspace/Sources/Scout/Persistence/Context+Insert.swift (in target 'Scout' from project 'Scout')
cd /Users/admin/builder/spi-builder-workspace/.swiftpm/xcode
SwiftCompile normal arm64 /Users/admin/builder/spi-builder-workspace/Sources/Scout/Persistence/KeychainStorage.swift (in target 'Scout' from project 'Scout')
cd /Users/admin/builder/spi-builder-workspace/.swiftpm/xcode
SwiftCompile normal arm64 /Users/admin/builder/spi-builder-workspace/Sources/Scout/Persistence/MigrationDedupe.swift (in target 'Scout' from project 'Scout')
cd /Users/admin/builder/spi-builder-workspace/.swiftpm/xcode
SwiftCompile normal arm64 /Users/admin/builder/spi-builder-workspace/Sources/Scout/Persistence/MirroredRegistry.swift (in target 'Scout' from project 'Scout')
cd /Users/admin/builder/spi-builder-workspace/.swiftpm/xcode
SwiftCompile normal arm64 Compiling\ Hang.swift,\ HangEntry.swift,\ HangHandler.swift,\ HangInfo.swift,\ HangMonitor.swift,\ MainThreadBacktrace.swift,\ IncidentArchive.swift,\ IncidentEntry.swift,\ IncidentSource.swift,\ LogIncident.swift,\ ByteReader.swift,\ RawCrashFormat.swift,\ RawCrashReport.swift,\ SignalHandler.swift,\ Event.swift,\ EventEntry.swift /Users/admin/builder/spi-builder-workspace/Sources/Scout/Diagnostics/Incidents/Hang/Hang.swift /Users/admin/builder/spi-builder-workspace/Sources/Scout/Diagnostics/Incidents/Hang/HangEntry.swift /Users/admin/builder/spi-builder-workspace/Sources/Scout/Diagnostics/Incidents/Hang/HangHandler.swift /Users/admin/builder/spi-builder-workspace/Sources/Scout/Diagnostics/Incidents/Hang/HangInfo.swift /Users/admin/builder/spi-builder-workspace/Sources/Scout/Diagnostics/Incidents/Hang/HangMonitor.swift /Users/admin/builder/spi-builder-workspace/Sources/Scout/Diagnostics/Incidents/Hang/MainThreadBacktrace.swift /Users/admin/builder/spi-builder-workspace/Sources/Scout/Diagnostics/Incidents/Incident/IncidentArchive.swift /Users/admin/builder/spi-builder-workspace/Sources/Scout/Diagnostics/Incidents/Incident/IncidentEntry.swift /Users/admin/builder/spi-builder-workspace/Sources/Scout/Diagnostics/Incidents/Incident/IncidentSource.swift /Users/admin/builder/spi-builder-workspace/Sources/Scout/Diagnostics/Incidents/Incident/LogIncident.swift /Users/admin/builder/spi-builder-workspace/Sources/Scout/Diagnostics/Incidents/Signal/ByteReader.swift /Users/admin/builder/spi-builder-workspace/Sources/Scout/Diagnostics/Incidents/Signal/RawCrashFormat.swift /Users/admin/builder/spi-builder-workspace/Sources/Scout/Diagnostics/Incidents/Signal/RawCrashReport.swift /Users/admin/builder/spi-builder-workspace/Sources/Scout/Diagnostics/Incidents/Signal/SignalHandler.swift /Users/admin/builder/spi-builder-workspace/Sources/Scout/Diagnostics/Instrumentation/Log/Event.swift /Users/admin/builder/spi-builder-workspace/Sources/Scout/Diagnostics/Instrumentation/Log/EventEntry.swift (in target 'Scout' from project 'Scout')
SwiftCompile normal arm64 /Users/admin/builder/spi-builder-workspace/Sources/Scout/Diagnostics/Incidents/Hang/Hang.swift (in target 'Scout' from project 'Scout')
cd /Users/admin/builder/spi-builder-workspace/.swiftpm/xcode
SwiftCompile normal arm64 /Users/admin/builder/spi-builder-workspace/Sources/Scout/Diagnostics/Incidents/Hang/HangEntry.swift (in target 'Scout' from project 'Scout')
cd /Users/admin/builder/spi-builder-workspace/.swiftpm/xcode
SwiftCompile normal arm64 /Users/admin/builder/spi-builder-workspace/Sources/Scout/Diagnostics/Incidents/Hang/HangHandler.swift (in target 'Scout' from project 'Scout')
cd /Users/admin/builder/spi-builder-workspace/.swiftpm/xcode
SwiftCompile normal arm64 /Users/admin/builder/spi-builder-workspace/Sources/Scout/Diagnostics/Incidents/Hang/HangInfo.swift (in target 'Scout' from project 'Scout')
cd /Users/admin/builder/spi-builder-workspace/.swiftpm/xcode
SwiftCompile normal arm64 /Users/admin/builder/spi-builder-workspace/Sources/Scout/Diagnostics/Incidents/Hang/HangMonitor.swift (in target 'Scout' from project 'Scout')
cd /Users/admin/builder/spi-builder-workspace/.swiftpm/xcode
SwiftCompile normal arm64 /Users/admin/builder/spi-builder-workspace/Sources/Scout/Diagnostics/Incidents/Hang/MainThreadBacktrace.swift (in target 'Scout' from project 'Scout')
cd /Users/admin/builder/spi-builder-workspace/.swiftpm/xcode
SwiftCompile normal arm64 /Users/admin/builder/spi-builder-workspace/Sources/Scout/Diagnostics/Incidents/Incident/IncidentArchive.swift (in target 'Scout' from project 'Scout')
cd /Users/admin/builder/spi-builder-workspace/.swiftpm/xcode
SwiftCompile normal arm64 /Users/admin/builder/spi-builder-workspace/Sources/Scout/Diagnostics/Incidents/Incident/IncidentEntry.swift (in target 'Scout' from project 'Scout')
cd /Users/admin/builder/spi-builder-workspace/.swiftpm/xcode
SwiftCompile normal arm64 /Users/admin/builder/spi-builder-workspace/Sources/Scout/Diagnostics/Incidents/Incident/IncidentSource.swift (in target 'Scout' from project 'Scout')
cd /Users/admin/builder/spi-builder-workspace/.swiftpm/xcode
SwiftCompile normal arm64 /Users/admin/builder/spi-builder-workspace/Sources/Scout/Diagnostics/Incidents/Incident/LogIncident.swift (in target 'Scout' from project 'Scout')
cd /Users/admin/builder/spi-builder-workspace/.swiftpm/xcode
SwiftCompile normal arm64 /Users/admin/builder/spi-builder-workspace/Sources/Scout/Diagnostics/Incidents/Signal/ByteReader.swift (in target 'Scout' from project 'Scout')
cd /Users/admin/builder/spi-builder-workspace/.swiftpm/xcode
SwiftCompile normal arm64 /Users/admin/builder/spi-builder-workspace/Sources/Scout/Diagnostics/Incidents/Signal/RawCrashFormat.swift (in target 'Scout' from project 'Scout')
cd /Users/admin/builder/spi-builder-workspace/.swiftpm/xcode
SwiftCompile normal arm64 /Users/admin/builder/spi-builder-workspace/Sources/Scout/Diagnostics/Incidents/Signal/RawCrashReport.swift (in target 'Scout' from project 'Scout')
cd /Users/admin/builder/spi-builder-workspace/.swiftpm/xcode
SwiftCompile normal arm64 /Users/admin/builder/spi-builder-workspace/Sources/Scout/Diagnostics/Incidents/Signal/SignalHandler.swift (in target 'Scout' from project 'Scout')
cd /Users/admin/builder/spi-builder-workspace/.swiftpm/xcode
SwiftCompile normal arm64 /Users/admin/builder/spi-builder-workspace/Sources/Scout/Diagnostics/Instrumentation/Log/Event.swift (in target 'Scout' from project 'Scout')
cd /Users/admin/builder/spi-builder-workspace/.swiftpm/xcode
SwiftCompile normal arm64 /Users/admin/builder/spi-builder-workspace/Sources/Scout/Diagnostics/Instrumentation/Log/EventEntry.swift (in target 'Scout' from project 'Scout')
cd /Users/admin/builder/spi-builder-workspace/.swiftpm/xcode
SwiftCompile normal arm64 Compiling\ MetricKitResource+Log.swift,\ MetricKitResource.swift,\ ResourceEntry.swift,\ ResourceException.swift,\ Bundle+Version.swift,\ CurrentHub.swift,\ SystemInfo.swift,\ Device.swift,\ DeviceEntry.Trigger.swift,\ DeviceEntry.swift,\ HasDevice.swift,\ ActionTable.swift,\ Command.swift,\ Identity+Bootstrap.swift,\ Identity+Lifecycle.swift /Users/admin/builder/spi-builder-workspace/Sources/Scout/Diagnostics/MetricKit/Resource/MetricKitResource+Log.swift /Users/admin/builder/spi-builder-workspace/Sources/Scout/Diagnostics/MetricKit/Resource/MetricKitResource.swift /Users/admin/builder/spi-builder-workspace/Sources/Scout/Diagnostics/MetricKit/Resource/ResourceEntry.swift /Users/admin/builder/spi-builder-workspace/Sources/Scout/Diagnostics/MetricKit/Resource/ResourceException.swift /Users/admin/builder/spi-builder-workspace/Sources/Scout/Lifecycle/Base/Bundle+Version.swift /Users/admin/builder/spi-builder-workspace/Sources/Scout/Lifecycle/Base/CurrentHub.swift /Users/admin/builder/spi-builder-workspace/Sources/Scout/Lifecycle/Base/SystemInfo.swift /Users/admin/builder/spi-builder-workspace/Sources/Scout/Lifecycle/Device/Device.swift /Users/admin/builder/spi-builder-workspace/Sources/Scout/Lifecycle/Device/DeviceEntry.Trigger.swift /Users/admin/builder/spi-builder-workspace/Sources/Scout/Lifecycle/Device/DeviceEntry.swift /Users/admin/builder/spi-builder-workspace/Sources/Scout/Lifecycle/Device/HasDevice.swift /Users/admin/builder/spi-builder-workspace/Sources/Scout/Lifecycle/Identity/ActionTable.swift /Users/admin/builder/spi-builder-workspace/Sources/Scout/Lifecycle/Identity/Command.swift /Users/admin/builder/spi-builder-workspace/Sources/Scout/Lifecycle/Identity/Identity+Bootstrap.swift /Users/admin/builder/spi-builder-workspace/Sources/Scout/Lifecycle/Identity/Identity+Lifecycle.swift (in target 'Scout' from project 'Scout')
Failed frontend command:
/Applications/Xcode-16.3.0.app/Contents/Developer/Toolchains/XcodeDefault.xctoolchain/usr/bin/swift-frontend -frontend -c -filelist /Users/admin/builder/spi-builder-workspace/.derivedData/Build/Intermediates.noindex/Scout.build/Debug-watchos/Scout.build/Objects-normal/arm64/sources-1 -primary-file /Users/admin/builder/spi-builder-workspace/Sources/Scout/Diagnostics/MetricKit/Resource/MetricKitResource+Log.swift -primary-file /Users/admin/builder/spi-builder-workspace/Sources/Scout/Diagnostics/MetricKit/Resource/MetricKitResource.swift -primary-file /Users/admin/builder/spi-builder-workspace/Sources/Scout/Diagnostics/MetricKit/Resource/ResourceEntry.swift -primary-file /Users/admin/builder/spi-builder-workspace/Sources/Scout/Diagnostics/MetricKit/Resource/ResourceException.swift -primary-file /Users/admin/builder/spi-builder-workspace/Sources/Scout/Lifecycle/Base/Bundle+Version.swift -primary-file /Users/admin/builder/spi-builder-workspace/Sources/Scout/Lifecycle/Base/CurrentHub.swift -primary-file /Users/admin/builder/spi-builder-workspace/Sources/Scout/Lifecycle/Base/SystemInfo.swift -primary-file /Users/admin/builder/spi-builder-workspace/Sources/Scout/Lifecycle/Device/Device.swift -primary-file /Users/admin/builder/spi-builder-workspace/Sources/Scout/Lifecycle/Device/DeviceEntry.Trigger.swift -primary-file /Users/admin/builder/spi-builder-workspace/Sources/Scout/Lifecycle/Device/DeviceEntry.swift -primary-file /Users/admin/builder/spi-builder-workspace/Sources/Scout/Lifecycle/Device/HasDevice.swift -primary-file /Users/admin/builder/spi-builder-workspace/Sources/Scout/Lifecycle/Identity/ActionTable.swift -primary-file /Users/admin/builder/spi-builder-workspace/Sources/Scout/Lifecycle/Identity/Command.swift -primary-file /Users/admin/builder/spi-builder-workspace/Sources/Scout/Lifecycle/Identity/Identity+Bootstrap.swift -primary-file /Users/admin/builder/spi-builder-workspace/Sources/Scout/Lifecycle/Identity/Identity+Lifecycle.swift -supplementary-output-file-map /Users/admin/builder/spi-builder-workspace/.derivedData/Build/Intermediates.noindex/Scout.build/Debug-watchos/Scout.build/Objects-normal/arm64/supplementaryOutputs-53 -target arm64-apple-watchos9.0 -Xllvm -aarch64-use-tbi -enable-objc-interop -stack-check -sdk /Applications/Xcode-16.3.0.app/Contents/Developer/Platforms/WatchOS.platform/Developer/SDKs/WatchOS11.4.sdk -I /Users/admin/builder/spi-builder-workspace/.derivedData/Build/Products/Debug-watchos -I /Applications/Xcode-16.3.0.app/Contents/Developer/Platforms/WatchOS.platform/Developer/usr/lib -F /Users/admin/builder/spi-builder-workspace/.derivedData/Build/Products/Debug-watchos/PackageFrameworks -F /Users/admin/builder/spi-builder-workspace/.derivedData/Build/Products/Debug-watchos/PackageFrameworks -F /Users/admin/builder/spi-builder-workspace/.derivedData/Build/Products/Debug-watchos/PackageFrameworks -F /Users/admin/builder/spi-builder-workspace/.derivedData/Build/Products/Debug-watchos/PackageFrameworks -F /Users/admin/builder/spi-builder-workspace/.derivedData/Build/Products/Debug-watchos/PackageFrameworks -F /Users/admin/builder/spi-builder-workspace/.derivedData/Build/Products/Debug-watchos -F /Applications/Xcode-16.3.0.app/Contents/Developer/Platforms/WatchOS.platform/Developer/Library/Frameworks -F /Applications/Xcode-16.3.0.app/Contents/Developer/Platforms/WatchOS.platform/Developer/SDKs/WatchOS11.4.sdk/Developer/Library/Frameworks -no-color-diagnostics -enable-testing -g -debug-info-format\=dwarf -dwarf-version\=4 -module-cache-path /Users/admin/builder/spi-builder-workspace/.derivedData/ModuleCache.noindex -profile-generate -profile-coverage-mapping -swift-version 6 -enforce-exclusivity\=checked -Onone -D SWIFT_PACKAGE -D DEBUG -D Xcode -serialize-debugging-options -const-gather-protocols-file /Users/admin/builder/spi-builder-workspace/.derivedData/Build/Intermediates.noindex/Scout.build/Debug-watchos/Scout.build/Objects-normal/arm64/Scout_const_extract_protocols.json -enable-experimental-feature DebugDescriptionMacro -empty-abi-descriptor -plugin-path /Applications/Xcode-16.3.0.app/Contents/Developer/Toolchains/XcodeDefault.xctoolchain/usr/lib/swift/host/plugins/testing -validate-clang-modules-once -clang-build-session-file /Users/admin/builder/spi-builder-workspace/.derivedData/ModuleCache.noindex/Session.modulevalidation -Xcc -working-directory -Xcc /Users/admin/builder/spi-builder-workspace/.swiftpm/xcode -resource-dir /Applications/Xcode-16.3.0.app/Contents/Developer/Toolchains/XcodeDefault.xctoolchain/usr/lib/swift -enable-anonymous-context-mangled-names -file-compilation-dir /Users/admin/builder/spi-builder-workspace/.swiftpm/xcode -Xcc -fmodule-map-file\=/Users/admin/builder/spi-builder-workspace/.derivedData/Build/Intermediates.noindex/GeneratedModuleMaps-watchos/CScoutHang.modulemap -Xcc -ivfsstatcache -Xcc /Users/admin/builder/spi-builder-workspace/.derivedData/SDKStatCaches.noindex/watchos11.4-22T246-43efb940ff07ba2497b70ec94253f576.sdkstatcache -Xcc -I/Users/admin/builder/spi-builder-workspace/.derivedData/Build/Intermediates.noindex/Scout.build/Debug-watchos/Scout.build/swift-overrides.hmap -Xcc -I/Users/admin/builder/spi-builder-workspace/Sources/CScoutHang/include -Xcc -I/Users/admin/builder/spi-builder-workspace/.derivedData/Build/Products/Debug-watchos/include -Xcc -I/Users/admin/builder/spi-builder-workspace/.derivedData/Build/Intermediates.noindex/Scout.build/Debug-watchos/Scout.build/DerivedSources-normal/arm64 -Xcc -I/Users/admin/builder/spi-builder-workspace/.derivedData/Build/Intermediates.noindex/Scout.build/Debug-watchos/Scout.build/DerivedSources/arm64 -Xcc -I/Users/admin/builder/spi-builder-workspace/.derivedData/Build/Intermediates.noindex/Scout.build/Debug-watchos/Scout.build/DerivedSources -Xcc -DSWIFT_PACKAGE -Xcc -DDEBUG\=1 -module-name Scout -package-name spi_builder_workspace -frontend-parseable-output -disable-clang-spi -target-sdk-version 11.4 -target-sdk-name watchos11.4 -external-plugin-path /Applications/Xcode-16.3.0.app/Contents/Developer/Platforms/WatchOS.platform/Developer/usr/lib/swift/host/plugins\#/Applications/Xcode-16.3.0.app/Contents/Developer/Platforms/WatchOS.platform/Developer/usr/bin/swift-plugin-server -external-plugin-path /Applications/Xcode-16.3.0.app/Contents/Developer/Platforms/WatchOS.platform/Developer/usr/local/lib/swift/host/plugins\#/Applications/Xcode-16.3.0.app/Contents/Developer/Platforms/WatchOS.platform/Developer/usr/bin/swift-plugin-server -in-process-plugin-server-path /Applications/Xcode-16.3.0.app/Contents/Developer/Toolchains/XcodeDefault.xctoolchain/usr/lib/swift/host/libSwiftInProcPluginServer.dylib -plugin-path /Applications/Xcode-16.3.0.app/Contents/Developer/Toolchains/XcodeDefault.xctoolchain/usr/lib/swift/host/plugins -plugin-path /Applications/Xcode-16.3.0.app/Contents/Developer/Toolchains/XcodeDefault.xctoolchain/usr/local/lib/swift/host/plugins -o /Users/admin/builder/spi-builder-workspace/.derivedData/Build/Intermediates.noindex/Scout.build/Debug-watchos/Scout.build/Objects-normal/arm64/MetricKitResource+Log.o -o /Users/admin/builder/spi-builder-workspace/.derivedData/Build/Intermediates.noindex/Scout.build/Debug-watchos/Scout.build/Objects-normal/arm64/MetricKitResource.o -o /Users/admin/builder/spi-builder-workspace/.derivedData/Build/Intermediates.noindex/Scout.build/Debug-watchos/Scout.build/Objects-normal/arm64/ResourceEntry.o -o /Users/admin/builder/spi-builder-workspace/.derivedData/Build/Intermediates.noindex/Scout.build/Debug-watchos/Scout.build/Objects-normal/arm64/ResourceException.o -o /Users/admin/builder/spi-builder-workspace/.derivedData/Build/Intermediates.noindex/Scout.build/Debug-watchos/Scout.build/Objects-normal/arm64/Bundle+Version.o -o /Users/admin/builder/spi-builder-workspace/.derivedData/Build/Intermediates.noindex/Scout.build/Debug-watchos/Scout.build/Objects-normal/arm64/CurrentHub.o -o /Users/admin/builder/spi-builder-workspace/.derivedData/Build/Intermediates.noindex/Scout.build/Debug-watchos/Scout.build/Objects-normal/arm64/SystemInfo.o -o /Users/admin/builder/spi-builder-workspace/.derivedData/Build/Intermediates.noindex/Scout.build/Debug-watchos/Scout.build/Objects-normal/arm64/Device.o -o /Users/admin/builder/spi-builder-workspace/.derivedData/Build/Intermediates.noindex/Scout.build/Debug-watchos/Scout.build/Objects-normal/arm64/DeviceEntry.Trigger.o -o /Users/admin/builder/spi-builder-workspace/.derivedData/Build/Intermediates.noindex/Scout.build/Debug-watchos/Scout.build/Objects-normal/arm64/DeviceEntry.o -o /Users/admin/builder/spi-builder-workspace/.derivedData/Build/Intermediates.noindex/Scout.build/Debug-watchos/Scout.build/Objects-normal/arm64/HasDevice.o -o /Users/admin/builder/spi-builder-workspace/.derivedData/Build/Intermediates.noindex/Scout.build/Debug-watchos/Scout.build/Objects-normal/arm64/ActionTable.o -o /Users/admin/builder/spi-builder-workspace/.derivedData/Build/Intermediates.noindex/Scout.build/Debug-watchos/Scout.build/Objects-normal/arm64/Command.o -o /Users/admin/builder/spi-builder-workspace/.derivedData/Build/Intermediates.noindex/Scout.build/Debug-watchos/Scout.build/Objects-normal/arm64/Identity+Bootstrap.o -o /Users/admin/builder/spi-builder-workspace/.derivedData/Build/Intermediates.noindex/Scout.build/Debug-watchos/Scout.build/Objects-normal/arm64/Identity+Lifecycle.o -index-unit-output-path /Scout.build/Debug-watchos/Scout.build/Objects-normal/arm64/MetricKitResource+Log.o -index-unit-output-path /Scout.build/Debug-watchos/Scout.build/Objects-normal/arm64/MetricKitResource.o -index-unit-output-path /Scout.build/Debug-watchos/Scout.build/Objects-normal/arm64/ResourceEntry.o -index-unit-output-path /Scout.build/Debug-watchos/Scout.build/Objects-normal/arm64/ResourceException.o -index-unit-output-path /Scout.build/Debug-watchos/Scout.build/Objects-normal/arm64/Bundle+Version.o -index-unit-output-path /Scout.build/Debug-watchos/Scout.build/Objects-normal/arm64/CurrentHub.o -index-unit-output-path /Scout.build/Debug-watchos/Scout.build/Objects-normal/arm64/SystemInfo.o -index-unit-output-path /Scout.build/Debug-watchos/Scout.build/Objects-normal/arm64/Device.o -index-unit-output-path /Scout.build/Debug-watchos/Scout.build/Objects-normal/arm64/DeviceEntry.Trigger.o -index-unit-output-path /Scout.build/Debug-watchos/Scout.build/Objects-normal/arm64/DeviceEntry.o -index-unit-output-path /Scout.build/Debug-watchos/Scout.build/Objects-normal/arm64/HasDevice.o -index-unit-output-path /Scout.build/Debug-watchos/Scout.build/Objects-normal/arm64/ActionTable.o -index-unit-output-path /Scout.build/Debug-watchos/Scout.build/Objects-normal/arm64/Command.o -index-unit-output-path /Scout.build/Debug-watchos/Scout.build/Objects-normal/arm64/Identity+Bootstrap.o -index-unit-output-path /Scout.build/Debug-watchos/Scout.build/Objects-normal/arm64/Identity+Lifecycle.o -index-store-path /Users/admin/builder/spi-builder-workspace/.derivedData/Index.noindex/DataStore -index-system-modules
SwiftCompile normal arm64 /Users/admin/builder/spi-builder-workspace/Sources/Scout/Diagnostics/MetricKit/Resource/MetricKitResource+Log.swift (in target 'Scout' from project 'Scout')
cd /Users/admin/builder/spi-builder-workspace/.swiftpm/xcode
SwiftCompile normal arm64 /Users/admin/builder/spi-builder-workspace/Sources/Scout/Diagnostics/MetricKit/Resource/MetricKitResource.swift (in target 'Scout' from project 'Scout')
cd /Users/admin/builder/spi-builder-workspace/.swiftpm/xcode
SwiftCompile normal arm64 /Users/admin/builder/spi-builder-workspace/Sources/Scout/Diagnostics/MetricKit/Resource/ResourceEntry.swift (in target 'Scout' from project 'Scout')
cd /Users/admin/builder/spi-builder-workspace/.swiftpm/xcode
SwiftCompile normal arm64 /Users/admin/builder/spi-builder-workspace/Sources/Scout/Diagnostics/MetricKit/Resource/ResourceException.swift (in target 'Scout' from project 'Scout')
cd /Users/admin/builder/spi-builder-workspace/.swiftpm/xcode
SwiftCompile normal arm64 /Users/admin/builder/spi-builder-workspace/Sources/Scout/Lifecycle/Base/Bundle+Version.swift (in target 'Scout' from project 'Scout')
cd /Users/admin/builder/spi-builder-workspace/.swiftpm/xcode
SwiftCompile normal arm64 /Users/admin/builder/spi-builder-workspace/Sources/Scout/Lifecycle/Base/CurrentHub.swift (in target 'Scout' from project 'Scout')
cd /Users/admin/builder/spi-builder-workspace/.swiftpm/xcode
SwiftCompile normal arm64 /Users/admin/builder/spi-builder-workspace/Sources/Scout/Lifecycle/Base/SystemInfo.swift (in target 'Scout' from project 'Scout')
cd /Users/admin/builder/spi-builder-workspace/.swiftpm/xcode
SwiftCompile normal arm64 /Users/admin/builder/spi-builder-workspace/Sources/Scout/Lifecycle/Device/Device.swift (in target 'Scout' from project 'Scout')
cd /Users/admin/builder/spi-builder-workspace/.swiftpm/xcode
SwiftCompile normal arm64 /Users/admin/builder/spi-builder-workspace/Sources/Scout/Lifecycle/Device/DeviceEntry.Trigger.swift (in target 'Scout' from project 'Scout')
cd /Users/admin/builder/spi-builder-workspace/.swiftpm/xcode
SwiftCompile normal arm64 /Users/admin/builder/spi-builder-workspace/Sources/Scout/Lifecycle/Device/DeviceEntry.swift (in target 'Scout' from project 'Scout')
cd /Users/admin/builder/spi-builder-workspace/.swiftpm/xcode
SwiftCompile normal arm64 /Users/admin/builder/spi-builder-workspace/Sources/Scout/Lifecycle/Device/HasDevice.swift (in target 'Scout' from project 'Scout')
cd /Users/admin/builder/spi-builder-workspace/.swiftpm/xcode
SwiftCompile normal arm64 /Users/admin/builder/spi-builder-workspace/Sources/Scout/Lifecycle/Identity/ActionTable.swift (in target 'Scout' from project 'Scout')
cd /Users/admin/builder/spi-builder-workspace/.swiftpm/xcode
/Users/admin/builder/spi-builder-workspace/Sources/Scout/Lifecycle/Identity/ActionTable.swift:42:13: error: cannot find 'UIApplication' in scope
UIApplication.willEnterForegroundNotification
^~~~~~~~~~~~~
/Users/admin/builder/spi-builder-workspace/Sources/Scout/Lifecycle/Identity/ActionTable.swift:50:13: error: cannot find 'UIApplication' in scope
UIApplication.didEnterBackgroundNotification
^~~~~~~~~~~~~
SwiftCompile normal arm64 /Users/admin/builder/spi-builder-workspace/Sources/Scout/Lifecycle/Identity/Command.swift (in target 'Scout' from project 'Scout')
cd /Users/admin/builder/spi-builder-workspace/.swiftpm/xcode
SwiftCompile normal arm64 /Users/admin/builder/spi-builder-workspace/Sources/Scout/Lifecycle/Identity/Identity+Bootstrap.swift (in target 'Scout' from project 'Scout')
cd /Users/admin/builder/spi-builder-workspace/.swiftpm/xcode
SwiftCompile normal arm64 /Users/admin/builder/spi-builder-workspace/Sources/Scout/Lifecycle/Identity/Identity+Lifecycle.swift (in target 'Scout' from project 'Scout')
cd /Users/admin/builder/spi-builder-workspace/.swiftpm/xcode
SwiftCompile normal arm64 Compiling\ Identity+Snapshot.swift,\ Identity.swift,\ HasInstall.swift,\ Install.swift,\ InstallEntry.Trigger.swift,\ InstallEntry.swift,\ Launch.swift,\ LaunchEntry.Recovery.swift,\ LaunchEntry.Trigger.swift,\ LaunchEntry.swift,\ LaunchScopeEntry.swift,\ VisitEntry.Trigger.swift,\ VisitEntry.swift,\ Session.swift,\ SessionEntry.Complete.swift /Users/admin/builder/spi-builder-workspace/Sources/Scout/Lifecycle/Identity/Identity+Snapshot.swift /Users/admin/builder/spi-builder-workspace/Sources/Scout/Lifecycle/Identity/Identity.swift /Users/admin/builder/spi-builder-workspace/Sources/Scout/Lifecycle/Install/HasInstall.swift /Users/admin/builder/spi-builder-workspace/Sources/Scout/Lifecycle/Install/Install.swift /Users/admin/builder/spi-builder-workspace/Sources/Scout/Lifecycle/Install/InstallEntry.Trigger.swift /Users/admin/builder/spi-builder-workspace/Sources/Scout/Lifecycle/Install/InstallEntry.swift /Users/admin/builder/spi-builder-workspace/Sources/Scout/Lifecycle/Launch/Launch.swift /Users/admin/builder/spi-builder-workspace/Sources/Scout/Lifecycle/Launch/LaunchEntry.Recovery.swift /Users/admin/builder/spi-builder-workspace/Sources/Scout/Lifecycle/Launch/LaunchEntry.Trigger.swift /Users/admin/builder/spi-builder-workspace/Sources/Scout/Lifecycle/Launch/LaunchEntry.swift /Users/admin/builder/spi-builder-workspace/Sources/Scout/Lifecycle/Launch/LaunchScopeEntry.swift /Users/admin/builder/spi-builder-workspace/Sources/Scout/Lifecycle/Launch/VisitEntry.Trigger.swift /Users/admin/builder/spi-builder-workspace/Sources/Scout/Lifecycle/Launch/VisitEntry.swift /Users/admin/builder/spi-builder-workspace/Sources/Scout/Lifecycle/Session/Session.swift /Users/admin/builder/spi-builder-workspace/Sources/Scout/Lifecycle/Session/SessionEntry.Complete.swift (in target 'Scout' from project 'Scout')
SwiftCompile normal arm64 /Users/admin/builder/spi-builder-workspace/Sources/Scout/Lifecycle/Identity/Identity+Snapshot.swift (in target 'Scout' from project 'Scout')
cd /Users/admin/builder/spi-builder-workspace/.swiftpm/xcode
SwiftCompile normal arm64 /Users/admin/builder/spi-builder-workspace/Sources/Scout/Lifecycle/Identity/Identity.swift (in target 'Scout' from project 'Scout')
cd /Users/admin/builder/spi-builder-workspace/.swiftpm/xcode
SwiftCompile normal arm64 /Users/admin/builder/spi-builder-workspace/Sources/Scout/Lifecycle/Install/HasInstall.swift (in target 'Scout' from project 'Scout')
cd /Users/admin/builder/spi-builder-workspace/.swiftpm/xcode
SwiftCompile normal arm64 /Users/admin/builder/spi-builder-workspace/Sources/Scout/Lifecycle/Install/Install.swift (in target 'Scout' from project 'Scout')
cd /Users/admin/builder/spi-builder-workspace/.swiftpm/xcode
SwiftCompile normal arm64 /Users/admin/builder/spi-builder-workspace/Sources/Scout/Lifecycle/Install/InstallEntry.Trigger.swift (in target 'Scout' from project 'Scout')
cd /Users/admin/builder/spi-builder-workspace/.swiftpm/xcode
SwiftCompile normal arm64 /Users/admin/builder/spi-builder-workspace/Sources/Scout/Lifecycle/Install/InstallEntry.swift (in target 'Scout' from project 'Scout')
cd /Users/admin/builder/spi-builder-workspace/.swiftpm/xcode
SwiftCompile normal arm64 /Users/admin/builder/spi-builder-workspace/Sources/Scout/Lifecycle/Launch/Launch.swift (in target 'Scout' from project 'Scout')
cd /Users/admin/builder/spi-builder-workspace/.swiftpm/xcode
SwiftCompile normal arm64 /Users/admin/builder/spi-builder-workspace/Sources/Scout/Lifecycle/Launch/LaunchEntry.Recovery.swift (in target 'Scout' from project 'Scout')
cd /Users/admin/builder/spi-builder-workspace/.swiftpm/xcode
SwiftCompile normal arm64 /Users/admin/builder/spi-builder-workspace/Sources/Scout/Lifecycle/Launch/LaunchEntry.Trigger.swift (in target 'Scout' from project 'Scout')
cd /Users/admin/builder/spi-builder-workspace/.swiftpm/xcode
SwiftCompile normal arm64 /Users/admin/builder/spi-builder-workspace/Sources/Scout/Lifecycle/Launch/LaunchEntry.swift (in target 'Scout' from project 'Scout')
cd /Users/admin/builder/spi-builder-workspace/.swiftpm/xcode
SwiftCompile normal arm64 /Users/admin/builder/spi-builder-workspace/Sources/Scout/Lifecycle/Launch/LaunchScopeEntry.swift (in target 'Scout' from project 'Scout')
cd /Users/admin/builder/spi-builder-workspace/.swiftpm/xcode
SwiftCompile normal arm64 /Users/admin/builder/spi-builder-workspace/Sources/Scout/Lifecycle/Launch/VisitEntry.Trigger.swift (in target 'Scout' from project 'Scout')
cd /Users/admin/builder/spi-builder-workspace/.swiftpm/xcode
SwiftCompile normal arm64 /Users/admin/builder/spi-builder-workspace/Sources/Scout/Lifecycle/Launch/VisitEntry.swift (in target 'Scout' from project 'Scout')
cd /Users/admin/builder/spi-builder-workspace/.swiftpm/xcode
SwiftCompile normal arm64 /Users/admin/builder/spi-builder-workspace/Sources/Scout/Lifecycle/Session/Session.swift (in target 'Scout' from project 'Scout')
cd /Users/admin/builder/spi-builder-workspace/.swiftpm/xcode
SwiftCompile normal arm64 /Users/admin/builder/spi-builder-workspace/Sources/Scout/Lifecycle/Session/SessionEntry.Complete.swift (in target 'Scout' from project 'Scout')
cd /Users/admin/builder/spi-builder-workspace/.swiftpm/xcode
SwiftCompile normal arm64 Compiling\ Telemetry.swift,\ MetricKitCrash+Log.swift,\ MetricKitCrash.swift,\ MetricKitIncident.swift,\ MetricKitStackTree.swift,\ UUID+Digest.swift,\ DailyMetricEntry.swift,\ ExitReason.swift,\ MetricKitExits.swift,\ MetricKitPerformance.swift,\ MetricKitReport.swift,\ MetricKitCrash+Diagnostic.swift,\ MetricKitReceiver.swift,\ MetricKitReport+Payload.swift,\ MetricKitResource+Diagnostic.swift /Users/admin/builder/spi-builder-workspace/Sources/Scout/Diagnostics/Instrumentation/Telemetry/Model/Telemetry.swift /Users/admin/builder/spi-builder-workspace/Sources/Scout/Diagnostics/MetricKit/Crash/MetricKitCrash+Log.swift /Users/admin/builder/spi-builder-workspace/Sources/Scout/Diagnostics/MetricKit/Crash/MetricKitCrash.swift /Users/admin/builder/spi-builder-workspace/Sources/Scout/Diagnostics/MetricKit/Crash/MetricKitIncident.swift /Users/admin/builder/spi-builder-workspace/Sources/Scout/Diagnostics/MetricKit/Crash/MetricKitStackTree.swift /Users/admin/builder/spi-builder-workspace/Sources/Scout/Diagnostics/MetricKit/Crash/UUID+Digest.swift /Users/admin/builder/spi-builder-workspace/Sources/Scout/Diagnostics/MetricKit/DailyMetric/DailyMetricEntry.swift /Users/admin/builder/spi-builder-workspace/Sources/Scout/Diagnostics/MetricKit/DailyMetric/ExitReason.swift /Users/admin/builder/spi-builder-workspace/Sources/Scout/Diagnostics/MetricKit/DailyMetric/MetricKitExits.swift /Users/admin/builder/spi-builder-workspace/Sources/Scout/Diagnostics/MetricKit/DailyMetric/MetricKitPerformance.swift /Users/admin/builder/spi-builder-workspace/Sources/Scout/Diagnostics/MetricKit/DailyMetric/MetricKitReport.swift /Users/admin/builder/spi-builder-workspace/Sources/Scout/Diagnostics/MetricKit/Receiver/MetricKitCrash+Diagnostic.swift /Users/admin/builder/spi-builder-workspace/Sources/Scout/Diagnostics/MetricKit/Receiver/MetricKitReceiver.swift /Users/admin/builder/spi-builder-workspace/Sources/Scout/Diagnostics/MetricKit/Receiver/MetricKitReport+Payload.swift /Users/admin/builder/spi-builder-workspace/Sources/Scout/Diagnostics/MetricKit/Receiver/MetricKitResource+Diagnostic.swift (in target 'Scout' from project 'Scout')
SwiftCompile normal arm64 /Users/admin/builder/spi-builder-workspace/Sources/Scout/Diagnostics/Instrumentation/Telemetry/Model/Telemetry.swift (in target 'Scout' from project 'Scout')
cd /Users/admin/builder/spi-builder-workspace/.swiftpm/xcode
SwiftCompile normal arm64 /Users/admin/builder/spi-builder-workspace/Sources/Scout/Diagnostics/MetricKit/Crash/MetricKitCrash+Log.swift (in target 'Scout' from project 'Scout')
cd /Users/admin/builder/spi-builder-workspace/.swiftpm/xcode
SwiftCompile normal arm64 /Users/admin/builder/spi-builder-workspace/Sources/Scout/Diagnostics/MetricKit/Crash/MetricKitCrash.swift (in target 'Scout' from project 'Scout')
cd /Users/admin/builder/spi-builder-workspace/.swiftpm/xcode
SwiftCompile normal arm64 /Users/admin/builder/spi-builder-workspace/Sources/Scout/Diagnostics/MetricKit/Crash/MetricKitIncident.swift (in target 'Scout' from project 'Scout')
cd /Users/admin/builder/spi-builder-workspace/.swiftpm/xcode
SwiftCompile normal arm64 /Users/admin/builder/spi-builder-workspace/Sources/Scout/Diagnostics/MetricKit/Crash/MetricKitStackTree.swift (in target 'Scout' from project 'Scout')
cd /Users/admin/builder/spi-builder-workspace/.swiftpm/xcode
SwiftCompile normal arm64 /Users/admin/builder/spi-builder-workspace/Sources/Scout/Diagnostics/MetricKit/Crash/UUID+Digest.swift (in target 'Scout' from project 'Scout')
cd /Users/admin/builder/spi-builder-workspace/.swiftpm/xcode
SwiftCompile normal arm64 /Users/admin/builder/spi-builder-workspace/Sources/Scout/Diagnostics/MetricKit/DailyMetric/DailyMetricEntry.swift (in target 'Scout' from project 'Scout')
cd /Users/admin/builder/spi-builder-workspace/.swiftpm/xcode
SwiftCompile normal arm64 /Users/admin/builder/spi-builder-workspace/Sources/Scout/Diagnostics/MetricKit/DailyMetric/ExitReason.swift (in target 'Scout' from project 'Scout')
cd /Users/admin/builder/spi-builder-workspace/.swiftpm/xcode
SwiftCompile normal arm64 /Users/admin/builder/spi-builder-workspace/Sources/Scout/Diagnostics/MetricKit/DailyMetric/MetricKitExits.swift (in target 'Scout' from project 'Scout')
cd /Users/admin/builder/spi-builder-workspace/.swiftpm/xcode
SwiftCompile normal arm64 /Users/admin/builder/spi-builder-workspace/Sources/Scout/Diagnostics/MetricKit/DailyMetric/MetricKitPerformance.swift (in target 'Scout' from project 'Scout')
cd /Users/admin/builder/spi-builder-workspace/.swiftpm/xcode
SwiftCompile normal arm64 /Users/admin/builder/spi-builder-workspace/Sources/Scout/Diagnostics/MetricKit/DailyMetric/MetricKitReport.swift (in target 'Scout' from project 'Scout')
cd /Users/admin/builder/spi-builder-workspace/.swiftpm/xcode
SwiftCompile normal arm64 /Users/admin/builder/spi-builder-workspace/Sources/Scout/Diagnostics/MetricKit/Receiver/MetricKitCrash+Diagnostic.swift (in target 'Scout' from project 'Scout')
cd /Users/admin/builder/spi-builder-workspace/.swiftpm/xcode
SwiftCompile normal arm64 /Users/admin/builder/spi-builder-workspace/Sources/Scout/Diagnostics/MetricKit/Receiver/MetricKitReceiver.swift (in target 'Scout' from project 'Scout')
cd /Users/admin/builder/spi-builder-workspace/.swiftpm/xcode
SwiftCompile normal arm64 /Users/admin/builder/spi-builder-workspace/Sources/Scout/Diagnostics/MetricKit/Receiver/MetricKitReport+Payload.swift (in target 'Scout' from project 'Scout')
cd /Users/admin/builder/spi-builder-workspace/.swiftpm/xcode
SwiftCompile normal arm64 /Users/admin/builder/spi-builder-workspace/Sources/Scout/Diagnostics/MetricKit/Receiver/MetricKitResource+Diagnostic.swift (in target 'Scout' from project 'Scout')
cd /Users/admin/builder/spi-builder-workspace/.swiftpm/xcode
SwiftCompile normal arm64 Compiling\ ConditionEntry.Trigger.swift,\ ConditionEntry.swift,\ ConditionLog.swift,\ Runtime+Conditions.swift,\ Backend+Symbols.swift,\ Backtrace+Capture.swift,\ Backtrace.swift,\ BacktraceEntry.swift,\ BundledSymbols.swift,\ LoadedImage.swift,\ StackWalker.swift,\ Crash.swift,\ CrashEntry.swift,\ CrashFingerprint.swift,\ CrashInfo.swift,\ ExceptionHandler.swift /Users/admin/builder/spi-builder-workspace/Sources/Scout/Diagnostics/Conditions/ConditionEntry.Trigger.swift /Users/admin/builder/spi-builder-workspace/Sources/Scout/Diagnostics/Conditions/ConditionEntry.swift /Users/admin/builder/spi-builder-workspace/Sources/Scout/Diagnostics/Conditions/ConditionLog.swift /Users/admin/builder/spi-builder-workspace/Sources/Scout/Diagnostics/Conditions/Runtime+Conditions.swift /Users/admin/builder/spi-builder-workspace/Sources/Scout/Diagnostics/Incidents/Backtrace/Backend+Symbols.swift /Users/admin/builder/spi-builder-workspace/Sources/Scout/Diagnostics/Incidents/Backtrace/Backtrace+Capture.swift /Users/admin/builder/spi-builder-workspace/Sources/Scout/Diagnostics/Incidents/Backtrace/Backtrace.swift /Users/admin/builder/spi-builder-workspace/Sources/Scout/Diagnostics/Incidents/Backtrace/BacktraceEntry.swift /Users/admin/builder/spi-builder-workspace/Sources/Scout/Diagnostics/Incidents/Backtrace/BundledSymbols.swift /Users/admin/builder/spi-builder-workspace/Sources/Scout/Diagnostics/Incidents/Backtrace/LoadedImage.swift /Users/admin/builder/spi-builder-workspace/Sources/Scout/Diagnostics/Incidents/Backtrace/StackWalker.swift /Users/admin/builder/spi-builder-workspace/Sources/Scout/Diagnostics/Incidents/Crash/Crash.swift /Users/admin/builder/spi-builder-workspace/Sources/Scout/Diagnostics/Incidents/Crash/CrashEntry.swift /Users/admin/builder/spi-builder-workspace/Sources/Scout/Diagnostics/Incidents/Crash/CrashFingerprint.swift /Users/admin/builder/spi-builder-workspace/Sources/Scout/Diagnostics/Incidents/Crash/CrashInfo.swift /Users/admin/builder/spi-builder-workspace/Sources/Scout/Diagnostics/Incidents/Crash/ExceptionHandler.swift (in target 'Scout' from project 'Scout')
SwiftCompile normal arm64 /Users/admin/builder/spi-builder-workspace/Sources/Scout/Diagnostics/Conditions/ConditionEntry.Trigger.swift (in target 'Scout' from project 'Scout')
cd /Users/admin/builder/spi-builder-workspace/.swiftpm/xcode
SwiftCompile normal arm64 /Users/admin/builder/spi-builder-workspace/Sources/Scout/Diagnostics/Conditions/ConditionEntry.swift (in target 'Scout' from project 'Scout')
cd /Users/admin/builder/spi-builder-workspace/.swiftpm/xcode
SwiftCompile normal arm64 /Users/admin/builder/spi-builder-workspace/Sources/Scout/Diagnostics/Conditions/ConditionLog.swift (in target 'Scout' from project 'Scout')
cd /Users/admin/builder/spi-builder-workspace/.swiftpm/xcode
SwiftCompile normal arm64 /Users/admin/builder/spi-builder-workspace/Sources/Scout/Diagnostics/Conditions/Runtime+Conditions.swift (in target 'Scout' from project 'Scout')
cd /Users/admin/builder/spi-builder-workspace/.swiftpm/xcode
SwiftCompile normal arm64 /Users/admin/builder/spi-builder-workspace/Sources/Scout/Diagnostics/Incidents/Backtrace/Backend+Symbols.swift (in target 'Scout' from project 'Scout')
cd /Users/admin/builder/spi-builder-workspace/.swiftpm/xcode
SwiftCompile normal arm64 /Users/admin/builder/spi-builder-workspace/Sources/Scout/Diagnostics/Incidents/Backtrace/Backtrace+Capture.swift (in target 'Scout' from project 'Scout')
cd /Users/admin/builder/spi-builder-workspace/.swiftpm/xcode
SwiftCompile normal arm64 /Users/admin/builder/spi-builder-workspace/Sources/Scout/Diagnostics/Incidents/Backtrace/Backtrace.swift (in target 'Scout' from project 'Scout')
cd /Users/admin/builder/spi-builder-workspace/.swiftpm/xcode
SwiftCompile normal arm64 /Users/admin/builder/spi-builder-workspace/Sources/Scout/Diagnostics/Incidents/Backtrace/BacktraceEntry.swift (in target 'Scout' from project 'Scout')
cd /Users/admin/builder/spi-builder-workspace/.swiftpm/xcode
SwiftCompile normal arm64 /Users/admin/builder/spi-builder-workspace/Sources/Scout/Diagnostics/Incidents/Backtrace/BundledSymbols.swift (in target 'Scout' from project 'Scout')
cd /Users/admin/builder/spi-builder-workspace/.swiftpm/xcode
SwiftCompile normal arm64 /Users/admin/builder/spi-builder-workspace/Sources/Scout/Diagnostics/Incidents/Backtrace/LoadedImage.swift (in target 'Scout' from project 'Scout')
cd /Users/admin/builder/spi-builder-workspace/.swiftpm/xcode
SwiftCompile normal arm64 /Users/admin/builder/spi-builder-workspace/Sources/Scout/Diagnostics/Incidents/Backtrace/StackWalker.swift (in target 'Scout' from project 'Scout')
cd /Users/admin/builder/spi-builder-workspace/.swiftpm/xcode
SwiftCompile normal arm64 /Users/admin/builder/spi-builder-workspace/Sources/Scout/Diagnostics/Incidents/Crash/Crash.swift (in target 'Scout' from project 'Scout')
cd /Users/admin/builder/spi-builder-workspace/.swiftpm/xcode
SwiftCompile normal arm64 /Users/admin/builder/spi-builder-workspace/Sources/Scout/Diagnostics/Incidents/Crash/CrashEntry.swift (in target 'Scout' from project 'Scout')
cd /Users/admin/builder/spi-builder-workspace/.swiftpm/xcode
SwiftCompile normal arm64 /Users/admin/builder/spi-builder-workspace/Sources/Scout/Diagnostics/Incidents/Crash/CrashFingerprint.swift (in target 'Scout' from project 'Scout')
cd /Users/admin/builder/spi-builder-workspace/.swiftpm/xcode
SwiftCompile normal arm64 /Users/admin/builder/spi-builder-workspace/Sources/Scout/Diagnostics/Incidents/Crash/CrashInfo.swift (in target 'Scout' from project 'Scout')
cd /Users/admin/builder/spi-builder-workspace/.swiftpm/xcode
SwiftCompile normal arm64 /Users/admin/builder/spi-builder-workspace/Sources/Scout/Diagnostics/Incidents/Crash/ExceptionHandler.swift (in target 'Scout' from project 'Scout')
cd /Users/admin/builder/spi-builder-workspace/.swiftpm/xcode
SwiftEmitModule normal arm64_32 Emitting\ module\ for\ Scout (in target 'Scout' from project 'Scout')
EmitSwiftModule normal arm64_32 (in target 'Scout' from project 'Scout')
cd /Users/admin/builder/spi-builder-workspace/.swiftpm/xcode
SwiftCompile normal arm64_32 Compiling\ Backend+Deliver.swift,\ Backends+Available.swift,\ Backends+Synchronize.swift,\ RecordSender.swift,\ DateEntry+Cleanup.swift,\ DeliveryEntry.swift,\ SyncableEntry+Plan.swift,\ SyncableEntry+Purge.swift,\ SyncableEntry.swift,\ RecordChunk.swift,\ RecordQuery.Filter.swift,\ RecordQuery.swift,\ Record.swift,\ RecordValue.swift,\ RecordValueConvertible.swift,\ Condition.swift /Users/admin/builder/spi-builder-workspace/Sources/Scout/Database/Delivery/Backend+Deliver.swift /Users/admin/builder/spi-builder-workspace/Sources/Scout/Database/Delivery/Backends+Available.swift /Users/admin/builder/spi-builder-workspace/Sources/Scout/Database/Delivery/Backends+Synchronize.swift /Users/admin/builder/spi-builder-workspace/Sources/Scout/Database/Delivery/RecordSender.swift /Users/admin/builder/spi-builder-workspace/Sources/Scout/Database/Entries/DateEntry+Cleanup.swift /Users/admin/builder/spi-builder-workspace/Sources/Scout/Database/Entries/DeliveryEntry.swift /Users/admin/builder/spi-builder-workspace/Sources/Scout/Database/Entries/SyncableEntry+Plan.swift /Users/admin/builder/spi-builder-workspace/Sources/Scout/Database/Entries/SyncableEntry+Purge.swift /Users/admin/builder/spi-builder-workspace/Sources/Scout/Database/Entries/SyncableEntry.swift /Users/admin/builder/spi-builder-workspace/Sources/Scout/Database/Query/RecordChunk.swift /Users/admin/builder/spi-builder-workspace/Sources/Scout/Database/Query/RecordQuery.Filter.swift /Users/admin/builder/spi-builder-workspace/Sources/Scout/Database/Query/RecordQuery.swift /Users/admin/builder/spi-builder-workspace/Sources/Scout/Database/Record/Record.swift /Users/admin/builder/spi-builder-workspace/Sources/Scout/Database/Record/RecordValue.swift /Users/admin/builder/spi-builder-workspace/Sources/Scout/Database/Record/RecordValueConvertible.swift /Users/admin/builder/spi-builder-workspace/Sources/Scout/Diagnostics/Conditions/Condition.swift (in target 'Scout' from project 'Scout')
SwiftCompile normal arm64_32 /Users/admin/builder/spi-builder-workspace/Sources/Scout/Database/Delivery/Backend+Deliver.swift (in target 'Scout' from project 'Scout')
cd /Users/admin/builder/spi-builder-workspace/.swiftpm/xcode
SwiftCompile normal arm64_32 /Users/admin/builder/spi-builder-workspace/Sources/Scout/Database/Delivery/Backends+Available.swift (in target 'Scout' from project 'Scout')
cd /Users/admin/builder/spi-builder-workspace/.swiftpm/xcode
SwiftCompile normal arm64_32 /Users/admin/builder/spi-builder-workspace/Sources/Scout/Database/Delivery/Backends+Synchronize.swift (in target 'Scout' from project 'Scout')
cd /Users/admin/builder/spi-builder-workspace/.swiftpm/xcode
SwiftCompile normal arm64_32 /Users/admin/builder/spi-builder-workspace/Sources/Scout/Database/Delivery/RecordSender.swift (in target 'Scout' from project 'Scout')
cd /Users/admin/builder/spi-builder-workspace/.swiftpm/xcode
SwiftCompile normal arm64_32 /Users/admin/builder/spi-builder-workspace/Sources/Scout/Database/Entries/DateEntry+Cleanup.swift (in target 'Scout' from project 'Scout')
cd /Users/admin/builder/spi-builder-workspace/.swiftpm/xcode
SwiftCompile normal arm64_32 /Users/admin/builder/spi-builder-workspace/Sources/Scout/Database/Entries/DeliveryEntry.swift (in target 'Scout' from project 'Scout')
cd /Users/admin/builder/spi-builder-workspace/.swiftpm/xcode
SwiftCompile normal arm64_32 /Users/admin/builder/spi-builder-workspace/Sources/Scout/Database/Entries/SyncableEntry+Plan.swift (in target 'Scout' from project 'Scout')
cd /Users/admin/builder/spi-builder-workspace/.swiftpm/xcode
SwiftCompile normal arm64_32 /Users/admin/builder/spi-builder-workspace/Sources/Scout/Database/Entries/SyncableEntry+Purge.swift (in target 'Scout' from project 'Scout')
cd /Users/admin/builder/spi-builder-workspace/.swiftpm/xcode
SwiftCompile normal arm64_32 /Users/admin/builder/spi-builder-workspace/Sources/Scout/Database/Entries/SyncableEntry.swift (in target 'Scout' from project 'Scout')
cd /Users/admin/builder/spi-builder-workspace/.swiftpm/xcode
SwiftCompile normal arm64_32 /Users/admin/builder/spi-builder-workspace/Sources/Scout/Database/Query/RecordChunk.swift (in target 'Scout' from project 'Scout')
cd /Users/admin/builder/spi-builder-workspace/.swiftpm/xcode
SwiftCompile normal arm64_32 /Users/admin/builder/spi-builder-workspace/Sources/Scout/Database/Query/RecordQuery.Filter.swift (in target 'Scout' from project 'Scout')
cd /Users/admin/builder/spi-builder-workspace/.swiftpm/xcode
SwiftCompile normal arm64_32 /Users/admin/builder/spi-builder-workspace/Sources/Scout/Database/Query/RecordQuery.swift (in target 'Scout' from project 'Scout')
cd /Users/admin/builder/spi-builder-workspace/.swiftpm/xcode
SwiftCompile normal arm64_32 /Users/admin/builder/spi-builder-workspace/Sources/Scout/Database/Record/Record.swift (in target 'Scout' from project 'Scout')
cd /Users/admin/builder/spi-builder-workspace/.swiftpm/xcode
SwiftCompile normal arm64_32 /Users/admin/builder/spi-builder-workspace/Sources/Scout/Database/Record/RecordValue.swift (in target 'Scout' from project 'Scout')
cd /Users/admin/builder/spi-builder-workspace/.swiftpm/xcode
SwiftCompile normal arm64_32 /Users/admin/builder/spi-builder-workspace/Sources/Scout/Database/Record/RecordValueConvertible.swift (in target 'Scout' from project 'Scout')
cd /Users/admin/builder/spi-builder-workspace/.swiftpm/xcode
SwiftCompile normal arm64_32 /Users/admin/builder/spi-builder-workspace/Sources/Scout/Diagnostics/Conditions/Condition.swift (in target 'Scout' from project 'Scout')
cd /Users/admin/builder/spi-builder-workspace/.swiftpm/xcode
SwiftDriverJobDiscovery normal arm64 Compiling Metrics.swift (in target 'CoreMetrics' from project 'swift-metrics')
SwiftCompile normal arm64_32 Compiling\ SessionEntry.Recovery.swift,\ SessionEntry.Rotation.swift,\ SessionEntry.Trigger.swift,\ SessionEntry.swift,\ SessionScopeEntry.swift,\ InstallEntry+Marker.swift,\ MarkerEntry.Trigger.swift,\ MarkerEntry.swift,\ Version.swift,\ VersionEntry.Trigger.swift,\ VersionEntry.swift,\ Context+Insert.swift,\ KeychainStorage.swift,\ MigrationDedupe.swift,\ MirroredRegistry.swift /Users/admin/builder/spi-builder-workspace/Sources/Scout/Lifecycle/Session/SessionEntry.Recovery.swift /Users/admin/builder/spi-builder-workspace/Sources/Scout/Lifecycle/Session/SessionEntry.Rotation.swift /Users/admin/builder/spi-builder-workspace/Sources/Scout/Lifecycle/Session/SessionEntry.Trigger.swift /Users/admin/builder/spi-builder-workspace/Sources/Scout/Lifecycle/Session/SessionEntry.swift /Users/admin/builder/spi-builder-workspace/Sources/Scout/Lifecycle/Session/SessionScopeEntry.swift /Users/admin/builder/spi-builder-workspace/Sources/Scout/Lifecycle/Version/InstallEntry+Marker.swift /Users/admin/builder/spi-builder-workspace/Sources/Scout/Lifecycle/Version/MarkerEntry.Trigger.swift /Users/admin/builder/spi-builder-workspace/Sources/Scout/Lifecycle/Version/MarkerEntry.swift /Users/admin/builder/spi-builder-workspace/Sources/Scout/Lifecycle/Version/Version.swift /Users/admin/builder/spi-builder-workspace/Sources/Scout/Lifecycle/Version/VersionEntry.Trigger.swift /Users/admin/builder/spi-builder-workspace/Sources/Scout/Lifecycle/Version/VersionEntry.swift /Users/admin/builder/spi-builder-workspace/Sources/Scout/Persistence/Context+Insert.swift /Users/admin/builder/spi-builder-workspace/Sources/Scout/Persistence/KeychainStorage.swift /Users/admin/builder/spi-builder-workspace/Sources/Scout/Persistence/MigrationDedupe.swift /Users/admin/builder/spi-builder-workspace/Sources/Scout/Persistence/MirroredRegistry.swift (in target 'Scout' from project 'Scout')
Command SwiftCompile failed with a nonzero exit code
** BUILD FAILED **
The following build commands failed:
SwiftCompile normal arm64 Compiling\ MetricKitResource+Log.swift,\ MetricKitResource.swift,\ ResourceEntry.swift,\ ResourceException.swift,\ Bundle+Version.swift,\ CurrentHub.swift,\ SystemInfo.swift,\ Device.swift,\ DeviceEntry.Trigger.swift,\ DeviceEntry.swift,\ HasDevice.swift,\ ActionTable.swift,\ Command.swift,\ Identity+Bootstrap.swift,\ Identity+Lifecycle.swift /Users/admin/builder/spi-builder-workspace/Sources/Scout/Diagnostics/MetricKit/Resource/MetricKitResource+Log.swift /Users/admin/builder/spi-builder-workspace/Sources/Scout/Diagnostics/MetricKit/Resource/MetricKitResource.swift /Users/admin/builder/spi-builder-workspace/Sources/Scout/Diagnostics/MetricKit/Resource/ResourceEntry.swift /Users/admin/builder/spi-builder-workspace/Sources/Scout/Diagnostics/MetricKit/Resource/ResourceException.swift /Users/admin/builder/spi-builder-workspace/Sources/Scout/Lifecycle/Base/Bundle+Version.swift /Users/admin/builder/spi-builder-workspace/Sources/Scout/Lifecycle/Base/CurrentHub.swift /Users/admin/builder/spi-builder-workspace/Sources/Scout/Lifecycle/Base/SystemInfo.swift /Users/admin/builder/spi-builder-workspace/Sources/Scout/Lifecycle/Device/Device.swift /Users/admin/builder/spi-builder-workspace/Sources/Scout/Lifecycle/Device/DeviceEntry.Trigger.swift /Users/admin/builder/spi-builder-workspace/Sources/Scout/Lifecycle/Device/DeviceEntry.swift /Users/admin/builder/spi-builder-workspace/Sources/Scout/Lifecycle/Device/HasDevice.swift /Users/admin/builder/spi-builder-workspace/Sources/Scout/Lifecycle/Identity/ActionTable.swift /Users/admin/builder/spi-builder-workspace/Sources/Scout/Lifecycle/Identity/Command.swift /Users/admin/builder/spi-builder-workspace/Sources/Scout/Lifecycle/Identity/Identity+Bootstrap.swift /Users/admin/builder/spi-builder-workspace/Sources/Scout/Lifecycle/Identity/Identity+Lifecycle.swift (in target 'Scout' from project 'Scout')
SwiftCompile normal arm64 /Users/admin/builder/spi-builder-workspace/Sources/Scout/Lifecycle/Identity/ActionTable.swift (in target 'Scout' from project 'Scout')
SwiftCompile normal arm64_32 Compiling\ SessionEntry.Recovery.swift,\ SessionEntry.Rotation.swift,\ SessionEntry.Trigger.swift,\ SessionEntry.swift,\ SessionScopeEntry.swift,\ InstallEntry+Marker.swift,\ MarkerEntry.Trigger.swift,\ MarkerEntry.swift,\ Version.swift,\ VersionEntry.Trigger.swift,\ VersionEntry.swift,\ Context+Insert.swift,\ KeychainStorage.swift,\ MigrationDedupe.swift,\ MirroredRegistry.swift /Users/admin/builder/spi-builder-workspace/Sources/Scout/Lifecycle/Session/SessionEntry.Recovery.swift /Users/admin/builder/spi-builder-workspace/Sources/Scout/Lifecycle/Session/SessionEntry.Rotation.swift /Users/admin/builder/spi-builder-workspace/Sources/Scout/Lifecycle/Session/SessionEntry.Trigger.swift /Users/admin/builder/spi-builder-workspace/Sources/Scout/Lifecycle/Session/SessionEntry.swift /Users/admin/builder/spi-builder-workspace/Sources/Scout/Lifecycle/Session/SessionScopeEntry.swift /Users/admin/builder/spi-builder-workspace/Sources/Scout/Lifecycle/Version/InstallEntry+Marker.swift /Users/admin/builder/spi-builder-workspace/Sources/Scout/Lifecycle/Version/MarkerEntry.Trigger.swift /Users/admin/builder/spi-builder-workspace/Sources/Scout/Lifecycle/Version/MarkerEntry.swift /Users/admin/builder/spi-builder-workspace/Sources/Scout/Lifecycle/Version/Version.swift /Users/admin/builder/spi-builder-workspace/Sources/Scout/Lifecycle/Version/VersionEntry.Trigger.swift /Users/admin/builder/spi-builder-workspace/Sources/Scout/Lifecycle/Version/VersionEntry.swift /Users/admin/builder/spi-builder-workspace/Sources/Scout/Persistence/Context+Insert.swift /Users/admin/builder/spi-builder-workspace/Sources/Scout/Persistence/KeychainStorage.swift /Users/admin/builder/spi-builder-workspace/Sources/Scout/Persistence/MigrationDedupe.swift /Users/admin/builder/spi-builder-workspace/Sources/Scout/Persistence/MirroredRegistry.swift (in target 'Scout' from project 'Scout')
Building workspace spi-builder-workspace with scheme Scout-Package
(4 failures)
BUILD FAILURE 6.1 watchOS