Build Information
Failed to build SoundCloud, reference 2.2.0 (0ed613), with Swift 6.1 for Linux on 25 Jun 2026 20:50:11 UTC.
Build Command
bash -c docker run --pull=always --rm -v "checkouts-53886770-0":/host -w "$PWD" -e JAVA_HOME="/root/.sdkman/candidates/java/current" -e SPI_BUILD="1" -e SPI_PROCESSING="1" registry.gitlab.com/saguaro1/spi-images:basic-6.1-latest swift build --triple x86_64-unknown-linux-gnu 2>&1Build Log
========================================
RunAll
========================================
Builder version: 0e64495ecc1688c3b3e031a5ef1348b5c05091ae
Interrupt handler set up.
========================================
Checkout
========================================
Clone URL: https://github.com/superturboryan/SoundCloud-Swift.git
Reference: 2.2.0
Initialized empty Git repository in /host/spi-builder-workspace/.git/
hint: Using 'master' as the name for the initial branch. This default branch name
hint: is subject to change. To configure the initial branch name to use in all
hint: of your new repositories, which will suppress this warning, call:
hint:
hint: git config --global init.defaultBranch <name>
hint:
hint: Names commonly chosen instead of 'master' are 'main', 'trunk' and
hint: 'development'. The just-created branch can be renamed via this command:
hint:
hint: git branch -m <name>
From https://github.com/superturboryan/SoundCloud-Swift
* tag 2.2.0 -> FETCH_HEAD
HEAD is now at 0ed613f Changelog: Update for 2.2.0
Cloned https://github.com/superturboryan/SoundCloud-Swift.git
Revision (git rev-parse @):
0ed613fdb9dccb60621ed57f0c1a45de733ddc96
SUCCESS checkout https://github.com/superturboryan/SoundCloud-Swift.git at 2.2.0
========================================
Build
========================================
Selected platform: linux
Swift version: 6.1
Building package at path: $PWD
https://github.com/superturboryan/SoundCloud-Swift.git
https://github.com/superturboryan/SoundCloud-Swift.git
WARNING: environment variable SUPPRESS_SWIFT_6_FLAGS is not set
Running build ...
bash -c docker run --pull=always --rm -v "checkouts-53886770-0":/host -w "$PWD" -e JAVA_HOME="/root/.sdkman/candidates/java/current" -e SPI_BUILD="1" -e SPI_PROCESSING="1" registry.gitlab.com/saguaro1/spi-images:basic-6.1-latest swift build --triple x86_64-unknown-linux-gnu -Xswiftc -Xfrontend -Xswiftc -stats-output-dir -Xswiftc -Xfrontend -Xswiftc .stats -Xswiftc -strict-concurrency=complete -Xswiftc -enable-upcoming-feature -Xswiftc StrictConcurrency -Xswiftc -enable-upcoming-feature -Xswiftc DisableOutwardActorInference -Xswiftc -enable-upcoming-feature -Xswiftc GlobalActorIsolatedTypesUsability -Xswiftc -enable-upcoming-feature -Xswiftc InferSendableFromCaptures 2>&1
basic-6.1-latest: Pulling from saguaro1/spi-images
Digest: sha256:0f094b998e61bb35b7a666f42e392cfb12929ea8fa9160622b1badd8b73d5c87
Status: Image is up to date for registry.gitlab.com/saguaro1/spi-images:basic-6.1-latest
Fetching https://github.com/evgenyneu/keychain-swift
[1/2252] Fetching keychain-swift
Fetched https://github.com/evgenyneu/keychain-swift from cache (0.44s)
Computing version for https://github.com/evgenyneu/keychain-swift
Computed https://github.com/evgenyneu/keychain-swift at 20.0.0 (1.36s)
Creating working copy for https://github.com/evgenyneu/keychain-swift
Working copy of https://github.com/evgenyneu/keychain-swift resolved at 20.0.0
Building for debugging...
[0/7] Write sources
[2/7] Write swift-version-24593BA9C3E375BF.txt
[4/11] Compiling KeychainSwift TegKeychainConstants.swift
/host/spi-builder-workspace/.build/checkouts/keychain-swift/Sources/KeychainSwift.swift:1:8: error: no such module 'Security'
1 | import Security
| `- error: no such module 'Security'
2 | import Foundation
3 |
[5/11] Compiling KeychainSwift KeychainSwiftAccessOptions.swift
/host/spi-builder-workspace/.build/checkouts/keychain-swift/Sources/KeychainSwift.swift:1:8: error: no such module 'Security'
1 | import Security
| `- error: no such module 'Security'
2 | import Foundation
3 |
error: emit-module command failed with exit code 1 (use -v to see invocation)
[6/11] Emitting module KeychainSwift
/host/spi-builder-workspace/.build/checkouts/keychain-swift/Sources/KeychainSwift.swift:1:8: error: no such module 'Security'
1 | import Security
| `- error: no such module 'Security'
2 | import Foundation
3 |
[7/11] Compiling KeychainSwift KeychainSwift.swift
/host/spi-builder-workspace/.build/checkouts/keychain-swift/Sources/KeychainSwift.swift:1:8: error: no such module 'Security'
1 | import Security
| `- error: no such module 'Security'
2 | import Foundation
3 |
Running build ...
bash -c docker run --pull=always --rm -v "checkouts-53886770-0":/host -w "$PWD" -e JAVA_HOME="/root/.sdkman/candidates/java/current" -e SPI_BUILD="1" -e SPI_PROCESSING="1" registry.gitlab.com/saguaro1/spi-images:basic-6.1-latest swift build --triple x86_64-unknown-linux-gnu 2>&1
basic-6.1-latest: Pulling from saguaro1/spi-images
Digest: sha256:0f094b998e61bb35b7a666f42e392cfb12929ea8fa9160622b1badd8b73d5c87
Status: Image is up to date for registry.gitlab.com/saguaro1/spi-images:basic-6.1-latest
[0/1] Planning build
Building for debugging...
[0/5] Write swift-version-24593BA9C3E375BF.txt
[2/9] Compiling KeychainSwift KeychainSwiftAccessOptions.swift
/host/spi-builder-workspace/.build/checkouts/keychain-swift/Sources/KeychainSwift.swift:1:8: error: no such module 'Security'
1 | import Security
| `- error: no such module 'Security'
2 | import Foundation
3 |
[3/9] Compiling KeychainSwift TegKeychainConstants.swift
/host/spi-builder-workspace/.build/checkouts/keychain-swift/Sources/KeychainSwift.swift:1:8: error: no such module 'Security'
1 | import Security
| `- error: no such module 'Security'
2 | import Foundation
3 |
error: emit-module command failed with exit code 1 (use -v to see invocation)
[4/9] Emitting module KeychainSwift
/host/spi-builder-workspace/.build/checkouts/keychain-swift/Sources/KeychainSwift.swift:1:8: error: no such module 'Security'
1 | import Security
| `- error: no such module 'Security'
2 | import Foundation
3 |
[5/9] Compiling KeychainSwift KeychainSwift.swift
/host/spi-builder-workspace/.build/checkouts/keychain-swift/Sources/KeychainSwift.swift:1:8: error: no such module 'Security'
1 | import Security
| `- error: no such module 'Security'
2 | import Foundation
3 |
BUILD FAILURE 6.1 linux