Build Information
Failed to build ProgressUI, reference develop (e73417), with Swift 6.1 for Wasm on 27 Jun 2026 07:36:31 UTC.
Build Command
bash -c docker run --pull=always --rm -v "checkouts-53886768-0":/host -w "$PWD" -e JAVA_HOME="/root/.sdkman/candidates/java/current" -e SPI_BUILD="1" -e SPI_PROCESSING="1" registry.gitlab.com/saguaro1/spi-images:wasm-6.1-latest swift build --swift-sdk wasm32-unknown-wasi 2>&1Build Log
========================================
RunAll
========================================
Builder version: 0e64495ecc1688c3b3e031a5ef1348b5c05091ae
Interrupt handler set up.
========================================
Checkout
========================================
Clone URL: https://github.com/PierreJanineh-com/ProgressUI.git
Reference: develop
Initialized empty Git repository in /host/spi-builder-workspace/.git/
hint: Using 'master' as the name for the initial branch. This default branch name
hint: is subject to change. To configure the initial branch name to use in all
hint: of your new repositories, which will suppress this warning, call:
hint:
hint: git config --global init.defaultBranch <name>
hint:
hint: Names commonly chosen instead of 'master' are 'main', 'trunk' and
hint: 'development'. The just-created branch can be renamed via this command:
hint:
hint: git branch -m <name>
From https://github.com/PierreJanineh-com/ProgressUI
* branch develop -> FETCH_HEAD
* [new branch] develop -> origin/develop
HEAD is now at e734175 Back-merge docs root redirect into develop (#26)
Cloned https://github.com/PierreJanineh-com/ProgressUI.git
Revision (git rev-parse @):
e7341759c035dd886642bcd7d85390641febb04c
SUCCESS checkout https://github.com/PierreJanineh-com/ProgressUI.git at develop
========================================
Build
========================================
Selected platform: wasm
Swift version: 6.1
Building package at path: $PWD
https://github.com/PierreJanineh-com/ProgressUI.git
https://github.com/PierreJanineh-com/ProgressUI.git
WARNING: environment variable SUPPRESS_SWIFT_6_FLAGS is not set
Running build ...
bash -c docker run --pull=always --rm -v "checkouts-53886768-0":/host -w "$PWD" -e JAVA_HOME="/root/.sdkman/candidates/java/current" -e SPI_BUILD="1" -e SPI_PROCESSING="1" registry.gitlab.com/saguaro1/spi-images:wasm-6.1-latest swift build --swift-sdk wasm32-unknown-wasi -Xswiftc -Xfrontend -Xswiftc -stats-output-dir -Xswiftc -Xfrontend -Xswiftc .stats -Xswiftc -strict-concurrency=complete -Xswiftc -enable-upcoming-feature -Xswiftc StrictConcurrency -Xswiftc -enable-upcoming-feature -Xswiftc DisableOutwardActorInference -Xswiftc -enable-upcoming-feature -Xswiftc GlobalActorIsolatedTypesUsability -Xswiftc -enable-upcoming-feature -Xswiftc InferSendableFromCaptures 2>&1
wasm-6.1-latest: Pulling from saguaro1/spi-images
Digest: sha256:1ad245dad3d2ae0004e1afbc92334bd39884ed9ca587cf04d0a8d5f640fb02e9
Status: Image is up to date for registry.gitlab.com/saguaro1/spi-images:wasm-6.1-latest
Fetching https://github.com/apple/swift-docc-plugin
[1/2325] Fetching swift-docc-plugin
Fetched https://github.com/apple/swift-docc-plugin from cache (0.50s)
Computing version for https://github.com/apple/swift-docc-plugin
Computed https://github.com/apple/swift-docc-plugin at 1.5.0 (1.43s)
Fetching https://github.com/swiftlang/swift-docc-symbolkit
[1/3749] Fetching swift-docc-symbolkit
Fetched https://github.com/swiftlang/swift-docc-symbolkit from cache (0.52s)
Computing version for https://github.com/swiftlang/swift-docc-symbolkit
Computed https://github.com/swiftlang/swift-docc-symbolkit at 1.0.0 (0.80s)
Creating working copy for https://github.com/apple/swift-docc-plugin
Working copy of https://github.com/apple/swift-docc-plugin resolved at 1.5.0
Creating working copy for https://github.com/swiftlang/swift-docc-symbolkit
Working copy of https://github.com/swiftlang/swift-docc-symbolkit resolved at 1.0.0
[1/1] Compiling plugin Swift-DocC Preview
[2/2] Compiling plugin Swift-DocC
Building for debugging...
[2/4] Write sources
[3/4] Write swift-version-24593BA9C3E375BF.txt
[5/15] Compiling ProgressUI Progressable.swift
/host/spi-builder-workspace/Sources/ProgressUI/Components/BaseProgress.swift:8:8: error: no such module 'SwiftUI'
6 | //
7 |
8 | import SwiftUI
| `- error: no such module 'SwiftUI'
9 |
10 | /// A protocol that provides common functionality for progress indicators
[6/16] Compiling ProgressUI ProgressSize.swift
/host/spi-builder-workspace/Sources/ProgressUI/Components/BaseProgress.swift:8:8: error: no such module 'SwiftUI'
6 | //
7 |
8 | import SwiftUI
| `- error: no such module 'SwiftUI'
9 |
10 | /// A protocol that provides common functionality for progress indicators
[7/16] Compiling ProgressUI Options.swift
/host/spi-builder-workspace/Sources/ProgressUI/Components/BaseProgress.swift:8:8: error: no such module 'SwiftUI'
6 | //
7 |
8 | import SwiftUI
| `- error: no such module 'SwiftUI'
9 |
10 | /// A protocol that provides common functionality for progress indicators
[8/16] Compiling ProgressUI Shape.swift
/host/spi-builder-workspace/Sources/ProgressUI/Components/BaseProgress.swift:8:8: error: no such module 'SwiftUI'
6 | //
7 |
8 | import SwiftUI
| `- error: no such module 'SwiftUI'
9 |
10 | /// A protocol that provides common functionality for progress indicators
error: emit-module command failed with exit code 1 (use -v to see invocation)
[9/16] Emitting module ProgressUI
/host/spi-builder-workspace/Sources/ProgressUI/Components/BaseProgress.swift:8:8: error: no such module 'SwiftUI'
6 | //
7 |
8 | import SwiftUI
| `- error: no such module 'SwiftUI'
9 |
10 | /// A protocol that provides common functionality for progress indicators
[10/16] Compiling ProgressUI ProgressUI+ViewModel.swift
/host/spi-builder-workspace/Sources/ProgressUI/Components/BaseProgress.swift:8:8: error: no such module 'SwiftUI'
6 | //
7 |
8 | import SwiftUI
| `- error: no such module 'SwiftUI'
9 |
10 | /// A protocol that provides common functionality for progress indicators
[11/16] Compiling ProgressUI ProgressUI.swift
/host/spi-builder-workspace/Sources/ProgressUI/Components/BaseProgress.swift:8:8: error: no such module 'SwiftUI'
6 | //
7 |
8 | import SwiftUI
| `- error: no such module 'SwiftUI'
9 |
10 | /// A protocol that provides common functionality for progress indicators
[12/16] Compiling ProgressUI LinearProgress.swift
/host/spi-builder-workspace/Sources/ProgressUI/Components/BaseProgress.swift:8:8: error: no such module 'SwiftUI'
6 | //
7 |
8 | import SwiftUI
| `- error: no such module 'SwiftUI'
9 |
10 | /// A protocol that provides common functionality for progress indicators
[13/16] Compiling ProgressUI ProgressUI+Modifiers.swift
/host/spi-builder-workspace/Sources/ProgressUI/Components/BaseProgress.swift:8:8: error: no such module 'SwiftUI'
6 | //
7 |
8 | import SwiftUI
| `- error: no such module 'SwiftUI'
9 |
10 | /// A protocol that provides common functionality for progress indicators
[14/16] Compiling ProgressUI GrowDirection.swift
/host/spi-builder-workspace/Sources/ProgressUI/Components/BaseProgress.swift:8:8: error: no such module 'SwiftUI'
6 | //
7 |
8 | import SwiftUI
| `- error: no such module 'SwiftUI'
9 |
10 | /// A protocol that provides common functionality for progress indicators
[15/16] Compiling ProgressUI BaseProgress.swift
/host/spi-builder-workspace/Sources/ProgressUI/Components/BaseProgress.swift:8:8: error: no such module 'SwiftUI'
6 | //
7 |
8 | import SwiftUI
| `- error: no such module 'SwiftUI'
9 |
10 | /// A protocol that provides common functionality for progress indicators
[16/16] Compiling ProgressUI CircularProgress.swift
/host/spi-builder-workspace/Sources/ProgressUI/Components/BaseProgress.swift:8:8: error: no such module 'SwiftUI'
6 | //
7 |
8 | import SwiftUI
| `- error: no such module 'SwiftUI'
9 |
10 | /// A protocol that provides common functionality for progress indicators
Running build ...
bash -c docker run --pull=always --rm -v "checkouts-53886768-0":/host -w "$PWD" -e JAVA_HOME="/root/.sdkman/candidates/java/current" -e SPI_BUILD="1" -e SPI_PROCESSING="1" registry.gitlab.com/saguaro1/spi-images:wasm-6.1-latest swift build --swift-sdk wasm32-unknown-wasi 2>&1
wasm-6.1-latest: Pulling from saguaro1/spi-images
Digest: sha256:1ad245dad3d2ae0004e1afbc92334bd39884ed9ca587cf04d0a8d5f640fb02e9
Status: Image is up to date for registry.gitlab.com/saguaro1/spi-images:wasm-6.1-latest
[0/1] Planning build
[1/1] Compiling plugin Swift-DocC Preview
[2/2] Compiling plugin Swift-DocC
Building for debugging...
[2/3] Write swift-version-24593BA9C3E375BF.txt
[4/14] Compiling ProgressUI Progressable.swift
/host/spi-builder-workspace/Sources/ProgressUI/Components/BaseProgress.swift:8:8: error: no such module 'SwiftUI'
6 | //
7 |
8 | import SwiftUI
| `- error: no such module 'SwiftUI'
9 |
10 | /// A protocol that provides common functionality for progress indicators
[5/14] Compiling ProgressUI GrowDirection.swift
/host/spi-builder-workspace/Sources/ProgressUI/Components/BaseProgress.swift:8:8: error: no such module 'SwiftUI'
6 | //
7 |
8 | import SwiftUI
| `- error: no such module 'SwiftUI'
9 |
10 | /// A protocol that provides common functionality for progress indicators
[6/14] Compiling ProgressUI ProgressSize.swift
/host/spi-builder-workspace/Sources/ProgressUI/Components/BaseProgress.swift:8:8: error: no such module 'SwiftUI'
6 | //
7 |
8 | import SwiftUI
| `- error: no such module 'SwiftUI'
9 |
10 | /// A protocol that provides common functionality for progress indicators
[7/14] Compiling ProgressUI Options.swift
/host/spi-builder-workspace/Sources/ProgressUI/Components/BaseProgress.swift:8:8: error: no such module 'SwiftUI'
6 | //
7 |
8 | import SwiftUI
| `- error: no such module 'SwiftUI'
9 |
10 | /// A protocol that provides common functionality for progress indicators
error: emit-module command failed with exit code 1 (use -v to see invocation)
[8/15] Emitting module ProgressUI
/host/spi-builder-workspace/Sources/ProgressUI/Components/BaseProgress.swift:8:8: error: no such module 'SwiftUI'
6 | //
7 |
8 | import SwiftUI
| `- error: no such module 'SwiftUI'
9 |
10 | /// A protocol that provides common functionality for progress indicators
[9/15] Compiling ProgressUI LinearProgress.swift
/host/spi-builder-workspace/Sources/ProgressUI/Components/BaseProgress.swift:8:8: error: no such module 'SwiftUI'
6 | //
7 |
8 | import SwiftUI
| `- error: no such module 'SwiftUI'
9 |
10 | /// A protocol that provides common functionality for progress indicators
[10/15] Compiling ProgressUI ProgressUI+Modifiers.swift
/host/spi-builder-workspace/Sources/ProgressUI/Components/BaseProgress.swift:8:8: error: no such module 'SwiftUI'
6 | //
7 |
8 | import SwiftUI
| `- error: no such module 'SwiftUI'
9 |
10 | /// A protocol that provides common functionality for progress indicators
[11/15] Compiling ProgressUI ProgressUI+ViewModel.swift
/host/spi-builder-workspace/Sources/ProgressUI/Components/BaseProgress.swift:8:8: error: no such module 'SwiftUI'
6 | //
7 |
8 | import SwiftUI
| `- error: no such module 'SwiftUI'
9 |
10 | /// A protocol that provides common functionality for progress indicators
[12/15] Compiling ProgressUI ProgressUI.swift
/host/spi-builder-workspace/Sources/ProgressUI/Components/BaseProgress.swift:8:8: error: no such module 'SwiftUI'
6 | //
7 |
8 | import SwiftUI
| `- error: no such module 'SwiftUI'
9 |
10 | /// A protocol that provides common functionality for progress indicators
[13/15] Compiling ProgressUI BaseProgress.swift
/host/spi-builder-workspace/Sources/ProgressUI/Components/BaseProgress.swift:8:8: error: no such module 'SwiftUI'
6 | //
7 |
8 | import SwiftUI
| `- error: no such module 'SwiftUI'
9 |
10 | /// A protocol that provides common functionality for progress indicators
[14/15] Compiling ProgressUI CircularProgress.swift
/host/spi-builder-workspace/Sources/ProgressUI/Components/BaseProgress.swift:8:8: error: no such module 'SwiftUI'
6 | //
7 |
8 | import SwiftUI
| `- error: no such module 'SwiftUI'
9 |
10 | /// A protocol that provides common functionality for progress indicators
[15/15] Compiling ProgressUI Shape.swift
/host/spi-builder-workspace/Sources/ProgressUI/Components/BaseProgress.swift:8:8: error: no such module 'SwiftUI'
6 | //
7 |
8 | import SwiftUI
| `- error: no such module 'SwiftUI'
9 |
10 | /// A protocol that provides common functionality for progress indicators
BUILD FAILURE 6.1 wasm