The Swift Package Index logo.Swift Package Index

Build Information

Failed to build GoogleWKT, reference main (005323), with Swift 6.3 for iOS using Xcode 26.4 on 12 Oct 2026 04:41:37 UTC.

Build Command

env DEVELOPER_DIR=/Applications/Xcode-26.5.0.app xcrun xcodebuild -IDEClonedSourcePackagesDirPathOverride=$PWD/.dependencies -skipMacroValidation -skipPackagePluginValidation -derivedDataPath $PWD/.derivedData build -scheme GoogleWKT -destination generic/platform=iOS

Build Log

========================================
RunAll
========================================
Builder version: 5.1.1
Interrupt handler set up.
========================================
Checkout
========================================
Clone URL: https://github.com/googleapis/swift-google-wkt.git
Reference: main
Initialized empty Git repository in /Users/admin/builder/spi-builder-workspace/.git/
From https://github.com/googleapis/swift-google-wkt
 * branch            main       -> FETCH_HEAD
 * [new branch]      main       -> origin/main
HEAD is now at 0053238 chore: release circa 2026-10-07 (#1382)
Cloned https://github.com/googleapis/swift-google-wkt.git
Revision (git rev-parse @):
0053238ec44d170dce901347484a98d4221606a6
SPI manifest file found: $PWD/.spi.yml
SUCCESS checkout https://github.com/googleapis/swift-google-wkt.git at main
========================================
Build
========================================
Selected platform:         iOS
Swift version:             6.3
Building package at path:  $PWD
https://github.com/googleapis/swift-google-wkt.git
Command line invocation:
    /Applications/Xcode-26.5.0.app/Contents/Developer/usr/bin/xcodebuild -IDEClonedSourcePackagesDirPathOverride=/Users/admin/builder/spi-builder-workspace/.dependencies -resolvePackageDependencies
Resolve Package Graph
Fetching from https://github.com/swift-extras/swift-extras-base64
Creating working copy of package ‘swift-extras-base64’
Checking out 1.2.0 of package ‘swift-extras-base64’
Resolve Package Graph
Resolved source packages:
  swift-extras-base64: https://github.com/swift-extras/swift-extras-base64 @ 1.2.0
  GoogleWKT: /Users/admin/builder/spi-builder-workspace
resolved source packages: swift-extras-base64, GoogleWKT
2026-10-12 00:41:17.514 xcodebuild[535:3048] [MT] IDERunDestination: Supported platforms for the buildables in the current scheme is empty.
{
  "dependencies" : [
    {
      "identity" : "swift-extras-base64",
      "requirement" : {
        "range" : [
          {
            "lower_bound" : "1.0.0",
            "upper_bound" : "2.0.0"
          }
        ]
      },
      "type" : "sourceControl",
      "url" : "https://github.com/swift-extras/swift-extras-base64"
    }
  ],
  "manifest_display_name" : "GoogleWKT",
  "name" : "GoogleWKT",
  "path" : "/Users/admin/builder/spi-builder-workspace",
  "platforms" : [
    {
      "name" : "macos",
      "version" : "15.0"
    }
  ],
  "products" : [
    {
      "name" : "GoogleWKT",
      "targets" : [
        "GoogleWKT"
      ],
      "type" : {
        "library" : [
          "automatic"
        ]
      }
    }
  ],
  "targets" : [
    {
      "c99name" : "GoogleWKTTests",
      "module_type" : "SwiftTarget",
      "name" : "GoogleWKTTests",
      "path" : "Tests",
      "sources" : [
        "Any/BasicMessage.swift",
        "DiscoveryBase64Tests.swift",
        "ProtoJSONDecoder.swift",
        "ProtoJSONDecoder/MapPrimitives.swift",
        "ProtoJSONDecoder/OptionalPrimitives.swift",
        "ProtoJSONDecoder/RepeatedPrimitives.swift",
        "ProtoJSONDecoder/RequiredPrimitives.swift",
        "ProtoJSONEncoderTest.swift",
        "UnknownFieldsTests.swift",
        "WKTAnyTests.swift",
        "WKTBoolValueTests.swift",
        "WKTBytesValueTests.swift",
        "WKTDoubleValueTests.swift",
        "WKTDurationTests.swift",
        "WKTEmptyTests.swift",
        "WKTErrorTests.swift",
        "WKTFieldMaskTests.swift",
        "WKTFloatValueTests.swift",
        "WKTInt32ValueTests.swift",
        "WKTInt64ValueTests.swift",
        "WKTRecursiveMutationTests.swift",
        "WKTRecursiveTests.swift",
        "WKTStringValueTests.swift",
        "WKTTimestampTests.swift",
        "WKTUInt32ValueTests.swift",
        "WKTUInt64ValueTests.swift",
        "WKTValueTests.swift"
      ],
      "target_dependencies" : [
        "GoogleWKT"
      ],
      "type" : "test"
    },
    {
      "c99name" : "GoogleWKT",
      "module_type" : "SwiftTarget",
      "name" : "GoogleWKT",
      "path" : "Sources/GoogleWKT",
      "product_dependencies" : [
        "ExtrasBase64"
      ],
      "product_memberships" : [
        "GoogleWKT"
      ],
      "sources" : [
        "AnyPackable.swift",
        "DecodeToDefault.swift",
        "DiscoveryBase64.swift",
        "ProtoJSONDecoder.swift",
        "ProtoJSONEncoder.swift",
        "UnknownFields.swift",
        "WKTAny.swift",
        "WKTAnyError.swift",
        "WKTBoolValue.swift",
        "WKTBytesValue.swift",
        "WKTDoubleValue.swift",
        "WKTDuration.swift",
        "WKTEmpty.swift",
        "WKTFieldMask.swift",
        "WKTFloatValue.swift",
        "WKTInt32Value.swift",
        "WKTInt64Value.swift",
        "WKTRecursive.swift",
        "WKTStringValue.swift",
        "WKTTimestamp.swift",
        "WKTUInt32Value.swift",
        "WKTUInt64Value.swift",
        "WKTValue.swift",
        "generated/messages/WKTApi.swift",
        "generated/messages/WKTEnum.swift",
        "generated/messages/WKTEnumValue.swift",
        "generated/messages/WKTField.swift",
        "generated/messages/WKTMethod.swift",
        "generated/messages/WKTMixin.swift",
        "generated/messages/WKTOption.swift",
        "generated/messages/WKTSourceContext.swift",
        "generated/messages/WKTSyntax.swift",
        "generated/messages/WKTType.swift",
        "generated/version/PackageVersion.swift"
      ],
      "type" : "library"
    }
  ],
  "tools_version" : "6.2"
}
{
  "workspace" : {
    "name" : "spi-builder-workspace",
    "schemes" : [
      "GoogleWKT"
    ]
  }
}
2026-10-12 00:41:25.349 xcodebuild[691:4063] [MT] IDERunDestination: Supported platforms for the buildables in the current scheme is empty.
Running build ...
env DEVELOPER_DIR=/Applications/Xcode-26.5.0.app xcrun xcodebuild -IDEClonedSourcePackagesDirPathOverride=$PWD/.dependencies -skipMacroValidation -skipPackagePluginValidation -derivedDataPath $PWD/.derivedData build -scheme GoogleWKT -destination generic/platform=iOS
Command line invocation:
    /Applications/Xcode-26.5.0.app/Contents/Developer/usr/bin/xcodebuild -IDEClonedSourcePackagesDirPathOverride=/Users/admin/builder/spi-builder-workspace/.dependencies -skipMacroValidation -skipPackagePluginValidation -derivedDataPath /Users/admin/builder/spi-builder-workspace/.derivedData build -scheme GoogleWKT -destination generic/platform=iOS
Resolve Package Graph
Resolve Package Graph
Resolved source packages:
  swift-extras-base64: https://github.com/swift-extras/swift-extras-base64 @ 1.2.0
  GoogleWKT: /Users/admin/builder/spi-builder-workspace
ComputePackagePrebuildTargetDependencyGraph
Prepare packages
CreateBuildRequest
SendProjectDescription
CreateBuildOperation
ComputeTargetDependencyGraph
note: Building targets in dependency order
note: Target dependency graph (4 targets)
    Target 'GoogleWKT' in project 'GoogleWKT'
        ➜ Explicit dependency on target 'GoogleWKT' in project 'GoogleWKT'
        ➜ Explicit dependency on target 'ExtrasBase64' in project 'swift-extras-base64'
    Target 'GoogleWKT' in project 'GoogleWKT'
        ➜ Explicit dependency on target 'ExtrasBase64' in project 'swift-extras-base64'
    Target 'ExtrasBase64' in project 'swift-extras-base64'
        ➜ Explicit dependency on target 'ExtrasBase64' in project 'swift-extras-base64'
    Target 'ExtrasBase64' in project 'swift-extras-base64' (no dependencies)
GatherProvisioningInputs
CreateBuildDescription
ExecuteExternalTool /Applications/Xcode-26.5.0.app/Contents/Developer/Toolchains/XcodeDefault.xctoolchain/usr/bin/clang -v -E -dM -isysroot /Applications/Xcode-26.5.0.app/Contents/Developer/Platforms/iPhoneOS.platform/Developer/SDKs/iPhoneOS26.5.sdk -x c -c /dev/null
ExecuteExternalTool /Applications/Xcode-26.5.0.app/Contents/Developer/Toolchains/XcodeDefault.xctoolchain/usr/bin/swiftc --version
ExecuteExternalTool /Applications/Xcode-26.5.0.app/Contents/Developer/Toolchains/XcodeDefault.xctoolchain/usr/bin/ld -version_details
ReadFileContents /Applications/Xcode-26.5.0.app/Contents/Developer/Toolchains/XcodeDefault.xctoolchain/usr/share/docc/features.json
Build description signature: b074d2ada2e3424aced2940d17e25375
Build description path: /Users/admin/builder/spi-builder-workspace/.derivedData/Build/Intermediates.noindex/XCBuildData/b074d2ada2e3424aced2940d17e25375.xcbuilddata
ClangStatCache /Applications/Xcode-26.5.0.app/Contents/Developer/Toolchains/XcodeDefault.xctoolchain/usr/bin/clang-stat-cache /Applications/Xcode-26.5.0.app/Contents/Developer/Platforms/iPhoneOS.platform/Developer/SDKs/iPhoneOS26.5.sdk /Users/admin/builder/spi-builder-workspace/.derivedData/SDKStatCaches.noindex/iphoneos26.5-23F73-688ef53f1462e2c8f657fdc38a81448f4c45d850e2e7789d6a212355aba405ad.sdkstatcache
    cd /Users/admin/builder/spi-builder-workspace/.swiftpm/xcode
    /Applications/Xcode-26.5.0.app/Contents/Developer/Toolchains/XcodeDefault.xctoolchain/usr/bin/clang-stat-cache /Applications/Xcode-26.5.0.app/Contents/Developer/Platforms/iPhoneOS.platform/Developer/SDKs/iPhoneOS26.5.sdk -o /Users/admin/builder/spi-builder-workspace/.derivedData/SDKStatCaches.noindex/iphoneos26.5-23F73-688ef53f1462e2c8f657fdc38a81448f4c45d850e2e7789d6a212355aba405ad.sdkstatcache
CreateBuildDirectory /Users/admin/builder/spi-builder-workspace/.derivedData/Build/Products
    cd /Users/admin/builder/spi-builder-workspace/.swiftpm/xcode
    builtin-create-build-directory /Users/admin/builder/spi-builder-workspace/.derivedData/Build/Products
CreateBuildDirectory /Users/admin/builder/spi-builder-workspace/.derivedData/Build/Intermediates.noindex
    cd /Users/admin/builder/spi-builder-workspace/.swiftpm/xcode
    builtin-create-build-directory /Users/admin/builder/spi-builder-workspace/.derivedData/Build/Intermediates.noindex
CreateBuildDirectory /Users/admin/builder/spi-builder-workspace/.derivedData/Build/Products/Debug-iphoneos
    cd /Users/admin/builder/spi-builder-workspace/.swiftpm/xcode
    builtin-create-build-directory /Users/admin/builder/spi-builder-workspace/.derivedData/Build/Products/Debug-iphoneos
CreateBuildDirectory /Users/admin/builder/spi-builder-workspace/.derivedData/Build/Intermediates.noindex/SwiftExplicitPrecompiledModules
    cd /Users/admin/builder/spi-builder-workspace/.swiftpm/xcode
    builtin-create-build-directory /Users/admin/builder/spi-builder-workspace/.derivedData/Build/Intermediates.noindex/SwiftExplicitPrecompiledModules
CreateBuildDirectory /Users/admin/builder/spi-builder-workspace/.derivedData/Build/Intermediates.noindex/ExplicitPrecompiledModules
    cd /Users/admin/builder/spi-builder-workspace/.swiftpm/xcode
    builtin-create-build-directory /Users/admin/builder/spi-builder-workspace/.derivedData/Build/Intermediates.noindex/ExplicitPrecompiledModules
CreateBuildDirectory /Users/admin/builder/spi-builder-workspace/.derivedData/Build/Intermediates.noindex/EagerLinkingTBDs/Debug-iphoneos
    cd /Users/admin/builder/spi-builder-workspace/.swiftpm/xcode
    builtin-create-build-directory /Users/admin/builder/spi-builder-workspace/.derivedData/Build/Intermediates.noindex/EagerLinkingTBDs/Debug-iphoneos
CreateBuildDirectory /Users/admin/builder/spi-builder-workspace/.derivedData/Build/Products/Debug-iphoneos/PackageFrameworks
    cd /Users/admin/builder/spi-builder-workspace/.swiftpm/xcode
    builtin-create-build-directory /Users/admin/builder/spi-builder-workspace/.derivedData/Build/Products/Debug-iphoneos/PackageFrameworks
WriteAuxiliaryFile /Users/admin/builder/spi-builder-workspace/.derivedData/Build/Intermediates.noindex/swift-extras-base64.build/Debug-iphoneos/ExtrasBase64.build/ExtrasBase64.modulemap (in target 'ExtrasBase64' from project 'swift-extras-base64')
    cd /Users/admin/builder/spi-builder-workspace/.dependencies/checkouts/swift-extras-base64
    write-file /Users/admin/builder/spi-builder-workspace/.derivedData/Build/Intermediates.noindex/swift-extras-base64.build/Debug-iphoneos/ExtrasBase64.build/ExtrasBase64.modulemap
WriteAuxiliaryFile /Users/admin/builder/spi-builder-workspace/.derivedData/Build/Intermediates.noindex/swift-extras-base64.build/Debug-iphoneos/ExtrasBase64.build/Objects-normal/arm64/ExtrasBase64.LinkFileList (in target 'ExtrasBase64' from project 'swift-extras-base64')
    cd /Users/admin/builder/spi-builder-workspace/.dependencies/checkouts/swift-extras-base64
    write-file /Users/admin/builder/spi-builder-workspace/.derivedData/Build/Intermediates.noindex/swift-extras-base64.build/Debug-iphoneos/ExtrasBase64.build/Objects-normal/arm64/ExtrasBase64.LinkFileList
WriteAuxiliaryFile /Users/admin/builder/spi-builder-workspace/.derivedData/Build/Intermediates.noindex/swift-extras-base64.build/Debug-iphoneos/ExtrasBase64.build/Objects-normal/arm64/ExtrasBase64_const_extract_protocols.json (in target 'ExtrasBase64' from project 'swift-extras-base64')
    cd /Users/admin/builder/spi-builder-workspace/.dependencies/checkouts/swift-extras-base64
    write-file /Users/admin/builder/spi-builder-workspace/.derivedData/Build/Intermediates.noindex/swift-extras-base64.build/Debug-iphoneos/ExtrasBase64.build/Objects-normal/arm64/ExtrasBase64_const_extract_protocols.json
WriteAuxiliaryFile /Users/admin/builder/spi-builder-workspace/.derivedData/Build/Intermediates.noindex/GoogleWKT.build/Debug-iphoneos/GoogleWKT.build/Objects-normal/arm64/GoogleWKT_const_extract_protocols.json (in target 'GoogleWKT' from project 'GoogleWKT')
    cd /Users/admin/builder/spi-builder-workspace
    write-file /Users/admin/builder/spi-builder-workspace/.derivedData/Build/Intermediates.noindex/GoogleWKT.build/Debug-iphoneos/GoogleWKT.build/Objects-normal/arm64/GoogleWKT_const_extract_protocols.json
WriteAuxiliaryFile /Users/admin/builder/spi-builder-workspace/.derivedData/Build/Intermediates.noindex/swift-extras-base64.build/Debug-iphoneos/ExtrasBase64.build/Objects-normal/arm64/ExtrasBase64-OutputFileMap.json (in target 'ExtrasBase64' from project 'swift-extras-base64')
    cd /Users/admin/builder/spi-builder-workspace/.dependencies/checkouts/swift-extras-base64
    write-file /Users/admin/builder/spi-builder-workspace/.derivedData/Build/Intermediates.noindex/swift-extras-base64.build/Debug-iphoneos/ExtrasBase64.build/Objects-normal/arm64/ExtrasBase64-OutputFileMap.json
WriteAuxiliaryFile /Users/admin/builder/spi-builder-workspace/.derivedData/Build/Intermediates.noindex/GoogleWKT.build/Debug-iphoneos/GoogleWKT.build/Objects-normal/arm64/GoogleWKT.LinkFileList (in target 'GoogleWKT' from project 'GoogleWKT')
    cd /Users/admin/builder/spi-builder-workspace
    write-file /Users/admin/builder/spi-builder-workspace/.derivedData/Build/Intermediates.noindex/GoogleWKT.build/Debug-iphoneos/GoogleWKT.build/Objects-normal/arm64/GoogleWKT.LinkFileList
WriteAuxiliaryFile /Users/admin/builder/spi-builder-workspace/.derivedData/Build/Intermediates.noindex/GoogleWKT.build/Debug-iphoneos/GoogleWKT.build/Objects-normal/arm64/GoogleWKT.SwiftConstValuesFileList (in target 'GoogleWKT' from project 'GoogleWKT')
    cd /Users/admin/builder/spi-builder-workspace
    write-file /Users/admin/builder/spi-builder-workspace/.derivedData/Build/Intermediates.noindex/GoogleWKT.build/Debug-iphoneos/GoogleWKT.build/Objects-normal/arm64/GoogleWKT.SwiftConstValuesFileList
WriteAuxiliaryFile /Users/admin/builder/spi-builder-workspace/.derivedData/Build/Intermediates.noindex/GoogleWKT.build/Debug-iphoneos/GoogleWKT.build/Objects-normal/arm64/GoogleWKT-OutputFileMap.json (in target 'GoogleWKT' from project 'GoogleWKT')
    cd /Users/admin/builder/spi-builder-workspace
    write-file /Users/admin/builder/spi-builder-workspace/.derivedData/Build/Intermediates.noindex/GoogleWKT.build/Debug-iphoneos/GoogleWKT.build/Objects-normal/arm64/GoogleWKT-OutputFileMap.json
WriteAuxiliaryFile /Users/admin/builder/spi-builder-workspace/.derivedData/Build/Intermediates.noindex/GoogleWKT.build/Debug-iphoneos/GoogleWKT.build/Objects-normal/arm64/GoogleWKT.SwiftFileList (in target 'GoogleWKT' from project 'GoogleWKT')
    cd /Users/admin/builder/spi-builder-workspace
    write-file /Users/admin/builder/spi-builder-workspace/.derivedData/Build/Intermediates.noindex/GoogleWKT.build/Debug-iphoneos/GoogleWKT.build/Objects-normal/arm64/GoogleWKT.SwiftFileList
WriteAuxiliaryFile /Users/admin/builder/spi-builder-workspace/.derivedData/Build/Intermediates.noindex/GoogleWKT.build/Debug-iphoneos/GoogleWKT.build/GoogleWKT.modulemap (in target 'GoogleWKT' from project 'GoogleWKT')
    cd /Users/admin/builder/spi-builder-workspace
    write-file /Users/admin/builder/spi-builder-workspace/.derivedData/Build/Intermediates.noindex/GoogleWKT.build/Debug-iphoneos/GoogleWKT.build/GoogleWKT.modulemap
WriteAuxiliaryFile /Users/admin/builder/spi-builder-workspace/.derivedData/Build/Intermediates.noindex/GoogleWKT.build/Debug-iphoneos/GoogleWKT.build/GoogleWKT.DependencyStaticMetadataFileList (in target 'GoogleWKT' from project 'GoogleWKT')
    cd /Users/admin/builder/spi-builder-workspace
    write-file /Users/admin/builder/spi-builder-workspace/.derivedData/Build/Intermediates.noindex/GoogleWKT.build/Debug-iphoneos/GoogleWKT.build/GoogleWKT.DependencyStaticMetadataFileList
WriteAuxiliaryFile /Users/admin/builder/spi-builder-workspace/.derivedData/Build/Intermediates.noindex/GoogleWKT.build/Debug-iphoneos/GoogleWKT.build/GoogleWKT.DependencyMetadataFileList (in target 'GoogleWKT' from project 'GoogleWKT')
    cd /Users/admin/builder/spi-builder-workspace
    write-file /Users/admin/builder/spi-builder-workspace/.derivedData/Build/Intermediates.noindex/GoogleWKT.build/Debug-iphoneos/GoogleWKT.build/GoogleWKT.DependencyMetadataFileList
WriteAuxiliaryFile /Users/admin/builder/spi-builder-workspace/.derivedData/Build/Intermediates.noindex/swift-extras-base64.build/Debug-iphoneos/ExtrasBase64.build/Objects-normal/arm64/ExtrasBase64.SwiftFileList (in target 'ExtrasBase64' from project 'swift-extras-base64')
    cd /Users/admin/builder/spi-builder-workspace/.dependencies/checkouts/swift-extras-base64
    write-file /Users/admin/builder/spi-builder-workspace/.derivedData/Build/Intermediates.noindex/swift-extras-base64.build/Debug-iphoneos/ExtrasBase64.build/Objects-normal/arm64/ExtrasBase64.SwiftFileList
WriteAuxiliaryFile /Users/admin/builder/spi-builder-workspace/.derivedData/Build/Intermediates.noindex/swift-extras-base64.build/Debug-iphoneos/ExtrasBase64.build/Objects-normal/arm64/ExtrasBase64.SwiftConstValuesFileList (in target 'ExtrasBase64' from project 'swift-extras-base64')
    cd /Users/admin/builder/spi-builder-workspace/.dependencies/checkouts/swift-extras-base64
    write-file /Users/admin/builder/spi-builder-workspace/.derivedData/Build/Intermediates.noindex/swift-extras-base64.build/Debug-iphoneos/ExtrasBase64.build/Objects-normal/arm64/ExtrasBase64.SwiftConstValuesFileList
WriteAuxiliaryFile /Users/admin/builder/spi-builder-workspace/.derivedData/Build/Intermediates.noindex/swift-extras-base64.build/Debug-iphoneos/ExtrasBase64.build/ExtrasBase64.DependencyStaticMetadataFileList (in target 'ExtrasBase64' from project 'swift-extras-base64')
    cd /Users/admin/builder/spi-builder-workspace/.dependencies/checkouts/swift-extras-base64
    write-file /Users/admin/builder/spi-builder-workspace/.derivedData/Build/Intermediates.noindex/swift-extras-base64.build/Debug-iphoneos/ExtrasBase64.build/ExtrasBase64.DependencyStaticMetadataFileList
WriteAuxiliaryFile /Users/admin/builder/spi-builder-workspace/.derivedData/Build/Intermediates.noindex/swift-extras-base64.build/Debug-iphoneos/ExtrasBase64.build/ExtrasBase64.DependencyMetadataFileList (in target 'ExtrasBase64' from project 'swift-extras-base64')
    cd /Users/admin/builder/spi-builder-workspace/.dependencies/checkouts/swift-extras-base64
    write-file /Users/admin/builder/spi-builder-workspace/.derivedData/Build/Intermediates.noindex/swift-extras-base64.build/Debug-iphoneos/ExtrasBase64.build/ExtrasBase64.DependencyMetadataFileList
Copy /Users/admin/builder/spi-builder-workspace/.derivedData/Build/Intermediates.noindex/GeneratedModuleMaps-iphoneos/ExtrasBase64.modulemap /Users/admin/builder/spi-builder-workspace/.derivedData/Build/Intermediates.noindex/swift-extras-base64.build/Debug-iphoneos/ExtrasBase64.build/ExtrasBase64.modulemap (in target 'ExtrasBase64' from project 'swift-extras-base64')
    cd /Users/admin/builder/spi-builder-workspace/.dependencies/checkouts/swift-extras-base64
    builtin-copy -exclude .DS_Store -exclude CVS -exclude .svn -exclude .git -exclude .hg -resolve-src-symlinks /Users/admin/builder/spi-builder-workspace/.derivedData/Build/Intermediates.noindex/swift-extras-base64.build/Debug-iphoneos/ExtrasBase64.build/ExtrasBase64.modulemap /Users/admin/builder/spi-builder-workspace/.derivedData/Build/Intermediates.noindex/GeneratedModuleMaps-iphoneos
Copy /Users/admin/builder/spi-builder-workspace/.derivedData/Build/Intermediates.noindex/GeneratedModuleMaps-iphoneos/GoogleWKT.modulemap /Users/admin/builder/spi-builder-workspace/.derivedData/Build/Intermediates.noindex/GoogleWKT.build/Debug-iphoneos/GoogleWKT.build/GoogleWKT.modulemap (in target 'GoogleWKT' from project 'GoogleWKT')
    cd /Users/admin/builder/spi-builder-workspace
    builtin-copy -exclude .DS_Store -exclude CVS -exclude .svn -exclude .git -exclude .hg -resolve-src-symlinks /Users/admin/builder/spi-builder-workspace/.derivedData/Build/Intermediates.noindex/GoogleWKT.build/Debug-iphoneos/GoogleWKT.build/GoogleWKT.modulemap /Users/admin/builder/spi-builder-workspace/.derivedData/Build/Intermediates.noindex/GeneratedModuleMaps-iphoneos
SwiftDriver ExtrasBase64 normal arm64 com.apple.xcode.tools.swift.compiler (in target 'ExtrasBase64' from project 'swift-extras-base64')
    cd /Users/admin/builder/spi-builder-workspace/.swiftpm/xcode
    builtin-SwiftDriver -- /Applications/Xcode-26.5.0.app/Contents/Developer/Toolchains/XcodeDefault.xctoolchain/usr/bin/swiftc -module-name ExtrasBase64 -Onone @/Users/admin/builder/spi-builder-workspace/.derivedData/Build/Intermediates.noindex/swift-extras-base64.build/Debug-iphoneos/ExtrasBase64.build/Objects-normal/arm64/ExtrasBase64.SwiftFileList -DSWIFT_PACKAGE -DDEBUG -DSWIFT_MODULE_RESOURCE_BUNDLE_UNAVAILABLE -DXcode -enable-upcoming-feature ExistentialAny -enable-upcoming-feature InternalImportsByDefault -enable-upcoming-feature MemberImportVisibility -enable-upcoming-feature InferIsolatedConformances -enable-upcoming-feature NonisolatedNonsendingByDefault -enable-upcoming-feature ImmutableWeakCaptures -enable-experimental-feature SuppressedAssociatedTypesWithDefaults -enable-experimental-feature Lifetimes -enable-upcoming-feature LifetimeDependence -enable-upcoming-feature ImmutableWeakCaptures -plugin-path /Applications/Xcode-26.5.0.app/Contents/Developer/Toolchains/XcodeDefault.xctoolchain/usr/lib/swift/host/plugins/testing -enable-experimental-feature DebugDescriptionMacro -sdk /Applications/Xcode-26.5.0.app/Contents/Developer/Platforms/iPhoneOS.platform/Developer/SDKs/iPhoneOS26.5.sdk -target arm64-apple-ios12.0 -g -module-cache-path /Users/admin/builder/spi-builder-workspace/.derivedData/ModuleCache.noindex -Xfrontend -serialize-debugging-options -profile-coverage-mapping -profile-generate -enable-testing -suppress-warnings -index-store-path /Users/admin/builder/spi-builder-workspace/.derivedData/Index.noindex/DataStore -Xcc -D_LIBCPP_HARDENING_MODE\=_LIBCPP_HARDENING_MODE_DEBUG -swift-version 6 -I /Users/admin/builder/spi-builder-workspace/.derivedData/Build/Products/Debug-iphoneos -Isystem /Applications/Xcode-26.5.0.app/Contents/Developer/Platforms/iPhoneOS.platform/Developer/usr/lib -F /Users/admin/builder/spi-builder-workspace/.derivedData/Build/Products/Debug-iphoneos -F /Applications/Xcode-26.5.0.app/Contents/Developer/Platforms/iPhoneOS.platform/Developer/Library/Frameworks -F /Applications/Xcode-26.5.0.app/Contents/Developer/Platforms/iPhoneOS.platform/Developer/SDKs/iPhoneOS26.5.sdk/Developer/Library/Frameworks -c -j10 -enable-batch-mode -incremental -Xcc -ivfsstatcache -Xcc /Users/admin/builder/spi-builder-workspace/.derivedData/SDKStatCaches.noindex/iphoneos26.5-23F73-688ef53f1462e2c8f657fdc38a81448f4c45d850e2e7789d6a212355aba405ad.sdkstatcache -output-file-map /Users/admin/builder/spi-builder-workspace/.derivedData/Build/Intermediates.noindex/swift-extras-base64.build/Debug-iphoneos/ExtrasBase64.build/Objects-normal/arm64/ExtrasBase64-OutputFileMap.json -use-frontend-parseable-output -save-temps -no-color-diagnostics -explicit-module-build -module-cache-path /Users/admin/builder/spi-builder-workspace/.derivedData/Build/Intermediates.noindex/SwiftExplicitPrecompiledModules -clang-scanner-module-cache-path /Users/admin/builder/spi-builder-workspace/.derivedData/ModuleCache.noindex -sdk-module-cache-path /Users/admin/builder/spi-builder-workspace/.derivedData/ModuleCache.noindex -serialize-diagnostics -emit-dependencies -emit-module -emit-module-path /Users/admin/builder/spi-builder-workspace/.derivedData/Build/Intermediates.noindex/swift-extras-base64.build/Debug-iphoneos/ExtrasBase64.build/Objects-normal/arm64/ExtrasBase64.swiftmodule -user-module-version 1.2.0 -validate-clang-modules-once -clang-build-session-file /Users/admin/builder/spi-builder-workspace/.derivedData/ModuleCache.noindex/Session.modulevalidation -package-name swift_extras_base64 -Xcc -I/Users/admin/builder/spi-builder-workspace/.derivedData/Build/Intermediates.noindex/swift-extras-base64.build/Debug-iphoneos/ExtrasBase64.build/swift-overrides.hmap -emit-const-values -Xfrontend -const-gather-protocols-file -Xfrontend /Users/admin/builder/spi-builder-workspace/.derivedData/Build/Intermediates.noindex/swift-extras-base64.build/Debug-iphoneos/ExtrasBase64.build/Objects-normal/arm64/ExtrasBase64_const_extract_protocols.json -Xcc -I/Users/admin/builder/spi-builder-workspace/.derivedData/Build/Products/Debug-iphoneos/include -Xcc -I/Users/admin/builder/spi-builder-workspace/.derivedData/Build/Intermediates.noindex/swift-extras-base64.build/Debug-iphoneos/ExtrasBase64.build/DerivedSources-normal/arm64 -Xcc -I/Users/admin/builder/spi-builder-workspace/.derivedData/Build/Intermediates.noindex/swift-extras-base64.build/Debug-iphoneos/ExtrasBase64.build/DerivedSources/arm64 -Xcc -I/Users/admin/builder/spi-builder-workspace/.derivedData/Build/Intermediates.noindex/swift-extras-base64.build/Debug-iphoneos/ExtrasBase64.build/DerivedSources -Xcc -DSWIFT_PACKAGE -Xcc -DDEBUG\=1 -emit-objc-header -emit-objc-header-path /Users/admin/builder/spi-builder-workspace/.derivedData/Build/Intermediates.noindex/swift-extras-base64.build/Debug-iphoneos/ExtrasBase64.build/Objects-normal/arm64/ExtrasBase64-Swift.h -working-directory /Users/admin/builder/spi-builder-workspace/.swiftpm/xcode -experimental-emit-module-separately -disable-cmo
SwiftExplicitDependencyGeneratePcm arm64 /Users/admin/builder/spi-builder-workspace/.derivedData/ModuleCache.noindex/_SwiftConcurrencyShims-100ZRYVDI1GWRZANP5PSL41EN.pcm
SwiftExplicitDependencyGeneratePcm arm64 /Users/admin/builder/spi-builder-workspace/.derivedData/ModuleCache.noindex/SwiftShims-KW2TZ29AGXNKD6LMCKIN7R4J.pcm
SwiftEmitModule normal arm64 Emitting\ module\ for\ ExtrasBase64 (in target 'ExtrasBase64' from project 'swift-extras-base64')
EmitSwiftModule normal arm64 (in target 'ExtrasBase64' from project 'swift-extras-base64')
    cd /Users/admin/builder/spi-builder-workspace/.swiftpm/xcode

SwiftCompile normal arm64 Compiling\ Base32.swift /Users/admin/builder/spi-builder-workspace/.dependencies/checkouts/swift-extras-base64/Sources/ExtrasBase64/Base32.swift (in target 'ExtrasBase64' from project 'swift-extras-base64')
SwiftCompile normal arm64 /Users/admin/builder/spi-builder-workspace/.dependencies/checkouts/swift-extras-base64/Sources/ExtrasBase64/Base32.swift (in target 'ExtrasBase64' from project 'swift-extras-base64')
    cd /Users/admin/builder/spi-builder-workspace/.swiftpm/xcode

SwiftCompile normal arm64 Compiling\ Base64.swift /Users/admin/builder/spi-builder-workspace/.dependencies/checkouts/swift-extras-base64/Sources/ExtrasBase64/Base64.swift (in target 'ExtrasBase64' from project 'swift-extras-base64')
SwiftCompile normal arm64 /Users/admin/builder/spi-builder-workspace/.dependencies/checkouts/swift-extras-base64/Sources/ExtrasBase64/Base64.swift (in target 'ExtrasBase64' from project 'swift-extras-base64')
    cd /Users/admin/builder/spi-builder-workspace/.swiftpm/xcode

SwiftCompile normal arm64 Compiling\ Base64+Span.swift /Users/admin/builder/spi-builder-workspace/.dependencies/checkouts/swift-extras-base64/Sources/ExtrasBase64/Base64+Span.swift (in target 'ExtrasBase64' from project 'swift-extras-base64')
SwiftCompile normal arm64 /Users/admin/builder/spi-builder-workspace/.dependencies/checkouts/swift-extras-base64/Sources/ExtrasBase64/Base64+Span.swift (in target 'ExtrasBase64' from project 'swift-extras-base64')
    cd /Users/admin/builder/spi-builder-workspace/.swiftpm/xcode

SwiftCompile normal arm64 Compiling\ Base32+Span.swift /Users/admin/builder/spi-builder-workspace/.dependencies/checkouts/swift-extras-base64/Sources/ExtrasBase64/Base32+Span.swift (in target 'ExtrasBase64' from project 'swift-extras-base64')
SwiftCompile normal arm64 /Users/admin/builder/spi-builder-workspace/.dependencies/checkouts/swift-extras-base64/Sources/ExtrasBase64/Base32+Span.swift (in target 'ExtrasBase64' from project 'swift-extras-base64')
    cd /Users/admin/builder/spi-builder-workspace/.swiftpm/xcode

SwiftDriverJobDiscovery normal arm64 Compiling Base32+Span.swift (in target 'ExtrasBase64' from project 'swift-extras-base64')
SwiftDriverJobDiscovery normal arm64 Compiling Base64+Span.swift (in target 'ExtrasBase64' from project 'swift-extras-base64')
SwiftDriverJobDiscovery normal arm64 Compiling Base32.swift (in target 'ExtrasBase64' from project 'swift-extras-base64')
SwiftDriverJobDiscovery normal arm64 Compiling Base64.swift (in target 'ExtrasBase64' from project 'swift-extras-base64')
SwiftDriverJobDiscovery normal arm64 Emitting module for ExtrasBase64 (in target 'ExtrasBase64' from project 'swift-extras-base64')
SwiftDriver\ Compilation\ Requirements ExtrasBase64 normal arm64 com.apple.xcode.tools.swift.compiler (in target 'ExtrasBase64' from project 'swift-extras-base64')
    cd /Users/admin/builder/spi-builder-workspace/.swiftpm/xcode
    builtin-Swift-Compilation-Requirements -- /Applications/Xcode-26.5.0.app/Contents/Developer/Toolchains/XcodeDefault.xctoolchain/usr/bin/swiftc -module-name ExtrasBase64 -Onone @/Users/admin/builder/spi-builder-workspace/.derivedData/Build/Intermediates.noindex/swift-extras-base64.build/Debug-iphoneos/ExtrasBase64.build/Objects-normal/arm64/ExtrasBase64.SwiftFileList -DSWIFT_PACKAGE -DDEBUG -DSWIFT_MODULE_RESOURCE_BUNDLE_UNAVAILABLE -DXcode -enable-upcoming-feature ExistentialAny -enable-upcoming-feature InternalImportsByDefault -enable-upcoming-feature MemberImportVisibility -enable-upcoming-feature InferIsolatedConformances -enable-upcoming-feature NonisolatedNonsendingByDefault -enable-upcoming-feature ImmutableWeakCaptures -enable-experimental-feature SuppressedAssociatedTypesWithDefaults -enable-experimental-feature Lifetimes -enable-upcoming-feature LifetimeDependence -enable-upcoming-feature ImmutableWeakCaptures -plugin-path /Applications/Xcode-26.5.0.app/Contents/Developer/Toolchains/XcodeDefault.xctoolchain/usr/lib/swift/host/plugins/testing -enable-experimental-feature DebugDescriptionMacro -sdk /Applications/Xcode-26.5.0.app/Contents/Developer/Platforms/iPhoneOS.platform/Developer/SDKs/iPhoneOS26.5.sdk -target arm64-apple-ios12.0 -g -module-cache-path /Users/admin/builder/spi-builder-workspace/.derivedData/ModuleCache.noindex -Xfrontend -serialize-debugging-options -profile-coverage-mapping -profile-generate -enable-testing -suppress-warnings -index-store-path /Users/admin/builder/spi-builder-workspace/.derivedData/Index.noindex/DataStore -Xcc -D_LIBCPP_HARDENING_MODE\=_LIBCPP_HARDENING_MODE_DEBUG -swift-version 6 -I /Users/admin/builder/spi-builder-workspace/.derivedData/Build/Products/Debug-iphoneos -Isystem /Applications/Xcode-26.5.0.app/Contents/Developer/Platforms/iPhoneOS.platform/Developer/usr/lib -F /Users/admin/builder/spi-builder-workspace/.derivedData/Build/Products/Debug-iphoneos -F /Applications/Xcode-26.5.0.app/Contents/Developer/Platforms/iPhoneOS.platform/Developer/Library/Frameworks -F /Applications/Xcode-26.5.0.app/Contents/Developer/Platforms/iPhoneOS.platform/Developer/SDKs/iPhoneOS26.5.sdk/Developer/Library/Frameworks -c -j10 -enable-batch-mode -incremental -Xcc -ivfsstatcache -Xcc /Users/admin/builder/spi-builder-workspace/.derivedData/SDKStatCaches.noindex/iphoneos26.5-23F73-688ef53f1462e2c8f657fdc38a81448f4c45d850e2e7789d6a212355aba405ad.sdkstatcache -output-file-map /Users/admin/builder/spi-builder-workspace/.derivedData/Build/Intermediates.noindex/swift-extras-base64.build/Debug-iphoneos/ExtrasBase64.build/Objects-normal/arm64/ExtrasBase64-OutputFileMap.json -use-frontend-parseable-output -save-temps -no-color-diagnostics -explicit-module-build -module-cache-path /Users/admin/builder/spi-builder-workspace/.derivedData/Build/Intermediates.noindex/SwiftExplicitPrecompiledModules -clang-scanner-module-cache-path /Users/admin/builder/spi-builder-workspace/.derivedData/ModuleCache.noindex -sdk-module-cache-path /Users/admin/builder/spi-builder-workspace/.derivedData/ModuleCache.noindex -serialize-diagnostics -emit-dependencies -emit-module -emit-module-path /Users/admin/builder/spi-builder-workspace/.derivedData/Build/Intermediates.noindex/swift-extras-base64.build/Debug-iphoneos/ExtrasBase64.build/Objects-normal/arm64/ExtrasBase64.swiftmodule -user-module-version 1.2.0 -validate-clang-modules-once -clang-build-session-file /Users/admin/builder/spi-builder-workspace/.derivedData/ModuleCache.noindex/Session.modulevalidation -package-name swift_extras_base64 -Xcc -I/Users/admin/builder/spi-builder-workspace/.derivedData/Build/Intermediates.noindex/swift-extras-base64.build/Debug-iphoneos/ExtrasBase64.build/swift-overrides.hmap -emit-const-values -Xfrontend -const-gather-protocols-file -Xfrontend /Users/admin/builder/spi-builder-workspace/.derivedData/Build/Intermediates.noindex/swift-extras-base64.build/Debug-iphoneos/ExtrasBase64.build/Objects-normal/arm64/ExtrasBase64_const_extract_protocols.json -Xcc -I/Users/admin/builder/spi-builder-workspace/.derivedData/Build/Products/Debug-iphoneos/include -Xcc -I/Users/admin/builder/spi-builder-workspace/.derivedData/Build/Intermediates.noindex/swift-extras-base64.build/Debug-iphoneos/ExtrasBase64.build/DerivedSources-normal/arm64 -Xcc -I/Users/admin/builder/spi-builder-workspace/.derivedData/Build/Intermediates.noindex/swift-extras-base64.build/Debug-iphoneos/ExtrasBase64.build/DerivedSources/arm64 -Xcc -I/Users/admin/builder/spi-builder-workspace/.derivedData/Build/Intermediates.noindex/swift-extras-base64.build/Debug-iphoneos/ExtrasBase64.build/DerivedSources -Xcc -DSWIFT_PACKAGE -Xcc -DDEBUG\=1 -emit-objc-header -emit-objc-header-path /Users/admin/builder/spi-builder-workspace/.derivedData/Build/Intermediates.noindex/swift-extras-base64.build/Debug-iphoneos/ExtrasBase64.build/Objects-normal/arm64/ExtrasBase64-Swift.h -working-directory /Users/admin/builder/spi-builder-workspace/.swiftpm/xcode -experimental-emit-module-separately -disable-cmo
SwiftDriver\ Compilation ExtrasBase64 normal arm64 com.apple.xcode.tools.swift.compiler (in target 'ExtrasBase64' from project 'swift-extras-base64')
    cd /Users/admin/builder/spi-builder-workspace/.swiftpm/xcode
    builtin-Swift-Compilation -- /Applications/Xcode-26.5.0.app/Contents/Developer/Toolchains/XcodeDefault.xctoolchain/usr/bin/swiftc -module-name ExtrasBase64 -Onone @/Users/admin/builder/spi-builder-workspace/.derivedData/Build/Intermediates.noindex/swift-extras-base64.build/Debug-iphoneos/ExtrasBase64.build/Objects-normal/arm64/ExtrasBase64.SwiftFileList -DSWIFT_PACKAGE -DDEBUG -DSWIFT_MODULE_RESOURCE_BUNDLE_UNAVAILABLE -DXcode -enable-upcoming-feature ExistentialAny -enable-upcoming-feature InternalImportsByDefault -enable-upcoming-feature MemberImportVisibility -enable-upcoming-feature InferIsolatedConformances -enable-upcoming-feature NonisolatedNonsendingByDefault -enable-upcoming-feature ImmutableWeakCaptures -enable-experimental-feature SuppressedAssociatedTypesWithDefaults -enable-experimental-feature Lifetimes -enable-upcoming-feature LifetimeDependence -enable-upcoming-feature ImmutableWeakCaptures -plugin-path /Applications/Xcode-26.5.0.app/Contents/Developer/Toolchains/XcodeDefault.xctoolchain/usr/lib/swift/host/plugins/testing -enable-experimental-feature DebugDescriptionMacro -sdk /Applications/Xcode-26.5.0.app/Contents/Developer/Platforms/iPhoneOS.platform/Developer/SDKs/iPhoneOS26.5.sdk -target arm64-apple-ios12.0 -g -module-cache-path /Users/admin/builder/spi-builder-workspace/.derivedData/ModuleCache.noindex -Xfrontend -serialize-debugging-options -profile-coverage-mapping -profile-generate -enable-testing -suppress-warnings -index-store-path /Users/admin/builder/spi-builder-workspace/.derivedData/Index.noindex/DataStore -Xcc -D_LIBCPP_HARDENING_MODE\=_LIBCPP_HARDENING_MODE_DEBUG -swift-version 6 -I /Users/admin/builder/spi-builder-workspace/.derivedData/Build/Products/Debug-iphoneos -Isystem /Applications/Xcode-26.5.0.app/Contents/Developer/Platforms/iPhoneOS.platform/Developer/usr/lib -F /Users/admin/builder/spi-builder-workspace/.derivedData/Build/Products/Debug-iphoneos -F /Applications/Xcode-26.5.0.app/Contents/Developer/Platforms/iPhoneOS.platform/Developer/Library/Frameworks -F /Applications/Xcode-26.5.0.app/Contents/Developer/Platforms/iPhoneOS.platform/Developer/SDKs/iPhoneOS26.5.sdk/Developer/Library/Frameworks -c -j10 -enable-batch-mode -incremental -Xcc -ivfsstatcache -Xcc /Users/admin/builder/spi-builder-workspace/.derivedData/SDKStatCaches.noindex/iphoneos26.5-23F73-688ef53f1462e2c8f657fdc38a81448f4c45d850e2e7789d6a212355aba405ad.sdkstatcache -output-file-map /Users/admin/builder/spi-builder-workspace/.derivedData/Build/Intermediates.noindex/swift-extras-base64.build/Debug-iphoneos/ExtrasBase64.build/Objects-normal/arm64/ExtrasBase64-OutputFileMap.json -use-frontend-parseable-output -save-temps -no-color-diagnostics -explicit-module-build -module-cache-path /Users/admin/builder/spi-builder-workspace/.derivedData/Build/Intermediates.noindex/SwiftExplicitPrecompiledModules -clang-scanner-module-cache-path /Users/admin/builder/spi-builder-workspace/.derivedData/ModuleCache.noindex -sdk-module-cache-path /Users/admin/builder/spi-builder-workspace/.derivedData/ModuleCache.noindex -serialize-diagnostics -emit-dependencies -emit-module -emit-module-path /Users/admin/builder/spi-builder-workspace/.derivedData/Build/Intermediates.noindex/swift-extras-base64.build/Debug-iphoneos/ExtrasBase64.build/Objects-normal/arm64/ExtrasBase64.swiftmodule -user-module-version 1.2.0 -validate-clang-modules-once -clang-build-session-file /Users/admin/builder/spi-builder-workspace/.derivedData/ModuleCache.noindex/Session.modulevalidation -package-name swift_extras_base64 -Xcc -I/Users/admin/builder/spi-builder-workspace/.derivedData/Build/Intermediates.noindex/swift-extras-base64.build/Debug-iphoneos/ExtrasBase64.build/swift-overrides.hmap -emit-const-values -Xfrontend -const-gather-protocols-file -Xfrontend /Users/admin/builder/spi-builder-workspace/.derivedData/Build/Intermediates.noindex/swift-extras-base64.build/Debug-iphoneos/ExtrasBase64.build/Objects-normal/arm64/ExtrasBase64_const_extract_protocols.json -Xcc -I/Users/admin/builder/spi-builder-workspace/.derivedData/Build/Products/Debug-iphoneos/include -Xcc -I/Users/admin/builder/spi-builder-workspace/.derivedData/Build/Intermediates.noindex/swift-extras-base64.build/Debug-iphoneos/ExtrasBase64.build/DerivedSources-normal/arm64 -Xcc -I/Users/admin/builder/spi-builder-workspace/.derivedData/Build/Intermediates.noindex/swift-extras-base64.build/Debug-iphoneos/ExtrasBase64.build/DerivedSources/arm64 -Xcc -I/Users/admin/builder/spi-builder-workspace/.derivedData/Build/Intermediates.noindex/swift-extras-base64.build/Debug-iphoneos/ExtrasBase64.build/DerivedSources -Xcc -DSWIFT_PACKAGE -Xcc -DDEBUG\=1 -emit-objc-header -emit-objc-header-path /Users/admin/builder/spi-builder-workspace/.derivedData/Build/Intermediates.noindex/swift-extras-base64.build/Debug-iphoneos/ExtrasBase64.build/Objects-normal/arm64/ExtrasBase64-Swift.h -working-directory /Users/admin/builder/spi-builder-workspace/.swiftpm/xcode -experimental-emit-module-separately -disable-cmo
SwiftMergeGeneratedHeaders /Users/admin/builder/spi-builder-workspace/.derivedData/Build/Intermediates.noindex/GeneratedModuleMaps-iphoneos/ExtrasBase64-Swift.h /Users/admin/builder/spi-builder-workspace/.derivedData/Build/Intermediates.noindex/swift-extras-base64.build/Debug-iphoneos/ExtrasBase64.build/Objects-normal/arm64/ExtrasBase64-Swift.h (in target 'ExtrasBase64' from project 'swift-extras-base64')
    cd /Users/admin/builder/spi-builder-workspace/.dependencies/checkouts/swift-extras-base64
    builtin-swiftHeaderTool -arch arm64 /Users/admin/builder/spi-builder-workspace/.derivedData/Build/Intermediates.noindex/swift-extras-base64.build/Debug-iphoneos/ExtrasBase64.build/Objects-normal/arm64/ExtrasBase64-Swift.h -o /Users/admin/builder/spi-builder-workspace/.derivedData/Build/Intermediates.noindex/GeneratedModuleMaps-iphoneos/ExtrasBase64-Swift.h
Copy /Users/admin/builder/spi-builder-workspace/.derivedData/Build/Products/Debug-iphoneos/ExtrasBase64.swiftmodule/arm64-apple-ios.swiftdoc /Users/admin/builder/spi-builder-workspace/.derivedData/Build/Intermediates.noindex/swift-extras-base64.build/Debug-iphoneos/ExtrasBase64.build/Objects-normal/arm64/ExtrasBase64.swiftdoc (in target 'ExtrasBase64' from project 'swift-extras-base64')
    cd /Users/admin/builder/spi-builder-workspace/.dependencies/checkouts/swift-extras-base64
    builtin-copy -exclude .DS_Store -exclude CVS -exclude .svn -exclude .git -exclude .hg -resolve-src-symlinks -rename /Users/admin/builder/spi-builder-workspace/.derivedData/Build/Intermediates.noindex/swift-extras-base64.build/Debug-iphoneos/ExtrasBase64.build/Objects-normal/arm64/ExtrasBase64.swiftdoc /Users/admin/builder/spi-builder-workspace/.derivedData/Build/Products/Debug-iphoneos/ExtrasBase64.swiftmodule/arm64-apple-ios.swiftdoc
Copy /Users/admin/builder/spi-builder-workspace/.derivedData/Build/Products/Debug-iphoneos/ExtrasBase64.swiftmodule/arm64-apple-ios.abi.json /Users/admin/builder/spi-builder-workspace/.derivedData/Build/Intermediates.noindex/swift-extras-base64.build/Debug-iphoneos/ExtrasBase64.build/Objects-normal/arm64/ExtrasBase64.abi.json (in target 'ExtrasBase64' from project 'swift-extras-base64')
    cd /Users/admin/builder/spi-builder-workspace/.dependencies/checkouts/swift-extras-base64
    builtin-copy -exclude .DS_Store -exclude CVS -exclude .svn -exclude .git -exclude .hg -resolve-src-symlinks -rename /Users/admin/builder/spi-builder-workspace/.derivedData/Build/Intermediates.noindex/swift-extras-base64.build/Debug-iphoneos/ExtrasBase64.build/Objects-normal/arm64/ExtrasBase64.abi.json /Users/admin/builder/spi-builder-workspace/.derivedData/Build/Products/Debug-iphoneos/ExtrasBase64.swiftmodule/arm64-apple-ios.abi.json
Copy /Users/admin/builder/spi-builder-workspace/.derivedData/Build/Products/Debug-iphoneos/ExtrasBase64.swiftmodule/arm64-apple-ios.swiftmodule /Users/admin/builder/spi-builder-workspace/.derivedData/Build/Intermediates.noindex/swift-extras-base64.build/Debug-iphoneos/ExtrasBase64.build/Objects-normal/arm64/ExtrasBase64.swiftmodule (in target 'ExtrasBase64' from project 'swift-extras-base64')
    cd /Users/admin/builder/spi-builder-workspace/.dependencies/checkouts/swift-extras-base64
    builtin-copy -exclude .DS_Store -exclude CVS -exclude .svn -exclude .git -exclude .hg -resolve-src-symlinks -rename /Users/admin/builder/spi-builder-workspace/.derivedData/Build/Intermediates.noindex/swift-extras-base64.build/Debug-iphoneos/ExtrasBase64.build/Objects-normal/arm64/ExtrasBase64.swiftmodule /Users/admin/builder/spi-builder-workspace/.derivedData/Build/Products/Debug-iphoneos/ExtrasBase64.swiftmodule/arm64-apple-ios.swiftmodule
Copy /Users/admin/builder/spi-builder-workspace/.derivedData/Build/Products/Debug-iphoneos/ExtrasBase64.swiftmodule/Project/arm64-apple-ios.swiftsourceinfo /Users/admin/builder/spi-builder-workspace/.derivedData/Build/Intermediates.noindex/swift-extras-base64.build/Debug-iphoneos/ExtrasBase64.build/Objects-normal/arm64/ExtrasBase64.swiftsourceinfo (in target 'ExtrasBase64' from project 'swift-extras-base64')
    cd /Users/admin/builder/spi-builder-workspace/.dependencies/checkouts/swift-extras-base64
    builtin-copy -exclude .DS_Store -exclude CVS -exclude .svn -exclude .git -exclude .hg -resolve-src-symlinks -rename /Users/admin/builder/spi-builder-workspace/.derivedData/Build/Intermediates.noindex/swift-extras-base64.build/Debug-iphoneos/ExtrasBase64.build/Objects-normal/arm64/ExtrasBase64.swiftsourceinfo /Users/admin/builder/spi-builder-workspace/.derivedData/Build/Products/Debug-iphoneos/ExtrasBase64.swiftmodule/Project/arm64-apple-ios.swiftsourceinfo
Ld /Users/admin/builder/spi-builder-workspace/.derivedData/Build/Products/Debug-iphoneos/ExtrasBase64.o normal (in target 'ExtrasBase64' from project 'swift-extras-base64')
    cd /Users/admin/builder/spi-builder-workspace/.dependencies/checkouts/swift-extras-base64
    /Applications/Xcode-26.5.0.app/Contents/Developer/Toolchains/XcodeDefault.xctoolchain/usr/bin/clang -Xlinker -reproducible -target arm64-apple-ios12.0 -r -isysroot /Applications/Xcode-26.5.0.app/Contents/Developer/Platforms/iPhoneOS.platform/Developer/SDKs/iPhoneOS26.5.sdk -O0 -w -F/Users/admin/builder/spi-builder-workspace/.derivedData/Build/Intermediates.noindex/EagerLinkingTBDs/Debug-iphoneos -F/Users/admin/builder/spi-builder-workspace/.derivedData/Build/Products/Debug-iphoneos -iframework /Applications/Xcode-26.5.0.app/Contents/Developer/Platforms/iPhoneOS.platform/Developer/Library/Frameworks -iframework /Applications/Xcode-26.5.0.app/Contents/Developer/Platforms/iPhoneOS.platform/Developer/SDKs/iPhoneOS26.5.sdk/Developer/Library/Frameworks -filelist /Users/admin/builder/spi-builder-workspace/.derivedData/Build/Intermediates.noindex/swift-extras-base64.build/Debug-iphoneos/ExtrasBase64.build/Objects-normal/arm64/ExtrasBase64.LinkFileList -nostdlib -Xlinker -object_path_lto -Xlinker /Users/admin/builder/spi-builder-workspace/.derivedData/Build/Intermediates.noindex/swift-extras-base64.build/Debug-iphoneos/ExtrasBase64.build/Objects-normal/arm64/ExtrasBase64_lto.o -Xlinker -no_deduplicate -Xlinker -debug_variant -Xlinker -dependency_info -Xlinker /Users/admin/builder/spi-builder-workspace/.derivedData/Build/Intermediates.noindex/swift-extras-base64.build/Debug-iphoneos/ExtrasBase64.build/Objects-normal/arm64/ExtrasBase64_dependency_info.dat -fobjc-link-runtime -L/Applications/Xcode-26.5.0.app/Contents/Developer/Toolchains/XcodeDefault.xctoolchain/usr/lib/swift/iphoneos -L/usr/lib/swift -Xlinker -add_ast_path -Xlinker /Users/admin/builder/spi-builder-workspace/.derivedData/Build/Intermediates.noindex/swift-extras-base64.build/Debug-iphoneos/ExtrasBase64.build/Objects-normal/arm64/ExtrasBase64.swiftmodule @/Users/admin/builder/spi-builder-workspace/.derivedData/Build/Intermediates.noindex/swift-extras-base64.build/Debug-iphoneos/ExtrasBase64.build/Objects-normal/arm64/ExtrasBase64-linker-args.resp -o /Users/admin/builder/spi-builder-workspace/.derivedData/Build/Products/Debug-iphoneos/ExtrasBase64.o
SwiftDriver GoogleWKT normal arm64 com.apple.xcode.tools.swift.compiler (in target 'GoogleWKT' from project 'GoogleWKT')
    cd /Users/admin/builder/spi-builder-workspace/.swiftpm/xcode
    builtin-SwiftDriver -- /Applications/Xcode-26.5.0.app/Contents/Developer/Toolchains/XcodeDefault.xctoolchain/usr/bin/swiftc -module-name GoogleWKT -Onone @/Users/admin/builder/spi-builder-workspace/.derivedData/Build/Intermediates.noindex/GoogleWKT.build/Debug-iphoneos/GoogleWKT.build/Objects-normal/arm64/GoogleWKT.SwiftFileList -DSWIFT_PACKAGE -DDEBUG -DSWIFT_MODULE_RESOURCE_BUNDLE_UNAVAILABLE -DXcode -enable-upcoming-feature ExistentialAny -enable-upcoming-feature InternalImportsByDefault -enable-upcoming-feature MemberImportVisibility -enable-upcoming-feature NonisolatedNonsendingByDefault -strict-memory-safety -plugin-path /Applications/Xcode-26.5.0.app/Contents/Developer/Toolchains/XcodeDefault.xctoolchain/usr/lib/swift/host/plugins/testing -enable-experimental-feature DebugDescriptionMacro -sdk /Applications/Xcode-26.5.0.app/Contents/Developer/Platforms/iPhoneOS.platform/Developer/SDKs/iPhoneOS26.5.sdk -target arm64-apple-ios12.0 -g -module-cache-path /Users/admin/builder/spi-builder-workspace/.derivedData/ModuleCache.noindex -Xfrontend -serialize-debugging-options -profile-coverage-mapping -profile-generate -enable-testing -index-store-path /Users/admin/builder/spi-builder-workspace/.derivedData/Index.noindex/DataStore -Xcc -D_LIBCPP_HARDENING_MODE\=_LIBCPP_HARDENING_MODE_DEBUG -swift-version 6 -I /Users/admin/builder/spi-builder-workspace/.derivedData/Build/Products/Debug-iphoneos -Isystem /Applications/Xcode-26.5.0.app/Contents/Developer/Platforms/iPhoneOS.platform/Developer/usr/lib -F /Users/admin/builder/spi-builder-workspace/.derivedData/Build/Products/Debug-iphoneos/PackageFrameworks -F /Users/admin/builder/spi-builder-workspace/.derivedData/Build/Products/Debug-iphoneos -F /Applications/Xcode-26.5.0.app/Contents/Developer/Platforms/iPhoneOS.platform/Developer/Library/Frameworks -F /Applications/Xcode-26.5.0.app/Contents/Developer/Platforms/iPhoneOS.platform/Developer/SDKs/iPhoneOS26.5.sdk/Developer/Library/Frameworks -c -j10 -enable-batch-mode -incremental -Xcc -ivfsstatcache -Xcc /Users/admin/builder/spi-builder-workspace/.derivedData/SDKStatCaches.noindex/iphoneos26.5-23F73-688ef53f1462e2c8f657fdc38a81448f4c45d850e2e7789d6a212355aba405ad.sdkstatcache -output-file-map /Users/admin/builder/spi-builder-workspace/.derivedData/Build/Intermediates.noindex/GoogleWKT.build/Debug-iphoneos/GoogleWKT.build/Objects-normal/arm64/GoogleWKT-OutputFileMap.json -use-frontend-parseable-output -save-temps -no-color-diagnostics -explicit-module-build -module-cache-path /Users/admin/builder/spi-builder-workspace/.derivedData/Build/Intermediates.noindex/SwiftExplicitPrecompiledModules -clang-scanner-module-cache-path /Users/admin/builder/spi-builder-workspace/.derivedData/ModuleCache.noindex -sdk-module-cache-path /Users/admin/builder/spi-builder-workspace/.derivedData/ModuleCache.noindex -serialize-diagnostics -emit-dependencies -emit-module -emit-module-path /Users/admin/builder/spi-builder-workspace/.derivedData/Build/Intermediates.noindex/GoogleWKT.build/Debug-iphoneos/GoogleWKT.build/Objects-normal/arm64/GoogleWKT.swiftmodule -validate-clang-modules-once -clang-build-session-file /Users/admin/builder/spi-builder-workspace/.derivedData/ModuleCache.noindex/Session.modulevalidation -package-name spi_builder_workspace -Xcc -I/Users/admin/builder/spi-builder-workspace/.derivedData/Build/Intermediates.noindex/GoogleWKT.build/Debug-iphoneos/GoogleWKT.build/swift-overrides.hmap -emit-const-values -Xfrontend -const-gather-protocols-file -Xfrontend /Users/admin/builder/spi-builder-workspace/.derivedData/Build/Intermediates.noindex/GoogleWKT.build/Debug-iphoneos/GoogleWKT.build/Objects-normal/arm64/GoogleWKT_const_extract_protocols.json -Xcc -I/Users/admin/builder/spi-builder-workspace/.derivedData/Build/Products/Debug-iphoneos/include -Xcc -I/Users/admin/builder/spi-builder-workspace/.derivedData/Build/Intermediates.noindex/GoogleWKT.build/Debug-iphoneos/GoogleWKT.build/DerivedSources-normal/arm64 -Xcc -I/Users/admin/builder/spi-builder-workspace/.derivedData/Build/Intermediates.noindex/GoogleWKT.build/Debug-iphoneos/GoogleWKT.build/DerivedSources/arm64 -Xcc -I/Users/admin/builder/spi-builder-workspace/.derivedData/Build/Intermediates.noindex/GoogleWKT.build/Debug-iphoneos/GoogleWKT.build/DerivedSources -Xcc -DSWIFT_PACKAGE -Xcc -DDEBUG\=1 -emit-objc-header -emit-objc-header-path /Users/admin/builder/spi-builder-workspace/.derivedData/Build/Intermediates.noindex/GoogleWKT.build/Debug-iphoneos/GoogleWKT.build/Objects-normal/arm64/GoogleWKT-Swift.h -working-directory /Users/admin/builder/spi-builder-workspace/.swiftpm/xcode -experimental-emit-module-separately -disable-cmo
ExtractAppIntentsMetadata (in target 'ExtrasBase64' from project 'swift-extras-base64')
    cd /Users/admin/builder/spi-builder-workspace/.dependencies/checkouts/swift-extras-base64
    /Applications/Xcode-26.5.0.app/Contents/Developer/Toolchains/XcodeDefault.xctoolchain/usr/bin/appintentsmetadataprocessor --toolchain-dir /var/run/com.apple.security.cryptexd/mnt/com.apple.MobileAsset.MetalToolchain-v17.6.42.0.cjlgSr/Metal.xctoolchain --module-name ExtrasBase64 --sdk-root /Applications/Xcode-26.5.0.app/Contents/Developer/Platforms/iPhoneOS.platform/Developer/SDKs/iPhoneOS26.5.sdk --xcode-version 17F42 --platform-family iOS --deployment-target 12.0 --bundle-identifier swift-extras-base64.ExtrasBase64 --output /Users/admin/builder/spi-builder-workspace/.derivedData/Build/Products/Debug-iphoneos/ExtrasBase64.appintents --target-triple arm64-apple-ios12.0 --binary-file /Users/admin/builder/spi-builder-workspace/.derivedData/Build/Products/Debug-iphoneos/ExtrasBase64.o --dependency-file /Users/admin/builder/spi-builder-workspace/.derivedData/Build/Intermediates.noindex/swift-extras-base64.build/Debug-iphoneos/ExtrasBase64.build/Objects-normal/arm64/ExtrasBase64_dependency_info.dat --stringsdata-file /Users/admin/builder/spi-builder-workspace/.derivedData/Build/Intermediates.noindex/swift-extras-base64.build/Debug-iphoneos/ExtrasBase64.build/Objects-normal/arm64/ExtractedAppShortcutsMetadata.stringsdata --source-file-list /Users/admin/builder/spi-builder-workspace/.derivedData/Build/Intermediates.noindex/swift-extras-base64.build/Debug-iphoneos/ExtrasBase64.build/Objects-normal/arm64/ExtrasBase64.SwiftFileList --metadata-file-list /Users/admin/builder/spi-builder-workspace/.derivedData/Build/Intermediates.noindex/swift-extras-base64.build/Debug-iphoneos/ExtrasBase64.build/ExtrasBase64.DependencyMetadataFileList --static-metadata-file-list /Users/admin/builder/spi-builder-workspace/.derivedData/Build/Intermediates.noindex/swift-extras-base64.build/Debug-iphoneos/ExtrasBase64.build/ExtrasBase64.DependencyStaticMetadataFileList --swift-const-vals-list /Users/admin/builder/spi-builder-workspace/.derivedData/Build/Intermediates.noindex/swift-extras-base64.build/Debug-iphoneos/ExtrasBase64.build/Objects-normal/arm64/ExtrasBase64.SwiftConstValuesFileList --force --compile-time-extraction --deployment-aware-processing --validate-assistant-intents --no-app-shortcuts-localization
2026-10-12 00:41:31.829 appintentsmetadataprocessor[741:4382] Starting appintentsmetadataprocessor export
2026-10-12 00:41:31.847 appintentsmetadataprocessor[741:4382] Extracted no relevant App Intents symbols, skipping writing output
SwiftExplicitDependencyGeneratePcm arm64 /Users/admin/builder/spi-builder-workspace/.derivedData/ModuleCache.noindex/_Builtin_stdbool-8QF3N9I8L9WIZEE106LF9Z6E1.pcm
SwiftExplicitDependencyGeneratePcm arm64 /Users/admin/builder/spi-builder-workspace/.derivedData/ModuleCache.noindex/ptrcheck-92ND7TJSMYFEYQVP4ARO4P76N.pcm
SwiftExplicitDependencyGeneratePcm arm64 /Users/admin/builder/spi-builder-workspace/.derivedData/ModuleCache.noindex/ptrauth-AP02NX0ZI5QCIR7PT6PH3JE41.pcm
SwiftExplicitDependencyGeneratePcm arm64 /Users/admin/builder/spi-builder-workspace/.derivedData/ModuleCache.noindex/_Builtin_stdarg-77LFZYIQVFIGB06UU1H92I588.pcm
SwiftExplicitDependencyGeneratePcm arm64 /Users/admin/builder/spi-builder-workspace/.derivedData/ModuleCache.noindex/_AvailabilityInternal-3WZ6R3ZCAVTITP56GPEDDY4PX.pcm
SwiftExplicitDependencyGeneratePcm arm64 /Users/admin/builder/spi-builder-workspace/.derivedData/ModuleCache.noindex/_Builtin_stddef-7FT9BFAUJSU8MNG6ICOBPSGI3.pcm
SwiftExplicitDependencyGeneratePcm arm64 /Users/admin/builder/spi-builder-workspace/.derivedData/ModuleCache.noindex/_Builtin_float-3TW3LKOL0TEKY2ZJO8ZBZNHBO.pcm
SwiftExplicitDependencyGeneratePcm arm64 /Users/admin/builder/spi-builder-workspace/.derivedData/ModuleCache.noindex/_DarwinFoundation1-5FZR2S62CT2SZ2T5YIEBKAVA8.pcm
SwiftExplicitDependencyGeneratePcm arm64 /Users/admin/builder/spi-builder-workspace/.derivedData/ModuleCache.noindex/_Builtin_limits-92XC7AO2KTYEIX38B6NIU9RLN.pcm
SwiftExplicitDependencyGeneratePcm arm64 /Users/admin/builder/spi-builder-workspace/.derivedData/ModuleCache.noindex/_DarwinFoundation2-61JDD29Y05XTILXM3R6442DT3.pcm
SwiftExplicitDependencyGeneratePcm arm64 /Users/admin/builder/spi-builder-workspace/.derivedData/ModuleCache.noindex/sys_types-6EUV9FOK33RJPFULV1YYAK24E.pcm
SwiftExplicitDependencyGeneratePcm arm64 /Users/admin/builder/spi-builder-workspace/.derivedData/ModuleCache.noindex/_Builtin_stdint-7INFX8QLALGBHPCFVPONZBSR2.pcm
SwiftExplicitDependencyGeneratePcm arm64 /Users/admin/builder/spi-builder-workspace/.derivedData/ModuleCache.noindex/_DarwinFoundation3-EUPNP5P3WI9LP5FF6JQJS603B.pcm
SwiftExplicitDependencyGeneratePcm arm64 /Users/admin/builder/spi-builder-workspace/.derivedData/ModuleCache.noindex/_Builtin_inttypes-CPPJQS7IPW78WG5E9AXQYIC9K.pcm
SwiftExplicitDependencyGeneratePcm arm64 /Users/admin/builder/spi-builder-workspace/.derivedData/ModuleCache.noindex/Darwin-1N2ESBGTT8YDBER491HX12739.pcm
RegisterExecutionPolicyException /Users/admin/builder/spi-builder-workspace/.derivedData/Build/Products/Debug-iphoneos/ExtrasBase64.o (in target 'ExtrasBase64' from project 'swift-extras-base64')
    cd /Users/admin/builder/spi-builder-workspace/.dependencies/checkouts/swift-extras-base64
    builtin-RegisterExecutionPolicyException /Users/admin/builder/spi-builder-workspace/.derivedData/Build/Products/Debug-iphoneos/ExtrasBase64.o
SwiftExplicitDependencyGeneratePcm arm64 /Users/admin/builder/spi-builder-workspace/.derivedData/ModuleCache.noindex/ObjectiveC-CLM0R1BU80S7A3443J9FOTVJU.pcm
SwiftExplicitDependencyGeneratePcm arm64 /Users/admin/builder/spi-builder-workspace/.derivedData/ModuleCache.noindex/os_object-4UUMGHBJZ0ZKO4L4TI87D8H8B.pcm
SwiftExplicitDependencyGeneratePcm arm64 /Users/admin/builder/spi-builder-workspace/.derivedData/ModuleCache.noindex/os_workgroup-8N5WYAS1R359HMBILUJWN9G6J.pcm
SwiftExplicitDependencyGeneratePcm arm64 /Users/admin/builder/spi-builder-workspace/.derivedData/ModuleCache.noindex/Dispatch-86RZWLXDE5B0M8ATWNYZSJY96.pcm
SwiftExplicitDependencyGeneratePcm arm64 /Users/admin/builder/spi-builder-workspace/.derivedData/ModuleCache.noindex/CoreFoundation-6WQE8HF67LMNPHZIT309JPA1G.pcm
SwiftExplicitDependencyGeneratePcm arm64 /Users/admin/builder/spi-builder-workspace/.derivedData/ModuleCache.noindex/XPC-4OR372T3KW4E30ZX5CKK9XHUN.pcm
SwiftExplicitDependencyGeneratePcm arm64 /Users/admin/builder/spi-builder-workspace/.derivedData/ModuleCache.noindex/Security-2CCOZO4ROMG7DXKWMFHZI294T.pcm
SwiftExplicitDependencyGeneratePcm arm64 /Users/admin/builder/spi-builder-workspace/.derivedData/ModuleCache.noindex/CFNetwork-EL1K5R3ZRNJ4NN5J1PQ5L9Z2W.pcm
SwiftExplicitDependencyGeneratePcm arm64 /Users/admin/builder/spi-builder-workspace/.derivedData/ModuleCache.noindex/Foundation-66W7LAR8ZCCUQBJSF6QN5FWXJ.pcm
SwiftEmitModule normal arm64 Emitting\ module\ for\ GoogleWKT (in target 'GoogleWKT' from project 'GoogleWKT')
EmitSwiftModule normal arm64 (in target 'GoogleWKT' from project 'GoogleWKT')
    cd /Users/admin/builder/spi-builder-workspace/.swiftpm/xcode

/Users/admin/builder/spi-builder-workspace/Sources/GoogleWKT/DecodeToDefault.swift:106:23: error: 'Int128' is only available in iOS 18.0 or newer
  func decode(_ type: Int128.Type) throws -> Int128 { return Int128() }
                      ^
/Users/admin/builder/spi-builder-workspace/Sources/GoogleWKT/DecodeToDefault.swift:106:8: note: add '@available' attribute to enclosing instance method
  func decode(_ type: Int128.Type) throws -> Int128 { return Int128() }
       ^
/Users/admin/builder/spi-builder-workspace/Sources/GoogleWKT/DecodeToDefault.swift:89:1: note: add '@available' attribute to enclosing extension
extension DecodeToDefault: SingleValueDecodingContainer {
^
/Users/admin/builder/spi-builder-workspace/Sources/GoogleWKT/DecodeToDefault.swift:106:46: error: 'Int128' is only available in iOS 18.0 or newer
  func decode(_ type: Int128.Type) throws -> Int128 { return Int128() }
                                             ^
/Users/admin/builder/spi-builder-workspace/Sources/GoogleWKT/DecodeToDefault.swift:106:8: note: add '@available' attribute to enclosing instance method
  func decode(_ type: Int128.Type) throws -> Int128 { return Int128() }
       ^
/Users/admin/builder/spi-builder-workspace/Sources/GoogleWKT/DecodeToDefault.swift:89:1: note: add '@available' attribute to enclosing extension
extension DecodeToDefault: SingleValueDecodingContainer {
^
/Users/admin/builder/spi-builder-workspace/Sources/GoogleWKT/DecodeToDefault.swift:107:23: error: 'UInt128' is only available in iOS 18.0 or newer
  func decode(_ type: UInt128.Type) throws -> UInt128 { return UInt128() }
                      ^
/Users/admin/builder/spi-builder-workspace/Sources/GoogleWKT/DecodeToDefault.swift:107:8: note: add '@available' attribute to enclosing instance method
  func decode(_ type: UInt128.Type) throws -> UInt128 { return UInt128() }
       ^
/Users/admin/builder/spi-builder-workspace/Sources/GoogleWKT/DecodeToDefault.swift:89:1: note: add '@available' attribute to enclosing extension
extension DecodeToDefault: SingleValueDecodingContainer {
^
/Users/admin/builder/spi-builder-workspace/Sources/GoogleWKT/DecodeToDefault.swift:107:47: error: 'UInt128' is only available in iOS 18.0 or newer
  func decode(_ type: UInt128.Type) throws -> UInt128 { return UInt128() }
                                              ^
/Users/admin/builder/spi-builder-workspace/Sources/GoogleWKT/DecodeToDefault.swift:107:8: note: add '@available' attribute to enclosing instance method
  func decode(_ type: UInt128.Type) throws -> UInt128 { return UInt128() }
       ^
/Users/admin/builder/spi-builder-workspace/Sources/GoogleWKT/DecodeToDefault.swift:89:1: note: add '@available' attribute to enclosing extension
extension DecodeToDefault: SingleValueDecodingContainer {
^
/Users/admin/builder/spi-builder-workspace/Sources/GoogleWKT/ProtoJSONDecoder.swift:135:23: error: 'Int128' is only available in iOS 18.0 or newer
  func decode(_ type: Int128.Type) throws -> Int128 { try decodeGeneric(type) }
                      ^
/Users/admin/builder/spi-builder-workspace/Sources/GoogleWKT/ProtoJSONDecoder.swift:135:8: note: add '@available' attribute to enclosing instance method
  func decode(_ type: Int128.Type) throws -> Int128 { try decodeGeneric(type) }
       ^
/Users/admin/builder/spi-builder-workspace/Sources/GoogleWKT/ProtoJSONDecoder.swift:105:1: note: add '@available' attribute to enclosing extension
extension InternalSingleValueContainer: SingleValueDecodingContainer {
^
/Users/admin/builder/spi-builder-workspace/Sources/GoogleWKT/ProtoJSONDecoder.swift:135:46: error: 'Int128' is only available in iOS 18.0 or newer
  func decode(_ type: Int128.Type) throws -> Int128 { try decodeGeneric(type) }
                                             ^
/Users/admin/builder/spi-builder-workspace/Sources/GoogleWKT/ProtoJSONDecoder.swift:135:8: note: add '@available' attribute to enclosing instance method
  func decode(_ type: Int128.Type) throws -> Int128 { try decodeGeneric(type) }
       ^
/Users/admin/builder/spi-builder-workspace/Sources/GoogleWKT/ProtoJSONDecoder.swift:105:1: note: add '@available' attribute to enclosing extension
extension InternalSingleValueContainer: SingleValueDecodingContainer {
^
/Users/admin/builder/spi-builder-workspace/Sources/GoogleWKT/ProtoJSONDecoder.swift:136:23: error: 'UInt128' is only available in iOS 18.0 or newer
  func decode(_ type: UInt128.Type) throws -> UInt128 { try decodeGeneric(type) }
                      ^
/Users/admin/builder/spi-builder-workspace/Sources/GoogleWKT/ProtoJSONDecoder.swift:136:8: note: add '@available' attribute to enclosing instance method
  func decode(_ type: UInt128.Type) throws -> UInt128 { try decodeGeneric(type) }
       ^
/Users/admin/builder/spi-builder-workspace/Sources/GoogleWKT/ProtoJSONDecoder.swift:105:1: note: add '@available' attribute to enclosing extension
extension InternalSingleValueContainer: SingleValueDecodingContainer {
^
/Users/admin/builder/spi-builder-workspace/Sources/GoogleWKT/ProtoJSONDecoder.swift:136:47: error: 'UInt128' is only available in iOS 18.0 or newer
  func decode(_ type: UInt128.Type) throws -> UInt128 { try decodeGeneric(type) }
                                              ^
/Users/admin/builder/spi-builder-workspace/Sources/GoogleWKT/ProtoJSONDecoder.swift:136:8: note: add '@available' attribute to enclosing instance method
  func decode(_ type: UInt128.Type) throws -> UInt128 { try decodeGeneric(type) }
       ^
/Users/admin/builder/spi-builder-workspace/Sources/GoogleWKT/ProtoJSONDecoder.swift:105:1: note: add '@available' attribute to enclosing extension
extension InternalSingleValueContainer: SingleValueDecodingContainer {
^
/Users/admin/builder/spi-builder-workspace/Sources/GoogleWKT/ProtoJSONEncoder.swift:26:65: error: 'withoutEscapingSlashes' is only available in iOS 13.0 or newer
  public var outputFormatting: JSONEncoder.OutputFormatting = [.withoutEscapingSlashes]
                                                                ^
/Users/admin/builder/spi-builder-workspace/Sources/GoogleWKT/ProtoJSONEncoder.swift:25:47: note: add '@available' attribute to enclosing class
@_spi(GoogleCloudInternal) final public class _ProtoJSONEncoder {
                                              ^
/Users/admin/builder/spi-builder-workspace/Sources/GoogleWKT/WKTDuration.swift:143:32: error: 'IntegerFormatStyle' is only available in iOS 15.0 or newer
private let nanosFormatStyle = IntegerFormatStyle<Int32>(locale: Locale(identifier: "en_US_POSIX"))
                               ^
/Users/admin/builder/spi-builder-workspace/Sources/GoogleWKT/WKTDuration.swift:143:13: note: add '@available' attribute to enclosing let
private let nanosFormatStyle = IntegerFormatStyle<Int32>(locale: Locale(identifier: "en_US_POSIX"))
            ^
/Users/admin/builder/spi-builder-workspace/Sources/GoogleWKT/WKTTimestamp.swift:331:30: error: 'IntegerFormatStyle' is only available in iOS 15.0 or newer
private let fourDigitStyle = IntegerFormatStyle<Int>(locale: Locale(identifier: "en_US_POSIX"))
                             ^
/Users/admin/builder/spi-builder-workspace/Sources/GoogleWKT/WKTTimestamp.swift:331:13: note: add '@available' attribute to enclosing let
private let fourDigitStyle = IntegerFormatStyle<Int>(locale: Locale(identifier: "en_US_POSIX"))
            ^
/Users/admin/builder/spi-builder-workspace/Sources/GoogleWKT/WKTTimestamp.swift:335:29: error: 'IntegerFormatStyle' is only available in iOS 15.0 or newer
private let twoDigitStyle = IntegerFormatStyle<Int>(locale: Locale(identifier: "en_US_POSIX"))
                            ^
/Users/admin/builder/spi-builder-workspace/Sources/GoogleWKT/WKTTimestamp.swift:335:13: note: add '@available' attribute to enclosing let
private let twoDigitStyle = IntegerFormatStyle<Int>(locale: Locale(identifier: "en_US_POSIX"))
            ^
Failed frontend command:
/Applications/Xcode-26.5.0.app/Contents/Developer/Toolchains/XcodeDefault.xctoolchain/usr/bin/swift-frontend -frontend -emit-module -experimental-skip-non-inlinable-function-bodies-without-types /Users/admin/builder/spi-builder-workspace/Sources/GoogleWKT/AnyPackable.swift /Users/admin/builder/spi-builder-workspace/Sources/GoogleWKT/DecodeToDefault.swift /Users/admin/builder/spi-builder-workspace/Sources/GoogleWKT/DiscoveryBase64.swift /Users/admin/builder/spi-builder-workspace/Sources/GoogleWKT/ProtoJSONDecoder.swift /Users/admin/builder/spi-builder-workspace/Sources/GoogleWKT/ProtoJSONEncoder.swift /Users/admin/builder/spi-builder-workspace/Sources/GoogleWKT/UnknownFields.swift /Users/admin/builder/spi-builder-workspace/Sources/GoogleWKT/WKTAny.swift /Users/admin/builder/spi-builder-workspace/Sources/GoogleWKT/WKTAnyError.swift /Users/admin/builder/spi-builder-workspace/Sources/GoogleWKT/WKTBoolValue.swift /Users/admin/builder/spi-builder-workspace/Sources/GoogleWKT/WKTBytesValue.swift /Users/admin/builder/spi-builder-workspace/Sources/GoogleWKT/WKTDoubleValue.swift /Users/admin/builder/spi-builder-workspace/Sources/GoogleWKT/WKTDuration.swift /Users/admin/builder/spi-builder-workspace/Sources/GoogleWKT/WKTEmpty.swift /Users/admin/builder/spi-builder-workspace/Sources/GoogleWKT/WKTFieldMask.swift /Users/admin/builder/spi-builder-workspace/Sources/GoogleWKT/WKTFloatValue.swift /Users/admin/builder/spi-builder-workspace/Sources/GoogleWKT/WKTInt32Value.swift /Users/admin/builder/spi-builder-workspace/Sources/GoogleWKT/WKTInt64Value.swift /Users/admin/builder/spi-builder-workspace/Sources/GoogleWKT/WKTRecursive.swift /Users/admin/builder/spi-builder-workspace/Sources/GoogleWKT/WKTStringValue.swift /Users/admin/builder/spi-builder-workspace/Sources/GoogleWKT/WKTTimestamp.swift /Users/admin/builder/spi-builder-workspace/Sources/GoogleWKT/WKTUInt32Value.swift /Users/admin/builder/spi-builder-workspace/Sources/GoogleWKT/WKTUInt64Value.swift /Users/admin/builder/spi-builder-workspace/Sources/GoogleWKT/WKTValue.swift /Users/admin/builder/spi-builder-workspace/Sources/GoogleWKT/generated/messages/WKTApi.swift /Users/admin/builder/spi-builder-workspace/Sources/GoogleWKT/generated/messages/WKTEnum.swift /Users/admin/builder/spi-builder-workspace/Sources/GoogleWKT/generated/messages/WKTEnumValue.swift /Users/admin/builder/spi-builder-workspace/Sources/GoogleWKT/generated/messages/WKTField.swift /Users/admin/builder/spi-builder-workspace/Sources/GoogleWKT/generated/messages/WKTMethod.swift /Users/admin/builder/spi-builder-workspace/Sources/GoogleWKT/generated/messages/WKTMixin.swift /Users/admin/builder/spi-builder-workspace/Sources/GoogleWKT/generated/messages/WKTOption.swift /Users/admin/builder/spi-builder-workspace/Sources/GoogleWKT/generated/messages/WKTSourceContext.swift /Users/admin/builder/spi-builder-workspace/Sources/GoogleWKT/generated/messages/WKTSyntax.swift /Users/admin/builder/spi-builder-workspace/Sources/GoogleWKT/generated/messages/WKTType.swift /Users/admin/builder/spi-builder-workspace/Sources/GoogleWKT/generated/version/PackageVersion.swift -target arm64-apple-ios12.0 -load-resolved-plugin /Applications/Xcode-26.5.0.app/Contents/Developer/Platforms/iPhoneOS.platform/Developer/usr/lib/swift/host/plugins/libFoundationMacros.dylib\#/Applications/Xcode-26.5.0.app/Contents/Developer/Platforms/iPhoneOS.platform/Developer/usr/bin/swift-plugin-server\#FoundationMacros -load-resolved-plugin /Applications/Xcode-26.5.0.app/Contents/Developer/Platforms/iPhoneOS.platform/Developer/usr/lib/swift/host/plugins/libObservationMacros.dylib\#/Applications/Xcode-26.5.0.app/Contents/Developer/Platforms/iPhoneOS.platform/Developer/usr/bin/swift-plugin-server\#ObservationMacros -load-resolved-plugin /Applications/Xcode-26.5.0.app/Contents/Developer/Platforms/iPhoneOS.platform/Developer/usr/lib/swift/host/plugins/libSwiftMacros.dylib\#/Applications/Xcode-26.5.0.app/Contents/Developer/Platforms/iPhoneOS.platform/Developer/usr/bin/swift-plugin-server\#SwiftMacros -disable-implicit-swift-modules -Xcc -fno-implicit-modules -Xcc -fno-implicit-module-maps -explicit-swift-module-map-file /Users/admin/builder/spi-builder-workspace/.derivedData/Build/Intermediates.noindex/GoogleWKT.build/Debug-iphoneos/GoogleWKT.build/Objects-normal/arm64/GoogleWKT-dependencies-1.json -Xllvm -aarch64-use-tbi -enable-objc-interop -sdk /Applications/Xcode-26.5.0.app/Contents/Developer/Platforms/iPhoneOS.platform/Developer/SDKs/iPhoneOS26.5.sdk -I /Users/admin/builder/spi-builder-workspace/.derivedData/Build/Products/Debug-iphoneos -Isystem /Applications/Xcode-26.5.0.app/Contents/Developer/Platforms/iPhoneOS.platform/Developer/usr/lib -F /Users/admin/builder/spi-builder-workspace/.derivedData/Build/Products/Debug-iphoneos/PackageFrameworks -F /Users/admin/builder/spi-builder-workspace/.derivedData/Build/Products/Debug-iphoneos -F /Applications/Xcode-26.5.0.app/Contents/Developer/Platforms/iPhoneOS.platform/Developer/Library/Frameworks -F /Applications/Xcode-26.5.0.app/Contents/Developer/Platforms/iPhoneOS.platform/Developer/SDKs/iPhoneOS26.5.sdk/Developer/Library/Frameworks -no-color-diagnostics -Xcc -fno-color-diagnostics -enable-testing -g -debug-info-format\=dwarf -dwarf-version\=4 -module-cache-path /Users/admin/builder/spi-builder-workspace/.derivedData/Build/Intermediates.noindex/SwiftExplicitPrecompiledModules -profile-generate -profile-coverage-mapping -swift-version 6 -Onone -D SWIFT_PACKAGE -D DEBUG -D SWIFT_MODULE_RESOURCE_BUNDLE_UNAVAILABLE -D Xcode -serialize-debugging-options -const-gather-protocols-file /Users/admin/builder/spi-builder-workspace/.derivedData/Build/Intermediates.noindex/GoogleWKT.build/Debug-iphoneos/GoogleWKT.build/Objects-normal/arm64/GoogleWKT_const_extract_protocols.json -enable-upcoming-feature ExistentialAny -enable-upcoming-feature InternalImportsByDefault -enable-upcoming-feature MemberImportVisibility -enable-upcoming-feature NonisolatedNonsendingByDefault -enable-experimental-feature DebugDescriptionMacro -strict-memory-safety -empty-abi-descriptor -validate-clang-modules-once -clang-build-session-file /Users/admin/builder/spi-builder-workspace/.derivedData/ModuleCache.noindex/Session.modulevalidation -Xcc -working-directory -Xcc /Users/admin/builder/spi-builder-workspace/.swiftpm/xcode -enable-anonymous-context-mangled-names -file-compilation-dir /Users/admin/builder/spi-builder-workspace/.swiftpm/xcode -Xcc -D_LIBCPP_HARDENING_MODE\=_LIBCPP_HARDENING_MODE_DEBUG -Xcc -ivfsstatcache -Xcc /Users/admin/builder/spi-builder-workspace/.derivedData/SDKStatCaches.noindex/iphoneos26.5-23F73-688ef53f1462e2c8f657fdc38a81448f4c45d850e2e7789d6a212355aba405ad.sdkstatcache -Xcc -I/Users/admin/builder/spi-builder-workspace/.derivedData/Build/Intermediates.noindex/GoogleWKT.build/Debug-iphoneos/GoogleWKT.build/swift-overrides.hmap -Xcc -I/Users/admin/builder/spi-builder-workspace/.derivedData/Build/Products/Debug-iphoneos/include -Xcc -I/Users/admin/builder/spi-builder-workspace/.derivedData/Build/Intermediates.noindex/GoogleWKT.build/Debug-iphoneos/GoogleWKT.build/DerivedSources-normal/arm64 -Xcc -I/Users/admin/builder/spi-builder-workspace/.derivedData/Build/Intermediates.noindex/GoogleWKT.build/Debug-iphoneos/GoogleWKT.build/DerivedSources/arm64 -Xcc -I/Users/admin/builder/spi-builder-workspace/.derivedData/Build/Intermediates.noindex/GoogleWKT.build/Debug-iphoneos/GoogleWKT.build/DerivedSources -Xcc -DSWIFT_PACKAGE -Xcc -DDEBUG\=1 -no-auto-bridging-header-chaining -module-name GoogleWKT -package-name spi_builder_workspace -frontend-parseable-output -disable-clang-spi -clang-target arm64-apple-ios26.5 -target-sdk-version 26.5 -target-sdk-name iphoneos26.5 -in-process-plugin-server-path /Applications/Xcode-26.5.0.app/Contents/Developer/Toolchains/XcodeDefault.xctoolchain/usr/lib/swift/host/libSwiftInProcPluginServer.dylib -emit-module-doc-path /Users/admin/builder/spi-builder-workspace/.derivedData/Build/Intermediates.noindex/GoogleWKT.build/Debug-iphoneos/GoogleWKT.build/Objects-normal/arm64/GoogleWKT.swiftdoc -emit-module-source-info-path /Users/admin/builder/spi-builder-workspace/.derivedData/Build/Intermediates.noindex/GoogleWKT.build/Debug-iphoneos/GoogleWKT.build/Objects-normal/arm64/GoogleWKT.swiftsourceinfo -emit-objc-header-path /Users/admin/builder/spi-builder-workspace/.derivedData/Build/Intermediates.noindex/GoogleWKT.build/Debug-iphoneos/GoogleWKT.build/Objects-normal/arm64/GoogleWKT-Swift.h -serialize-diagnostics-path /Users/admin/builder/spi-builder-workspace/.derivedData/Build/Intermediates.noindex/GoogleWKT.build/Debug-iphoneos/GoogleWKT.build/Objects-normal/arm64/GoogleWKT-primary-emit-module.dia -emit-dependencies-path /Users/admin/builder/spi-builder-workspace/.derivedData/Build/Intermediates.noindex/GoogleWKT.build/Debug-iphoneos/GoogleWKT.build/Objects-normal/arm64/GoogleWKT-primary-emit-module.d -o /Users/admin/builder/spi-builder-workspace/.derivedData/Build/Intermediates.noindex/GoogleWKT.build/Debug-iphoneos/GoogleWKT.build/Objects-normal/arm64/GoogleWKT.swiftmodule -emit-abi-descriptor-path /Users/admin/builder/spi-builder-workspace/.derivedData/Build/Intermediates.noindex/GoogleWKT.build/Debug-iphoneos/GoogleWKT.build/Objects-normal/arm64/GoogleWKT.abi.json
SwiftCompile normal arm64 Compiling\ WKTEnumValue.swift,\ WKTField.swift,\ WKTMethod.swift /Users/admin/builder/spi-builder-workspace/Sources/GoogleWKT/generated/messages/WKTEnumValue.swift /Users/admin/builder/spi-builder-workspace/Sources/GoogleWKT/generated/messages/WKTField.swift /Users/admin/builder/spi-builder-workspace/Sources/GoogleWKT/generated/messages/WKTMethod.swift (in target 'GoogleWKT' from project 'GoogleWKT')
SwiftCompile normal arm64 /Users/admin/builder/spi-builder-workspace/Sources/GoogleWKT/generated/messages/WKTEnumValue.swift (in target 'GoogleWKT' from project 'GoogleWKT')
    cd /Users/admin/builder/spi-builder-workspace/.swiftpm/xcode

SwiftCompile normal arm64 /Users/admin/builder/spi-builder-workspace/Sources/GoogleWKT/generated/messages/WKTField.swift (in target 'GoogleWKT' from project 'GoogleWKT')
    cd /Users/admin/builder/spi-builder-workspace/.swiftpm/xcode

SwiftCompile normal arm64 /Users/admin/builder/spi-builder-workspace/Sources/GoogleWKT/generated/messages/WKTMethod.swift (in target 'GoogleWKT' from project 'GoogleWKT')
    cd /Users/admin/builder/spi-builder-workspace/.swiftpm/xcode

SwiftCompile normal arm64 Compiling\ WKTSyntax.swift,\ WKTType.swift,\ PackageVersion.swift /Users/admin/builder/spi-builder-workspace/Sources/GoogleWKT/generated/messages/WKTSyntax.swift /Users/admin/builder/spi-builder-workspace/Sources/GoogleWKT/generated/messages/WKTType.swift /Users/admin/builder/spi-builder-workspace/Sources/GoogleWKT/generated/version/PackageVersion.swift (in target 'GoogleWKT' from project 'GoogleWKT')
SwiftCompile normal arm64 /Users/admin/builder/spi-builder-workspace/Sources/GoogleWKT/generated/messages/WKTSyntax.swift (in target 'GoogleWKT' from project 'GoogleWKT')
    cd /Users/admin/builder/spi-builder-workspace/.swiftpm/xcode

SwiftCompile normal arm64 /Users/admin/builder/spi-builder-workspace/Sources/GoogleWKT/generated/messages/WKTType.swift (in target 'GoogleWKT' from project 'GoogleWKT')
    cd /Users/admin/builder/spi-builder-workspace/.swiftpm/xcode

SwiftCompile normal arm64 /Users/admin/builder/spi-builder-workspace/Sources/GoogleWKT/generated/version/PackageVersion.swift (in target 'GoogleWKT' from project 'GoogleWKT')
    cd /Users/admin/builder/spi-builder-workspace/.swiftpm/xcode

SwiftCompile normal arm64 Compiling\ WKTMixin.swift,\ WKTOption.swift,\ WKTSourceContext.swift /Users/admin/builder/spi-builder-workspace/Sources/GoogleWKT/generated/messages/WKTMixin.swift /Users/admin/builder/spi-builder-workspace/Sources/GoogleWKT/generated/messages/WKTOption.swift /Users/admin/builder/spi-builder-workspace/Sources/GoogleWKT/generated/messages/WKTSourceContext.swift (in target 'GoogleWKT' from project 'GoogleWKT')
SwiftCompile normal arm64 /Users/admin/builder/spi-builder-workspace/Sources/GoogleWKT/generated/messages/WKTMixin.swift (in target 'GoogleWKT' from project 'GoogleWKT')
    cd /Users/admin/builder/spi-builder-workspace/.swiftpm/xcode

SwiftCompile normal arm64 /Users/admin/builder/spi-builder-workspace/Sources/GoogleWKT/generated/messages/WKTOption.swift (in target 'GoogleWKT' from project 'GoogleWKT')
    cd /Users/admin/builder/spi-builder-workspace/.swiftpm/xcode

SwiftCompile normal arm64 /Users/admin/builder/spi-builder-workspace/Sources/GoogleWKT/generated/messages/WKTSourceContext.swift (in target 'GoogleWKT' from project 'GoogleWKT')
    cd /Users/admin/builder/spi-builder-workspace/.swiftpm/xcode

SwiftCompile normal arm64 Compiling\ WKTTimestamp.swift,\ WKTUInt32Value.swift,\ WKTUInt64Value.swift /Users/admin/builder/spi-builder-workspace/Sources/GoogleWKT/WKTTimestamp.swift /Users/admin/builder/spi-builder-workspace/Sources/GoogleWKT/WKTUInt32Value.swift /Users/admin/builder/spi-builder-workspace/Sources/GoogleWKT/WKTUInt64Value.swift (in target 'GoogleWKT' from project 'GoogleWKT')
SwiftCompile normal arm64 /Users/admin/builder/spi-builder-workspace/Sources/GoogleWKT/WKTTimestamp.swift (in target 'GoogleWKT' from project 'GoogleWKT')
    cd /Users/admin/builder/spi-builder-workspace/.swiftpm/xcode

SwiftCompile normal arm64 /Users/admin/builder/spi-builder-workspace/Sources/GoogleWKT/WKTUInt32Value.swift (in target 'GoogleWKT' from project 'GoogleWKT')
    cd /Users/admin/builder/spi-builder-workspace/.swiftpm/xcode

SwiftCompile normal arm64 /Users/admin/builder/spi-builder-workspace/Sources/GoogleWKT/WKTUInt64Value.swift (in target 'GoogleWKT' from project 'GoogleWKT')
    cd /Users/admin/builder/spi-builder-workspace/.swiftpm/xcode

SwiftCompile normal arm64 Compiling\ WKTInt64Value.swift,\ WKTRecursive.swift,\ WKTStringValue.swift /Users/admin/builder/spi-builder-workspace/Sources/GoogleWKT/WKTInt64Value.swift /Users/admin/builder/spi-builder-workspace/Sources/GoogleWKT/WKTRecursive.swift /Users/admin/builder/spi-builder-workspace/Sources/GoogleWKT/WKTStringValue.swift (in target 'GoogleWKT' from project 'GoogleWKT')
SwiftCompile normal arm64 /Users/admin/builder/spi-builder-workspace/Sources/GoogleWKT/WKTInt64Value.swift (in target 'GoogleWKT' from project 'GoogleWKT')
    cd /Users/admin/builder/spi-builder-workspace/.swiftpm/xcode

SwiftCompile normal arm64 /Users/admin/builder/spi-builder-workspace/Sources/GoogleWKT/WKTRecursive.swift (in target 'GoogleWKT' from project 'GoogleWKT')
    cd /Users/admin/builder/spi-builder-workspace/.swiftpm/xcode

SwiftCompile normal arm64 /Users/admin/builder/spi-builder-workspace/Sources/GoogleWKT/WKTStringValue.swift (in target 'GoogleWKT' from project 'GoogleWKT')
    cd /Users/admin/builder/spi-builder-workspace/.swiftpm/xcode

SwiftCompile normal arm64 Compiling\ WKTEmpty.swift,\ WKTFieldMask.swift,\ WKTFloatValue.swift,\ WKTInt32Value.swift /Users/admin/builder/spi-builder-workspace/Sources/GoogleWKT/WKTEmpty.swift /Users/admin/builder/spi-builder-workspace/Sources/GoogleWKT/WKTFieldMask.swift /Users/admin/builder/spi-builder-workspace/Sources/GoogleWKT/WKTFloatValue.swift /Users/admin/builder/spi-builder-workspace/Sources/GoogleWKT/WKTInt32Value.swift (in target 'GoogleWKT' from project 'GoogleWKT')
SwiftCompile normal arm64 /Users/admin/builder/spi-builder-workspace/Sources/GoogleWKT/WKTEmpty.swift (in target 'GoogleWKT' from project 'GoogleWKT')
    cd /Users/admin/builder/spi-builder-workspace/.swiftpm/xcode

SwiftCompile normal arm64 /Users/admin/builder/spi-builder-workspace/Sources/GoogleWKT/WKTFieldMask.swift (in target 'GoogleWKT' from project 'GoogleWKT')
    cd /Users/admin/builder/spi-builder-workspace/.swiftpm/xcode

SwiftCompile normal arm64 /Users/admin/builder/spi-builder-workspace/Sources/GoogleWKT/WKTFloatValue.swift (in target 'GoogleWKT' from project 'GoogleWKT')
    cd /Users/admin/builder/spi-builder-workspace/.swiftpm/xcode

SwiftCompile normal arm64 /Users/admin/builder/spi-builder-workspace/Sources/GoogleWKT/WKTInt32Value.swift (in target 'GoogleWKT' from project 'GoogleWKT')
    cd /Users/admin/builder/spi-builder-workspace/.swiftpm/xcode

SwiftCompile normal arm64 Compiling\ WKTValue.swift,\ WKTApi.swift,\ WKTEnum.swift /Users/admin/builder/spi-builder-workspace/Sources/GoogleWKT/WKTValue.swift /Users/admin/builder/spi-builder-workspace/Sources/GoogleWKT/generated/messages/WKTApi.swift /Users/admin/builder/spi-builder-workspace/Sources/GoogleWKT/generated/messages/WKTEnum.swift (in target 'GoogleWKT' from project 'GoogleWKT')
SwiftCompile normal arm64 /Users/admin/builder/spi-builder-workspace/Sources/GoogleWKT/WKTValue.swift (in target 'GoogleWKT' from project 'GoogleWKT')
    cd /Users/admin/builder/spi-builder-workspace/.swiftpm/xcode

SwiftCompile normal arm64 /Users/admin/builder/spi-builder-workspace/Sources/GoogleWKT/generated/messages/WKTApi.swift (in target 'GoogleWKT' from project 'GoogleWKT')
    cd /Users/admin/builder/spi-builder-workspace/.swiftpm/xcode

SwiftCompile normal arm64 /Users/admin/builder/spi-builder-workspace/Sources/GoogleWKT/generated/messages/WKTEnum.swift (in target 'GoogleWKT' from project 'GoogleWKT')
    cd /Users/admin/builder/spi-builder-workspace/.swiftpm/xcode

SwiftCompile normal arm64 Compiling\ ProtoJSONEncoder.swift,\ UnknownFields.swift,\ WKTAny.swift,\ WKTAnyError.swift /Users/admin/builder/spi-builder-workspace/Sources/GoogleWKT/ProtoJSONEncoder.swift /Users/admin/builder/spi-builder-workspace/Sources/GoogleWKT/UnknownFields.swift /Users/admin/builder/spi-builder-workspace/Sources/GoogleWKT/WKTAny.swift /Users/admin/builder/spi-builder-workspace/Sources/GoogleWKT/WKTAnyError.swift (in target 'GoogleWKT' from project 'GoogleWKT')
SwiftCompile normal arm64 /Users/admin/builder/spi-builder-workspace/Sources/GoogleWKT/ProtoJSONEncoder.swift (in target 'GoogleWKT' from project 'GoogleWKT')
    cd /Users/admin/builder/spi-builder-workspace/.swiftpm/xcode

SwiftCompile normal arm64 /Users/admin/builder/spi-builder-workspace/Sources/GoogleWKT/UnknownFields.swift (in target 'GoogleWKT' from project 'GoogleWKT')
    cd /Users/admin/builder/spi-builder-workspace/.swiftpm/xcode

SwiftCompile normal arm64 /Users/admin/builder/spi-builder-workspace/Sources/GoogleWKT/WKTAny.swift (in target 'GoogleWKT' from project 'GoogleWKT')
    cd /Users/admin/builder/spi-builder-workspace/.swiftpm/xcode

SwiftCompile normal arm64 /Users/admin/builder/spi-builder-workspace/Sources/GoogleWKT/WKTAnyError.swift (in target 'GoogleWKT' from project 'GoogleWKT')
    cd /Users/admin/builder/spi-builder-workspace/.swiftpm/xcode

SwiftCompile normal arm64 Compiling\ AnyPackable.swift,\ DecodeToDefault.swift,\ DiscoveryBase64.swift,\ ProtoJSONDecoder.swift /Users/admin/builder/spi-builder-workspace/Sources/GoogleWKT/AnyPackable.swift /Users/admin/builder/spi-builder-workspace/Sources/GoogleWKT/DecodeToDefault.swift /Users/admin/builder/spi-builder-workspace/Sources/GoogleWKT/DiscoveryBase64.swift /Users/admin/builder/spi-builder-workspace/Sources/GoogleWKT/ProtoJSONDecoder.swift (in target 'GoogleWKT' from project 'GoogleWKT')
SwiftCompile normal arm64 /Users/admin/builder/spi-builder-workspace/Sources/GoogleWKT/AnyPackable.swift (in target 'GoogleWKT' from project 'GoogleWKT')
    cd /Users/admin/builder/spi-builder-workspace/.swiftpm/xcode

SwiftCompile normal arm64 /Users/admin/builder/spi-builder-workspace/Sources/GoogleWKT/DecodeToDefault.swift (in target 'GoogleWKT' from project 'GoogleWKT')
    cd /Users/admin/builder/spi-builder-workspace/.swiftpm/xcode

SwiftCompile normal arm64 /Users/admin/builder/spi-builder-workspace/Sources/GoogleWKT/DiscoveryBase64.swift (in target 'GoogleWKT' from project 'GoogleWKT')
    cd /Users/admin/builder/spi-builder-workspace/.swiftpm/xcode

SwiftCompile normal arm64 /Users/admin/builder/spi-builder-workspace/Sources/GoogleWKT/ProtoJSONDecoder.swift (in target 'GoogleWKT' from project 'GoogleWKT')
    cd /Users/admin/builder/spi-builder-workspace/.swiftpm/xcode

SwiftCompile normal arm64 Compiling\ WKTBoolValue.swift,\ WKTBytesValue.swift,\ WKTDoubleValue.swift,\ WKTDuration.swift /Users/admin/builder/spi-builder-workspace/Sources/GoogleWKT/WKTBoolValue.swift /Users/admin/builder/spi-builder-workspace/Sources/GoogleWKT/WKTBytesValue.swift /Users/admin/builder/spi-builder-workspace/Sources/GoogleWKT/WKTDoubleValue.swift /Users/admin/builder/spi-builder-workspace/Sources/GoogleWKT/WKTDuration.swift (in target 'GoogleWKT' from project 'GoogleWKT')
2026-10-12 00:41:27.393 xcodebuild[701:4142] [MT] IDERunDestination: Supported platforms for the buildables in the current scheme is empty.
** BUILD FAILED **
The following build commands failed:
	EmitSwiftModule normal arm64 (in target 'GoogleWKT' from project 'GoogleWKT')
	SwiftEmitModule normal arm64 Emitting\ module\ for\ GoogleWKT (in target 'GoogleWKT' from project 'GoogleWKT')
	Building workspace spi-builder-workspace with scheme GoogleWKT
(3 failures)
Command line invocation:
    /Applications/Xcode-26.5.0.app/Contents/Developer/usr/bin/xcodebuild -IDEClonedSourcePackagesDirPathOverride=/Users/admin/builder/spi-builder-workspace/.dependencies -resolvePackageDependencies
Resolve Package Graph
Resolved source packages:
  swift-extras-base64: https://github.com/swift-extras/swift-extras-base64 @ 1.2.0
  GoogleWKT: /Users/admin/builder/spi-builder-workspace
resolved source packages: swift-extras-base64, GoogleWKT
2026-10-12 00:41:33.908 xcodebuild[776:4503] [MT] IDERunDestination: Supported platforms for the buildables in the current scheme is empty.
{
  "dependencies" : [
    {
      "identity" : "swift-extras-base64",
      "requirement" : {
        "range" : [
          {
            "lower_bound" : "1.0.0",
            "upper_bound" : "2.0.0"
          }
        ]
      },
      "type" : "sourceControl",
      "url" : "https://github.com/swift-extras/swift-extras-base64"
    }
  ],
  "manifest_display_name" : "GoogleWKT",
  "name" : "GoogleWKT",
  "path" : "/Users/admin/builder/spi-builder-workspace",
  "platforms" : [
    {
      "name" : "macos",
      "version" : "15.0"
    }
  ],
  "products" : [
    {
      "name" : "GoogleWKT",
      "targets" : [
        "GoogleWKT"
      ],
      "type" : {
        "library" : [
          "automatic"
        ]
      }
    }
  ],
  "targets" : [
    {
      "c99name" : "GoogleWKTTests",
      "module_type" : "SwiftTarget",
      "name" : "GoogleWKTTests",
      "path" : "Tests",
      "sources" : [
        "Any/BasicMessage.swift",
        "DiscoveryBase64Tests.swift",
        "ProtoJSONDecoder.swift",
        "ProtoJSONDecoder/MapPrimitives.swift",
        "ProtoJSONDecoder/OptionalPrimitives.swift",
        "ProtoJSONDecoder/RepeatedPrimitives.swift",
        "ProtoJSONDecoder/RequiredPrimitives.swift",
        "ProtoJSONEncoderTest.swift",
        "UnknownFieldsTests.swift",
        "WKTAnyTests.swift",
        "WKTBoolValueTests.swift",
        "WKTBytesValueTests.swift",
        "WKTDoubleValueTests.swift",
        "WKTDurationTests.swift",
        "WKTEmptyTests.swift",
        "WKTErrorTests.swift",
        "WKTFieldMaskTests.swift",
        "WKTFloatValueTests.swift",
        "WKTInt32ValueTests.swift",
        "WKTInt64ValueTests.swift",
        "WKTRecursiveMutationTests.swift",
        "WKTRecursiveTests.swift",
        "WKTStringValueTests.swift",
        "WKTTimestampTests.swift",
        "WKTUInt32ValueTests.swift",
        "WKTUInt64ValueTests.swift",
        "WKTValueTests.swift"
      ],
      "target_dependencies" : [
        "GoogleWKT"
      ],
      "type" : "test"
    },
    {
      "c99name" : "GoogleWKT",
      "module_type" : "SwiftTarget",
      "name" : "GoogleWKT",
      "path" : "Sources/GoogleWKT",
      "product_dependencies" : [
        "ExtrasBase64"
      ],
      "product_memberships" : [
        "GoogleWKT"
      ],
      "sources" : [
        "AnyPackable.swift",
        "DecodeToDefault.swift",
        "DiscoveryBase64.swift",
        "ProtoJSONDecoder.swift",
        "ProtoJSONEncoder.swift",
        "UnknownFields.swift",
        "WKTAny.swift",
        "WKTAnyError.swift",
        "WKTBoolValue.swift",
        "WKTBytesValue.swift",
        "WKTDoubleValue.swift",
        "WKTDuration.swift",
        "WKTEmpty.swift",
        "WKTFieldMask.swift",
        "WKTFloatValue.swift",
        "WKTInt32Value.swift",
        "WKTInt64Value.swift",
        "WKTRecursive.swift",
        "WKTStringValue.swift",
        "WKTTimestamp.swift",
        "WKTUInt32Value.swift",
        "WKTUInt64Value.swift",
        "WKTValue.swift",
        "generated/messages/WKTApi.swift",
        "generated/messages/WKTEnum.swift",
        "generated/messages/WKTEnumValue.swift",
        "generated/messages/WKTField.swift",
        "generated/messages/WKTMethod.swift",
        "generated/messages/WKTMixin.swift",
        "generated/messages/WKTOption.swift",
        "generated/messages/WKTSourceContext.swift",
        "generated/messages/WKTSyntax.swift",
        "generated/messages/WKTType.swift",
        "generated/version/PackageVersion.swift"
      ],
      "type" : "library"
    }
  ],
  "tools_version" : "6.2"
}
{
  "workspace" : {
    "name" : "spi-builder-workspace",
    "schemes" : [
      "GoogleWKT"
    ]
  }
}
2026-10-12 00:41:35.040 xcodebuild[789:4587] [MT] IDERunDestination: Supported platforms for the buildables in the current scheme is empty.
Running build ...
env DEVELOPER_DIR=/Applications/Xcode-26.5.0.app xcrun xcodebuild -IDEClonedSourcePackagesDirPathOverride=$PWD/.dependencies -skipMacroValidation -skipPackagePluginValidation -derivedDataPath $PWD/.derivedData build -scheme GoogleWKT -destination generic/platform=iOS
Command line invocation:
    /Applications/Xcode-26.5.0.app/Contents/Developer/usr/bin/xcodebuild -IDEClonedSourcePackagesDirPathOverride=/Users/admin/builder/spi-builder-workspace/.dependencies -skipMacroValidation -skipPackagePluginValidation -derivedDataPath /Users/admin/builder/spi-builder-workspace/.derivedData build -scheme GoogleWKT -destination generic/platform=iOS
Resolve Package Graph
Resolved source packages:
  swift-extras-base64: https://github.com/swift-extras/swift-extras-base64 @ 1.2.0
  GoogleWKT: /Users/admin/builder/spi-builder-workspace
ComputePackagePrebuildTargetDependencyGraph
Prepare packages
CreateBuildRequest
SendProjectDescription
CreateBuildOperation
ComputeTargetDependencyGraph
note: Building targets in dependency order
note: Target dependency graph (4 targets)
    Target 'GoogleWKT' in project 'GoogleWKT'
        ➜ Explicit dependency on target 'GoogleWKT' in project 'GoogleWKT'
        ➜ Explicit dependency on target 'ExtrasBase64' in project 'swift-extras-base64'
    Target 'GoogleWKT' in project 'GoogleWKT'
        ➜ Explicit dependency on target 'ExtrasBase64' in project 'swift-extras-base64'
    Target 'ExtrasBase64' in project 'swift-extras-base64'
        ➜ Explicit dependency on target 'ExtrasBase64' in project 'swift-extras-base64'
    Target 'ExtrasBase64' in project 'swift-extras-base64' (no dependencies)
GatherProvisioningInputs
CreateBuildDescription
ClangStatCache /Applications/Xcode-26.5.0.app/Contents/Developer/Toolchains/XcodeDefault.xctoolchain/usr/bin/clang-stat-cache /Applications/Xcode-26.5.0.app/Contents/Developer/Platforms/iPhoneOS.platform/Developer/SDKs/iPhoneOS26.5.sdk /Users/admin/builder/spi-builder-workspace/.derivedData/SDKStatCaches.noindex/iphoneos26.5-23F73-688ef53f1462e2c8f657fdc38a81448f4c45d850e2e7789d6a212355aba405ad.sdkstatcache
    cd /Users/admin/builder/spi-builder-workspace/.swiftpm/xcode
    /Applications/Xcode-26.5.0.app/Contents/Developer/Toolchains/XcodeDefault.xctoolchain/usr/bin/clang-stat-cache /Applications/Xcode-26.5.0.app/Contents/Developer/Platforms/iPhoneOS.platform/Developer/SDKs/iPhoneOS26.5.sdk -o /Users/admin/builder/spi-builder-workspace/.derivedData/SDKStatCaches.noindex/iphoneos26.5-23F73-688ef53f1462e2c8f657fdc38a81448f4c45d850e2e7789d6a212355aba405ad.sdkstatcache
SwiftDriver GoogleWKT normal arm64 com.apple.xcode.tools.swift.compiler (in target 'GoogleWKT' from project 'GoogleWKT')
    cd /Users/admin/builder/spi-builder-workspace/.swiftpm/xcode
    builtin-SwiftDriver -- /Applications/Xcode-26.5.0.app/Contents/Developer/Toolchains/XcodeDefault.xctoolchain/usr/bin/swiftc -module-name GoogleWKT -Onone @/Users/admin/builder/spi-builder-workspace/.derivedData/Build/Intermediates.noindex/GoogleWKT.build/Debug-iphoneos/GoogleWKT.build/Objects-normal/arm64/GoogleWKT.SwiftFileList -DSWIFT_PACKAGE -DDEBUG -DSWIFT_MODULE_RESOURCE_BUNDLE_UNAVAILABLE -DXcode -enable-upcoming-feature ExistentialAny -enable-upcoming-feature InternalImportsByDefault -enable-upcoming-feature MemberImportVisibility -enable-upcoming-feature NonisolatedNonsendingByDefault -strict-memory-safety -plugin-path /Applications/Xcode-26.5.0.app/Contents/Developer/Toolchains/XcodeDefault.xctoolchain/usr/lib/swift/host/plugins/testing -enable-experimental-feature DebugDescriptionMacro -sdk /Applications/Xcode-26.5.0.app/Contents/Developer/Platforms/iPhoneOS.platform/Developer/SDKs/iPhoneOS26.5.sdk -target arm64-apple-ios12.0 -g -module-cache-path /Users/admin/builder/spi-builder-workspace/.derivedData/ModuleCache.noindex -Xfrontend -serialize-debugging-options -profile-coverage-mapping -profile-generate -enable-testing -index-store-path /Users/admin/builder/spi-builder-workspace/.derivedData/Index.noindex/DataStore -Xcc -D_LIBCPP_HARDENING_MODE\=_LIBCPP_HARDENING_MODE_DEBUG -swift-version 6 -I /Users/admin/builder/spi-builder-workspace/.derivedData/Build/Products/Debug-iphoneos -Isystem /Applications/Xcode-26.5.0.app/Contents/Developer/Platforms/iPhoneOS.platform/Developer/usr/lib -F /Users/admin/builder/spi-builder-workspace/.derivedData/Build/Products/Debug-iphoneos/PackageFrameworks -F /Users/admin/builder/spi-builder-workspace/.derivedData/Build/Products/Debug-iphoneos -F /Applications/Xcode-26.5.0.app/Contents/Developer/Platforms/iPhoneOS.platform/Developer/Library/Frameworks -F /Applications/Xcode-26.5.0.app/Contents/Developer/Platforms/iPhoneOS.platform/Developer/SDKs/iPhoneOS26.5.sdk/Developer/Library/Frameworks -c -j10 -enable-batch-mode -incremental -Xcc -ivfsstatcache -Xcc /Users/admin/builder/spi-builder-workspace/.derivedData/SDKStatCaches.noindex/iphoneos26.5-23F73-688ef53f1462e2c8f657fdc38a81448f4c45d850e2e7789d6a212355aba405ad.sdkstatcache -output-file-map /Users/admin/builder/spi-builder-workspace/.derivedData/Build/Intermediates.noindex/GoogleWKT.build/Debug-iphoneos/GoogleWKT.build/Objects-normal/arm64/GoogleWKT-OutputFileMap.json -use-frontend-parseable-output -save-temps -no-color-diagnostics -explicit-module-build -module-cache-path /Users/admin/builder/spi-builder-workspace/.derivedData/Build/Intermediates.noindex/SwiftExplicitPrecompiledModules -clang-scanner-module-cache-path /Users/admin/builder/spi-builder-workspace/.derivedData/ModuleCache.noindex -sdk-module-cache-path /Users/admin/builder/spi-builder-workspace/.derivedData/ModuleCache.noindex -serialize-diagnostics -emit-dependencies -emit-module -emit-module-path /Users/admin/builder/spi-builder-workspace/.derivedData/Build/Intermediates.noindex/GoogleWKT.build/Debug-iphoneos/GoogleWKT.build/Objects-normal/arm64/GoogleWKT.swiftmodule -validate-clang-modules-once -clang-build-session-file /Users/admin/builder/spi-builder-workspace/.derivedData/ModuleCache.noindex/Session.modulevalidation -package-name spi_builder_workspace -Xcc -I/Users/admin/builder/spi-builder-workspace/.derivedData/Build/Intermediates.noindex/GoogleWKT.build/Debug-iphoneos/GoogleWKT.build/swift-overrides.hmap -emit-const-values -Xfrontend -const-gather-protocols-file -Xfrontend /Users/admin/builder/spi-builder-workspace/.derivedData/Build/Intermediates.noindex/GoogleWKT.build/Debug-iphoneos/GoogleWKT.build/Objects-normal/arm64/GoogleWKT_const_extract_protocols.json -Xcc -I/Users/admin/builder/spi-builder-workspace/.derivedData/Build/Products/Debug-iphoneos/include -Xcc -I/Users/admin/builder/spi-builder-workspace/.derivedData/Build/Intermediates.noindex/GoogleWKT.build/Debug-iphoneos/GoogleWKT.build/DerivedSources-normal/arm64 -Xcc -I/Users/admin/builder/spi-builder-workspace/.derivedData/Build/Intermediates.noindex/GoogleWKT.build/Debug-iphoneos/GoogleWKT.build/DerivedSources/arm64 -Xcc -I/Users/admin/builder/spi-builder-workspace/.derivedData/Build/Intermediates.noindex/GoogleWKT.build/Debug-iphoneos/GoogleWKT.build/DerivedSources -Xcc -DSWIFT_PACKAGE -Xcc -DDEBUG\=1 -emit-objc-header -emit-objc-header-path /Users/admin/builder/spi-builder-workspace/.derivedData/Build/Intermediates.noindex/GoogleWKT.build/Debug-iphoneos/GoogleWKT.build/Objects-normal/arm64/GoogleWKT-Swift.h -working-directory /Users/admin/builder/spi-builder-workspace/.swiftpm/xcode -experimental-emit-module-separately -disable-cmo
SwiftCompile normal arm64 Compiling\ ProtoJSONEncoder.swift,\ UnknownFields.swift,\ WKTAny.swift,\ WKTAnyError.swift /Users/admin/builder/spi-builder-workspace/Sources/GoogleWKT/ProtoJSONEncoder.swift /Users/admin/builder/spi-builder-workspace/Sources/GoogleWKT/UnknownFields.swift /Users/admin/builder/spi-builder-workspace/Sources/GoogleWKT/WKTAny.swift /Users/admin/builder/spi-builder-workspace/Sources/GoogleWKT/WKTAnyError.swift (in target 'GoogleWKT' from project 'GoogleWKT')
SwiftCompile normal arm64 /Users/admin/builder/spi-builder-workspace/Sources/GoogleWKT/ProtoJSONEncoder.swift (in target 'GoogleWKT' from project 'GoogleWKT')
    cd /Users/admin/builder/spi-builder-workspace/.swiftpm/xcode

SwiftCompile normal arm64 /Users/admin/builder/spi-builder-workspace/Sources/GoogleWKT/UnknownFields.swift (in target 'GoogleWKT' from project 'GoogleWKT')
    cd /Users/admin/builder/spi-builder-workspace/.swiftpm/xcode

SwiftCompile normal arm64 /Users/admin/builder/spi-builder-workspace/Sources/GoogleWKT/WKTAny.swift (in target 'GoogleWKT' from project 'GoogleWKT')
    cd /Users/admin/builder/spi-builder-workspace/.swiftpm/xcode

SwiftCompile normal arm64 /Users/admin/builder/spi-builder-workspace/Sources/GoogleWKT/WKTAnyError.swift (in target 'GoogleWKT' from project 'GoogleWKT')
    cd /Users/admin/builder/spi-builder-workspace/.swiftpm/xcode

SwiftCompile normal arm64 Compiling\ WKTEmpty.swift,\ WKTFieldMask.swift,\ WKTFloatValue.swift,\ WKTInt32Value.swift /Users/admin/builder/spi-builder-workspace/Sources/GoogleWKT/WKTEmpty.swift /Users/admin/builder/spi-builder-workspace/Sources/GoogleWKT/WKTFieldMask.swift /Users/admin/builder/spi-builder-workspace/Sources/GoogleWKT/WKTFloatValue.swift /Users/admin/builder/spi-builder-workspace/Sources/GoogleWKT/WKTInt32Value.swift (in target 'GoogleWKT' from project 'GoogleWKT')
SwiftCompile normal arm64 /Users/admin/builder/spi-builder-workspace/Sources/GoogleWKT/WKTEmpty.swift (in target 'GoogleWKT' from project 'GoogleWKT')
    cd /Users/admin/builder/spi-builder-workspace/.swiftpm/xcode

SwiftCompile normal arm64 /Users/admin/builder/spi-builder-workspace/Sources/GoogleWKT/WKTFieldMask.swift (in target 'GoogleWKT' from project 'GoogleWKT')
    cd /Users/admin/builder/spi-builder-workspace/.swiftpm/xcode

SwiftCompile normal arm64 /Users/admin/builder/spi-builder-workspace/Sources/GoogleWKT/WKTFloatValue.swift (in target 'GoogleWKT' from project 'GoogleWKT')
    cd /Users/admin/builder/spi-builder-workspace/.swiftpm/xcode

SwiftCompile normal arm64 /Users/admin/builder/spi-builder-workspace/Sources/GoogleWKT/WKTInt32Value.swift (in target 'GoogleWKT' from project 'GoogleWKT')
    cd /Users/admin/builder/spi-builder-workspace/.swiftpm/xcode

SwiftCompile normal arm64 Compiling\ AnyPackable.swift,\ DecodeToDefault.swift,\ DiscoveryBase64.swift,\ ProtoJSONDecoder.swift /Users/admin/builder/spi-builder-workspace/Sources/GoogleWKT/AnyPackable.swift /Users/admin/builder/spi-builder-workspace/Sources/GoogleWKT/DecodeToDefault.swift /Users/admin/builder/spi-builder-workspace/Sources/GoogleWKT/DiscoveryBase64.swift /Users/admin/builder/spi-builder-workspace/Sources/GoogleWKT/ProtoJSONDecoder.swift (in target 'GoogleWKT' from project 'GoogleWKT')
SwiftCompile normal arm64 /Users/admin/builder/spi-builder-workspace/Sources/GoogleWKT/AnyPackable.swift (in target 'GoogleWKT' from project 'GoogleWKT')
    cd /Users/admin/builder/spi-builder-workspace/.swiftpm/xcode

SwiftCompile normal arm64 /Users/admin/builder/spi-builder-workspace/Sources/GoogleWKT/DecodeToDefault.swift (in target 'GoogleWKT' from project 'GoogleWKT')
    cd /Users/admin/builder/spi-builder-workspace/.swiftpm/xcode

SwiftCompile normal arm64 /Users/admin/builder/spi-builder-workspace/Sources/GoogleWKT/DiscoveryBase64.swift (in target 'GoogleWKT' from project 'GoogleWKT')
    cd /Users/admin/builder/spi-builder-workspace/.swiftpm/xcode

SwiftCompile normal arm64 /Users/admin/builder/spi-builder-workspace/Sources/GoogleWKT/ProtoJSONDecoder.swift (in target 'GoogleWKT' from project 'GoogleWKT')
    cd /Users/admin/builder/spi-builder-workspace/.swiftpm/xcode

SwiftCompile normal arm64 Compiling\ WKTBoolValue.swift,\ WKTBytesValue.swift,\ WKTDoubleValue.swift,\ WKTDuration.swift /Users/admin/builder/spi-builder-workspace/Sources/GoogleWKT/WKTBoolValue.swift /Users/admin/builder/spi-builder-workspace/Sources/GoogleWKT/WKTBytesValue.swift /Users/admin/builder/spi-builder-workspace/Sources/GoogleWKT/WKTDoubleValue.swift /Users/admin/builder/spi-builder-workspace/Sources/GoogleWKT/WKTDuration.swift (in target 'GoogleWKT' from project 'GoogleWKT')
SwiftCompile normal arm64 /Users/admin/builder/spi-builder-workspace/Sources/GoogleWKT/WKTBoolValue.swift (in target 'GoogleWKT' from project 'GoogleWKT')
    cd /Users/admin/builder/spi-builder-workspace/.swiftpm/xcode

SwiftCompile normal arm64 /Users/admin/builder/spi-builder-workspace/Sources/GoogleWKT/WKTBytesValue.swift (in target 'GoogleWKT' from project 'GoogleWKT')
    cd /Users/admin/builder/spi-builder-workspace/.swiftpm/xcode

SwiftCompile normal arm64 /Users/admin/builder/spi-builder-workspace/Sources/GoogleWKT/WKTDoubleValue.swift (in target 'GoogleWKT' from project 'GoogleWKT')
    cd /Users/admin/builder/spi-builder-workspace/.swiftpm/xcode

SwiftCompile normal arm64 /Users/admin/builder/spi-builder-workspace/Sources/GoogleWKT/WKTDuration.swift (in target 'GoogleWKT' from project 'GoogleWKT')
    cd /Users/admin/builder/spi-builder-workspace/.swiftpm/xcode

SwiftCompile normal arm64 Compiling\ WKTInt64Value.swift,\ WKTRecursive.swift,\ WKTStringValue.swift /Users/admin/builder/spi-builder-workspace/Sources/GoogleWKT/WKTInt64Value.swift /Users/admin/builder/spi-builder-workspace/Sources/GoogleWKT/WKTRecursive.swift /Users/admin/builder/spi-builder-workspace/Sources/GoogleWKT/WKTStringValue.swift (in target 'GoogleWKT' from project 'GoogleWKT')
SwiftCompile normal arm64 /Users/admin/builder/spi-builder-workspace/Sources/GoogleWKT/WKTInt64Value.swift (in target 'GoogleWKT' from project 'GoogleWKT')
    cd /Users/admin/builder/spi-builder-workspace/.swiftpm/xcode

SwiftCompile normal arm64 /Users/admin/builder/spi-builder-workspace/Sources/GoogleWKT/WKTRecursive.swift (in target 'GoogleWKT' from project 'GoogleWKT')
    cd /Users/admin/builder/spi-builder-workspace/.swiftpm/xcode

SwiftCompile normal arm64 /Users/admin/builder/spi-builder-workspace/Sources/GoogleWKT/WKTStringValue.swift (in target 'GoogleWKT' from project 'GoogleWKT')
    cd /Users/admin/builder/spi-builder-workspace/.swiftpm/xcode

SwiftEmitModule normal arm64 Emitting\ module\ for\ GoogleWKT (in target 'GoogleWKT' from project 'GoogleWKT')
Failed frontend command:
/Applications/Xcode-26.5.0.app/Contents/Developer/Toolchains/XcodeDefault.xctoolchain/usr/bin/swift-frontend -frontend -emit-module -experimental-skip-non-inlinable-function-bodies-without-types /Users/admin/builder/spi-builder-workspace/Sources/GoogleWKT/AnyPackable.swift /Users/admin/builder/spi-builder-workspace/Sources/GoogleWKT/DecodeToDefault.swift /Users/admin/builder/spi-builder-workspace/Sources/GoogleWKT/DiscoveryBase64.swift /Users/admin/builder/spi-builder-workspace/Sources/GoogleWKT/ProtoJSONDecoder.swift /Users/admin/builder/spi-builder-workspace/Sources/GoogleWKT/ProtoJSONEncoder.swift /Users/admin/builder/spi-builder-workspace/Sources/GoogleWKT/UnknownFields.swift /Users/admin/builder/spi-builder-workspace/Sources/GoogleWKT/WKTAny.swift /Users/admin/builder/spi-builder-workspace/Sources/GoogleWKT/WKTAnyError.swift /Users/admin/builder/spi-builder-workspace/Sources/GoogleWKT/WKTBoolValue.swift /Users/admin/builder/spi-builder-workspace/Sources/GoogleWKT/WKTBytesValue.swift /Users/admin/builder/spi-builder-workspace/Sources/GoogleWKT/WKTDoubleValue.swift /Users/admin/builder/spi-builder-workspace/Sources/GoogleWKT/WKTDuration.swift /Users/admin/builder/spi-builder-workspace/Sources/GoogleWKT/WKTEmpty.swift /Users/admin/builder/spi-builder-workspace/Sources/GoogleWKT/WKTFieldMask.swift /Users/admin/builder/spi-builder-workspace/Sources/GoogleWKT/WKTFloatValue.swift /Users/admin/builder/spi-builder-workspace/Sources/GoogleWKT/WKTInt32Value.swift /Users/admin/builder/spi-builder-workspace/Sources/GoogleWKT/WKTInt64Value.swift /Users/admin/builder/spi-builder-workspace/Sources/GoogleWKT/WKTRecursive.swift /Users/admin/builder/spi-builder-workspace/Sources/GoogleWKT/WKTStringValue.swift /Users/admin/builder/spi-builder-workspace/Sources/GoogleWKT/WKTTimestamp.swift /Users/admin/builder/spi-builder-workspace/Sources/GoogleWKT/WKTUInt32Value.swift /Users/admin/builder/spi-builder-workspace/Sources/GoogleWKT/WKTUInt64Value.swift /Users/admin/builder/spi-builder-workspace/Sources/GoogleWKT/WKTValue.swift /Users/admin/builder/spi-builder-workspace/Sources/GoogleWKT/generated/messages/WKTApi.swift /Users/admin/builder/spi-builder-workspace/Sources/GoogleWKT/generated/messages/WKTEnum.swift /Users/admin/builder/spi-builder-workspace/Sources/GoogleWKT/generated/messages/WKTEnumValue.swift /Users/admin/builder/spi-builder-workspace/Sources/GoogleWKT/generated/messages/WKTField.swift /Users/admin/builder/spi-builder-workspace/Sources/GoogleWKT/generated/messages/WKTMethod.swift /Users/admin/builder/spi-builder-workspace/Sources/GoogleWKT/generated/messages/WKTMixin.swift /Users/admin/builder/spi-builder-workspace/Sources/GoogleWKT/generated/messages/WKTOption.swift /Users/admin/builder/spi-builder-workspace/Sources/GoogleWKT/generated/messages/WKTSourceContext.swift /Users/admin/builder/spi-builder-workspace/Sources/GoogleWKT/generated/messages/WKTSyntax.swift /Users/admin/builder/spi-builder-workspace/Sources/GoogleWKT/generated/messages/WKTType.swift /Users/admin/builder/spi-builder-workspace/Sources/GoogleWKT/generated/version/PackageVersion.swift -target arm64-apple-ios12.0 -load-resolved-plugin /Applications/Xcode-26.5.0.app/Contents/Developer/Platforms/iPhoneOS.platform/Developer/usr/lib/swift/host/plugins/libFoundationMacros.dylib\#/Applications/Xcode-26.5.0.app/Contents/Developer/Platforms/iPhoneOS.platform/Developer/usr/bin/swift-plugin-server\#FoundationMacros -load-resolved-plugin /Applications/Xcode-26.5.0.app/Contents/Developer/Platforms/iPhoneOS.platform/Developer/usr/lib/swift/host/plugins/libObservationMacros.dylib\#/Applications/Xcode-26.5.0.app/Contents/Developer/Platforms/iPhoneOS.platform/Developer/usr/bin/swift-plugin-server\#ObservationMacros -load-resolved-plugin /Applications/Xcode-26.5.0.app/Contents/Developer/Platforms/iPhoneOS.platform/Developer/usr/lib/swift/host/plugins/libSwiftMacros.dylib\#/Applications/Xcode-26.5.0.app/Contents/Developer/Platforms/iPhoneOS.platform/Developer/usr/bin/swift-plugin-server\#SwiftMacros -disable-implicit-swift-modules -Xcc -fno-implicit-modules -Xcc -fno-implicit-module-maps -explicit-swift-module-map-file /Users/admin/builder/spi-builder-workspace/.derivedData/Build/Intermediates.noindex/GoogleWKT.build/Debug-iphoneos/GoogleWKT.build/Objects-normal/arm64/GoogleWKT-dependencies-1.json -Xllvm -aarch64-use-tbi -enable-objc-interop -sdk /Applications/Xcode-26.5.0.app/Contents/Developer/Platforms/iPhoneOS.platform/Developer/SDKs/iPhoneOS26.5.sdk -I /Users/admin/builder/spi-builder-workspace/.derivedData/Build/Products/Debug-iphoneos -Isystem /Applications/Xcode-26.5.0.app/Contents/Developer/Platforms/iPhoneOS.platform/Developer/usr/lib -F /Users/admin/builder/spi-builder-workspace/.derivedData/Build/Products/Debug-iphoneos/PackageFrameworks -F /Users/admin/builder/spi-builder-workspace/.derivedData/Build/Products/Debug-iphoneos -F /Applications/Xcode-26.5.0.app/Contents/Developer/Platforms/iPhoneOS.platform/Developer/Library/Frameworks -F /Applications/Xcode-26.5.0.app/Contents/Developer/Platforms/iPhoneOS.platform/Developer/SDKs/iPhoneOS26.5.sdk/Developer/Library/Frameworks -no-color-diagnostics -Xcc -fno-color-diagnostics -enable-testing -g -debug-info-format\=dwarf -dwarf-version\=4 -module-cache-path /Users/admin/builder/spi-builder-workspace/.derivedData/Build/Intermediates.noindex/SwiftExplicitPrecompiledModules -profile-generate -profile-coverage-mapping -swift-version 6 -Onone -D SWIFT_PACKAGE -D DEBUG -D SWIFT_MODULE_RESOURCE_BUNDLE_UNAVAILABLE -D Xcode -serialize-debugging-options -const-gather-protocols-file /Users/admin/builder/spi-builder-workspace/.derivedData/Build/Intermediates.noindex/GoogleWKT.build/Debug-iphoneos/GoogleWKT.build/Objects-normal/arm64/GoogleWKT_const_extract_protocols.json -enable-upcoming-feature ExistentialAny -enable-upcoming-feature InternalImportsByDefault -enable-upcoming-feature MemberImportVisibility -enable-upcoming-feature NonisolatedNonsendingByDefault -enable-experimental-feature DebugDescriptionMacro -strict-memory-safety -empty-abi-descriptor -validate-clang-modules-once -clang-build-session-file /Users/admin/builder/spi-builder-workspace/.derivedData/ModuleCache.noindex/Session.modulevalidation -Xcc -working-directory -Xcc /Users/admin/builder/spi-builder-workspace/.swiftpm/xcode -enable-anonymous-context-mangled-names -file-compilation-dir /Users/admin/builder/spi-builder-workspace/.swiftpm/xcode -Xcc -D_LIBCPP_HARDENING_MODE\=_LIBCPP_HARDENING_MODE_DEBUG -Xcc -ivfsstatcache -Xcc /Users/admin/builder/spi-builder-workspace/.derivedData/SDKStatCaches.noindex/iphoneos26.5-23F73-688ef53f1462e2c8f657fdc38a81448f4c45d850e2e7789d6a212355aba405ad.sdkstatcache -Xcc -I/Users/admin/builder/spi-builder-workspace/.derivedData/Build/Intermediates.noindex/GoogleWKT.build/Debug-iphoneos/GoogleWKT.build/swift-overrides.hmap -Xcc -I/Users/admin/builder/spi-builder-workspace/.derivedData/Build/Products/Debug-iphoneos/include -Xcc -I/Users/admin/builder/spi-builder-workspace/.derivedData/Build/Intermediates.noindex/GoogleWKT.build/Debug-iphoneos/GoogleWKT.build/DerivedSources-normal/arm64 -Xcc -I/Users/admin/builder/spi-builder-workspace/.derivedData/Build/Intermediates.noindex/GoogleWKT.build/Debug-iphoneos/GoogleWKT.build/DerivedSources/arm64 -Xcc -I/Users/admin/builder/spi-builder-workspace/.derivedData/Build/Intermediates.noindex/GoogleWKT.build/Debug-iphoneos/GoogleWKT.build/DerivedSources -Xcc -DSWIFT_PACKAGE -Xcc -DDEBUG\=1 -no-auto-bridging-header-chaining -module-name GoogleWKT -package-name spi_builder_workspace -frontend-parseable-output -disable-clang-spi -clang-target arm64-apple-ios26.5 -target-sdk-version 26.5 -target-sdk-name iphoneos26.5 -in-process-plugin-server-path /Applications/Xcode-26.5.0.app/Contents/Developer/Toolchains/XcodeDefault.xctoolchain/usr/lib/swift/host/libSwiftInProcPluginServer.dylib -emit-module-doc-path /Users/admin/builder/spi-builder-workspace/.derivedData/Build/Intermediates.noindex/GoogleWKT.build/Debug-iphoneos/GoogleWKT.build/Objects-normal/arm64/GoogleWKT.swiftdoc -emit-module-source-info-path /Users/admin/builder/spi-builder-workspace/.derivedData/Build/Intermediates.noindex/GoogleWKT.build/Debug-iphoneos/GoogleWKT.build/Objects-normal/arm64/GoogleWKT.swiftsourceinfo -emit-objc-header-path /Users/admin/builder/spi-builder-workspace/.derivedData/Build/Intermediates.noindex/GoogleWKT.build/Debug-iphoneos/GoogleWKT.build/Objects-normal/arm64/GoogleWKT-Swift.h -serialize-diagnostics-path /Users/admin/builder/spi-builder-workspace/.derivedData/Build/Intermediates.noindex/GoogleWKT.build/Debug-iphoneos/GoogleWKT.build/Objects-normal/arm64/GoogleWKT-primary-emit-module.dia -emit-dependencies-path /Users/admin/builder/spi-builder-workspace/.derivedData/Build/Intermediates.noindex/GoogleWKT.build/Debug-iphoneos/GoogleWKT.build/Objects-normal/arm64/GoogleWKT-primary-emit-module.d -o /Users/admin/builder/spi-builder-workspace/.derivedData/Build/Intermediates.noindex/GoogleWKT.build/Debug-iphoneos/GoogleWKT.build/Objects-normal/arm64/GoogleWKT.swiftmodule -emit-abi-descriptor-path /Users/admin/builder/spi-builder-workspace/.derivedData/Build/Intermediates.noindex/GoogleWKT.build/Debug-iphoneos/GoogleWKT.build/Objects-normal/arm64/GoogleWKT.abi.json
EmitSwiftModule normal arm64 (in target 'GoogleWKT' from project 'GoogleWKT')
    cd /Users/admin/builder/spi-builder-workspace/.swiftpm/xcode

/Users/admin/builder/spi-builder-workspace/Sources/GoogleWKT/DecodeToDefault.swift:106:23: error: 'Int128' is only available in iOS 18.0 or newer
  func decode(_ type: Int128.Type) throws -> Int128 { return Int128() }
                      ^
/Users/admin/builder/spi-builder-workspace/Sources/GoogleWKT/DecodeToDefault.swift:106:8: note: add '@available' attribute to enclosing instance method
  func decode(_ type: Int128.Type) throws -> Int128 { return Int128() }
       ^
/Users/admin/builder/spi-builder-workspace/Sources/GoogleWKT/DecodeToDefault.swift:89:1: note: add '@available' attribute to enclosing extension
extension DecodeToDefault: SingleValueDecodingContainer {
^
/Users/admin/builder/spi-builder-workspace/Sources/GoogleWKT/DecodeToDefault.swift:106:46: error: 'Int128' is only available in iOS 18.0 or newer
  func decode(_ type: Int128.Type) throws -> Int128 { return Int128() }
                                             ^
/Users/admin/builder/spi-builder-workspace/Sources/GoogleWKT/DecodeToDefault.swift:106:8: note: add '@available' attribute to enclosing instance method
  func decode(_ type: Int128.Type) throws -> Int128 { return Int128() }
       ^
/Users/admin/builder/spi-builder-workspace/Sources/GoogleWKT/DecodeToDefault.swift:89:1: note: add '@available' attribute to enclosing extension
extension DecodeToDefault: SingleValueDecodingContainer {
^
/Users/admin/builder/spi-builder-workspace/Sources/GoogleWKT/DecodeToDefault.swift:107:23: error: 'UInt128' is only available in iOS 18.0 or newer
  func decode(_ type: UInt128.Type) throws -> UInt128 { return UInt128() }
                      ^
/Users/admin/builder/spi-builder-workspace/Sources/GoogleWKT/DecodeToDefault.swift:107:8: note: add '@available' attribute to enclosing instance method
  func decode(_ type: UInt128.Type) throws -> UInt128 { return UInt128() }
       ^
/Users/admin/builder/spi-builder-workspace/Sources/GoogleWKT/DecodeToDefault.swift:89:1: note: add '@available' attribute to enclosing extension
extension DecodeToDefault: SingleValueDecodingContainer {
^
/Users/admin/builder/spi-builder-workspace/Sources/GoogleWKT/DecodeToDefault.swift:107:47: error: 'UInt128' is only available in iOS 18.0 or newer
  func decode(_ type: UInt128.Type) throws -> UInt128 { return UInt128() }
                                              ^
/Users/admin/builder/spi-builder-workspace/Sources/GoogleWKT/DecodeToDefault.swift:107:8: note: add '@available' attribute to enclosing instance method
  func decode(_ type: UInt128.Type) throws -> UInt128 { return UInt128() }
       ^
/Users/admin/builder/spi-builder-workspace/Sources/GoogleWKT/DecodeToDefault.swift:89:1: note: add '@available' attribute to enclosing extension
extension DecodeToDefault: SingleValueDecodingContainer {
^
/Users/admin/builder/spi-builder-workspace/Sources/GoogleWKT/ProtoJSONDecoder.swift:135:23: error: 'Int128' is only available in iOS 18.0 or newer
  func decode(_ type: Int128.Type) throws -> Int128 { try decodeGeneric(type) }
                      ^
/Users/admin/builder/spi-builder-workspace/Sources/GoogleWKT/ProtoJSONDecoder.swift:135:8: note: add '@available' attribute to enclosing instance method
  func decode(_ type: Int128.Type) throws -> Int128 { try decodeGeneric(type) }
       ^
/Users/admin/builder/spi-builder-workspace/Sources/GoogleWKT/ProtoJSONDecoder.swift:105:1: note: add '@available' attribute to enclosing extension
extension InternalSingleValueContainer: SingleValueDecodingContainer {
^
/Users/admin/builder/spi-builder-workspace/Sources/GoogleWKT/ProtoJSONDecoder.swift:135:46: error: 'Int128' is only available in iOS 18.0 or newer
  func decode(_ type: Int128.Type) throws -> Int128 { try decodeGeneric(type) }
                                             ^
/Users/admin/builder/spi-builder-workspace/Sources/GoogleWKT/ProtoJSONDecoder.swift:135:8: note: add '@available' attribute to enclosing instance method
  func decode(_ type: Int128.Type) throws -> Int128 { try decodeGeneric(type) }
       ^
/Users/admin/builder/spi-builder-workspace/Sources/GoogleWKT/ProtoJSONDecoder.swift:105:1: note: add '@available' attribute to enclosing extension
extension InternalSingleValueContainer: SingleValueDecodingContainer {
^
/Users/admin/builder/spi-builder-workspace/Sources/GoogleWKT/ProtoJSONDecoder.swift:136:23: error: 'UInt128' is only available in iOS 18.0 or newer
  func decode(_ type: UInt128.Type) throws -> UInt128 { try decodeGeneric(type) }
                      ^
/Users/admin/builder/spi-builder-workspace/Sources/GoogleWKT/ProtoJSONDecoder.swift:136:8: note: add '@available' attribute to enclosing instance method
  func decode(_ type: UInt128.Type) throws -> UInt128 { try decodeGeneric(type) }
       ^
/Users/admin/builder/spi-builder-workspace/Sources/GoogleWKT/ProtoJSONDecoder.swift:105:1: note: add '@available' attribute to enclosing extension
extension InternalSingleValueContainer: SingleValueDecodingContainer {
^
/Users/admin/builder/spi-builder-workspace/Sources/GoogleWKT/ProtoJSONDecoder.swift:136:47: error: 'UInt128' is only available in iOS 18.0 or newer
  func decode(_ type: UInt128.Type) throws -> UInt128 { try decodeGeneric(type) }
                                              ^
/Users/admin/builder/spi-builder-workspace/Sources/GoogleWKT/ProtoJSONDecoder.swift:136:8: note: add '@available' attribute to enclosing instance method
  func decode(_ type: UInt128.Type) throws -> UInt128 { try decodeGeneric(type) }
       ^
/Users/admin/builder/spi-builder-workspace/Sources/GoogleWKT/ProtoJSONDecoder.swift:105:1: note: add '@available' attribute to enclosing extension
extension InternalSingleValueContainer: SingleValueDecodingContainer {
^
/Users/admin/builder/spi-builder-workspace/Sources/GoogleWKT/ProtoJSONEncoder.swift:26:65: error: 'withoutEscapingSlashes' is only available in iOS 13.0 or newer
  public var outputFormatting: JSONEncoder.OutputFormatting = [.withoutEscapingSlashes]
                                                                ^
/Users/admin/builder/spi-builder-workspace/Sources/GoogleWKT/ProtoJSONEncoder.swift:25:47: note: add '@available' attribute to enclosing class
@_spi(GoogleCloudInternal) final public class _ProtoJSONEncoder {
                                              ^
/Users/admin/builder/spi-builder-workspace/Sources/GoogleWKT/WKTDuration.swift:143:32: error: 'IntegerFormatStyle' is only available in iOS 15.0 or newer
private let nanosFormatStyle = IntegerFormatStyle<Int32>(locale: Locale(identifier: "en_US_POSIX"))
                               ^
/Users/admin/builder/spi-builder-workspace/Sources/GoogleWKT/WKTDuration.swift:143:13: note: add '@available' attribute to enclosing let
private let nanosFormatStyle = IntegerFormatStyle<Int32>(locale: Locale(identifier: "en_US_POSIX"))
            ^
/Users/admin/builder/spi-builder-workspace/Sources/GoogleWKT/WKTTimestamp.swift:331:30: error: 'IntegerFormatStyle' is only available in iOS 15.0 or newer
private let fourDigitStyle = IntegerFormatStyle<Int>(locale: Locale(identifier: "en_US_POSIX"))
                             ^
/Users/admin/builder/spi-builder-workspace/Sources/GoogleWKT/WKTTimestamp.swift:331:13: note: add '@available' attribute to enclosing let
private let fourDigitStyle = IntegerFormatStyle<Int>(locale: Locale(identifier: "en_US_POSIX"))
            ^
/Users/admin/builder/spi-builder-workspace/Sources/GoogleWKT/WKTTimestamp.swift:335:29: error: 'IntegerFormatStyle' is only available in iOS 15.0 or newer
private let twoDigitStyle = IntegerFormatStyle<Int>(locale: Locale(identifier: "en_US_POSIX"))
                            ^
/Users/admin/builder/spi-builder-workspace/Sources/GoogleWKT/WKTTimestamp.swift:335:13: note: add '@available' attribute to enclosing let
private let twoDigitStyle = IntegerFormatStyle<Int>(locale: Locale(identifier: "en_US_POSIX"))
            ^
SwiftCompile normal arm64 Compiling\ WKTEnumValue.swift,\ WKTField.swift,\ WKTMethod.swift /Users/admin/builder/spi-builder-workspace/Sources/GoogleWKT/generated/messages/WKTEnumValue.swift /Users/admin/builder/spi-builder-workspace/Sources/GoogleWKT/generated/messages/WKTField.swift /Users/admin/builder/spi-builder-workspace/Sources/GoogleWKT/generated/messages/WKTMethod.swift (in target 'GoogleWKT' from project 'GoogleWKT')
SwiftCompile normal arm64 /Users/admin/builder/spi-builder-workspace/Sources/GoogleWKT/generated/messages/WKTEnumValue.swift (in target 'GoogleWKT' from project 'GoogleWKT')
    cd /Users/admin/builder/spi-builder-workspace/.swiftpm/xcode

SwiftCompile normal arm64 /Users/admin/builder/spi-builder-workspace/Sources/GoogleWKT/generated/messages/WKTField.swift (in target 'GoogleWKT' from project 'GoogleWKT')
    cd /Users/admin/builder/spi-builder-workspace/.swiftpm/xcode

SwiftCompile normal arm64 /Users/admin/builder/spi-builder-workspace/Sources/GoogleWKT/generated/messages/WKTMethod.swift (in target 'GoogleWKT' from project 'GoogleWKT')
    cd /Users/admin/builder/spi-builder-workspace/.swiftpm/xcode

SwiftCompile normal arm64 Compiling\ WKTSyntax.swift,\ WKTType.swift,\ PackageVersion.swift /Users/admin/builder/spi-builder-workspace/Sources/GoogleWKT/generated/messages/WKTSyntax.swift /Users/admin/builder/spi-builder-workspace/Sources/GoogleWKT/generated/messages/WKTType.swift /Users/admin/builder/spi-builder-workspace/Sources/GoogleWKT/generated/version/PackageVersion.swift (in target 'GoogleWKT' from project 'GoogleWKT')
SwiftCompile normal arm64 /Users/admin/builder/spi-builder-workspace/Sources/GoogleWKT/generated/messages/WKTSyntax.swift (in target 'GoogleWKT' from project 'GoogleWKT')
    cd /Users/admin/builder/spi-builder-workspace/.swiftpm/xcode

SwiftCompile normal arm64 /Users/admin/builder/spi-builder-workspace/Sources/GoogleWKT/generated/messages/WKTType.swift (in target 'GoogleWKT' from project 'GoogleWKT')
    cd /Users/admin/builder/spi-builder-workspace/.swiftpm/xcode

SwiftCompile normal arm64 /Users/admin/builder/spi-builder-workspace/Sources/GoogleWKT/generated/version/PackageVersion.swift (in target 'GoogleWKT' from project 'GoogleWKT')
    cd /Users/admin/builder/spi-builder-workspace/.swiftpm/xcode

SwiftCompile normal arm64 Compiling\ WKTValue.swift,\ WKTApi.swift,\ WKTEnum.swift /Users/admin/builder/spi-builder-workspace/Sources/GoogleWKT/WKTValue.swift /Users/admin/builder/spi-builder-workspace/Sources/GoogleWKT/generated/messages/WKTApi.swift /Users/admin/builder/spi-builder-workspace/Sources/GoogleWKT/generated/messages/WKTEnum.swift (in target 'GoogleWKT' from project 'GoogleWKT')
SwiftCompile normal arm64 /Users/admin/builder/spi-builder-workspace/Sources/GoogleWKT/WKTValue.swift (in target 'GoogleWKT' from project 'GoogleWKT')
    cd /Users/admin/builder/spi-builder-workspace/.swiftpm/xcode

SwiftCompile normal arm64 /Users/admin/builder/spi-builder-workspace/Sources/GoogleWKT/generated/messages/WKTApi.swift (in target 'GoogleWKT' from project 'GoogleWKT')
    cd /Users/admin/builder/spi-builder-workspace/.swiftpm/xcode

SwiftCompile normal arm64 /Users/admin/builder/spi-builder-workspace/Sources/GoogleWKT/generated/messages/WKTEnum.swift (in target 'GoogleWKT' from project 'GoogleWKT')
    cd /Users/admin/builder/spi-builder-workspace/.swiftpm/xcode

SwiftCompile normal arm64 Compiling\ WKTTimestamp.swift,\ WKTUInt32Value.swift,\ WKTUInt64Value.swift /Users/admin/builder/spi-builder-workspace/Sources/GoogleWKT/WKTTimestamp.swift /Users/admin/builder/spi-builder-workspace/Sources/GoogleWKT/WKTUInt32Value.swift /Users/admin/builder/spi-builder-workspace/Sources/GoogleWKT/WKTUInt64Value.swift (in target 'GoogleWKT' from project 'GoogleWKT')
SwiftCompile normal arm64 /Users/admin/builder/spi-builder-workspace/Sources/GoogleWKT/WKTTimestamp.swift (in target 'GoogleWKT' from project 'GoogleWKT')
    cd /Users/admin/builder/spi-builder-workspace/.swiftpm/xcode

SwiftCompile normal arm64 /Users/admin/builder/spi-builder-workspace/Sources/GoogleWKT/WKTUInt32Value.swift (in target 'GoogleWKT' from project 'GoogleWKT')
    cd /Users/admin/builder/spi-builder-workspace/.swiftpm/xcode

SwiftCompile normal arm64 /Users/admin/builder/spi-builder-workspace/Sources/GoogleWKT/WKTUInt64Value.swift (in target 'GoogleWKT' from project 'GoogleWKT')
    cd /Users/admin/builder/spi-builder-workspace/.swiftpm/xcode

SwiftCompile normal arm64 Compiling\ WKTMixin.swift,\ WKTOption.swift,\ WKTSourceContext.swift /Users/admin/builder/spi-builder-workspace/Sources/GoogleWKT/generated/messages/WKTMixin.swift /Users/admin/builder/spi-builder-workspace/Sources/GoogleWKT/generated/messages/WKTOption.swift /Users/admin/builder/spi-builder-workspace/Sources/GoogleWKT/generated/messages/WKTSourceContext.swift (in target 'GoogleWKT' from project 'GoogleWKT')
2026-10-12 00:41:36.010 xcodebuild[796:4651] [MT] IDERunDestination: Supported platforms for the buildables in the current scheme is empty.
** BUILD FAILED **
The following build commands failed:
	SwiftEmitModule normal arm64 Emitting\ module\ for\ GoogleWKT (in target 'GoogleWKT' from project 'GoogleWKT')
	EmitSwiftModule normal arm64 (in target 'GoogleWKT' from project 'GoogleWKT')
	Building workspace spi-builder-workspace with scheme GoogleWKT
(3 failures)
BUILD FAILURE 6.3 iOS