The Swift Package Index logo.Swift Package Index

Build Information

Failed to build notifly_sdk, reference main (41372a), with Swift 6.1 for Wasm on 1 Oct 2026 08:23:15 UTC.

Build Command

bash -c docker run --pull=always --rm -v "checkouts-54344845-0":/host -w "$PWD" -e JAVA_HOME="/root/.sdkman/candidates/java/current" -e SPI_BUILD="1" -e SPI_PROCESSING="1" registry.gitlab.com/saguaro1/spi-images:wasm-6.1-latest swift build --swift-sdk wasm32-unknown-wasi 2>&1

Build Log

========================================
RunAll
========================================
Builder version: 5.1.1
Interrupt handler set up.
========================================
Checkout
========================================
Clone URL: https://github.com/team-michael/notifly-ios-sdk.git
Reference: main
Initialized empty Git repository in /host/spi-builder-workspace/.git/
hint: Using 'master' as the name for the initial branch. This default branch name
hint: is subject to change. To configure the initial branch name to use in all
hint: of your new repositories, which will suppress this warning, call:
hint:
hint: 	git config --global init.defaultBranch <name>
hint:
hint: Names commonly chosen instead of 'master' are 'main', 'trunk' and
hint: 'development'. The just-created branch can be renamed via this command:
hint:
hint: 	git branch -m <name>
From https://github.com/team-michael/notifly-ios-sdk
 * branch            main       -> FETCH_HEAD
 * [new branch]      main       -> origin/main
HEAD is now at 41372a2 chore: pin NotiflyCore 2.8.1 release asset
Submodule path 'notifly-kmp-sdk': checked out '31ab9044d49288434c5874daf7f37cafa8a0aa19'
Submodule 'notifly-kmp-sdk' (https://github.com/notifly-tech/notifly-kmp-sdk.git) registered for path 'notifly-kmp-sdk'
Cloning into '/host/spi-builder-workspace/notifly-kmp-sdk'...
Cloned https://github.com/team-michael/notifly-ios-sdk.git
Revision (git rev-parse @):
41372a20ba0dae01584cbeaec231f5a4179bb5bf
SUCCESS checkout https://github.com/team-michael/notifly-ios-sdk.git at main
========================================
Build
========================================
Selected platform:         wasm
Swift version:             6.1
Building package at path:  $PWD
https://github.com/team-michael/notifly-ios-sdk.git
https://github.com/team-michael/notifly-ios-sdk.git
WARNING: environment variable SUPPRESS_SWIFT_6_FLAGS is not set
Running build ...
bash -c docker run --pull=always --rm -v "checkouts-54344845-0":/host -w "$PWD" -e JAVA_HOME="/root/.sdkman/candidates/java/current" -e SPI_BUILD="1" -e SPI_PROCESSING="1" registry.gitlab.com/saguaro1/spi-images:wasm-6.1-latest swift build --swift-sdk wasm32-unknown-wasi -Xswiftc -Xfrontend -Xswiftc -stats-output-dir -Xswiftc -Xfrontend -Xswiftc .stats -Xswiftc -strict-concurrency=complete -Xswiftc -enable-upcoming-feature -Xswiftc StrictConcurrency -Xswiftc -enable-upcoming-feature -Xswiftc DisableOutwardActorInference -Xswiftc -enable-upcoming-feature -Xswiftc GlobalActorIsolatedTypesUsability -Xswiftc -enable-upcoming-feature -Xswiftc InferSendableFromCaptures 2>&1
wasm-6.1-latest: Pulling from saguaro1/spi-images
Digest: sha256:beceeede496da67681f4fa220a6b97cc098a0178841a413735f598dc6bbaf4c8
Status: Image is up to date for registry.gitlab.com/saguaro1/spi-images:wasm-6.1-latest
Fetching https://github.com/firebase/firebase-ios-sdk.git
[1/427351] Fetching firebase-ios-sdk
Fetched https://github.com/firebase/firebase-ios-sdk.git from cache (13.93s)
Computing version for https://github.com/firebase/firebase-ios-sdk.git
Computed https://github.com/firebase/firebase-ios-sdk.git at 12.19.2 (14.64s)
Fetching https://github.com/google/grpc-binary.git
Fetching https://github.com/google/abseil-cpp-binary.git
Fetching https://github.com/firebase/nanopb.git
Fetching https://github.com/google/interop-ios-for-google-sdks.git
Fetching https://github.com/google/app-check.git
Fetching https://github.com/firebase/leveldb.git
[1/8302] Fetching nanopb
[1413/11656] Fetching nanopb, leveldb
[1414/11959] Fetching nanopb, leveldb, interop-ios-for-google-sdks
[4000/18267] Fetching nanopb, leveldb, interop-ios-for-google-sdks, app-check
[4910/18374] Fetching nanopb, leveldb, interop-ios-for-google-sdks, app-check, abseil-cpp-binary
[5404/18537] Fetching nanopb, leveldb, interop-ios-for-google-sdks, app-check, abseil-cpp-binary, grpc-binary
Fetched https://github.com/firebase/leveldb.git from cache (0.59s)
Fetching https://github.com/google/gtm-session-fetcher.git
Fetched https://github.com/google/grpc-binary.git from cache (0.63s)
Fetching https://github.com/google/GoogleUtilities.git
Fetched https://github.com/google/abseil-cpp-binary.git from cache (0.63s)
Fetched https://github.com/google/interop-ios-for-google-sdks.git from cache (0.64s)
Fetched https://github.com/google/app-check.git from cache (0.64s)
Fetched https://github.com/firebase/nanopb.git from cache (0.64s)
Fetching https://github.com/google/GoogleDataTransport.git
Fetching https://github.com/google/promises.git
[1/6108] Fetching googledatatransport
[6109/11754] Fetching googledatatransport, googleutilities
[6392/16825] Fetching googledatatransport, googleutilities, gtm-session-fetcher
[7876/19283] Fetching googledatatransport, googleutilities, gtm-session-fetcher, promises
Fetched https://github.com/google/GoogleDataTransport.git from cache (0.55s)
Fetched https://github.com/google/promises.git from cache (0.55s)
Fetching https://github.com/google/GoogleAppMeasurement.git
Fetched https://github.com/google/GoogleUtilities.git from cache (0.57s)
Fetched https://github.com/google/gtm-session-fetcher.git from cache (0.70s)
[7/641] Fetching googleappmeasurement
Fetched https://github.com/google/GoogleAppMeasurement.git from cache (0.89s)
Computing version for https://github.com/google/interop-ios-for-google-sdks.git
Computed https://github.com/google/interop-ios-for-google-sdks.git at 101.0.0 (2.44s)
Computing version for https://github.com/google/abseil-cpp-binary.git
Computed https://github.com/google/abseil-cpp-binary.git at 1.2024072200.0 (0.24s)
Computing version for https://github.com/google/GoogleAppMeasurement.git
Computed https://github.com/google/GoogleAppMeasurement.git at 12.19.2 (0.24s)
Fetching https://github.com/googleads/google-ads-on-device-conversion-ios-sdk
[2/128] Fetching google-ads-on-device-conversion-ios-sdk
Fetched https://github.com/googleads/google-ads-on-device-conversion-ios-sdk from cache (0.43s)
Computing version for https://github.com/googleads/google-ads-on-device-conversion-ios-sdk
Computed https://github.com/googleads/google-ads-on-device-conversion-ios-sdk at 3.7.0 (0.69s)
Computing version for https://github.com/google/grpc-binary.git
Computed https://github.com/google/grpc-binary.git at 1.69.1 (0.24s)
Computing version for https://github.com/firebase/nanopb.git
Computed https://github.com/firebase/nanopb.git at 2.30910.1 (0.29s)
Computing version for https://github.com/google/GoogleUtilities.git
Computed https://github.com/google/GoogleUtilities.git at 8.1.4 (0.29s)
Computing version for https://github.com/google/GoogleDataTransport.git
Computed https://github.com/google/GoogleDataTransport.git at 10.1.1 (0.24s)
Computing version for https://github.com/google/promises.git
Computed https://github.com/google/promises.git at 2.4.1 (0.31s)
Computing version for https://github.com/google/app-check.git
Computed https://github.com/google/app-check.git at 11.3.2 (0.37s)
Computing version for https://github.com/firebase/leveldb.git
Computed https://github.com/firebase/leveldb.git at 1.22.5 (0.35s)
Computing version for https://github.com/google/gtm-session-fetcher.git
Computed https://github.com/google/gtm-session-fetcher.git at 5.3.1 (0.32s)
Creating working copy for https://github.com/google/GoogleAppMeasurement.git
Working copy of https://github.com/google/GoogleAppMeasurement.git resolved at 12.19.2
Creating working copy for https://github.com/firebase/nanopb.git
Working copy of https://github.com/firebase/nanopb.git resolved at 2.30910.1
Creating working copy for https://github.com/google/gtm-session-fetcher.git
Working copy of https://github.com/google/gtm-session-fetcher.git resolved at 5.3.1
Creating working copy for https://github.com/googleads/google-ads-on-device-conversion-ios-sdk
Working copy of https://github.com/googleads/google-ads-on-device-conversion-ios-sdk resolved at 3.7.0
Creating working copy for https://github.com/firebase/leveldb.git
Working copy of https://github.com/firebase/leveldb.git resolved at 1.22.5
Creating working copy for https://github.com/google/GoogleDataTransport.git
Working copy of https://github.com/google/GoogleDataTransport.git resolved at 10.1.1
Creating working copy for https://github.com/google/interop-ios-for-google-sdks.git
Working copy of https://github.com/google/interop-ios-for-google-sdks.git resolved at 101.0.0
Creating working copy for https://github.com/google/GoogleUtilities.git
Working copy of https://github.com/google/GoogleUtilities.git resolved at 8.1.4
Creating working copy for https://github.com/google/grpc-binary.git
Working copy of https://github.com/google/grpc-binary.git resolved at 1.69.1
Creating working copy for https://github.com/firebase/firebase-ios-sdk.git
Working copy of https://github.com/firebase/firebase-ios-sdk.git resolved at 12.19.2
Creating working copy for https://github.com/google/promises.git
Working copy of https://github.com/google/promises.git resolved at 2.4.1
Creating working copy for https://github.com/google/app-check.git
Working copy of https://github.com/google/app-check.git resolved at 11.3.2
Creating working copy for https://github.com/google/abseil-cpp-binary.git
Working copy of https://github.com/google/abseil-cpp-binary.git resolved at 1.2024072200.0
Downloading binary artifact https://dl.google.com/firebase/ios/swiftpm/12.19.2/GoogleAppMeasurement.zip
Downloading binary artifact https://dl.google.com/firebase/ios/bin/firestore/12.19.0/rc0/FirebaseFirestoreInternal.zip
Downloading binary artifact https://dl.google.com/firebase/ios/swiftpm/12.19.2/GoogleAppMeasurementIdentitySupport.zip
Downloading binary artifact https://dl.google.com/firebase/ios/appads/3.7.0/GoogleAdsOnDeviceConversion.zip
Downloading binary artifact https://dl.google.com/firebase/ios/bin/grpc/1.69.1/rc0/grpc.zip
Downloading binary artifact https://github.com/team-michael/notifly-ios-sdk/releases/download/2.8.1/NotiflyCore.xcframework.zip
Downloading binary artifact https://dl.google.com/firebase/ios/swiftpm/12.19.2/FirebaseAnalytics.zip
Downloading binary artifact https://dl.google.com/firebase/ios/bin/abseil/1.2024072200.0/rc0/absl.zip
Downloading binary artifact https://dl.google.com/firebase/ios/bin/grpc/1.69.1/rc0/openssl_grpc.zip
Downloading binary artifact https://dl.google.com/firebase/ios/bin/grpc/1.69.1/rc0/grpcpp.zip
[1354/1354] Downloading https://dl.google.com/firebase/ios/swiftpm/12.19.2/GoogleAppMeasurement.zip
[94984/94984] Downloading https://dl.google.com/firebase/ios/swiftpm/12.19.2/GoogleAppMeasurement.zip, https://dl.google.com/firebase/ios/appads/3.7.0/GoogleAdsOnDeviceConversion.zip
[279725/279725] Downloading https://dl.google.com/firebase/ios/swiftpm/12.19.2/GoogleAppMeasurement.zip, https://dl.google.com/firebase/ios/appads/3.7.0/GoogleAdsOnDeviceConversion.zip, https://dl.google.com/firebase/ios/bin/abseil/1.2024072200.0/rc0/absl.zip
[281079/281079] Downloading https://dl.google.com/firebase/ios/swiftpm/12.19.2/GoogleAppMeasurement.zip, https://dl.google.com/firebase/ios/appads/3.7.0/GoogleAdsOnDeviceConversion.zip, https://dl.google.com/firebase/ios/bin/abseil/1.2024072200.0/rc0/absl.zip, https://dl.google.com/firebase/ios/bin/firestore/12.19.0/rc0/FirebaseFirestoreInternal.zip
[648230/648230] Downloading https://dl.google.com/firebase/ios/swiftpm/12.19.2/GoogleAppMeasurement.zip, https://dl.google.com/firebase/ios/appads/3.7.0/GoogleAdsOnDeviceConversion.zip, https://dl.google.com/firebase/ios/bin/abseil/1.2024072200.0/rc0/absl.zip, https://dl.google.com/firebase/ios/bin/firestore/12.19.0/rc0/FirebaseFirestoreInternal.zip, https://dl.google.com/firebase/ios/bin/grpc/1.69.1/rc0/grpc.zip
[677564/677564] Downloading https://dl.google.com/firebase/ios/swiftpm/12.19.2/GoogleAppMeasurement.zip, https://dl.google.com/firebase/ios/appads/3.7.0/GoogleAdsOnDeviceConversion.zip, https://dl.google.com/firebase/ios/bin/abseil/1.2024072200.0/rc0/absl.zip, https://dl.google.com/firebase/ios/bin/firestore/12.19.0/rc0/FirebaseFirestoreInternal.zip, https://dl.google.com/firebase/ios/bin/grpc/1.69.1/rc0/grpc.zip, https://dl.google.com/firebase/ios/swiftpm/12.19.2/GoogleAppMeasurementIdentitySupport.zip
[268184/268184] Downloading https://dl.google.com/firebase/ios/bin/firestore/12.19.0/rc0/FirebaseFirestoreInternal.zip
Downloaded https://dl.google.com/firebase/ios/swiftpm/12.19.2/GoogleAppMeasurementIdentitySupport.zip (0.36s)
[1001169/1001169] Downloading https://dl.google.com/firebase/ios/bin/firestore/12.19.0/rc0/FirebaseFirestoreInternal.zip, https://dl.google.com/firebase/ios/appads/3.7.0/GoogleAdsOnDeviceConversion.zip
[1172084/1172084] Downloading https://dl.google.com/firebase/ios/bin/firestore/12.19.0/rc0/FirebaseFirestoreInternal.zip, https://dl.google.com/firebase/ios/appads/3.7.0/GoogleAdsOnDeviceConversion.zip, https://dl.google.com/firebase/ios/bin/grpc/1.69.1/rc0/grpc.zip
[2161245/2161245] Downloading https://dl.google.com/firebase/ios/bin/firestore/12.19.0/rc0/FirebaseFirestoreInternal.zip, https://dl.google.com/firebase/ios/appads/3.7.0/GoogleAdsOnDeviceConversion.zip, https://dl.google.com/firebase/ios/bin/grpc/1.69.1/rc0/grpc.zip, https://dl.google.com/firebase/ios/swiftpm/12.19.2/GoogleAppMeasurement.zip
[6523523/6523523] Downloading https://dl.google.com/firebase/ios/bin/firestore/12.19.0/rc0/FirebaseFirestoreInternal.zip, https://dl.google.com/firebase/ios/appads/3.7.0/GoogleAdsOnDeviceConversion.zip, https://dl.google.com/firebase/ios/bin/grpc/1.69.1/rc0/grpc.zip, https://dl.google.com/firebase/ios/swiftpm/12.19.2/GoogleAppMeasurement.zip, https://dl.google.com/firebase/ios/bin/abseil/1.2024072200.0/rc0/absl.zip
[8508298/8508298] Downloading https://dl.google.com/firebase/ios/bin/firestore/12.19.0/rc0/FirebaseFirestoreInternal.zip, https://dl.google.com/firebase/ios/appads/3.7.0/GoogleAdsOnDeviceConversion.zip, https://dl.google.com/firebase/ios/bin/grpc/1.69.1/rc0/grpc.zip, https://dl.google.com/firebase/ios/swiftpm/12.19.2/GoogleAppMeasurement.zip, https://dl.google.com/firebase/ios/bin/abseil/1.2024072200.0/rc0/absl.zip, https://dl.google.com/firebase/ios/swiftpm/12.19.2/FirebaseAnalytics.zip
[19512193/19512193] Downloading https://dl.google.com/firebase/ios/bin/grpc/1.69.1/rc0/grpc.zip
Downloaded https://dl.google.com/firebase/ios/appads/3.7.0/GoogleAdsOnDeviceConversion.zip (0.82s)
[39369298/39369298] Downloading https://dl.google.com/firebase/ios/bin/grpc/1.69.1/rc0/grpc.zip, https://dl.google.com/firebase/ios/bin/firestore/12.19.0/rc0/FirebaseFirestoreInternal.zip
[46134908/46134908] Downloading https://dl.google.com/firebase/ios/bin/grpc/1.69.1/rc0/grpc.zip, https://dl.google.com/firebase/ios/bin/firestore/12.19.0/rc0/FirebaseFirestoreInternal.zip, https://dl.google.com/firebase/ios/bin/abseil/1.2024072200.0/rc0/absl.zip
[52542057/52542057] Downloading https://dl.google.com/firebase/ios/bin/grpc/1.69.1/rc0/grpc.zip, https://dl.google.com/firebase/ios/bin/firestore/12.19.0/rc0/FirebaseFirestoreInternal.zip, https://dl.google.com/firebase/ios/bin/abseil/1.2024072200.0/rc0/absl.zip, https://dl.google.com/firebase/ios/swiftpm/12.19.2/FirebaseAnalytics.zip
Downloaded https://dl.google.com/firebase/ios/swiftpm/12.19.2/FirebaseAnalytics.zip (1.72s)
[100022833/100022833] Downloading https://dl.google.com/firebase/ios/bin/grpc/1.69.1/rc0/grpc.zip
[102464186/102464186] Downloading https://dl.google.com/firebase/ios/bin/grpc/1.69.1/rc0/grpc.zip, https://dl.google.com/firebase/ios/bin/grpc/1.69.1/rc0/openssl_grpc.zip
[103465378/103465378] Downloading https://dl.google.com/firebase/ios/bin/grpc/1.69.1/rc0/grpc.zip, https://dl.google.com/firebase/ios/bin/grpc/1.69.1/rc0/openssl_grpc.zip, https://dl.google.com/firebase/ios/bin/grpc/1.69.1/rc0/grpcpp.zip
[107393078/114491020] Downloading https://dl.google.com/firebase/ios/bin/grpc/1.69.1/rc0/grpc.zip, https://dl.google.com/firebase/ios/bin/grpc/1.69.1/rc0/openssl_grpc.zip, https://dl.google.com/firebase/ios/bin/grpc/1.69.1/rc0/grpcpp.zip, https://github.com/team-michael/notifly-ios-sdk/releases/download/2.8.1/NotiflyCore.xcframework.zip
Downloaded https://dl.google.com/firebase/ios/swiftpm/12.19.2/GoogleAppMeasurement.zip (1.96s)
Downloaded https://dl.google.com/firebase/ios/bin/abseil/1.2024072200.0/rc0/absl.zip (2.94s)
Downloaded https://github.com/team-michael/notifly-ios-sdk/releases/download/2.8.1/NotiflyCore.xcframework.zip (3.34s)
Downloaded https://dl.google.com/firebase/ios/bin/firestore/12.19.0/rc0/FirebaseFirestoreInternal.zip (4.13s)
Downloaded https://dl.google.com/firebase/ios/bin/grpc/1.69.1/rc0/openssl_grpc.zip (4.84s)
Downloaded https://dl.google.com/firebase/ios/bin/grpc/1.69.1/rc0/grpcpp.zip (6.30s)
Downloaded https://dl.google.com/firebase/ios/bin/grpc/1.69.1/rc0/grpc.zip (11.18s)
Building for debugging...
[0/38] Write sources
[1/38] Copying PrivacyInfo.xcprivacy
In file included from <built-in>:1:
/host/spi-builder-workspace/.build/wasm32-unknown-wasi/debug/FirebaseMessaging.build/DerivedSources/resource_bundle_accessor.h:2:9: fatal error: 'Foundation/Foundation.h' file not found
    2 | #import <Foundation/Foundation.h>
      |         ^~~~~~~~~~~~~~~~~~~~~~~~~
1 error generated.
[2/38] Compiling FIRMessagingTokenInfo.m
In file included from <built-in>:1:
/host/spi-builder-workspace/.build/wasm32-unknown-wasi/debug/FirebaseMessaging.build/DerivedSources/resource_bundle_accessor.h:2:9: fatal error: 'Foundation/Foundation.h' file not found
    2 | #import <Foundation/Foundation.h>
      |         ^~~~~~~~~~~~~~~~~~~~~~~~~
1 error generated.
[2/38] Compiling FIRMessagingTokenOperation.m
[2/38] Compiling FirebaseMessaging resource_bundle_accessor.m
[2/38] Compiling FIRMessagingTokenManager.m
[2/38] Compiling FIRMessagingTokenStore.m
In file included from [2/38] Compiling FIRMessagingTokenFetchOperation.m
[2/38] Compiling FIRMessagingTokenDeleteOperation.m
[2/38] Write swift-version-24593BA9C3E375BF.txt
Running build ...
bash -c docker run --pull=always --rm -v "checkouts-54344845-0":/host -w "$PWD" -e JAVA_HOME="/root/.sdkman/candidates/java/current" -e SPI_BUILD="1" -e SPI_PROCESSING="1" registry.gitlab.com/saguaro1/spi-images:wasm-6.1-latest swift build --swift-sdk wasm32-unknown-wasi 2>&1
wasm-6.1-latest: Pulling from saguaro1/spi-images
Digest: sha256:beceeede496da67681f4fa220a6b97cc098a0178841a413735f598dc6bbaf4c8
Status: Image is up to date for registry.gitlab.com/saguaro1/spi-images:wasm-6.1-latest
[0/1] Planning build
Building for debugging...
In file included from <built-in>:1:
/host/spi-builder-workspace/.build/wasm32-unknown-wasi/debug/FirebaseMessaging.build/DerivedSources/resource_bundle_accessor.h:2:9: fatal error: 'Foundation/Foundation.h' file not found
    2 | #import <Foundation/Foundation.h>
      |         ^~~~~~~~~~~~~~~~~~~~~~~~~
1 error generated.
[0/36] Compiling FIRMessagingTokenStore.m
In file included from <built-in>:1:
/host/spi-builder-workspace/.build/wasm32-unknown-wasi/debug/FirebaseMessaging.build/DerivedSources/resource_bundle_accessor.h:2:9: fatal error: 'Foundation/Foundation.h' file not found
    2 | #import <Foundation/Foundation.h>
      |         ^~~~~~~~~~~~~~~~~~~~~~~~~
[0/36] Compiling FIRMessagingTokenOperation.m
In file included from <built-in>:1:
/host/spi-builder-workspace/.build/wasm32-unknown-wasi/debug/FirebaseMessaging.build/DerivedSources/resource_bundle_accessor.h:2:9: fatal error: 'Foundation/Foundation.h' file not found
    2 | #import <Foundation/Foundation.h>
      |         ^~~~~~~~~~~~~~~~~~~~~~~~~
In file included from <built-in>:1:
/host/spi-builder-workspace/.build/wasm32-unknown-wasi/debug/FirebaseMessaging.build/DerivedSources/resource_bundle_accessor.h:2:9: fatal error: 'Foundation/Foundation.h' file not found
    2 | #import <Foundation/Foundation.h>
      |         ^~~~~~~~~~~~~~~~~~~~~~~~~
[0/36] Compiling FirebaseMessaging resource_bundle_accessor.m
[0/36] Compiling FIRMessagingTokenManager.m
[0/36] Compiling FIRMessagingTokenFetchOperation.m
In file included from <built-in>:1:
/host/spi-builder-workspace/.build/wasm32-unknown-wasi/debug/FirebaseMessaging.build/DerivedSources/resource_bundle_accessor.h:2:9: fatal error: 'Foundation/Foundation.h' file not found
    2 | #import <Foundation/Foundation.h>
      |         ^~~~~~~~~~~~~~~~~~~~~~~~~
[0/36] Compiling FIRMessagingTokenInfo.m
[0/36] Compiling FIRMessagingTokenDeleteOperation.m
[0/36] Write swift-version-24593BA9C3E375BF.txt
BUILD FAILURE 6.1 wasm