The Swift Package Index logo.Swift Package Index

Build Information

Failed to build composable-architecture-extensions, reference 0.3.0-alpha.6 (16c00f), with Swift 6.4 for Linux on 24 Sep 2026 03:09:23 UTC.

Build Command

bash -c docker run --pull=always --rm -v "checkouts-54344845-1":/host -w "$PWD" -e JAVA_HOME="/root/.sdkman/candidates/java/current" -e SPI_BUILD="1" -e SPI_PROCESSING="1" registry.gitlab.com/saguaro1/spi-images:basic-6.4-latest swift build --triple x86_64-unknown-linux-gnu 2>&1

Build Log

========================================
RunAll
========================================
Builder version: 5.1.0
Interrupt handler set up.
========================================
Checkout
========================================
Clone URL: https://github.com/capturecontext/composable-architecture-extensions.git
Reference: 0.3.0-alpha.6
Initialized empty Git repository in /host/spi-builder-workspace/.git/
hint: Using 'master' as the name for the initial branch. This default branch name
hint: is subject to change. To configure the initial branch name to use in all
hint: of your new repositories, which will suppress this warning, call:
hint:
hint: 	git config --global init.defaultBranch <name>
hint:
hint: Names commonly chosen instead of 'master' are 'main', 'trunk' and
hint: 'development'. The just-created branch can be renamed via this command:
hint:
hint: 	git branch -m <name>
From https://github.com/capturecontext/composable-architecture-extensions
 * tag               0.3.0-alpha.6 -> FETCH_HEAD
HEAD is now at 16c00fb chore: update and declare package dependencies
Cloned https://github.com/capturecontext/composable-architecture-extensions.git
Revision (git rev-parse @):
16c00fbb625951cdf9bf9ed8af888b7601cf46a9
SPI manifest file found: $PWD/.spi.yml
SUCCESS checkout https://github.com/capturecontext/composable-architecture-extensions.git at 0.3.0-alpha.6
========================================
Build
========================================
Selected platform:         linux
Swift version:             6.4
Building package at path:  $PWD
https://github.com/capturecontext/composable-architecture-extensions.git
Running build ...
bash -c docker run --pull=always --rm -v "checkouts-54344845-1":/host -w "$PWD" -e JAVA_HOME="/root/.sdkman/candidates/java/current" -e SPI_BUILD="1" -e SPI_PROCESSING="1" registry.gitlab.com/saguaro1/spi-images:basic-6.4-latest swift build --triple x86_64-unknown-linux-gnu 2>&1
basic-6.4-latest: Pulling from saguaro1/spi-images
Digest: sha256:c77fcce225e223ac0fafed844619173fc6de8d62dd560eeb28db3182af6a282b
Status: Image is up to date for registry.gitlab.com/saguaro1/spi-images:basic-6.4-latest
Fetching https://github.com/capturecontext/swift-casification.git
Fetching https://github.com/capturecontext/swift-cocoa-extensions.git
Fetching https://github.com/capturecontext/swift-marker-protocols.git
Fetching https://github.com/capturecontext/swift-keypaths-extensions.git
Fetching https://github.com/pointfreeco/swift-composable-architecture.git
Fetching https://github.com/capturecontext/swift-sharing-extensions.git
[1/405] Fetching swift-casification
[406/1352] Fetching swift-casification, swift-cocoa-extensions
[463/1535] Fetching swift-casification, swift-cocoa-extensions, swift-sharing-extensions
Fetched https://github.com/capturecontext/swift-casification.git (0.37s)
Fetching https://github.com/capturecontext/cocoa-aliases.git
[277/1130] Fetching swift-cocoa-extensions, swift-sharing-extensions
Fetched https://github.com/capturecontext/swift-sharing-extensions.git (0.39s)
[788/1234] Fetching swift-cocoa-extensions, swift-marker-protocols
Fetched https://github.com/capturecontext/swift-cocoa-extensions.git (0.42s)
[1/292] Fetching swift-keypaths-extensions
Fetched https://github.com/capturecontext/swift-keypaths-extensions.git (0.48s)
[1/398] Fetching cocoa-aliases
Fetched https://github.com/capturecontext/cocoa-aliases.git (0.39s)
[1/313659] Fetching swift-composable-architecture
Fetched https://github.com/capturecontext/swift-marker-protocols.git (9.87s)
Fetched https://github.com/pointfreeco/swift-composable-architecture.git (9.99s)
Computing version for https://github.com/pointfreeco/swift-composable-architecture.git
Computed https://github.com/pointfreeco/swift-composable-architecture.git at 1.26.2 (11.06s)
Fetching https://github.com/pointfreeco/swift-identified-collections
Fetching https://github.com/pointfreeco/swift-perception
Fetching https://github.com/swiftlang/swift-syntax
Fetching https://github.com/pointfreeco/swift-sharing
Fetching https://github.com/pointfreeco/swift-dependencies
[1/2078] Fetching swift-perception
[729/6206] Fetching swift-perception, swift-sharing
[730/13797] Fetching swift-perception, swift-sharing, swift-dependencies
[2968/15377] Fetching swift-perception, swift-sharing, swift-dependencies, swift-identified-collections
Fetched https://github.com/pointfreeco/swift-sharing (0.67s)
Fetching https://github.com/pointfreeco/swift-issue-reporting
[9970/11249] Fetching swift-perception, swift-dependencies, swift-identified-collections
Fetching https://github.com/pointfreeco/swift-navigation
Fetched https://github.com/pointfreeco/swift-dependencies (0.74s)
Fetching https://github.com/pointfreeco/swift-custom-dump
[1/5666] Fetching swift-custom-dump
[5271/11827] Fetching swift-custom-dump, swift-issue-reporting
Fetched https://github.com/pointfreeco/swift-custom-dump (0.48s)
Fetching https://github.com/pointfreeco/swift-concurrency-extras
[678/6161] Fetching swift-issue-reporting
[3945/86188] Fetching swift-issue-reporting, swift-syntax
[4746/133798] Fetching swift-issue-reporting, swift-syntax, swift-navigation
Fetched https://github.com/pointfreeco/swift-issue-reporting (0.82s)
Fetching https://github.com/apple/swift-collections
[19623/127637] Fetching swift-syntax, swift-navigation
[25985/128695] Fetching swift-syntax, swift-navigation, swift-concurrency-extras
Fetched https://github.com/pointfreeco/swift-concurrency-extras (0.43s)
[51582/127637] Fetching swift-syntax, swift-navigation
Fetching https://github.com/pointfreeco/swift-clocks
[104445/129083] Fetching swift-syntax, swift-navigation, swift-clocks
[107048/156776] Fetching swift-syntax, swift-navigation, swift-clocks, swift-collections
Fetched https://github.com/pointfreeco/swift-clocks (0.53s)
[110893/155330] Fetching swift-syntax, swift-navigation, swift-collections
Fetching https://github.com/pointfreeco/combine-schedulers
Fetched https://github.com/pointfreeco/swift-perception (2.47s)
Fetched https://github.com/pointfreeco/swift-identified-collections (2.47s)
Fetching https://github.com/pointfreeco/swift-case-paths
Fetched https://github.com/pointfreeco/swift-navigation (1.75s)
[94736/107720] Fetching swift-syntax, swift-collections
[97475/110406] Fetching swift-syntax, swift-collections, combine-schedulers
Fetched https://github.com/pointfreeco/combine-schedulers (0.50s)
[103013/107720] Fetching swift-syntax, swift-collections
[107721/113067] Fetching swift-syntax, swift-collections, swift-case-paths
Fetched https://github.com/pointfreeco/swift-case-paths (0.59s)
Fetched https://github.com/apple/swift-collections (1.65s)
Fetched https://github.com/swiftlang/swift-syntax (4.22s)
Computing version for https://github.com/capturecontext/swift-casification.git
Computed https://github.com/capturecontext/swift-casification.git at 0.7.0 (4.38s)
Computing version for https://github.com/capturecontext/swift-sharing-extensions.git
Computed https://github.com/capturecontext/swift-sharing-extensions.git at 0.2.0 (0.16s)
Computing version for https://github.com/capturecontext/swift-marker-protocols.git
Computed https://github.com/capturecontext/swift-marker-protocols.git at 1.5.3 (0.15s)
Computing version for https://github.com/capturecontext/swift-keypaths-extensions.git
Computed https://github.com/capturecontext/swift-keypaths-extensions.git at 0.2.2 (0.14s)
Fetching https://github.com/capturecontext/swift-keypath-mapping.git
[1/186] Fetching swift-keypath-mapping
Fetched https://github.com/capturecontext/swift-keypath-mapping.git (0.45s)
Computing version for https://github.com/capturecontext/cocoa-aliases.git
Computed https://github.com/capturecontext/cocoa-aliases.git at 3.5.3 (0.62s)
Computing version for https://github.com/pointfreeco/swift-sharing
Computed https://github.com/pointfreeco/swift-sharing at 2.10.1 (1.15s)
Computing version for https://github.com/capturecontext/swift-keypath-mapping.git
Computed https://github.com/capturecontext/swift-keypath-mapping.git at 0.0.3 (0.20s)
Computing version for https://github.com/pointfreeco/swift-issue-reporting
Computed https://github.com/pointfreeco/swift-issue-reporting at 2.1.1 (0.23s)
Computing version for https://github.com/pointfreeco/swift-identified-collections
Computed https://github.com/pointfreeco/swift-identified-collections at 1.1.1 (0.15s)
Computing version for https://github.com/pointfreeco/swift-concurrency-extras
Computed https://github.com/pointfreeco/swift-concurrency-extras at 1.4.1 (0.17s)
Computing version for https://github.com/pointfreeco/swift-clocks
Computed https://github.com/pointfreeco/swift-clocks at 1.1.1 (0.18s)
Computing version for https://github.com/pointfreeco/combine-schedulers
Computed https://github.com/pointfreeco/combine-schedulers at 1.2.2 (0.19s)
Fetching https://github.com/OpenCombine/OpenCombine.git
[1/8306] Fetching opencombine
Fetched https://github.com/OpenCombine/OpenCombine.git (0.67s)
Computing version for https://github.com/OpenCombine/OpenCombine.git
Computed https://github.com/OpenCombine/OpenCombine.git at 0.14.0 (1.91s)
Computing version for https://github.com/pointfreeco/swift-navigation
Computed https://github.com/pointfreeco/swift-navigation at 2.11.2 (0.26s)
Computing version for https://github.com/pointfreeco/swift-case-paths
Computed https://github.com/pointfreeco/swift-case-paths at 1.10.0 (0.25s)
Computing version for https://github.com/pointfreeco/swift-custom-dump
Computed https://github.com/pointfreeco/swift-custom-dump at 1.7.3 (0.17s)
Computing version for https://github.com/apple/swift-collections
Computed https://github.com/apple/swift-collections at 1.7.0 (0.59s)
Computing version for https://github.com/swiftlang/swift-syntax
Computed https://github.com/swiftlang/swift-syntax at 604.0.0 (1.64s)
Computing version for https://github.com/pointfreeco/swift-perception
Computed https://github.com/pointfreeco/swift-perception at 2.0.12 (0.87s)
Computing version for https://github.com/pointfreeco/swift-dependencies
Computed https://github.com/pointfreeco/swift-dependencies at 1.17.1 (0.84s)
Computing version for https://github.com/capturecontext/swift-cocoa-extensions.git
Computed https://github.com/capturecontext/swift-cocoa-extensions.git at 0.5.0-alpha.14 (1.21s)
Fetching https://github.com/capturecontext/swift-declarative-configuration.git
Fetching https://github.com/capturecontext/swift-foundation-extensions.git
Fetching https://github.com/stackotter/swift-macro-toolkit.git
[1/741] Fetching swift-foundation-extensions
[9/1737] Fetching swift-foundation-extensions, swift-macro-toolkit
Fetched https://github.com/capturecontext/swift-foundation-extensions.git (0.72s)
Fetched https://github.com/stackotter/swift-macro-toolkit.git (0.72s)
[1/1148] Fetching swift-declarative-configuration
Fetched https://github.com/capturecontext/swift-declarative-configuration.git (0.77s)
Computing version for https://github.com/stackotter/swift-macro-toolkit.git
Computed https://github.com/pointfreeco/swift-perception at 2.0.12 (0.00s)
Computed https://github.com/pointfreeco/swift-dependencies at 1.17.1 (0.00s)
Computed https://github.com/pointfreeco/swift-composable-architecture.git at 1.26.2 (0.00s)
Computed https://github.com/capturecontext/swift-casification.git at 0.7.0 (0.00s)
Computed https://github.com/capturecontext/swift-sharing-extensions.git at 0.2.0 (0.00s)
Computed https://github.com/capturecontext/swift-marker-protocols.git at 1.5.3 (0.00s)
Computed https://github.com/capturecontext/swift-keypaths-extensions.git at 0.2.2 (0.00s)
Computed https://github.com/capturecontext/cocoa-aliases.git at 3.5.3 (0.00s)
Computed https://github.com/pointfreeco/swift-sharing at 2.10.1 (0.00s)
Computed https://github.com/capturecontext/swift-keypath-mapping.git at 0.0.3 (0.00s)
Computed https://github.com/pointfreeco/swift-issue-reporting at 2.1.1 (0.00s)
Computed https://github.com/pointfreeco/swift-identified-collections at 1.1.1 (0.00s)
Computed https://github.com/pointfreeco/swift-concurrency-extras at 1.4.1 (0.00s)
Computed https://github.com/pointfreeco/swift-clocks at 1.1.1 (0.00s)
Computed https://github.com/pointfreeco/combine-schedulers at 1.2.2 (0.00s)
Computed https://github.com/OpenCombine/OpenCombine.git at 0.14.0 (0.00s)
Computed https://github.com/swiftlang/swift-syntax.git at 603.0.2 (0.30s)
Computed https://github.com/pointfreeco/swift-navigation at 2.11.2 (0.00s)
Computed https://github.com/pointfreeco/swift-case-paths at 1.10.0 (0.00s)
Computed https://github.com/pointfreeco/swift-custom-dump at 1.7.3 (0.00s)
Computed https://github.com/apple/swift-collections at 1.7.0 (0.00s)
Computed https://github.com/pointfreeco/swift-perception at 2.0.12 (0.00s)
Computed https://github.com/pointfreeco/swift-dependencies at 1.17.1 (0.00s)
Computed https://github.com/stackotter/swift-macro-toolkit.git at 0.9.0 (0.00s)
Computing version for https://github.com/capturecontext/swift-foundation-extensions.git
Computed https://github.com/capturecontext/swift-foundation-extensions.git at 0.10.1 (0.16s)
Fetching https://github.com/capturecontext/swift-resettable.git
Fetching https://github.com/capturecontext/swift-associated-objects.git
Fetching https://github.com/capturecontext/swift-equated.git
[1/202] Fetching swift-equated
Fetched https://github.com/capturecontext/swift-equated.git (0.41s)
[1/282] Fetching swift-associated-objects
[72/506] Fetching swift-associated-objects, swift-resettable
Fetched https://github.com/capturecontext/swift-resettable.git (0.46s)
Fetched https://github.com/capturecontext/swift-associated-objects.git (0.46s)
Computing version for https://github.com/capturecontext/swift-declarative-configuration.git
Computed https://github.com/capturecontext/swift-declarative-configuration.git at 0.7.1 (0.63s)
Computing version for https://github.com/capturecontext/swift-associated-objects.git
Computed https://github.com/capturecontext/swift-associated-objects.git at 0.3.0 (0.16s)
Computing version for https://github.com/capturecontext/swift-equated.git
Computed https://github.com/capturecontext/swift-equated.git at 0.0.6 (0.14s)
Computing version for https://github.com/capturecontext/swift-resettable.git
Computed https://github.com/capturecontext/swift-resettable.git at 0.3.3 (0.15s)
Computed https://github.com/capturecontext/swift-cocoa-extensions.git at 0.5.0-alpha.14 (0.00s)
Creating working copy for https://github.com/pointfreeco/swift-navigation
Working copy of https://github.com/pointfreeco/swift-navigation resolved at 2.11.2
Creating working copy for https://github.com/capturecontext/swift-foundation-extensions.git
Working copy of https://github.com/capturecontext/swift-foundation-extensions.git resolved at 0.10.1
Creating working copy for https://github.com/capturecontext/swift-cocoa-extensions.git
Working copy of https://github.com/capturecontext/swift-cocoa-extensions.git resolved at 0.5.0-alpha.14
Creating working copy for https://github.com/pointfreeco/swift-concurrency-extras
Working copy of https://github.com/pointfreeco/swift-concurrency-extras resolved at 1.4.1
Creating working copy for https://github.com/capturecontext/swift-casification.git
Working copy of https://github.com/capturecontext/swift-casification.git resolved at 0.7.0
Creating working copy for https://github.com/pointfreeco/swift-composable-architecture.git
Working copy of https://github.com/pointfreeco/swift-composable-architecture.git resolved at 1.26.2
Creating working copy for https://github.com/capturecontext/swift-declarative-configuration.git
Working copy of https://github.com/capturecontext/swift-declarative-configuration.git resolved at 0.7.1
Creating working copy for https://github.com/capturecontext/swift-keypaths-extensions.git
Working copy of https://github.com/capturecontext/swift-keypaths-extensions.git resolved at 0.2.2
Creating working copy for https://github.com/capturecontext/swift-keypath-mapping.git
Working copy of https://github.com/capturecontext/swift-keypath-mapping.git resolved at 0.0.3
Creating working copy for https://github.com/apple/swift-collections
Working copy of https://github.com/apple/swift-collections resolved at 1.7.0
Creating working copy for https://github.com/pointfreeco/swift-issue-reporting
Working copy of https://github.com/pointfreeco/swift-issue-reporting resolved at 2.1.1
Creating working copy for https://github.com/pointfreeco/swift-clocks
Working copy of https://github.com/pointfreeco/swift-clocks resolved at 1.1.1
Creating working copy for https://github.com/capturecontext/cocoa-aliases.git
Working copy of https://github.com/capturecontext/cocoa-aliases.git resolved at 3.5.3
Creating working copy for https://github.com/pointfreeco/swift-perception
Working copy of https://github.com/pointfreeco/swift-perception resolved at 2.0.12
Creating working copy for https://github.com/capturecontext/swift-equated.git
Working copy of https://github.com/capturecontext/swift-equated.git resolved at 0.0.6
Creating working copy for https://github.com/pointfreeco/swift-identified-collections
Working copy of https://github.com/pointfreeco/swift-identified-collections resolved at 1.1.1
Creating working copy for https://github.com/pointfreeco/swift-case-paths
Working copy of https://github.com/pointfreeco/swift-case-paths resolved at 1.10.0
Creating working copy for https://github.com/capturecontext/swift-marker-protocols.git
Working copy of https://github.com/capturecontext/swift-marker-protocols.git resolved at 1.5.3
Creating working copy for https://github.com/capturecontext/swift-resettable.git
Working copy of https://github.com/capturecontext/swift-resettable.git resolved at 0.3.3
Creating working copy for https://github.com/pointfreeco/swift-sharing
Working copy of https://github.com/pointfreeco/swift-sharing resolved at 2.10.1
Creating working copy for https://github.com/swiftlang/swift-syntax
Working copy of https://github.com/swiftlang/swift-syntax resolved at 603.0.2
Creating working copy for https://github.com/stackotter/swift-macro-toolkit.git
Working copy of https://github.com/stackotter/swift-macro-toolkit.git resolved at 0.9.0
Creating working copy for https://github.com/pointfreeco/swift-custom-dump
Working copy of https://github.com/pointfreeco/swift-custom-dump resolved at 1.7.3
Creating working copy for https://github.com/pointfreeco/combine-schedulers
Working copy of https://github.com/pointfreeco/combine-schedulers resolved at 1.2.2
Creating working copy for https://github.com/pointfreeco/swift-dependencies
Working copy of https://github.com/pointfreeco/swift-dependencies resolved at 1.17.1
Creating working copy for https://github.com/OpenCombine/OpenCombine.git
Working copy of https://github.com/OpenCombine/OpenCombine.git resolved at 0.14.0
Creating working copy for https://github.com/capturecontext/swift-sharing-extensions.git
Working copy of https://github.com/capturecontext/swift-sharing-extensions.git resolved at 0.2.0
Creating working copy for https://github.com/capturecontext/swift-associated-objects.git
Working copy of https://github.com/capturecontext/swift-associated-objects.git resolved at 0.3.0
warning: 'swift-cocoa-extensions': Conflicting identity for swift-perception: dependency 'github.com/maximkrouk/swift-perception' and dependency 'github.com/pointfreeco/swift-perception' both point to the same package identity 'swift-perception'. The dependencies are introduced through the following chains: (A) /host/spi-builder-workspace->github.com/capturecontext/swift-cocoa-extensions->github.com/maximkrouk/swift-perception (B) /host/spi-builder-workspace->github.com/pointfreeco/swift-composable-architecture->github.com/pointfreeco/swift-perception. If there are multiple chains that lead to the same dependency, only the first chain is shown here. To see all chains use debug output option. To resolve the conflict, coordinate with the maintainer of the package that introduces the conflicting dependency. This will be escalated to an error in future versions of SwiftPM.
warning: 'swift-cocoa-extensions': Conflicting identity for swift-perception: dependency 'github.com/maximkrouk/swift-perception' and dependency 'github.com/pointfreeco/swift-perception' both point to the same package identity 'swift-perception'. The dependencies are introduced through the following chains: (A) /host/spi-builder-workspace->github.com/capturecontext/swift-cocoa-extensions->github.com/maximkrouk/swift-perception (B) /host/spi-builder-workspace->github.com/pointfreeco/swift-composable-architecture->github.com/pointfreeco/swift-perception. If there are multiple chains that lead to the same dependency, only the first chain is shown here. To see all chains use debug output option. To resolve the conflict, coordinate with the maintainer of the package that introduces the conflicting dependency. This will be escalated to an error in future versions of SwiftPM.
Building for debugging...
[Computing dependencies]
[Provisioning 23 / 132]
[Pre-planning 1 / 2634]
[Planning 311 / 2634]
[Planning 1421 / 2634]
[Planning 1917 / 2634]
[Planning 2346 / 2634]
[Planning deferred tasks]
[Constructing 1 / 5841]
[Constructing 2949 / 5841]
[Starting]
[57 / 1052] SwiftSyntax603
[468 / 1052] AssociatedObjectsMacros
[497 / 1089] ConcurrencyExtras
[540 / 1116] Equated
[554 / 1124] SwiftSyntax601
[555 / 1124] InternalCollectionsUtilities
[566 / 1124] SwiftSyntax510
[567 / 1124] Equated
[578 / 1124] SwiftSyntax
[580 / 1124] IssueReporting
[589 / 1126] SwiftSyntax603
[601 / 1130] SwiftSyntax600
[608 / 1132] SwiftSyntax509
[613 / 1133] SwiftSyntax602
[614 / 1133] InternalCollectionsUtilities
[615 / 1133] OrderedCollections
[618 / 1133] InternalCollectionsUtilities
[619 / 1133] InternalCollectionsUtilities
[621 / 1133] InternalCollectionsUtilities
[622 / 1133] FunctionalClosures
[626 / 1134] IssueReporting
[631 / 1134] Equated
[634 / 1135] CustomDump
[638 / 1135] ConcurrencyExtras-product
[642 / 1135] ConcurrencyExtras
[647 / 1135] SwiftSyntax510
[658 / 1138] Equated
[666 / 1153] PerceptionCore
[671 / 1171] OpenCombine
[678 / 1182] SwiftSyntax
[679 / 1182] COpenCombineHelpers
[681 / 1182] SwiftSyntax
[683 / 1182] PerceptionCore
[684 / 1182] OpenCombine
[691 / 1182] OpenCombine
[700 / 1182] PerceptionCore
[701 / 1182] PerceptionCore-product
[702 / 1182] PerceptionCore-product
[703 / 1182] PerceptionCore-product
[705 / 1182] PerceptionCore
[706 / 1182] PerceptionCore
[707 / 1182] OrderedCollections
[708 / 1182] OrderedCollections
[709 / 1183] PerceptionCore
[711 / 1183] PerceptionCore
[713 / 1183] OrderedCollections
[714 / 1183] OrderedCollections-product
[715 / 1183] OrderedCollections-product
[716 / 1183] OrderedCollections-product
[718 / 1183] OpenCombine
[719 / 1183] OpenCombine
[720 / 1184] OrderedCollections
[722 / 1184] OrderedCollections
[723 / 1184] OpenCombineFoundation
[725 / 1184] OpenCombine
[726 / 1184] OpenCombine
[727 / 1184] InternalCollectionsUtilities
[729 / 1184] IdentifiedCollections
[733 / 1185] ConcurrencyExtras
[737 / 1186] AssociatedObjects
[739 / 1195] OpenCombineFoundation
[742 / 1195] SwiftSyntax
[749 / 1195] OpenCombineFoundation
[752 / 1195] SwiftSyntax-product
[754 / 1195] SwiftSyntax-product
[756 / 1195] OpenCombineFoundation
[758 / 1197] KeyPathMapping
[765 / 1222] KeyPathMapping
[767 / 1240] Clocks
[780 / 1241] OpenCombineFoundation
[783 / 1241] CasePathsCore
[789 / 1241] KeyPathMapping
[795 / 1241] KeyPathMapping
[802 / 1241] KeyPathMapping
[803 / 1241] InternalCollectionsUtilities
[804 / 1241] QuartzCoreMarkerProtocols
[805 / 1241] QuartzCoreMarkerProtocols
[809 / 1242] FoundationMarkerProtocols
[811 / 1242] CustomDump-product
[814 / 1243] KeyPathMapping
[816 / 1243] KeyPathMapping
[817 / 1243] ConcurrencyExtras
[820 / 1243] Clocks
[821 / 1243] Clocks
[822 / 1243] Clocks
[827 / 1244] CustomDump
[829 / 1244] CasePathsCore
[830 / 1244] CasePathsCore
[832 / 1244] CasePathsCore
[833 / 1244] CasePathsCore
[835 / 1244] CasePathsCore
[838 / 1246] OpenCombineDispatch
[841 / 1248] KeyPathMapping
[845 / 1250] OpenCombineDispatch
[849 / 1279] SwiftDiagnostics
[850 / 1280] SwiftBasicFormat
[861 / 1287] SwiftParser
[862 / 1287] IdentifiedCollections
[864 / 1288] IdentifiedCollections
[874 / 1288] SwiftParser
[875 / 1288] SwiftParser
[878 / 1288] SwiftParser
[882 / 1288] SwiftParser
[885 / 1288] SwiftDiagnostics
[886 / 1288] SwiftDiagnostics
[887 / 1288] SwiftOperators
[890 / 1288] SwiftDiagnostics
[893 / 1288] SwiftBasicFormat
[894 / 1289] SwiftParserDiagnostics
[897 / 1289] SwiftDiagnostics
[899 / 1289] OpenCombineDispatch
[904 / 1289] IdentifiedCollections
[907 / 1289] IdentifiedCollections
[908 / 1289] IdentifiedCollections-product
[912 / 1290]
[916 / 1301] SwiftBasicFormat
[917 / 1301] SwiftParserDiagnostics
[921 / 1302] SwiftParserDiagnostics
[923 / 1302] SwiftParserDiagnostics
[935 / 1306] KeyPathsExtensions
[938 / 1311] QuartzCoreMarkerProtocols
[950 / 1312] KeyPathsExtensions-product
[954 / 1313]
[956 / 1322] SwiftSyntaxBuilder
[957 / 1323] SwiftSyntaxBuilder
[959 / 1323] SwiftSyntaxBuilder
[960 / 1323] SwiftSyntaxBuilder
[961 / 1323] SwiftSyntaxBuilder
[963 / 1323] SwiftSyntaxBuilder
[969 / 1323] KeyPathsExtensions
[975 / 1333] SwiftOperators
[977 / 1333] SwiftOperators
[979 / 1334] SwiftParserDiagnostics
[992 / 1335] SwiftOperators
[996 / 1338] OpenCombineShim
[1010 / 1346] OrderedCollections
[1015 / 1378] SwiftIfConfig
[1028 / 1378] SwiftIfConfig
[1030 / 1378] DeclarativeConfigurationCore
[1031 / 1379] DeclarativeConfigurationCore
[1037 / 1380] SwiftOperators
[1042 / 1380] SwiftIfConfig
[1058 / 1380] QuartzCoreMarkerProtocols
[1061 / 1380] DeclarativeConfigurationCore
[1064 / 1380] DeclarativeConfiguration
[1070 / 1380] Casification
[1072 / 1381] SwiftIfConfig
[1076 / 1382] DeclarativeConfigurationCore
[1078 / 1383] SharingKeysCore
[1081 / 1383] DeclarativeConfigurationCore
[1086 / 1401] SharingKeysCore
[1090 / 1401] SwiftSyntaxMacros
[1103 / 1401] SwiftSyntaxMacros
[1107 / 1402] SharingKeysCore-product
[1119 / 1426] CocoaAliases
[1130 / 1442] IdentifiedCollections
[1136 / 1442] FoundationExtensions
[1142 / 1442] FoundationExtensions
[1150 / 1442] DeclarativeConfiguration-product
[1160 / 1442] CustomDump-product
[1169 / 1444] CombineSchedulers-product
[1173 / 1444] CocoaAliases
[1179 / 1445]
[1184 / 1455] CombineSchedulers
[1187 / 1455] SwiftSyntaxMacroExpansion
[1189 / 1456] SwiftSyntaxMacroExpansion
[1200 / 1457] KeyPathsExtensions
[1204 / 1476] Dependencies
[1205 / 1476] SwiftCompilerPluginMessageHandling
[1207 / 1476] SwiftCompilerPluginMessageHandling
[1210 / 1476] SwiftCompilerPluginMessageHandling
[1218 / 1476] SwiftCompilerPluginMessageHandling
[1221 / 1476] SwiftCompilerPlugin
[1223 / 1477] SwiftCompilerPlugin
[1227 / 1477] Resettable
[1228 / 1477] SwiftCompilerPluginMessageHandling
[1230 / 1477] Dependencies-product
[1232 / 1477] Sharing
[1238 / 1487] Dependencies
[1245 / 1487] CocoaExtensions
[1254 / 1491] IdentifiedCollections-product
[1272 / 1504] MacroToolkit
[1276 / 1517] MacroToolkit
[1277 / 1517] SwiftCompilerPluginMessageHandling
[1293 / 1517] Sharing
[1296 / 1517] MacroToolkit
[1298 / 1517] MacroToolkit
[1304 / 1517] MacroToolkit
[1305 / 1517] MacroToolkit-product
[1307 / 1518] Sharing
[1312 / 1519]
error: SwiftCompile normal x86_64 failed with a nonzero exit code. Command line:     cd /host

[1317 / 1528] SharingKeys
/host/spi-builder-workspace/.build/checkouts/swift-sharing-extensions/Sources/SharingKeys/AppStorage/AppStorageKey+.swift:6:11: error: cannot find type 'AppStorageKey' in scope
 4 | import SharingKeysCore
 5 |
 6 | extension AppStorageKey {
   |           `- error: cannot find type 'AppStorageKey' in scope
 7 | 	public static var appStorage: StorageKeyBuilder<AppStorageKeys> { .init() }
 8 |
/host/spi-builder-workspace/.build/checkouts/swift-sharing-extensions/Sources/SharingKeys/AppStorage/AppStorageKeyCompatible.swift:19:74: error: cannot find type 'AppStorageKey' in scope
 17 |
 18 | public protocol AppStorageKeyCompatible {
 19 | 	static func makeAppStorageKey(for key: String, store: UserDefaults?) -> AppStorageKey<Self>
    |                                                                          `- error: cannot find type 'AppStorageKey' in scope
 20 | }
 21 |
/host/spi-builder-workspace/.build/checkouts/swift-sharing-extensions/Sources/SharingKeys/AppStorage/AppStorageKeyCompatible.swift:23:82: error: cannot find type 'AppStorageKey' in scope
 21 |
 22 | public protocol OptionallyAppStorageKeyCompatible {
 23 | 	static func makeOptionalAppStorageKey(for key: String, store: UserDefaults?) -> AppStorageKey<Optional<Self>>
    |                                                                                  `- error: cannot find type 'AppStorageKey' in scope
 24 | }
 25 |
/host/spi-builder-workspace/.build/checkouts/swift-sharing-extensions/Sources/SharingKeys/AppStorage/AppStorageKeyCompatible.swift:30:7: error: cannot find type 'AppStorageKey' in scope
 28 | 		for key: String,
 29 | 		store: UserDefaults?
 30 | 	) -> AppStorageKey<T>
    |       `- error: cannot find type 'AppStorageKey' in scope
 31 | }
 32 |
/host/spi-builder-workspace/.build/checkouts/swift-sharing-extensions/Sources/SharingKeys/AppStorage/AppStorageKeyCompatible.swift:37:7: error: cannot find type 'AppStorageKey' in scope
 35 | 		for key: String,
 36 | 		store: UserDefaults?
 37 | 	) -> AppStorageKey<Optional<T>>
    |       `- error: cannot find type 'AppStorageKey' in scope
 38 | }
 39 |
/host/spi-builder-workspace/.build/checkouts/swift-sharing-extensions/Sources/SharingKeys/AppStorage/AppStorageKeyCompatible.swift:41:81: error: cannot find type 'AppStorageKey' in scope
 39 |
 40 | extension Optional: AppStorageKeyCompatible where Wrapped: OptionallyAppStorageKeyCompatible {
 41 | 	public static func makeAppStorageKey(for key: String, store: UserDefaults?) -> AppStorageKey<Self> {
    |                                                                                 `- error: cannot find type 'AppStorageKey' in scope
 42 | 		Wrapped.makeOptionalAppStorageKey(for: key, store: store)
 43 | 	}
/host/spi-builder-workspace/.build/checkouts/swift-sharing-extensions/Sources/SharingKeys/AppStorage/AppStorageKeyCompatible.swift:47:81: error: cannot find type 'AppStorageKey' in scope
 45 |
 46 | extension Bool: AppStorageKeyCompatible, OptionallyAppStorageKeyCompatible {
 47 | 	public static func makeAppStorageKey(for key: String, store: UserDefaults?) -> AppStorageKey<Self> {
    |                                                                                 `- error: cannot find type 'AppStorageKey' in scope
 48 | 		.appStorage(key, store: store)
 49 | 	}
/host/spi-builder-workspace/.build/checkouts/swift-sharing-extensions/Sources/SharingKeys/AppStorage/AppStorageKeyCompatible.swift:51:89: error: cannot find type 'AppStorageKey' in scope
 49 | 	}
 50 |
 51 | 	public static func makeOptionalAppStorageKey(for key: String, store: UserDefaults?) -> AppStorageKey<Self?> {
    |                                                                                         `- error: cannot find type 'AppStorageKey' in scope
 52 | 		.appStorage(key, store: store)
 53 | 	}
/host/spi-builder-workspace/.build/checkouts/swift-sharing-extensions/Sources/SharingKeys/AppStorage/AppStorageKeyCompatible.swift:59:81: error: cannot find type 'AppStorageKey' in scope
 57 | 	public typealias OptionalAppStorageRawRepresentationTarget = Self
 58 |
 59 | 	public static func makeAppStorageKey(for key: String, store: UserDefaults?) -> AppStorageKey<Self> {
    |                                                                                 `- error: cannot find type 'AppStorageKey' in scope
 60 | 		.appStorage(key, store: store)
 61 | 	}
/host/spi-builder-workspace/.build/checkouts/swift-sharing-extensions/Sources/SharingKeys/AppStorage/AppStorageKeyCompatible.swift:63:89: error: cannot find type 'AppStorageKey' in scope
 61 | 	}
 62 |
 63 | 	public static func makeOptionalAppStorageKey(for key: String, store: UserDefaults?) -> AppStorageKey<Self?> {
    |                                                                                         `- error: cannot find type 'AppStorageKey' in scope
 64 | 		.appStorage(key, store: store)
 65 | 	}
/host/spi-builder-workspace/.build/checkouts/swift-sharing-extensions/Sources/SharingKeys/AppStorage/AppStorageKeyCompatible.swift:67:124: error: cannot find type 'AppStorageKey' in scope
 65 | 	}
 66 |
 67 | 	public static func makeRawRepresentableAppStorageKey<T: RawRepresentable<Self>>(for key: String, store: UserDefaults?) -> AppStorageKey<T> {
    |                                                                                                                            `- error: cannot find type 'AppStorageKey' in scope
 68 | 		.appStorage(key, store: store)
 69 | 	}
/host/spi-builder-workspace/.build/checkouts/swift-sharing-extensions/Sources/SharingKeys/AppStorage/AppStorageKeyCompatible.swift:71:132: error: cannot find type 'AppStorageKey' in scope
 69 | 	}
 70 |
 71 | 	public static func makeOptionalRawRepresentableAppStorageKey<T: RawRepresentable<Self>>(for key: String, store: UserDefaults?) -> AppStorageKey<T?> {
    |                                                                                                                                    `- error: cannot find type 'AppStorageKey' in scope
 72 | 		.appStorage(key, store: store)
 73 | 	}
/host/spi-builder-workspace/.build/checkouts/swift-sharing-extensions/Sources/SharingKeys/AppStorage/AppStorageKeyCompatible.swift:77:81: error: cannot find type 'AppStorageKey' in scope
 75 |
 76 | extension Double: AppStorageKeyCompatible, OptionallyAppStorageKeyCompatible {
 77 | 	public static func makeAppStorageKey(for key: String, store: UserDefaults?) -> AppStorageKey<Self> {
    |                                                                                 `- error: cannot find type 'AppStorageKey' in scope
 78 | 		.appStorage(key, store: store)
 79 | 	}
/host/spi-builder-workspace/.build/checkouts/swift-sharing-extensions/Sources/SharingKeys/AppStorage/AppStorageKeyCompatible.swift:81:89: error: cannot find type 'AppStorageKey' in scope
 79 | 	}
 80 |
 81 | 	public static func makeOptionalAppStorageKey(for key: String, store: UserDefaults?) -> AppStorageKey<Self?> {
    |                                                                                         `- error: cannot find type 'AppStorageKey' in scope
 82 | 		.appStorage(key, store: store)
 83 | 	}
/host/spi-builder-workspace/.build/checkouts/swift-sharing-extensions/Sources/SharingKeys/AppStorage/AppStorageKeyCompatible.swift:89:81: error: cannot find type 'AppStorageKey' in scope
 87 | 	public typealias OptionalAppStorageRawRepresentationTarget = Self
 88 |
 89 | 	public static func makeAppStorageKey(for key: String, store: UserDefaults?) -> AppStorageKey<Self> {
    |                                                                                 `- error: cannot find type 'AppStorageKey' in scope
 90 | 		.appStorage(key, store: store)
 91 | 	}
/host/spi-builder-workspace/.build/checkouts/swift-sharing-extensions/Sources/SharingKeys/AppStorage/AppStorageKeyCompatible.swift:93:89: error: cannot find type 'AppStorageKey' in scope
 91 | 	}
 92 |
 93 | 	public static func makeOptionalAppStorageKey(for key: String, store: UserDefaults?) -> AppStorageKey<Self?> {
    |                                                                                         `- error: cannot find type 'AppStorageKey' in scope
 94 | 		.appStorage(key, store: store)
 95 | 	}
/host/spi-builder-workspace/.build/checkouts/swift-sharing-extensions/Sources/SharingKeys/AppStorage/AppStorageKeyCompatible.swift:97:124: error: cannot find type 'AppStorageKey' in scope
 95 | 	}
 96 |
 97 | 	public static func makeRawRepresentableAppStorageKey<T: RawRepresentable<Self>>(for key: String, store: UserDefaults?) -> AppStorageKey<T> {
    |                                                                                                                            `- error: cannot find type 'AppStorageKey' in scope
 98 | 		.appStorage(key, store: store)
 99 | 	}
/host/spi-builder-workspace/.build/checkouts/swift-sharing-extensions/Sources/SharingKeys/AppStorage/AppStorageKeyCompatible.swift:101:132: error: cannot find type 'AppStorageKey' in scope
 99 | 	}
100 |
101 | 	public static func makeOptionalRawRepresentableAppStorageKey<T: RawRepresentable<Self>>(for key: String, store: UserDefaults?) -> AppStorageKey<T?> {
    |                                                                                                                                    `- error: cannot find type 'AppStorageKey' in scope
102 | 		.appStorage(key, store: store)
103 | 	}
/host/spi-builder-workspace/.build/checkouts/swift-sharing-extensions/Sources/SharingKeys/AppStorage/AppStorageKeyCompatible.swift:107:81: error: cannot find type 'AppStorageKey' in scope
105 |
106 | extension URL: AppStorageKeyCompatible, OptionallyAppStorageKeyCompatible {
107 | 	public static func makeAppStorageKey(for key: String, store: UserDefaults?) -> AppStorageKey<Self> {
    |                                                                                 `- error: cannot find type 'AppStorageKey' in scope
108 | 		.appStorage(key, store: store)
109 | 	}
/host/spi-builder-workspace/.build/checkouts/swift-sharing-extensions/Sources/SharingKeys/AppStorage/AppStorageKeyCompatible.swift:111:89: error: cannot find type 'AppStorageKey' in scope
109 | 	}
110 |
111 | 	public static func makeOptionalAppStorageKey(for key: String, store: UserDefaults?) -> AppStorageKey<Self?> {
    |                                                                                         `- error: cannot find type 'AppStorageKey' in scope
112 | 		.appStorage(key, store: store)
113 | 	}
/host/spi-builder-workspace/.build/checkouts/swift-sharing-extensions/Sources/SharingKeys/AppStorage/AppStorageKeyCompatible.swift:117:81: error: cannot find type 'AppStorageKey' in scope
115 |
116 | extension Data: AppStorageKeyCompatible, OptionallyAppStorageKeyCompatible {
117 | 	public static func makeAppStorageKey(for key: String, store: UserDefaults?) -> AppStorageKey<Self> {
    |                                                                                 `- error: cannot find type 'AppStorageKey' in scope
118 | 		.appStorage(key, store: store)
119 | 	}
/host/spi-builder-workspace/.build/checkouts/swift-sharing-extensions/Sources/SharingKeys/AppStorage/AppStorageKeyCompatible.swift:121:89: error: cannot find type 'AppStorageKey' in scope
119 | 	}
120 |
121 | 	public static func makeOptionalAppStorageKey(for key: String, store: UserDefaults?) -> AppStorageKey<Self?> {
    |                                                                                         `- error: cannot find type 'AppStorageKey' in scope
122 | 		.appStorage(key, store: store)
123 | 	}
/host/spi-builder-workspace/.build/checkouts/swift-sharing-extensions/Sources/SharingKeys/AppStorage/AppStorageKeyCompatible.swift:127:81: error: cannot find type 'AppStorageKey' in scope
125 |
126 | extension Date: AppStorageKeyCompatible, OptionallyAppStorageKeyCompatible {
127 | 	public static func makeAppStorageKey(for key: String, store: UserDefaults?) -> AppStorageKey<Self> {
    |                                                                                 `- error: cannot find type 'AppStorageKey' in scope
128 | 		.appStorage(key, store: store)
129 | 	}
/host/spi-builder-workspace/.build/checkouts/swift-sharing-extensions/Sources/SharingKeys/AppStorage/AppStorageKeyCompatible.swift:131:89: error: cannot find type 'AppStorageKey' in scope
129 | 	}
130 |
131 | 	public static func makeOptionalAppStorageKey(for key: String, store: UserDefaults?) -> AppStorageKey<Self?> {
    |                                                                                         `- error: cannot find type 'AppStorageKey' in scope
132 | 		.appStorage(key, store: store)
133 | 	}
/host/spi-builder-workspace/.build/checkouts/swift-sharing-extensions/Sources/SharingKeys/AppStorage/Shared+AppStorage.swift:7:18: error: cannot find type 'AppStorageKey' in scope
 5 | 	public init(
 6 | 		wrappedValue: Value,
 7 | 		_ key: KeyPath<AppStorageKey<Value>.Type, StorageKeyEntry>,
   |                  `- error: cannot find type 'AppStorageKey' in scope
 8 | 		store: UserDefaults? = nil
 9 | 	) {
/host/spi-builder-workspace/.build/checkouts/swift-sharing-extensions/Sources/SharingKeys/AppStorage/Shared+AppStorage.swift:18:18: error: cannot find type 'AppStorageKey' in scope
16 | 	public init(
17 | 		wrappedValue: Value,
18 | 		_ key: KeyPath<AppStorageKey<Value>.Type, StorageKeyEntry.Strict<Value>>,
   |                  `- error: cannot find type 'AppStorageKey' in scope
19 | 		store: UserDefaults? = nil
20 | 	) {
/host/spi-builder-workspace/.build/checkouts/swift-sharing-extensions/Sources/SharingKeys/AppStorage/Shared+AppStorage.swift:31:18: error: cannot find type 'AppStorageKey' in scope
29 | 	public init(
30 | 		wrappedValue: Value,
31 | 		_ key: KeyPath<AppStorageKey<Value>.Type, StorageKeyEntry>,
   |                  `- error: cannot find type 'AppStorageKey' in scope
32 | 		store: UserDefaults? = nil
33 | 	) where Value.RawValue: RawRepresentableAppStorageKeyCompatible {
/host/spi-builder-workspace/.build/checkouts/swift-sharing-extensions/Sources/SharingKeys/AppStorage/Shared+AppStorage.swift:42:18: error: cannot find type 'AppStorageKey' in scope
40 | 	public init(
41 | 		wrappedValue: Value,
42 | 		_ key: KeyPath<AppStorageKey<Value>.Type, StorageKeyEntry.Strict<Value>>,
   |                  `- error: cannot find type 'AppStorageKey' in scope
43 | 		store: UserDefaults? = nil
44 | 	) where Value.RawValue: RawRepresentableAppStorageKeyCompatible {
/host/spi-builder-workspace/.build/checkouts/swift-sharing-extensions/Sources/SharingKeys/AppStorage/Shared+AppStorage.swift:55:18: error: cannot find type 'AppStorageKey' in scope
53 | extension Shared where Value: Sendable {
54 | 	public init<Wrapped: OptionallyAppStorageKeyCompatible>(
55 | 		_ key: KeyPath<AppStorageKey<Value>.Type, StorageKeyEntry>,
   |                  `- error: cannot find type 'AppStorageKey' in scope
56 | 		store: UserDefaults? = nil
57 | 	) where Value == Wrapped? {
/host/spi-builder-workspace/.build/checkouts/swift-sharing-extensions/Sources/SharingKeys/AppStorage/Shared+AppStorage.swift:64:18: error: cannot find type 'AppStorageKey' in scope
62 |
63 | 	public init<Wrapped: OptionallyAppStorageKeyCompatible>(
64 | 		_ key: KeyPath<AppStorageKey<Value>.Type, StorageKeyEntry.Strict<Value>>,
   |                  `- error: cannot find type 'AppStorageKey' in scope
65 | 		store: UserDefaults? = nil
66 | 	) where Value == Wrapped? {
/host/spi-builder-workspace/.build/checkouts/swift-sharing-extensions/Sources/SharingKeys/AppStorage/Shared+AppStorage.swift:73:18: error: cannot find type 'AppStorageKey' in scope
71 |
72 | 	public init<Wrapped: RawRepresentable>(
73 | 		_ key: KeyPath<AppStorageKey<Value>.Type, StorageKeyEntry>,
   |                  `- error: cannot find type 'AppStorageKey' in scope
74 | 		store: UserDefaults? = nil
75 | 	) where Value == Wrapped?, Wrapped.RawValue: OptionallyRawRepresentableAppStorageKeyCompatible {
/host/spi-builder-workspace/.build/checkouts/swift-sharing-extensions/Sources/SharingKeys/AppStorage/Shared+AppStorage.swift:82:18: error: cannot find type 'AppStorageKey' in scope
80 |
81 | 	public init<Wrapped: RawRepresentable>(
82 | 		_ key: KeyPath<AppStorageKey<Value>.Type, StorageKeyEntry.Strict<Value>>,
   |                  `- error: cannot find type 'AppStorageKey' in scope
83 | 		store: UserDefaults? = nil
84 | 	) where Value == Wrapped?, Wrapped.RawValue: OptionallyRawRepresentableAppStorageKeyCompatible {
/host/spi-builder-workspace/.build/checkouts/swift-sharing-extensions/Sources/SharingKeys/AppStorage/SharedReaderKey+AppStorage.swift:13:26: error: cannot find type 'AppStorageKey' in scope
11 | 		_ keyPath: AppStorageKeys.EntryKeyPath,
12 | 		store: UserDefaults? = nil
13 | 	) -> Self where Self == AppStorageKey<Value> {
   |                          `- error: cannot find type 'AppStorageKey' in scope
14 | 		Value.makeAppStorageKey(for: AppStorageKeys[keyPath], store: store)
15 | 	}
/host/spi-builder-workspace/.build/checkouts/swift-sharing-extensions/Sources/SharingKeys/AppStorage/SharedReaderKey+AppStorage.swift:10:32: error: generic parameter 'Value' is not used in function signature [#]8;;https://docs.swift.org/compiler/documentation/diagnostics/no-usage\NoUsage]8;;\]
 8 | 	/// - Parameter key: The key to read and write the value to in the user defaults store.
 9 | 	/// - Returns: A user defaults persistence key.
10 | 	public static func appStorage<Value: AppStorageKeyCompatible>(
   |                                `- error: generic parameter 'Value' is not used in function signature [#]8;;https://docs.swift.org/compiler/documentation/diagnostics/no-usage\NoUsage]8;;\]
11 | 		_ keyPath: AppStorageKeys.EntryKeyPath,
12 | 		store: UserDefaults? = nil
/host/spi-builder-workspace/.build/checkouts/swift-sharing-extensions/Sources/SharingKeys/AppStorage/SharedReaderKey+AppStorage.swift:25:26: error: cannot find type 'AppStorageKey' in scope
23 | 		_ keyPath: AppStorageKeys.EntryKeyPath,
24 | 		store: UserDefaults? = nil
25 | 	) -> Self where Self == AppStorageKey<Value>, Value.RawValue: RawRepresentableAppStorageKeyCompatible {
   |                          `- error: cannot find type 'AppStorageKey' in scope
26 | 		Value.RawValue.makeRawRepresentableAppStorageKey(for: AppStorageKeys[keyPath], store: store)
27 | 	}
/host/spi-builder-workspace/.build/checkouts/swift-sharing-extensions/Sources/SharingKeys/AppStorage/SharedReaderKey+AppStorage.swift:22:32: error: generic parameter 'Value' is not used in function signature [#]8;;https://docs.swift.org/compiler/documentation/diagnostics/no-usage\NoUsage]8;;\]
20 | 	/// - Parameter key: The key to read and write the value to in the user defaults store.
21 | 	/// - Returns: A user defaults persistence key.
22 | 	public static func appStorage<Value: RawRepresentable>(
   |                                `- error: generic parameter 'Value' is not used in function signature [#]8;;https://docs.swift.org/compiler/documentation/diagnostics/no-usage\NoUsage]8;;\]
23 | 		_ keyPath: AppStorageKeys.EntryKeyPath,
24 | 		store: UserDefaults? = nil
/host/spi-builder-workspace/.build/checkouts/swift-sharing-extensions/Sources/SharingKeys/AppStorage/SharedReaderKey+AppStorage.swift:37:26: error: cannot find type 'AppStorageKey' in scope
35 | 		_ keyPath: AppStorageKeys.EntryKeyPath,
36 | 		store: UserDefaults? = nil
37 | 	) -> Self where Self == AppStorageKey<Value?>, Value.RawValue: OptionallyRawRepresentableAppStorageKeyCompatible {
   |                          `- error: cannot find type 'AppStorageKey' in scope
38 | 		Value.RawValue.makeOptionalRawRepresentableAppStorageKey(for: AppStorageKeys[keyPath], store: store)
39 | 	}
/host/spi-builder-workspace/.build/checkouts/swift-sharing-extensions/Sources/SharingKeys/AppStorage/SharedReaderKey+AppStorage.swift:34:32: error: generic parameter 'Value' is not used in function signature [#]8;;https://docs.swift.org/compiler/documentation/diagnostics/no-usage\NoUsage]8;;\]
32 | 	/// - Parameter key: The key to read and write the value to in the user defaults store.
33 | 	/// - Returns: A user defaults persistence key.
34 | 	public static func appStorage<Value: RawRepresentable>(
   |                                `- error: generic parameter 'Value' is not used in function signature [#]8;;https://docs.swift.org/compiler/documentation/diagnostics/no-usage\NoUsage]8;;\]
35 | 		_ keyPath: AppStorageKeys.EntryKeyPath,
36 | 		store: UserDefaults? = nil
/host/spi-builder-workspace/.build/checkouts/swift-sharing-extensions/Sources/SharingKeys/AppStorage/SharedReaderKey+AppStorage.swift:48:26: error: cannot find type 'AppStorageKey' in scope
46 | 		_ keyPath: AppStorageKeys.StrictEntryKeyPath<Value>,
47 | 		store: UserDefaults? = nil
48 | 	) -> Self where Self == AppStorageKey<Value> {
   |                          `- error: cannot find type 'AppStorageKey' in scope
49 | 		Value.makeAppStorageKey(for: AppStorageKeys[keyPath], store: store)
50 | 	}
/host/spi-builder-workspace/.build/checkouts/swift-sharing-extensions/Sources/SharingKeys/AppStorage/SharedReaderKey+AppStorage.swift:60:26: error: cannot find type 'AppStorageKey' in scope
58 | 		_ keyPath: AppStorageKeys.StrictEntryKeyPath<Value>,
59 | 		store: UserDefaults? = nil
60 | 	) -> Self where Self == AppStorageKey<Value>, Value.RawValue: RawRepresentableAppStorageKeyCompatible {
   |                          `- error: cannot find type 'AppStorageKey' in scope
61 | 		Value.RawValue.makeRawRepresentableAppStorageKey(for: AppStorageKeys[keyPath], store: store)
62 | 	}
/host/spi-builder-workspace/.build/checkouts/swift-sharing-extensions/Sources/SharingKeys/AppStorage/SharedReaderKey+AppStorage.swift:72:26: error: cannot find type 'AppStorageKey' in scope
70 | 		_ keyPath: AppStorageKeys.StrictEntryKeyPath<Value>,
71 | 		store: UserDefaults? = nil
72 | 	) -> Self where Self == AppStorageKey<Value?>, Value.RawValue: OptionallyRawRepresentableAppStorageKeyCompatible {
   |                          `- error: cannot find type 'AppStorageKey' in scope
73 | 		Value.RawValue.makeOptionalRawRepresentableAppStorageKey(for: AppStorageKeys[keyPath], store: store)
74 | 	}
[#NoUsage]: <https://docs.swift.org/compiler/documentation/diagnostics/no-usage>
Failed frontend command:
/usr/bin/swift-frontend -frontend -emit-module -experimental-skip-non-inlinable-function-bodies-without-types /host/spi-builder-workspace/.build/checkouts/swift-sharing-extensions/Sources/SharingKeys/AppStorage/AppStorageKey+.swift /host/spi-builder-workspace/.build/checkouts/swift-sharing-extensions/Sources/SharingKeys/AppStorage/AppStorageKeyCompatible.swift /host/spi-builder-workspace/.build/checkouts/swift-sharing-extensions/Sources/SharingKeys/AppStorage/Shared+AppStorage.swift /host/spi-builder-workspace/.build/checkouts/swift-sharing-extensions/Sources/SharingKeys/AppStorage/SharedReaderKey+AppStorage.swift /host/spi-builder-workspace/.build/checkouts/swift-sharing-extensions/Sources/SharingKeys/Exports.swift /host/spi-builder-workspace/.build/checkouts/swift-sharing-extensions/Sources/SharingKeys/InMemory/InMemoryKey+.swift /host/spi-builder-workspace/.build/checkouts/swift-sharing-extensions/Sources/SharingKeys/InMemory/Shared+InMemory.swift /host/spi-builder-workspace/.build/checkouts/swift-sharing-extensions/Sources/SharingKeys/InMemory/SharedReaderKey+InMemory.swift -target x86_64-unknown-linux-gnu -disable-objc-interop -I /host/spi-builder-workspace/.build/out/Products/Debug-linux-x86_64 -module-cache-path /host/spi-builder-workspace/.build/out/ModuleCache.noindex -color-diagnostics -Xcc -fcolor-diagnostics -enable-testing -g -debug-info-format\=dwarf -dwarf-version\=4 -suppress-warnings -swift-version 6 -Onone -D SWIFT_PACKAGE -D DEBUG -D SWIFT_MODULE_RESOURCE_BUNDLE_UNAVAILABLE -D Xcode -serialize-debugging-options -enable-experimental-feature DebugDescriptionMacro -empty-abi-descriptor -external-plugin-path /usr/lib/swift/host/plugins/testing\#/usr/bin/swift-plugin-server -user-module-version 0.2.0 -validate-clang-modules-once -clang-build-session-file /host/spi-builder-workspace/.build/out/ModuleCache.noindex/Session.modulevalidation -Xcc -working-directory -Xcc /host -enable-anonymous-context-mangled-names -file-compilation-dir /host -Xcc -fmodule-map-file\=/host/spi-builder-workspace/.build/out/Intermediates.noindex/GeneratedModuleMaps-linux-x86_64/COpenCombineHelpers.modulemap -Xcc -fno-omit-frame-pointer -Xcc -D_LIBCPP_HARDENING_MODE\=_LIBCPP_HARDENING_MODE_DEBUG -Xcc -fmodules-prune-interval\=86400 -Xcc -fmodules-prune-after\=345600 -Xcc -I/host/spi-builder-workspace/.build/checkouts/OpenCombine/Sources/COpenCombineHelpers/include -Xcc -I/host/spi-builder-workspace/.build/out/Products/Debug-linux-x86_64/include -Xcc -I/host/spi-builder-workspace/.build/out/Intermediates.noindex/swift-sharing-extensions.build/Debug-linux-x86_64/SharingKeys-t.build/DerivedSources-normal/x86_64 -Xcc -I/host/spi-builder-workspace/.build/out/Intermediates.noindex/swift-sharing-extensions.build/Debug-linux-x86_64/SharingKeys-t.build/DerivedSources/x86_64 -Xcc -I/host/spi-builder-workspace/.build/out/Intermediates.noindex/swift-sharing-extensions.build/Debug-linux-x86_64/SharingKeys-t.build/DerivedSources -Xcc -DSWIFT_PACKAGE -Xcc -DDEBUG\=1 -no-auto-bridging-header-chaining -module-name SharingKeys -package-name swift_sharing_extensions -const-gather-protocols-file /host/spi-builder-workspace/.build/out/Intermediates.noindex/swift-sharing-extensions.build/Debug-linux-x86_64/SharingKeys-t.build/Objects-normal/x86_64/SharingKeys_const_extract_protocols.json -in-process-plugin-server-path /usr/lib/swift/host/libSwiftInProcPluginServer.so -plugin-path /usr/lib/swift/host/plugins -plugin-path /usr/local/lib/swift/host/plugins -emit-module-doc-path /host/spi-builder-workspace/.build/out/Intermediates.noindex/swift-sharing-extensions.build/Debug-linux-x86_64/SharingKeys-t.build/Objects-normal/x86_64/Modules/SharingKeys.swiftdoc -emit-module-source-info-path /host/spi-builder-workspace/.build/out/Intermediates.noindex/swift-sharing-extensions.build/Debug-linux-x86_64/SharingKeys-t.build/Objects-normal/x86_64/Modules/SharingKeys.swiftsourceinfo -emit-objc-header-path /host/spi-builder-workspace/.build/out/Intermediates.noindex/swift-sharing-extensions.build/Debug-linux-x86_64/SharingKeys-t.build/Objects-normal/x86_64/SharingKeys-Swift.h -serialize-diagnostics-path /host/spi-builder-workspace/.build/out/Intermediates.noindex/swift-sharing-extensions.build/Debug-linux-x86_64/SharingKeys-t.build/Objects-normal/x86_64/SharingKeys-primary-emit-module.dia -emit-dependencies-path /host/spi-builder-workspace/.build/out/Intermediates.noindex/swift-sharing-extensions.build/Debug-linux-x86_64/SharingKeys-t.build/Objects-normal/x86_64/SharingKeys-primary-emit-module.d -parse-as-library -o /host/spi-builder-workspace/.build/out/Intermediates.noindex/swift-sharing-extensions.build/Debug-linux-x86_64/SharingKeys-t.build/Objects-normal/x86_64/Modules/SharingKeys.swiftmodule
error: Build failed
BUILD FAILURE 6.4 linux