Build Information
Failed to build ScrollingContentViewController, reference main (484a16), with Swift 6.4 for tvOS using Xcode 27.0 on 19 Sep 2026 15:48:46 UTC.
Build Command
env DEVELOPER_DIR=/Applications/Xcode-27.0.0-Release.Candidate.app xcrun xcodebuild -IDEClonedSourcePackagesDirPathOverride=$PWD/.dependencies -skipMacroValidation -skipPackagePluginValidation -derivedDataPath $PWD/.derivedData build -scheme ScrollingContentViewController -destination generic/platform=tvOSBuild Log
========================================
RunAll
========================================
Builder version: 5.1.0
Interrupt handler set up.
========================================
Checkout
========================================
Clone URL: https://github.com/drewolbrich/ScrollingContentViewController.git
Reference: main
Initialized empty Git repository in /Users/admin/builder/spi-builder-workspace/.git/
From https://github.com/drewolbrich/ScrollingContentViewController
* branch main -> FETCH_HEAD
* [new branch] main -> origin/main
HEAD is now at 484a16f Add visionOS to Package.swift
Cloned https://github.com/drewolbrich/ScrollingContentViewController.git
Revision (git rev-parse @):
484a16f16eace8d4ec4f5df2e825113e725b1c75
SUCCESS checkout https://github.com/drewolbrich/ScrollingContentViewController.git at main
========================================
Build
========================================
Selected platform: tvOS
Swift version: 6.4
Building package at path: $PWD
https://github.com/drewolbrich/ScrollingContentViewController.git
Command line invocation:
/Applications/Xcode-27.0.0-Release.Candidate.app/Contents/Developer/usr/bin/xcodebuild -IDEClonedSourcePackagesDirPathOverride=/Users/admin/builder/spi-builder-workspace/.dependencies -resolvePackageDependencies
resolved source packages:
{
"dependencies" : [
],
"manifest_display_name" : "ScrollingContentViewController",
"name" : "ScrollingContentViewController",
"path" : "/Users/admin/builder/spi-builder-workspace",
"platforms" : [
{
"name" : "ios",
"version" : "12.0"
},
{
"name" : "visionos",
"version" : "1.0"
}
],
"products" : [
{
"name" : "ScrollingContentViewController",
"targets" : [
"ScrollingContentViewController"
],
"type" : {
"library" : [
"automatic"
]
}
}
],
"targets" : [
{
"c99name" : "ScrollingContentViewController",
"module_type" : "SwiftTarget",
"name" : "ScrollingContentViewController",
"path" : "Sources/ScrollingContentViewController",
"product_memberships" : [
"ScrollingContentViewController"
],
"sources" : [
"AdditionalSafeAreaInsetsController.swift",
"AdditionalSafeAreaInsetsControlling.swift",
"IsUnitTest.swift",
"KeyboardFrameEvent.swift",
"KeyboardNotificationManager.swift",
"KeyboardNotificationObserving.swift",
"KeyboardObserver.swift",
"KeyboardObserving.swift",
"ScrollRectEvent.swift",
"ScrollViewBounceController.swift",
"ScrollViewBounceControlling.swift",
"ScrollViewFilter.swift",
"ScrollViewFilterKeyboardDelegate.swift",
"ScrollViewFilterScrollDelegate.swift",
"ScrollingContentScrollView.swift",
"ScrollingContentViewController.swift",
"ScrollingContentViewManager.swift",
"UIView+FirstResponder.swift"
],
"type" : "library"
}
],
"tools_version" : "5.9"
}
{
"project" : {
"configurations" : [
"Debug",
"Release"
],
"name" : "ScrollingContentViewController",
"schemes" : [
"CodeExample",
"ManagerExample",
"ReassignExample",
"ScrollingContentViewController",
"ScrollingContentViewControllerTests",
"SequenceExample",
"StoryboardExample"
],
"targets" : [
"ScrollingContentViewController",
"ScrollingContentViewControllerTests",
"StoryboardExample",
"CodeExample",
"ManagerExample",
"SequenceExample",
"ReassignExample"
]
}
}
{
"workspace" : {
"name" : "ScrollingContentViewController",
"schemes" : [
"ScrollingContentViewController"
]
}
}
2026-09-19 11:48:32.157 xcodebuild[621:3824] [MT] IDERunDestination: Supported platforms for the buildables in the current scheme is empty.
Running build ...
env DEVELOPER_DIR=/Applications/Xcode-27.0.0-Release.Candidate.app xcrun xcodebuild -IDEClonedSourcePackagesDirPathOverride=$PWD/.dependencies -skipMacroValidation -skipPackagePluginValidation -derivedDataPath $PWD/.derivedData build -scheme ScrollingContentViewController -destination generic/platform=tvOS
Command line invocation:
/Applications/Xcode-27.0.0-Release.Candidate.app/Contents/Developer/usr/bin/xcodebuild -IDEClonedSourcePackagesDirPathOverride=/Users/admin/builder/spi-builder-workspace/.dependencies -skipMacroValidation -skipPackagePluginValidation -derivedDataPath /Users/admin/builder/spi-builder-workspace/.derivedData build -scheme ScrollingContentViewController -destination generic/platform=tvOS
Resolve Package Graph
Resolved source packages:
ScrollingContentViewController: /Users/admin/builder/spi-builder-workspace
ComputePackagePrebuildTargetDependencyGraph
Prepare packages
CreateBuildRequest
SendProjectDescription
CreateBuildOperation
ComputeTargetDependencyGraph
note: Building targets in dependency order
note: Target dependency graph (2 targets)
Target 'ScrollingContentViewController-product' in project 'ScrollingContentViewController'
➜ Explicit dependency on target 'ScrollingContentViewController' in project 'ScrollingContentViewController'
Target 'ScrollingContentViewController' in project 'ScrollingContentViewController' (no dependencies)
GatherProvisioningInputs
CreateBuildDescription
ExecuteExternalTool /Applications/Xcode-27.0.0-Release.Candidate.app/Contents/Developer/Toolchains/XcodeDefault.xctoolchain/usr/bin/clang -v -E -dM -isysroot /Applications/Xcode-27.0.0-Release.Candidate.app/Contents/Developer/Platforms/AppleTVOS.platform/Developer/SDKs/AppleTVOS27.0.sdk -x c -c /dev/null
ExecuteExternalTool /Applications/Xcode-27.0.0-Release.Candidate.app/Contents/Developer/Toolchains/XcodeDefault.xctoolchain/usr/bin/swiftc --version
ExecuteExternalTool /Applications/Xcode-27.0.0-Release.Candidate.app/Contents/Developer/Toolchains/XcodeDefault.xctoolchain/usr/bin/ld -version_details
Build description signature: 15d0b8b0ad7464eccb3555fd25cd658b
Build description path: /Users/admin/builder/spi-builder-workspace/.derivedData/Build/Intermediates.noindex/XCBuildData/15d0b8b0ad7464eccb3555fd25cd658b.xcbuilddata
CreateBuildDirectory /Users/admin/builder/spi-builder-workspace/.derivedData/SDKExplicitPrecompiledModules
cd /Users/admin/builder/spi-builder-workspace/.swiftpm/xcode
builtin-create-build-directory /Users/admin/builder/spi-builder-workspace/.derivedData/SDKExplicitPrecompiledModules
CreateBuildDirectory /Users/admin/builder/spi-builder-workspace/.derivedData/ModuleCache.noindex
cd /Users/admin/builder/spi-builder-workspace/.swiftpm/xcode
builtin-create-build-directory /Users/admin/builder/spi-builder-workspace/.derivedData/ModuleCache.noindex
CreateBuildDirectory /Users/admin/builder/spi-builder-workspace/.derivedData/CompilationCache.noindex
cd /Users/admin/builder/spi-builder-workspace/.swiftpm/xcode
builtin-create-build-directory /Users/admin/builder/spi-builder-workspace/.derivedData/CompilationCache.noindex
CreateBuildDirectory /Users/admin/builder/spi-builder-workspace/.derivedData/Build/Products
cd /Users/admin/builder/spi-builder-workspace/.swiftpm/xcode
builtin-create-build-directory /Users/admin/builder/spi-builder-workspace/.derivedData/Build/Products
ClangStatCache /Applications/Xcode-27.0.0-Release.Candidate.app/Contents/Developer/Toolchains/XcodeDefault.xctoolchain/usr/bin/clang-stat-cache /Applications/Xcode-27.0.0-Release.Candidate.app/Contents/Developer/Platforms/AppleTVOS.platform/Developer/SDKs/AppleTVOS27.0.sdk /Users/admin/builder/spi-builder-workspace/.derivedData/SDKStatCaches.noindex/appletvos27.0-24J360-e829b21a6f8c9b70876ba0858053c044b32bfd8d43560033f8d89884cdb90028.sdkstatcache
cd /Users/admin/builder/spi-builder-workspace/.swiftpm/xcode
/Applications/Xcode-27.0.0-Release.Candidate.app/Contents/Developer/Toolchains/XcodeDefault.xctoolchain/usr/bin/clang-stat-cache /Applications/Xcode-27.0.0-Release.Candidate.app/Contents/Developer/Platforms/AppleTVOS.platform/Developer/SDKs/AppleTVOS27.0.sdk -o /Users/admin/builder/spi-builder-workspace/.derivedData/SDKStatCaches.noindex/appletvos27.0-24J360-e829b21a6f8c9b70876ba0858053c044b32bfd8d43560033f8d89884cdb90028.sdkstatcache
CreateBuildDirectory /Users/admin/builder/spi-builder-workspace/.derivedData/Build/Intermediates.noindex
cd /Users/admin/builder/spi-builder-workspace/.swiftpm/xcode
builtin-create-build-directory /Users/admin/builder/spi-builder-workspace/.derivedData/Build/Intermediates.noindex
CreateBuildDirectory /Users/admin/builder/spi-builder-workspace/.derivedData/Build/Intermediates.noindex/PrecompiledHeaders
cd /Users/admin/builder/spi-builder-workspace/.swiftpm/xcode
builtin-create-build-directory /Users/admin/builder/spi-builder-workspace/.derivedData/Build/Intermediates.noindex/PrecompiledHeaders
CreateBuildDirectory /Users/admin/builder/spi-builder-workspace/.derivedData/Build/Intermediates.noindex/ExplicitPrecompiledModules
cd /Users/admin/builder/spi-builder-workspace/.swiftpm/xcode
builtin-create-build-directory /Users/admin/builder/spi-builder-workspace/.derivedData/Build/Intermediates.noindex/ExplicitPrecompiledModules
CreateBuildDirectory /Users/admin/builder/spi-builder-workspace/.derivedData/Build/Intermediates.noindex/SwiftExplicitPrecompiledModules
cd /Users/admin/builder/spi-builder-workspace/.swiftpm/xcode
builtin-create-build-directory /Users/admin/builder/spi-builder-workspace/.derivedData/Build/Intermediates.noindex/SwiftExplicitPrecompiledModules
CreateBuildDirectory /Users/admin/builder/spi-builder-workspace/.derivedData/Build/Intermediates.noindex/EagerLinkingTBDs/Debug-appletvos
cd /Users/admin/builder/spi-builder-workspace/.swiftpm/xcode
builtin-create-build-directory /Users/admin/builder/spi-builder-workspace/.derivedData/Build/Intermediates.noindex/EagerLinkingTBDs/Debug-appletvos
CreateBuildDirectory /Users/admin/builder/spi-builder-workspace/.derivedData/Build/Products/Debug-appletvos
cd /Users/admin/builder/spi-builder-workspace/.swiftpm/xcode
builtin-create-build-directory /Users/admin/builder/spi-builder-workspace/.derivedData/Build/Products/Debug-appletvos
CreateBuildDirectory /Users/admin/builder/spi-builder-workspace/.derivedData/Build/Products/Debug-appletvos/PackageFrameworks
cd /Users/admin/builder/spi-builder-workspace/.swiftpm/xcode
builtin-create-build-directory /Users/admin/builder/spi-builder-workspace/.derivedData/Build/Products/Debug-appletvos/PackageFrameworks
WriteAuxiliaryFile /Users/admin/builder/spi-builder-workspace/.derivedData/Build/Intermediates.noindex/ScrollingContentViewController.build/Debug-appletvos/ScrollingContentViewController-t.build/ScrollingContentViewController.modulemap (in target 'ScrollingContentViewController' from project 'ScrollingContentViewController')
cd /Users/admin/builder/spi-builder-workspace
write-file /Users/admin/builder/spi-builder-workspace/.derivedData/Build/Intermediates.noindex/ScrollingContentViewController.build/Debug-appletvos/ScrollingContentViewController-t.build/ScrollingContentViewController.modulemap
WriteAuxiliaryFile /Users/admin/builder/spi-builder-workspace/.derivedData/Build/Intermediates.noindex/ScrollingContentViewController.build/Debug-appletvos/ScrollingContentViewController-t.build/ScrollingContentViewController.DependencyStaticMetadataFileList (in target 'ScrollingContentViewController' from project 'ScrollingContentViewController')
cd /Users/admin/builder/spi-builder-workspace
write-file /Users/admin/builder/spi-builder-workspace/.derivedData/Build/Intermediates.noindex/ScrollingContentViewController.build/Debug-appletvos/ScrollingContentViewController-t.build/ScrollingContentViewController.DependencyStaticMetadataFileList
WriteAuxiliaryFile /Users/admin/builder/spi-builder-workspace/.derivedData/Build/Intermediates.noindex/ScrollingContentViewController.build/Debug-appletvos/ScrollingContentViewController-t.build/ScrollingContentViewController.DependencyMetadataFileList (in target 'ScrollingContentViewController' from project 'ScrollingContentViewController')
cd /Users/admin/builder/spi-builder-workspace
write-file /Users/admin/builder/spi-builder-workspace/.derivedData/Build/Intermediates.noindex/ScrollingContentViewController.build/Debug-appletvos/ScrollingContentViewController-t.build/ScrollingContentViewController.DependencyMetadataFileList
WriteAuxiliaryFile /Users/admin/builder/spi-builder-workspace/.derivedData/Build/Intermediates.noindex/ScrollingContentViewController.build/Debug-appletvos/ScrollingContentViewController-t.build/Objects-normal/arm64/ScrollingContentViewController_const_extract_protocols.json (in target 'ScrollingContentViewController' from project 'ScrollingContentViewController')
cd /Users/admin/builder/spi-builder-workspace
write-file /Users/admin/builder/spi-builder-workspace/.derivedData/Build/Intermediates.noindex/ScrollingContentViewController.build/Debug-appletvos/ScrollingContentViewController-t.build/Objects-normal/arm64/ScrollingContentViewController_const_extract_protocols.json
WriteAuxiliaryFile /Users/admin/builder/spi-builder-workspace/.derivedData/Build/Intermediates.noindex/ScrollingContentViewController.build/Debug-appletvos/ScrollingContentViewController-t.build/Objects-normal/arm64/ScrollingContentViewController.SwiftFileList (in target 'ScrollingContentViewController' from project 'ScrollingContentViewController')
cd /Users/admin/builder/spi-builder-workspace
write-file /Users/admin/builder/spi-builder-workspace/.derivedData/Build/Intermediates.noindex/ScrollingContentViewController.build/Debug-appletvos/ScrollingContentViewController-t.build/Objects-normal/arm64/ScrollingContentViewController.SwiftFileList
WriteAuxiliaryFile /Users/admin/builder/spi-builder-workspace/.derivedData/Build/Intermediates.noindex/ScrollingContentViewController.build/Debug-appletvos/ScrollingContentViewController-t.build/Objects-normal/arm64/ScrollingContentViewController-OutputFileMap.json (in target 'ScrollingContentViewController' from project 'ScrollingContentViewController')
cd /Users/admin/builder/spi-builder-workspace
write-file /Users/admin/builder/spi-builder-workspace/.derivedData/Build/Intermediates.noindex/ScrollingContentViewController.build/Debug-appletvos/ScrollingContentViewController-t.build/Objects-normal/arm64/ScrollingContentViewController-OutputFileMap.json
WriteAuxiliaryFile /Users/admin/builder/spi-builder-workspace/.derivedData/Build/Intermediates.noindex/ScrollingContentViewController.build/Debug-appletvos/ScrollingContentViewController-t.build/Objects-normal/arm64/ScrollingContentViewController.LinkFileList (in target 'ScrollingContentViewController' from project 'ScrollingContentViewController')
cd /Users/admin/builder/spi-builder-workspace
write-file /Users/admin/builder/spi-builder-workspace/.derivedData/Build/Intermediates.noindex/ScrollingContentViewController.build/Debug-appletvos/ScrollingContentViewController-t.build/Objects-normal/arm64/ScrollingContentViewController.LinkFileList
WriteAuxiliaryFile /Users/admin/builder/spi-builder-workspace/.derivedData/Build/Intermediates.noindex/ScrollingContentViewController.build/Debug-appletvos/ScrollingContentViewController-t.build/Objects-normal/arm64/ScrollingContentViewController.SwiftConstValuesFileList (in target 'ScrollingContentViewController' from project 'ScrollingContentViewController')
cd /Users/admin/builder/spi-builder-workspace
write-file /Users/admin/builder/spi-builder-workspace/.derivedData/Build/Intermediates.noindex/ScrollingContentViewController.build/Debug-appletvos/ScrollingContentViewController-t.build/Objects-normal/arm64/ScrollingContentViewController.SwiftConstValuesFileList
Copy /Users/admin/builder/spi-builder-workspace/.derivedData/Build/Intermediates.noindex/GeneratedModuleMaps-appletvos/ScrollingContentViewController.modulemap /Users/admin/builder/spi-builder-workspace/.derivedData/Build/Intermediates.noindex/ScrollingContentViewController.build/Debug-appletvos/ScrollingContentViewController-t.build/ScrollingContentViewController.modulemap (in target 'ScrollingContentViewController' from project 'ScrollingContentViewController')
cd /Users/admin/builder/spi-builder-workspace
builtin-copy -exclude .DS_Store -exclude CVS -exclude .svn -exclude .git -exclude .hg -resolve-src-symlinks /Users/admin/builder/spi-builder-workspace/.derivedData/Build/Intermediates.noindex/ScrollingContentViewController.build/Debug-appletvos/ScrollingContentViewController-t.build/ScrollingContentViewController.modulemap /Users/admin/builder/spi-builder-workspace/.derivedData/Build/Intermediates.noindex/GeneratedModuleMaps-appletvos
SwiftDriver ScrollingContentViewController normal arm64 com.apple.xcode.tools.swift.compiler (in target 'ScrollingContentViewController' from project 'ScrollingContentViewController')
cd /Users/admin/builder/spi-builder-workspace/.swiftpm/xcode
builtin-SwiftDriver -- /Applications/Xcode-27.0.0-Release.Candidate.app/Contents/Developer/Toolchains/XcodeDefault.xctoolchain/usr/bin/swiftc -parse-as-library -module-name ScrollingContentViewController -Onone @/Users/admin/builder/spi-builder-workspace/.derivedData/Build/Intermediates.noindex/ScrollingContentViewController.build/Debug-appletvos/ScrollingContentViewController-t.build/Objects-normal/arm64/ScrollingContentViewController.SwiftFileList -DSWIFT_PACKAGE -DDEBUG -DSWIFT_MODULE_RESOURCE_BUNDLE_UNAVAILABLE -DXcode -plugin-path /Applications/Xcode-27.0.0-Release.Candidate.app/Contents/Developer/Toolchains/XcodeDefault.xctoolchain/usr/lib/swift/host/plugins/testing -enable-experimental-feature DebugDescriptionMacro -sdk /Applications/Xcode-27.0.0-Release.Candidate.app/Contents/Developer/Platforms/AppleTVOS.platform/Developer/SDKs/AppleTVOS27.0.sdk -target arm64-apple-tvos15.0 -g -module-cache-path /Users/admin/builder/spi-builder-workspace/.derivedData/ModuleCache.noindex -Xfrontend -serialize-debugging-options -enable-testing -index-store-path /Users/admin/builder/spi-builder-workspace/.derivedData/Index.noindex/DataStore -Xcc -D_LIBCPP_HARDENING_MODE\=_LIBCPP_HARDENING_MODE_DEBUG -swift-version 5 -I /Users/admin/builder/spi-builder-workspace/.derivedData/Build/Products/Debug-appletvos -Isystem /Applications/Xcode-27.0.0-Release.Candidate.app/Contents/Developer/Platforms/AppleTVOS.platform/Developer/usr/lib -F /Users/admin/builder/spi-builder-workspace/.derivedData/Build/Products/Debug-appletvos -F /Applications/Xcode-27.0.0-Release.Candidate.app/Contents/Developer/Platforms/AppleTVOS.platform/Developer/Library/Frameworks -F /Applications/Xcode-27.0.0-Release.Candidate.app/Contents/Developer/Platforms/AppleTVOS.platform/Developer/SDKs/AppleTVOS27.0.sdk/Developer/Library/Frameworks -c -j10 -enable-batch-mode -incremental -Xcc -ivfsstatcache -Xcc /Users/admin/builder/spi-builder-workspace/.derivedData/SDKStatCaches.noindex/appletvos27.0-24J360-e829b21a6f8c9b70876ba0858053c044b32bfd8d43560033f8d89884cdb90028.sdkstatcache -output-file-map /Users/admin/builder/spi-builder-workspace/.derivedData/Build/Intermediates.noindex/ScrollingContentViewController.build/Debug-appletvos/ScrollingContentViewController-t.build/Objects-normal/arm64/ScrollingContentViewController-OutputFileMap.json -save-temps -no-color-diagnostics -explicit-module-build -module-cache-path /Users/admin/builder/spi-builder-workspace/.derivedData/Build/Intermediates.noindex/SwiftExplicitPrecompiledModules -clang-scanner-module-cache-path /Users/admin/builder/spi-builder-workspace/.derivedData/ModuleCache.noindex -sdk-module-cache-path /Users/admin/builder/spi-builder-workspace/.derivedData/SDKExplicitPrecompiledModules -emit-dependencies -emit-module -emit-module-path /Users/admin/builder/spi-builder-workspace/.derivedData/Build/Intermediates.noindex/ScrollingContentViewController.build/Debug-appletvos/ScrollingContentViewController-t.build/Objects-normal/arm64/ScrollingContentViewController.swiftmodule -serialize-diagnostics -dependency-scan-serialize-diagnostics-path /Users/admin/builder/spi-builder-workspace/.derivedData/Build/Intermediates.noindex/ScrollingContentViewController.build/Debug-appletvos/ScrollingContentViewController-t.build/Objects-normal/arm64/ScrollingContentViewController-dependency-scan.dia -validate-clang-modules-once -clang-build-session-file /Users/admin/builder/spi-builder-workspace/.derivedData/ModuleCache.noindex/Session.modulevalidation -Xcc -fmodules-prune-interval\=86400 -Xcc -fmodules-prune-after\=345600 -package-name spi_builder_workspace -emit-const-values -const-gather-protocols-list /Users/admin/builder/spi-builder-workspace/.derivedData/Build/Intermediates.noindex/ScrollingContentViewController.build/Debug-appletvos/ScrollingContentViewController-t.build/Objects-normal/arm64/ScrollingContentViewController_const_extract_protocols.json -Xcc -I/Users/admin/builder/spi-builder-workspace/.derivedData/Build/Products/Debug-appletvos/include -Xcc -I/Users/admin/builder/spi-builder-workspace/.derivedData/Build/Intermediates.noindex/ScrollingContentViewController.build/Debug-appletvos/ScrollingContentViewController-t.build/DerivedSources-normal/arm64 -Xcc -I/Users/admin/builder/spi-builder-workspace/.derivedData/Build/Intermediates.noindex/ScrollingContentViewController.build/Debug-appletvos/ScrollingContentViewController-t.build/DerivedSources/arm64 -Xcc -I/Users/admin/builder/spi-builder-workspace/.derivedData/Build/Intermediates.noindex/ScrollingContentViewController.build/Debug-appletvos/ScrollingContentViewController-t.build/DerivedSources -Xcc -DSWIFT_PACKAGE -Xcc -DDEBUG\=1 -emit-objc-header -emit-objc-header-path /Users/admin/builder/spi-builder-workspace/.derivedData/Build/Intermediates.noindex/ScrollingContentViewController.build/Debug-appletvos/ScrollingContentViewController-t.build/Objects-normal/arm64/ScrollingContentViewController-Swift.h -working-directory /Users/admin/builder/spi-builder-workspace/.swiftpm/xcode -experimental-emit-module-separately -disable-cmo
SwiftExplicitDependencyGeneratePcm arm64 /Users/admin/builder/spi-builder-workspace/.derivedData/SDKExplicitPrecompiledModules/ptrauth-8X2KEPL7CTRPS40TUB9APHPK6.pcm
SwiftExplicitDependencyGeneratePcm arm64 /Users/admin/builder/spi-builder-workspace/.derivedData/SDKExplicitPrecompiledModules/_Builtin_stddef-9ZJZ6FDEZNKTZU8YLPMFT9RAQ.pcm
SwiftExplicitDependencyGeneratePcm arm64 /Users/admin/builder/spi-builder-workspace/.derivedData/SDKExplicitPrecompiledModules/ptrcheck-2AZ6B5IBYD3RRRTFWN2ONASY3.pcm
SwiftExplicitDependencyGeneratePcm arm64 /Users/admin/builder/spi-builder-workspace/.derivedData/SDKExplicitPrecompiledModules/_Builtin_float-8ZJAYZ85YBOAOP52Y9H6IUNP3.pcm
SwiftExplicitDependencyGeneratePcm arm64 /Users/admin/builder/spi-builder-workspace/.derivedData/SDKExplicitPrecompiledModules/DeveloperToolsSupport-B1X8RI63V48AJRTH2RK6JAARV.pcm
SwiftExplicitDependencyGeneratePcm arm64 /Users/admin/builder/spi-builder-workspace/.derivedData/SDKExplicitPrecompiledModules/_AvailabilityInternal-BV2EDDP0MI5QJDDPEEV4D9D3V.pcm
SwiftExplicitDependencyGeneratePcm arm64 /Users/admin/builder/spi-builder-workspace/.derivedData/SDKExplicitPrecompiledModules/_SwiftConcurrencyShims-BY5PD8KF1L5KF6F4Q69HE3TJ4.pcm
SwiftExplicitDependencyGeneratePcm arm64 /Users/admin/builder/spi-builder-workspace/.derivedData/SDKExplicitPrecompiledModules/_Builtin_stdarg-BO2OCAUYVAXDRVQWQ8ISKGNUQ.pcm
SwiftExplicitDependencyGeneratePcm arm64 /Users/admin/builder/spi-builder-workspace/.derivedData/SDKExplicitPrecompiledModules/SwiftShims-8N4EXJ4RUJTR8K9OO3CMOH1EP.pcm
SwiftExplicitDependencyGeneratePcm arm64 /Users/admin/builder/spi-builder-workspace/.derivedData/SDKExplicitPrecompiledModules/_Builtin_stdbool-AHRDH5EKLY6D04C5E42F3VCQI.pcm
SwiftExplicitDependencyGeneratePcm arm64 /Users/admin/builder/spi-builder-workspace/.derivedData/SDKExplicitPrecompiledModules/_DarwinFoundation1-JOTYMOA1YZCIJ2NON6FQ848O.pcm
SwiftExplicitDependencyGeneratePcm arm64 /Users/admin/builder/spi-builder-workspace/.derivedData/SDKExplicitPrecompiledModules/_DarwinFoundation2-AOGAN1O02NKXRJN5V73AV3V3M.pcm
SwiftExplicitDependencyGeneratePcm arm64 /Users/admin/builder/spi-builder-workspace/.derivedData/SDKExplicitPrecompiledModules/_Builtin_limits-7JU2HP127LIT1X9E2V3D8WZ1.pcm
SwiftExplicitDependencyGeneratePcm arm64 /Users/admin/builder/spi-builder-workspace/.derivedData/SDKExplicitPrecompiledModules/_Builtin_tgmath-7ULT1EUHDHW4OZPSTT33H6QGE.pcm
SwiftExplicitDependencyGeneratePcm arm64 /Users/admin/builder/spi-builder-workspace/.derivedData/SDKExplicitPrecompiledModules/_Builtin_stdint-6NFTB6IBKS143IVPGT1EKB7HO.pcm
SwiftExplicitDependencyGeneratePcm arm64 /Users/admin/builder/spi-builder-workspace/.derivedData/SDKExplicitPrecompiledModules/string_h-6EVHP7A717OUS5DMC78F79HWO.pcm
SwiftExplicitDependencyGeneratePcm arm64 /Users/admin/builder/spi-builder-workspace/.derivedData/SDKExplicitPrecompiledModules/sys_types-8GCAV1YMG5UUGHUID3CA20TCH.pcm
SwiftExplicitDependencyGeneratePcm arm64 /Users/admin/builder/spi-builder-workspace/.derivedData/SDKExplicitPrecompiledModules/_DarwinFoundation3-8SR3855WDFHQPR6G9GHOI2C07.pcm
SwiftExplicitDependencyGeneratePcm arm64 /Users/admin/builder/spi-builder-workspace/.derivedData/SDKExplicitPrecompiledModules/_Builtin_stdatomic-3YXHN678NGYM3NL9POJ2HVEIF.pcm
SwiftExplicitDependencyGeneratePcm arm64 /Users/admin/builder/spi-builder-workspace/.derivedData/SDKExplicitPrecompiledModules/_Builtin_intrinsics-437O2R2NID4WAQVENR63GR82C.pcm
SwiftExplicitDependencyGeneratePcm arm64 /Users/admin/builder/spi-builder-workspace/.derivedData/SDKExplicitPrecompiledModules/_Builtin_inttypes-6X1IQ3QK9KEVKXOK9Y79EW7J3.pcm
SwiftExplicitDependencyGeneratePcm arm64 /Users/admin/builder/spi-builder-workspace/.derivedData/SDKExplicitPrecompiledModules/Darwin-DBSQAVBBPC3D2OMU5ZI2RXMST.pcm
SwiftExplicitDependencyGeneratePcm arm64 /Users/admin/builder/spi-builder-workspace/.derivedData/SDKExplicitPrecompiledModules/simd-117QUXEUT3Z7UQCUYWV2UA228.pcm
SwiftExplicitDependencyGeneratePcm arm64 /Users/admin/builder/spi-builder-workspace/.derivedData/SDKExplicitPrecompiledModules/MachO-EH3F5PJCIZG05NO51CEFSZYPW.pcm
SwiftExplicitDependencyGeneratePcm arm64 /Users/admin/builder/spi-builder-workspace/.derivedData/SDKExplicitPrecompiledModules/ObjectiveC-5250FDCE56N8508OR6XUYDKZM.pcm
SwiftExplicitDependencyGeneratePcm arm64 /Users/admin/builder/spi-builder-workspace/.derivedData/SDKExplicitPrecompiledModules/os_object-E2DGZ0SX0TULQHULZRPO6OKNW.pcm
SwiftExplicitDependencyGeneratePcm arm64 /Users/admin/builder/spi-builder-workspace/.derivedData/SDKExplicitPrecompiledModules/os_workgroup-DBUFF7811DKMX7VPBOJPGGF1U.pcm
SwiftExplicitDependencyGeneratePcm arm64 /Users/admin/builder/spi-builder-workspace/.derivedData/SDKExplicitPrecompiledModules/Dispatch-1QL58A0V50C39KVAIC6C38SHL.pcm
SwiftExplicitDependencyGeneratePcm arm64 /Users/admin/builder/spi-builder-workspace/.derivedData/SDKExplicitPrecompiledModules/Spatial-7U8NLEFXSB8BR7PJQGVMF5A4Q.pcm
SwiftExplicitDependencyGeneratePcm arm64 /Users/admin/builder/spi-builder-workspace/.derivedData/SDKExplicitPrecompiledModules/CoreFoundation-7TPJ7ENDC4L1A1ESHYI9TXS0D.pcm
SwiftExplicitDependencyGeneratePcm arm64 /Users/admin/builder/spi-builder-workspace/.derivedData/SDKExplicitPrecompiledModules/XPC-6O2DJFT3QUJ7QKTD3SNUB6PCR.pcm
SwiftExplicitDependencyGeneratePcm arm64 /Users/admin/builder/spi-builder-workspace/.derivedData/SDKExplicitPrecompiledModules/os-3GJI8H0BNAEZPQPQ1V0VVY3FY.pcm
SwiftExplicitDependencyGeneratePcm arm64 /Users/admin/builder/spi-builder-workspace/.derivedData/SDKExplicitPrecompiledModules/CoreGraphics-CWSP3J98S2658BYCVL6RP99T3.pcm
SwiftExplicitDependencyGeneratePcm arm64 /Users/admin/builder/spi-builder-workspace/.derivedData/SDKExplicitPrecompiledModules/CFNetwork-2CUR2VK9S3S3WPFXPNXNUWYGN.pcm
SwiftExplicitDependencyGeneratePcm arm64 /Users/admin/builder/spi-builder-workspace/.derivedData/SDKExplicitPrecompiledModules/Security-8VMXEKVDA3MHUH9AOTP905DID.pcm
SwiftExplicitDependencyGeneratePcm arm64 /Users/admin/builder/spi-builder-workspace/.derivedData/SDKExplicitPrecompiledModules/Foundation-BSSIP64DIGUKMAYJOG1WPQ78X.pcm
SwiftExplicitDependencyGeneratePcm arm64 /Users/admin/builder/spi-builder-workspace/.derivedData/SDKExplicitPrecompiledModules/CoreText-59NY7PABM0I4V978161FOC04A.pcm
SwiftExplicitDependencyGeneratePcm arm64 /Users/admin/builder/spi-builder-workspace/.derivedData/SDKExplicitPrecompiledModules/ImageIO-88D4CLEBD4CLWQKT78PZ6H1O8.pcm
SwiftExplicitDependencyGeneratePcm arm64 /Users/admin/builder/spi-builder-workspace/.derivedData/SDKExplicitPrecompiledModules/UIUtilities-6ZFJ1AK4H8IBGEBMYQBWGBYLK.pcm
SwiftExplicitDependencyGeneratePcm arm64 /Users/admin/builder/spi-builder-workspace/.derivedData/SDKExplicitPrecompiledModules/Accessibility-B6BODGZ4MQQTY0PBC4SHRP009.pcm
SwiftExplicitDependencyGeneratePcm arm64 /Users/admin/builder/spi-builder-workspace/.derivedData/SDKExplicitPrecompiledModules/IOSurface-38FJ1CKX9FV2RD97O64Z7QB17.pcm
SwiftExplicitDependencyGeneratePcm arm64 /Users/admin/builder/spi-builder-workspace/.derivedData/SDKExplicitPrecompiledModules/Symbols-B5AU9VM9Y7NU79RLMH13Z4IFM.pcm
SwiftExplicitDependencyGeneratePcm arm64 /Users/admin/builder/spi-builder-workspace/.derivedData/SDKExplicitPrecompiledModules/OSLog-7OT6HHTMY0ZFEQJ095LJZ6NLC.pcm
SwiftExplicitDependencyGeneratePcm arm64 /Users/admin/builder/spi-builder-workspace/.derivedData/SDKExplicitPrecompiledModules/DataDetection-37JIYZ2GWDA1L166PP1D9JKAF.pcm
SwiftExplicitDependencyGeneratePcm arm64 /Users/admin/builder/spi-builder-workspace/.derivedData/SDKExplicitPrecompiledModules/UserNotifications-E9ZW5TH066WIJWH9080RC5NG4.pcm
SwiftExplicitDependencyGeneratePcm arm64 /Users/admin/builder/spi-builder-workspace/.derivedData/SDKExplicitPrecompiledModules/CoreTransferable-7V4O8DATEQ9F7SDNTCW8YWLG3.pcm
SwiftExplicitDependencyGeneratePcm arm64 /Users/admin/builder/spi-builder-workspace/.derivedData/SDKExplicitPrecompiledModules/UniformTypeIdentifiers-95CC8U42ZA9STP5K6GP9ZVJS5.pcm
SwiftExplicitDependencyGeneratePcm arm64 /Users/admin/builder/spi-builder-workspace/.derivedData/SDKExplicitPrecompiledModules/_LocationEssentials-ETSJ65FELPWR8WH8G49R1DF2E.pcm
SwiftExplicitDependencyGeneratePcm arm64 /Users/admin/builder/spi-builder-workspace/.derivedData/SDKExplicitPrecompiledModules/CoreLocation-YVXXAOMVX0JH2KO1XTTKTY51.pcm
SwiftExplicitDependencyGeneratePcm arm64 /Users/admin/builder/spi-builder-workspace/.derivedData/SDKExplicitPrecompiledModules/OpenGLES-4NY99CNDU9WUNUYEIXSS1QFGE.pcm
SwiftExplicitDependencyGeneratePcm arm64 /Users/admin/builder/spi-builder-workspace/.derivedData/SDKExplicitPrecompiledModules/Metal-2KYBS7IML1SD788M91YV7Q0CC.pcm
SwiftExplicitDependencyGeneratePcm arm64 /Users/admin/builder/spi-builder-workspace/.derivedData/SDKExplicitPrecompiledModules/CoreVideo-DPU0PB5X0XLSVA2ETRGI6FJBM.pcm
SwiftExplicitDependencyGeneratePcm arm64 /Users/admin/builder/spi-builder-workspace/.derivedData/SDKExplicitPrecompiledModules/QuartzCore-DJSYAWKXFGVSAK5CQMOB3JSR.pcm
SwiftExplicitDependencyGeneratePcm arm64 /Users/admin/builder/spi-builder-workspace/.derivedData/SDKExplicitPrecompiledModules/CoreImage-7S2AFJ8EIY3DUFYLEAX1JR1QV.pcm
SwiftExplicitDependencyGeneratePcm arm64 /Users/admin/builder/spi-builder-workspace/.derivedData/SDKExplicitPrecompiledModules/SwiftUICore-543QU5V2NHKUFCYFJDKUJ7NYG.pcm
SwiftExplicitDependencyGeneratePcm arm64 /Users/admin/builder/spi-builder-workspace/.derivedData/SDKExplicitPrecompiledModules/UIKit-1TKWN7VC2X6N3ITMRVA2G0EB2.pcm
SwiftEmitModule normal arm64 Emitting\ module\ for\ ScrollingContentViewController (in target 'ScrollingContentViewController' from project 'ScrollingContentViewController')
SwiftCompile normal arm64 (in target 'ScrollingContentViewController' from project 'ScrollingContentViewController')
cd /Users/admin/builder/spi-builder-workspace/.swiftpm/xcode
SwiftCompile normal arm64 Compiling\ ScrollViewBounceControlling.swift,\ ScrollViewFilter.swift /Users/admin/builder/spi-builder-workspace/Sources/ScrollingContentViewController/ScrollViewBounceControlling.swift /Users/admin/builder/spi-builder-workspace/Sources/ScrollingContentViewController/ScrollViewFilter.swift (in target 'ScrollingContentViewController' from project 'ScrollingContentViewController')
SwiftCompile normal arm64 /Users/admin/builder/spi-builder-workspace/Sources/ScrollingContentViewController/ScrollViewBounceControlling.swift (in target 'ScrollingContentViewController' from project 'ScrollingContentViewController')
cd /Users/admin/builder/spi-builder-workspace/.swiftpm/xcode
builtin-SwiftPerFileCompile ScrollViewBounceControlling.swift
SwiftCompile normal arm64 /Users/admin/builder/spi-builder-workspace/Sources/ScrollingContentViewController/ScrollViewFilter.swift (in target 'ScrollingContentViewController' from project 'ScrollingContentViewController')
cd /Users/admin/builder/spi-builder-workspace/.swiftpm/xcode
builtin-SwiftPerFileCompile ScrollViewFilter.swift
SwiftCompile normal arm64 Compiling\ ScrollingContentViewManager.swift /Users/admin/builder/spi-builder-workspace/Sources/ScrollingContentViewController/ScrollingContentViewManager.swift (in target 'ScrollingContentViewController' from project 'ScrollingContentViewController')
SwiftCompile normal arm64 /Users/admin/builder/spi-builder-workspace/Sources/ScrollingContentViewController/ScrollingContentViewManager.swift (in target 'ScrollingContentViewController' from project 'ScrollingContentViewController')
cd /Users/admin/builder/spi-builder-workspace/.swiftpm/xcode
builtin-SwiftPerFileCompile ScrollingContentViewManager.swift
SwiftCompile normal arm64 Compiling\ ScrollingContentScrollView.swift,\ ScrollingContentViewController.swift /Users/admin/builder/spi-builder-workspace/Sources/ScrollingContentViewController/ScrollingContentScrollView.swift /Users/admin/builder/spi-builder-workspace/Sources/ScrollingContentViewController/ScrollingContentViewController.swift (in target 'ScrollingContentViewController' from project 'ScrollingContentViewController')
SwiftCompile normal arm64 /Users/admin/builder/spi-builder-workspace/Sources/ScrollingContentViewController/ScrollingContentScrollView.swift (in target 'ScrollingContentViewController' from project 'ScrollingContentViewController')
cd /Users/admin/builder/spi-builder-workspace/.swiftpm/xcode
builtin-SwiftPerFileCompile ScrollingContentScrollView.swift
SwiftCompile normal arm64 /Users/admin/builder/spi-builder-workspace/Sources/ScrollingContentViewController/ScrollingContentViewController.swift (in target 'ScrollingContentViewController' from project 'ScrollingContentViewController')
cd /Users/admin/builder/spi-builder-workspace/.swiftpm/xcode
builtin-SwiftPerFileCompile ScrollingContentViewController.swift
SwiftCompile normal arm64 Compiling\ UIView+FirstResponder.swift /Users/admin/builder/spi-builder-workspace/Sources/ScrollingContentViewController/UIView+FirstResponder.swift (in target 'ScrollingContentViewController' from project 'ScrollingContentViewController')
SwiftCompile normal arm64 /Users/admin/builder/spi-builder-workspace/Sources/ScrollingContentViewController/UIView+FirstResponder.swift (in target 'ScrollingContentViewController' from project 'ScrollingContentViewController')
cd /Users/admin/builder/spi-builder-workspace/.swiftpm/xcode
builtin-SwiftPerFileCompile UIView+FirstResponder.swift
SwiftCompile normal arm64 Compiling\ ScrollViewFilterKeyboardDelegate.swift,\ ScrollViewFilterScrollDelegate.swift /Users/admin/builder/spi-builder-workspace/Sources/ScrollingContentViewController/ScrollViewFilterKeyboardDelegate.swift /Users/admin/builder/spi-builder-workspace/Sources/ScrollingContentViewController/ScrollViewFilterScrollDelegate.swift (in target 'ScrollingContentViewController' from project 'ScrollingContentViewController')
SwiftCompile normal arm64 /Users/admin/builder/spi-builder-workspace/Sources/ScrollingContentViewController/ScrollViewFilterKeyboardDelegate.swift (in target 'ScrollingContentViewController' from project 'ScrollingContentViewController')
cd /Users/admin/builder/spi-builder-workspace/.swiftpm/xcode
builtin-SwiftPerFileCompile ScrollViewFilterKeyboardDelegate.swift
SwiftCompile normal arm64 /Users/admin/builder/spi-builder-workspace/Sources/ScrollingContentViewController/ScrollViewFilterScrollDelegate.swift (in target 'ScrollingContentViewController' from project 'ScrollingContentViewController')
cd /Users/admin/builder/spi-builder-workspace/.swiftpm/xcode
builtin-SwiftPerFileCompile ScrollViewFilterScrollDelegate.swift
SwiftCompile normal arm64 Compiling\ KeyboardNotificationManager.swift,\ KeyboardNotificationObserving.swift /Users/admin/builder/spi-builder-workspace/Sources/ScrollingContentViewController/KeyboardNotificationManager.swift /Users/admin/builder/spi-builder-workspace/Sources/ScrollingContentViewController/KeyboardNotificationObserving.swift (in target 'ScrollingContentViewController' from project 'ScrollingContentViewController')
/Users/admin/builder/spi-builder-workspace/Sources/ScrollingContentViewController/KeyboardNotificationManager.swift:29:117: error: 'keyboardWillShowNotification' is unavailable in tvOS
27 |
28 | let notificationCenter = NotificationCenter.default
29 | notificationCenter.addObserver(self, selector: #selector(notifyObservers(notification:)), name: UIResponder.keyboardWillShowNotification, object: nil)
| `- error: 'keyboardWillShowNotification' is unavailable in tvOS
30 | notificationCenter.addObserver(self, selector: #selector(notifyObservers(notification:)), name: UIResponder.keyboardWillHideNotification, object: nil)
31 | }
/Applications/Xcode-27.0.0-Release.Candidate.app/Contents/Developer/Platforms/AppleTVOS.platform/Developer/SDKs/AppleTVOS27.0.sdk/System/Library/Frameworks/UIKit.framework/Headers/UIWindow.h:132:39: note: 'keyboardWillShowNotification' has been explicitly marked unavailable here
130 | // Use the various UICoordinateSpace convertRect facilities to get the frame in the desired coordinate system.
131 | // Animation key/value pairs are only available for the "will" family of notification.
132 | UIKIT_EXTERN NSNotificationName const UIKeyboardWillShowNotification API_UNAVAILABLE(tvos, watchos) NS_SWIFT_NONISOLATED;
| `- note: 'keyboardWillShowNotification' has been explicitly marked unavailable here
133 | UIKIT_EXTERN NSNotificationName const UIKeyboardDidShowNotification API_UNAVAILABLE(tvos, watchos) NS_SWIFT_NONISOLATED;
134 | UIKIT_EXTERN NSNotificationName const UIKeyboardWillHideNotification API_UNAVAILABLE(tvos, watchos) NS_SWIFT_NONISOLATED;
/Users/admin/builder/spi-builder-workspace/Sources/ScrollingContentViewController/KeyboardNotificationManager.swift:30:117: error: 'keyboardWillHideNotification' is unavailable in tvOS
28 | let notificationCenter = NotificationCenter.default
29 | notificationCenter.addObserver(self, selector: #selector(notifyObservers(notification:)), name: UIResponder.keyboardWillShowNotification, object: nil)
30 | notificationCenter.addObserver(self, selector: #selector(notifyObservers(notification:)), name: UIResponder.keyboardWillHideNotification, object: nil)
| `- error: 'keyboardWillHideNotification' is unavailable in tvOS
31 | }
32 |
/Applications/Xcode-27.0.0-Release.Candidate.app/Contents/Developer/Platforms/AppleTVOS.platform/Developer/SDKs/AppleTVOS27.0.sdk/System/Library/Frameworks/UIKit.framework/Headers/UIWindow.h:134:39: note: 'keyboardWillHideNotification' has been explicitly marked unavailable here
132 | UIKIT_EXTERN NSNotificationName const UIKeyboardWillShowNotification API_UNAVAILABLE(tvos, watchos) NS_SWIFT_NONISOLATED;
133 | UIKIT_EXTERN NSNotificationName const UIKeyboardDidShowNotification API_UNAVAILABLE(tvos, watchos) NS_SWIFT_NONISOLATED;
134 | UIKIT_EXTERN NSNotificationName const UIKeyboardWillHideNotification API_UNAVAILABLE(tvos, watchos) NS_SWIFT_NONISOLATED;
| `- note: 'keyboardWillHideNotification' has been explicitly marked unavailable here
135 | UIKIT_EXTERN NSNotificationName const UIKeyboardDidHideNotification API_UNAVAILABLE(tvos, watchos) NS_SWIFT_NONISOLATED;
136 |
/Users/admin/builder/spi-builder-workspace/Sources/ScrollingContentViewController/KeyboardNotificationManager.swift:35:67: error: 'keyboardWillShowNotification' is unavailable in tvOS
33 | deinit {
34 | let notificationCenter = NotificationCenter.default
35 | notificationCenter.removeObserver(self, name: UIResponder.keyboardWillShowNotification, object: nil)
| `- error: 'keyboardWillShowNotification' is unavailable in tvOS
36 | notificationCenter.removeObserver(self, name: UIResponder.keyboardWillHideNotification, object: nil)
37 | }
/Applications/Xcode-27.0.0-Release.Candidate.app/Contents/Developer/Platforms/AppleTVOS.platform/Developer/SDKs/AppleTVOS27.0.sdk/System/Library/Frameworks/UIKit.framework/Headers/UIWindow.h:132:39: note: 'keyboardWillShowNotification' has been explicitly marked unavailable here
130 | // Use the various UICoordinateSpace convertRect facilities to get the frame in the desired coordinate system.
131 | // Animation key/value pairs are only available for the "will" family of notification.
132 | UIKIT_EXTERN NSNotificationName const UIKeyboardWillShowNotification API_UNAVAILABLE(tvos, watchos) NS_SWIFT_NONISOLATED;
| `- note: 'keyboardWillShowNotification' has been explicitly marked unavailable here
133 | UIKIT_EXTERN NSNotificationName const UIKeyboardDidShowNotification API_UNAVAILABLE(tvos, watchos) NS_SWIFT_NONISOLATED;
134 | UIKIT_EXTERN NSNotificationName const UIKeyboardWillHideNotification API_UNAVAILABLE(tvos, watchos) NS_SWIFT_NONISOLATED;
/Users/admin/builder/spi-builder-workspace/Sources/ScrollingContentViewController/KeyboardNotificationManager.swift:36:67: error: 'keyboardWillHideNotification' is unavailable in tvOS
34 | let notificationCenter = NotificationCenter.default
35 | notificationCenter.removeObserver(self, name: UIResponder.keyboardWillShowNotification, object: nil)
36 | notificationCenter.removeObserver(self, name: UIResponder.keyboardWillHideNotification, object: nil)
| `- error: 'keyboardWillHideNotification' is unavailable in tvOS
37 | }
38 |
/Applications/Xcode-27.0.0-Release.Candidate.app/Contents/Developer/Platforms/AppleTVOS.platform/Developer/SDKs/AppleTVOS27.0.sdk/System/Library/Frameworks/UIKit.framework/Headers/UIWindow.h:134:39: note: 'keyboardWillHideNotification' has been explicitly marked unavailable here
132 | UIKIT_EXTERN NSNotificationName const UIKeyboardWillShowNotification API_UNAVAILABLE(tvos, watchos) NS_SWIFT_NONISOLATED;
133 | UIKIT_EXTERN NSNotificationName const UIKeyboardDidShowNotification API_UNAVAILABLE(tvos, watchos) NS_SWIFT_NONISOLATED;
134 | UIKIT_EXTERN NSNotificationName const UIKeyboardWillHideNotification API_UNAVAILABLE(tvos, watchos) NS_SWIFT_NONISOLATED;
| `- note: 'keyboardWillHideNotification' has been explicitly marked unavailable here
135 | UIKIT_EXTERN NSNotificationName const UIKeyboardDidHideNotification API_UNAVAILABLE(tvos, watchos) NS_SWIFT_NONISOLATED;
136 |
Failed frontend command:
/Applications/Xcode-27.0.0-Release.Candidate.app/Contents/Developer/Toolchains/XcodeDefault.xctoolchain/usr/bin/swift-frontend -frontend -c /Users/admin/builder/spi-builder-workspace/Sources/ScrollingContentViewController/AdditionalSafeAreaInsetsController.swift /Users/admin/builder/spi-builder-workspace/Sources/ScrollingContentViewController/AdditionalSafeAreaInsetsControlling.swift /Users/admin/builder/spi-builder-workspace/Sources/ScrollingContentViewController/IsUnitTest.swift /Users/admin/builder/spi-builder-workspace/Sources/ScrollingContentViewController/KeyboardFrameEvent.swift -primary-file /Users/admin/builder/spi-builder-workspace/Sources/ScrollingContentViewController/KeyboardNotificationManager.swift -primary-file /Users/admin/builder/spi-builder-workspace/Sources/ScrollingContentViewController/KeyboardNotificationObserving.swift /Users/admin/builder/spi-builder-workspace/Sources/ScrollingContentViewController/KeyboardObserver.swift /Users/admin/builder/spi-builder-workspace/Sources/ScrollingContentViewController/KeyboardObserving.swift /Users/admin/builder/spi-builder-workspace/Sources/ScrollingContentViewController/ScrollRectEvent.swift /Users/admin/builder/spi-builder-workspace/Sources/ScrollingContentViewController/ScrollViewBounceController.swift /Users/admin/builder/spi-builder-workspace/Sources/ScrollingContentViewController/ScrollViewBounceControlling.swift /Users/admin/builder/spi-builder-workspace/Sources/ScrollingContentViewController/ScrollViewFilter.swift /Users/admin/builder/spi-builder-workspace/Sources/ScrollingContentViewController/ScrollViewFilterKeyboardDelegate.swift /Users/admin/builder/spi-builder-workspace/Sources/ScrollingContentViewController/ScrollViewFilterScrollDelegate.swift /Users/admin/builder/spi-builder-workspace/Sources/ScrollingContentViewController/ScrollingContentScrollView.swift /Users/admin/builder/spi-builder-workspace/Sources/ScrollingContentViewController/ScrollingContentViewController.swift /Users/admin/builder/spi-builder-workspace/Sources/ScrollingContentViewController/ScrollingContentViewManager.swift /Users/admin/builder/spi-builder-workspace/Sources/ScrollingContentViewController/UIView+FirstResponder.swift -emit-dependencies-path /Users/admin/builder/spi-builder-workspace/.derivedData/Build/Intermediates.noindex/ScrollingContentViewController.build/Debug-appletvos/ScrollingContentViewController-t.build/Objects-normal/arm64/KeyboardNotificationManager.d -emit-const-values-path /Users/admin/builder/spi-builder-workspace/.derivedData/Build/Intermediates.noindex/ScrollingContentViewController.build/Debug-appletvos/ScrollingContentViewController-t.build/Objects-normal/arm64/KeyboardNotificationManager.swiftconstvalues -emit-reference-dependencies-path /Users/admin/builder/spi-builder-workspace/.derivedData/Build/Intermediates.noindex/ScrollingContentViewController.build/Debug-appletvos/ScrollingContentViewController-t.build/Objects-normal/arm64/KeyboardNotificationManager.swiftdeps -serialize-diagnostics-path /Users/admin/builder/spi-builder-workspace/.derivedData/Build/Intermediates.noindex/ScrollingContentViewController.build/Debug-appletvos/ScrollingContentViewController-t.build/Objects-normal/arm64/KeyboardNotificationManager.dia -emit-dependencies-path /Users/admin/builder/spi-builder-workspace/.derivedData/Build/Intermediates.noindex/ScrollingContentViewController.build/Debug-appletvos/ScrollingContentViewController-t.build/Objects-normal/arm64/KeyboardNotificationObserving.d -emit-const-values-path /Users/admin/builder/spi-builder-workspace/.derivedData/Build/Intermediates.noindex/ScrollingContentViewController.build/Debug-appletvos/ScrollingContentViewController-t.build/Objects-normal/arm64/KeyboardNotificationObserving.swiftconstvalues -emit-reference-dependencies-path /Users/admin/builder/spi-builder-workspace/.derivedData/Build/Intermediates.noindex/ScrollingContentViewController.build/Debug-appletvos/ScrollingContentViewController-t.build/Objects-normal/arm64/KeyboardNotificationObserving.swiftdeps -serialize-diagnostics-path /Users/admin/builder/spi-builder-workspace/.derivedData/Build/Intermediates.noindex/ScrollingContentViewController.build/Debug-appletvos/ScrollingContentViewController-t.build/Objects-normal/arm64/KeyboardNotificationObserving.dia -target arm64-apple-tvos15.0 -disable-cross-import-overlay-search -load-resolved-plugin /Applications/Xcode-27.0.0-Release.Candidate.app/Contents/Developer/Platforms/AppleTVOS.platform/Developer/usr/lib/swift/host/plugins/libFoundationMacros.dylib\#/Applications/Xcode-27.0.0-Release.Candidate.app/Contents/Developer/Platforms/AppleTVOS.platform/Developer/usr/bin/swift-plugin-server\#FoundationMacros -load-resolved-plugin /Applications/Xcode-27.0.0-Release.Candidate.app/Contents/Developer/Platforms/AppleTVOS.platform/Developer/usr/lib/swift/host/plugins/libObservationMacros.dylib\#/Applications/Xcode-27.0.0-Release.Candidate.app/Contents/Developer/Platforms/AppleTVOS.platform/Developer/usr/bin/swift-plugin-server\#ObservationMacros -load-resolved-plugin /Applications/Xcode-27.0.0-Release.Candidate.app/Contents/Developer/Platforms/AppleTVOS.platform/Developer/usr/lib/swift/host/plugins/libPreviewsMacros.dylib\#/Applications/Xcode-27.0.0-Release.Candidate.app/Contents/Developer/Platforms/AppleTVOS.platform/Developer/usr/bin/swift-plugin-server\#PreviewsMacros -load-resolved-plugin /Applications/Xcode-27.0.0-Release.Candidate.app/Contents/Developer/Platforms/AppleTVOS.platform/Developer/usr/lib/swift/host/plugins/libSwiftMacros.dylib\#/Applications/Xcode-27.0.0-Release.Candidate.app/Contents/Developer/Platforms/AppleTVOS.platform/Developer/usr/bin/swift-plugin-server\#SwiftMacros -load-resolved-plugin /Applications/Xcode-27.0.0-Release.Candidate.app/Contents/Developer/Platforms/AppleTVOS.platform/Developer/usr/lib/swift/host/plugins/libSwiftUIMacros.dylib\#/Applications/Xcode-27.0.0-Release.Candidate.app/Contents/Developer/Platforms/AppleTVOS.platform/Developer/usr/bin/swift-plugin-server\#SwiftUIMacros -disable-implicit-swift-modules -Xcc -fno-implicit-modules -Xcc -fno-implicit-module-maps -explicit-swift-module-map-file /Users/admin/builder/spi-builder-workspace/.derivedData/Build/Intermediates.noindex/ScrollingContentViewController.build/Debug-appletvos/ScrollingContentViewController-t.build/Objects-normal/arm64/ScrollingContentViewController-dependencies-1.json -Xllvm -aarch64-use-tbi -enable-objc-interop -stack-check -sdk /Applications/Xcode-27.0.0-Release.Candidate.app/Contents/Developer/Platforms/AppleTVOS.platform/Developer/SDKs/AppleTVOS27.0.sdk -I /Users/admin/builder/spi-builder-workspace/.derivedData/Build/Products/Debug-appletvos -Isystem /Applications/Xcode-27.0.0-Release.Candidate.app/Contents/Developer/Platforms/AppleTVOS.platform/Developer/usr/lib -F /Users/admin/builder/spi-builder-workspace/.derivedData/Build/Products/Debug-appletvos -F /Applications/Xcode-27.0.0-Release.Candidate.app/Contents/Developer/Platforms/AppleTVOS.platform/Developer/Library/Frameworks -F /Applications/Xcode-27.0.0-Release.Candidate.app/Contents/Developer/Platforms/AppleTVOS.platform/Developer/SDKs/AppleTVOS27.0.sdk/Developer/Library/Frameworks -module-cache-path /Users/admin/builder/spi-builder-workspace/.derivedData/Build/Intermediates.noindex/SwiftExplicitPrecompiledModules -no-color-diagnostics -Xcc -fno-color-diagnostics -enable-testing -g -debug-info-format\=dwarf -dwarf-version\=4 -swift-version 5 -Onone -D SWIFT_PACKAGE -D DEBUG -D SWIFT_MODULE_RESOURCE_BUNDLE_UNAVAILABLE -D Xcode -serialize-debugging-options -enable-experimental-feature DebugDescriptionMacro -empty-abi-descriptor -validate-clang-modules-once -clang-build-session-file /Users/admin/builder/spi-builder-workspace/.derivedData/ModuleCache.noindex/Session.modulevalidation -Xcc -working-directory -Xcc /Users/admin/builder/spi-builder-workspace/.swiftpm/xcode -enable-anonymous-context-mangled-names -file-compilation-dir /Users/admin/builder/spi-builder-workspace/.swiftpm/xcode -Xcc -D_LIBCPP_HARDENING_MODE\=_LIBCPP_HARDENING_MODE_DEBUG -Xcc -ivfsstatcache -Xcc /Users/admin/builder/spi-builder-workspace/.derivedData/SDKStatCaches.noindex/appletvos27.0-24J360-e829b21a6f8c9b70876ba0858053c044b32bfd8d43560033f8d89884cdb90028.sdkstatcache -Xcc -fmodules-prune-interval\=86400 -Xcc -fmodules-prune-after\=345600 -Xcc -I/Users/admin/builder/spi-builder-workspace/.derivedData/Build/Products/Debug-appletvos/include -Xcc -I/Users/admin/builder/spi-builder-workspace/.derivedData/Build/Intermediates.noindex/ScrollingContentViewController.build/Debug-appletvos/ScrollingContentViewController-t.build/DerivedSources-normal/arm64 -Xcc -I/Users/admin/builder/spi-builder-workspace/.derivedData/Build/Intermediates.noindex/ScrollingContentViewController.build/Debug-appletvos/ScrollingContentViewController-t.build/DerivedSources/arm64 -Xcc -I/Users/admin/builder/spi-builder-workspace/.derivedData/Build/Intermediates.noindex/ScrollingContentViewController.build/Debug-appletvos/ScrollingContentViewController-t.build/DerivedSources -Xcc -DSWIFT_PACKAGE -Xcc -DDEBUG\=1 -no-auto-bridging-header-chaining -module-name ScrollingContentViewController -package-name spi_builder_workspace -const-gather-protocols-file /Users/admin/builder/spi-builder-workspace/.derivedData/Build/Intermediates.noindex/ScrollingContentViewController.build/Debug-appletvos/ScrollingContentViewController-t.build/Objects-normal/arm64/ScrollingContentViewController_const_extract_protocols.json -disable-clang-spi -clang-target arm64-apple-tvos27.0 -target-sdk-version 27.0 -target-sdk-name appletvos27.0 -in-process-plugin-server-path /Applications/Xcode-27.0.0-Release.Candidate.app/Contents/Developer/Toolchains/XcodeDefault.xctoolchain/usr/lib/swift/host/libSwiftInProcPluginServer.dylib -parse-as-library -o /Users/admin/builder/spi-builder-workspace/.derivedData/Build/Intermediates.noindex/ScrollingContentViewController.build/Debug-appletvos/ScrollingContentViewController-t.build/Objects-normal/arm64/KeyboardNotificationManager.o -o /Users/admin/builder/spi-builder-workspace/.derivedData/Build/Intermediates.noindex/ScrollingContentViewController.build/Debug-appletvos/ScrollingContentViewController-t.build/Objects-normal/arm64/KeyboardNotificationObserving.o -debug-module-path /Users/admin/builder/spi-builder-workspace/.derivedData/Build/Intermediates.noindex/ScrollingContentViewController.build/Debug-appletvos/ScrollingContentViewController-t.build/Objects-normal/arm64/ScrollingContentViewController.swiftmodule -index-unit-output-path /ScrollingContentViewController.build/Debug-appletvos/ScrollingContentViewController-t.build/Objects-normal/arm64/KeyboardNotificationManager.o -index-unit-output-path /ScrollingContentViewController.build/Debug-appletvos/ScrollingContentViewController-t.build/Objects-normal/arm64/KeyboardNotificationObserving.o -index-store-path /Users/admin/builder/spi-builder-workspace/.derivedData/Index.noindex/DataStore -index-system-modules
SwiftCompile normal arm64 /Users/admin/builder/spi-builder-workspace/Sources/ScrollingContentViewController/KeyboardNotificationManager.swift (in target 'ScrollingContentViewController' from project 'ScrollingContentViewController')
cd /Users/admin/builder/spi-builder-workspace/.swiftpm/xcode
builtin-SwiftPerFileCompile KeyboardNotificationManager.swift
SwiftCompile normal arm64 /Users/admin/builder/spi-builder-workspace/Sources/ScrollingContentViewController/KeyboardNotificationObserving.swift (in target 'ScrollingContentViewController' from project 'ScrollingContentViewController')
cd /Users/admin/builder/spi-builder-workspace/.swiftpm/xcode
builtin-SwiftPerFileCompile KeyboardNotificationObserving.swift
SwiftCompile normal arm64 Compiling\ ScrollRectEvent.swift,\ ScrollViewBounceController.swift /Users/admin/builder/spi-builder-workspace/Sources/ScrollingContentViewController/ScrollRectEvent.swift /Users/admin/builder/spi-builder-workspace/Sources/ScrollingContentViewController/ScrollViewBounceController.swift (in target 'ScrollingContentViewController' from project 'ScrollingContentViewController')
SwiftCompile normal arm64 /Users/admin/builder/spi-builder-workspace/Sources/ScrollingContentViewController/ScrollRectEvent.swift (in target 'ScrollingContentViewController' from project 'ScrollingContentViewController')
cd /Users/admin/builder/spi-builder-workspace/.swiftpm/xcode
builtin-SwiftPerFileCompile ScrollRectEvent.swift
SwiftCompile normal arm64 /Users/admin/builder/spi-builder-workspace/Sources/ScrollingContentViewController/ScrollViewBounceController.swift (in target 'ScrollingContentViewController' from project 'ScrollingContentViewController')
cd /Users/admin/builder/spi-builder-workspace/.swiftpm/xcode
builtin-SwiftPerFileCompile ScrollViewBounceController.swift
SwiftCompile normal arm64 Compiling\ KeyboardObserver.swift,\ KeyboardObserving.swift /Users/admin/builder/spi-builder-workspace/Sources/ScrollingContentViewController/KeyboardObserver.swift /Users/admin/builder/spi-builder-workspace/Sources/ScrollingContentViewController/KeyboardObserving.swift (in target 'ScrollingContentViewController' from project 'ScrollingContentViewController')
/Users/admin/builder/spi-builder-workspace/Sources/ScrollingContentViewController/KeyboardObserver.swift:106:45: error: 'keyboardWillHideNotification' is unavailable in tvOS
104 | #endif
105 |
106 | if notification.name == UIResponder.keyboardWillHideNotification
| `- error: 'keyboardWillHideNotification' is unavailable in tvOS
107 | && delegate?.shouldResizeContentViewForKeyboard == true
108 | && keyboardDismissModeIsDefined
/Applications/Xcode-27.0.0-Release.Candidate.app/Contents/Developer/Platforms/AppleTVOS.platform/Developer/SDKs/AppleTVOS27.0.sdk/System/Library/Frameworks/UIKit.framework/Headers/UIWindow.h:134:39: note: 'keyboardWillHideNotification' has been explicitly marked unavailable here
132 | UIKIT_EXTERN NSNotificationName const UIKeyboardWillShowNotification API_UNAVAILABLE(tvos, watchos) NS_SWIFT_NONISOLATED;
133 | UIKIT_EXTERN NSNotificationName const UIKeyboardDidShowNotification API_UNAVAILABLE(tvos, watchos) NS_SWIFT_NONISOLATED;
134 | UIKIT_EXTERN NSNotificationName const UIKeyboardWillHideNotification API_UNAVAILABLE(tvos, watchos) NS_SWIFT_NONISOLATED;
| `- note: 'keyboardWillHideNotification' has been explicitly marked unavailable here
135 | UIKIT_EXTERN NSNotificationName const UIKeyboardDidHideNotification API_UNAVAILABLE(tvos, watchos) NS_SWIFT_NONISOLATED;
136 |
/Users/admin/builder/spi-builder-workspace/Sources/ScrollingContentViewController/KeyboardObserver.swift:192:70: error: 'keyboardFrameEndUserInfoKey' is unavailable in tvOS
190 | private func keyboardFrameEvent(from notification: Notification) -> KeyboardFrameEvent? {
191 | guard let userInfo = notification.userInfo,
192 | let keyboardFrameEndUserInfoValue = userInfo[UIResponder.keyboardFrameEndUserInfoKey] as? NSValue,
| `- error: 'keyboardFrameEndUserInfoKey' is unavailable in tvOS
193 | let keyboardAnimationDurationNumber = userInfo[UIResponder.keyboardAnimationDurationUserInfoKey] as? NSNumber,
194 | let hostViewController = delegate?.hostViewController,
/Applications/Xcode-27.0.0-Release.Candidate.app/Contents/Developer/Platforms/AppleTVOS.platform/Developer/SDKs/AppleTVOS27.0.sdk/System/Library/Frameworks/UIKit.framework/Headers/UIWindow.h:138:30: note: 'keyboardFrameEndUserInfoKey' has been explicitly marked unavailable here
136 |
137 | UIKIT_EXTERN NSString *const UIKeyboardFrameBeginUserInfoKey API_AVAILABLE(ios(3.2)) API_UNAVAILABLE(tvos, watchos) NS_SWIFT_NONISOLATED; // NSValue of CGRect
138 | UIKIT_EXTERN NSString *const UIKeyboardFrameEndUserInfoKey API_AVAILABLE(ios(3.2)) API_UNAVAILABLE(tvos, watchos) NS_SWIFT_NONISOLATED; // NSValue of CGRect
| `- note: 'keyboardFrameEndUserInfoKey' has been explicitly marked unavailable here
139 | UIKIT_EXTERN NSString *const UIKeyboardAnimationDurationUserInfoKey API_AVAILABLE(ios(3.0)) API_UNAVAILABLE(tvos, watchos) NS_SWIFT_NONISOLATED; // NSNumber of double
140 | UIKIT_EXTERN NSString *const UIKeyboardAnimationCurveUserInfoKey API_AVAILABLE(ios(3.0)) API_UNAVAILABLE(tvos, watchos) NS_SWIFT_NONISOLATED; // NSNumber of NSUInteger (UIViewAnimationCurve)
/Users/admin/builder/spi-builder-workspace/Sources/ScrollingContentViewController/KeyboardObserver.swift:193:72: error: 'keyboardAnimationDurationUserInfoKey' is unavailable in tvOS
191 | guard let userInfo = notification.userInfo,
192 | let keyboardFrameEndUserInfoValue = userInfo[UIResponder.keyboardFrameEndUserInfoKey] as? NSValue,
193 | let keyboardAnimationDurationNumber = userInfo[UIResponder.keyboardAnimationDurationUserInfoKey] as? NSNumber,
| `- error: 'keyboardAnimationDurationUserInfoKey' is unavailable in tvOS
194 | let hostViewController = delegate?.hostViewController,
195 | let window = hostViewController.view.window
/Applications/Xcode-27.0.0-Release.Candidate.app/Contents/Developer/Platforms/AppleTVOS.platform/Developer/SDKs/AppleTVOS27.0.sdk/System/Library/Frameworks/UIKit.framework/Headers/UIWindow.h:139:30: note: 'keyboardAnimationDurationUserInfoKey' has been explicitly marked unavailable here
137 | UIKIT_EXTERN NSString *const UIKeyboardFrameBeginUserInfoKey API_AVAILABLE(ios(3.2)) API_UNAVAILABLE(tvos, watchos) NS_SWIFT_NONISOLATED; // NSValue of CGRect
138 | UIKIT_EXTERN NSString *const UIKeyboardFrameEndUserInfoKey API_AVAILABLE(ios(3.2)) API_UNAVAILABLE(tvos, watchos) NS_SWIFT_NONISOLATED; // NSValue of CGRect
139 | UIKIT_EXTERN NSString *const UIKeyboardAnimationDurationUserInfoKey API_AVAILABLE(ios(3.0)) API_UNAVAILABLE(tvos, watchos) NS_SWIFT_NONISOLATED; // NSNumber of double
| `- note: 'keyboardAnimationDurationUserInfoKey' has been explicitly marked unavailable here
140 | UIKIT_EXTERN NSString *const UIKeyboardAnimationCurveUserInfoKey API_AVAILABLE(ios(3.0)) API_UNAVAILABLE(tvos, watchos) NS_SWIFT_NONISOLATED; // NSNumber of NSUInteger (UIViewAnimationCurve)
141 | UIKIT_EXTERN NSString *const UIKeyboardIsLocalUserInfoKey API_AVAILABLE(ios(9.0)) API_UNAVAILABLE(tvos, watchos) NS_SWIFT_NONISOLATED; // NSNumber of BOOL
/Users/admin/builder/spi-builder-workspace/Sources/ScrollingContentViewController/KeyboardObserver.swift:212:26: error: 'keyboardWillHideNotification' is unavailable in tvOS
210 |
211 | switch notification.name {
212 | case UIResponder.keyboardWillHideNotification:
| `- error: 'keyboardWillHideNotification' is unavailable in tvOS
213 | return KeyboardFrameEvent(
214 | keyboardFrame: CGRect(x: 0, y: window.bounds.height, width: keyboardFrame.size.width, height: 0),
/Applications/Xcode-27.0.0-Release.Candidate.app/Contents/Developer/Platforms/AppleTVOS.platform/Developer/SDKs/AppleTVOS27.0.sdk/System/Library/Frameworks/UIKit.framework/Headers/UIWindow.h:134:39: note: 'keyboardWillHideNotification' has been explicitly marked unavailable here
132 | UIKIT_EXTERN NSNotificationName const UIKeyboardWillShowNotification API_UNAVAILABLE(tvos, watchos) NS_SWIFT_NONISOLATED;
133 | UIKIT_EXTERN NSNotificationName const UIKeyboardDidShowNotification API_UNAVAILABLE(tvos, watchos) NS_SWIFT_NONISOLATED;
134 | UIKIT_EXTERN NSNotificationName const UIKeyboardWillHideNotification API_UNAVAILABLE(tvos, watchos) NS_SWIFT_NONISOLATED;
| `- note: 'keyboardWillHideNotification' has been explicitly marked unavailable here
135 | UIKIT_EXTERN NSNotificationName const UIKeyboardDidHideNotification API_UNAVAILABLE(tvos, watchos) NS_SWIFT_NONISOLATED;
136 |
/Users/admin/builder/spi-builder-workspace/Sources/ScrollingContentViewController/KeyboardObserver.swift:216:26: error: 'keyboardWillShowNotification' is unavailable in tvOS
214 | keyboardFrame: CGRect(x: 0, y: window.bounds.height, width: keyboardFrame.size.width, height: 0),
215 | duration: keyboardAnimationDuration)
216 | case UIResponder.keyboardWillShowNotification:
| `- error: 'keyboardWillShowNotification' is unavailable in tvOS
217 | return KeyboardFrameEvent(
218 | keyboardFrame: CGRect(x: 0, y: window.bounds.height - keyboardFrame.size.height, width: keyboardFrame.size.width, height: keyboardFrame.size.height),
/Applications/Xcode-27.0.0-Release.Candidate.app/Contents/Developer/Platforms/AppleTVOS.platform/Developer/SDKs/AppleTVOS27.0.sdk/System/Library/Frameworks/UIKit.framework/Headers/UIWindow.h:132:39: note: 'keyboardWillShowNotification' has been explicitly marked unavailable here
130 | // Use the various UICoordinateSpace convertRect facilities to get the frame in the desired coordinate system.
131 | // Animation key/value pairs are only available for the "will" family of notification.
132 | UIKIT_EXTERN NSNotificationName const UIKeyboardWillShowNotification API_UNAVAILABLE(tvos, watchos) NS_SWIFT_NONISOLATED;
| `- note: 'keyboardWillShowNotification' has been explicitly marked unavailable here
133 | UIKIT_EXTERN NSNotificationName const UIKeyboardDidShowNotification API_UNAVAILABLE(tvos, watchos) NS_SWIFT_NONISOLATED;
134 | UIKIT_EXTERN NSNotificationName const UIKeyboardWillHideNotification API_UNAVAILABLE(tvos, watchos) NS_SWIFT_NONISOLATED;
Failed frontend command:
/Applications/Xcode-27.0.0-Release.Candidate.app/Contents/Developer/Toolchains/XcodeDefault.xctoolchain/usr/bin/swift-frontend -frontend -c /Users/admin/builder/spi-builder-workspace/Sources/ScrollingContentViewController/AdditionalSafeAreaInsetsController.swift /Users/admin/builder/spi-builder-workspace/Sources/ScrollingContentViewController/AdditionalSafeAreaInsetsControlling.swift /Users/admin/builder/spi-builder-workspace/Sources/ScrollingContentViewController/IsUnitTest.swift /Users/admin/builder/spi-builder-workspace/Sources/ScrollingContentViewController/KeyboardFrameEvent.swift /Users/admin/builder/spi-builder-workspace/Sources/ScrollingContentViewController/KeyboardNotificationManager.swift /Users/admin/builder/spi-builder-workspace/Sources/ScrollingContentViewController/KeyboardNotificationObserving.swift -primary-file /Users/admin/builder/spi-builder-workspace/Sources/ScrollingContentViewController/KeyboardObserver.swift -primary-file /Users/admin/builder/spi-builder-workspace/Sources/ScrollingContentViewController/KeyboardObserving.swift /Users/admin/builder/spi-builder-workspace/Sources/ScrollingContentViewController/ScrollRectEvent.swift /Users/admin/builder/spi-builder-workspace/Sources/ScrollingContentViewController/ScrollViewBounceController.swift /Users/admin/builder/spi-builder-workspace/Sources/ScrollingContentViewController/ScrollViewBounceControlling.swift /Users/admin/builder/spi-builder-workspace/Sources/ScrollingContentViewController/ScrollViewFilter.swift /Users/admin/builder/spi-builder-workspace/Sources/ScrollingContentViewController/ScrollViewFilterKeyboardDelegate.swift /Users/admin/builder/spi-builder-workspace/Sources/ScrollingContentViewController/ScrollViewFilterScrollDelegate.swift /Users/admin/builder/spi-builder-workspace/Sources/ScrollingContentViewController/ScrollingContentScrollView.swift /Users/admin/builder/spi-builder-workspace/Sources/ScrollingContentViewController/ScrollingContentViewController.swift /Users/admin/builder/spi-builder-workspace/Sources/ScrollingContentViewController/ScrollingContentViewManager.swift /Users/admin/builder/spi-builder-workspace/Sources/ScrollingContentViewController/UIView+FirstResponder.swift -emit-dependencies-path /Users/admin/builder/spi-builder-workspace/.derivedData/Build/Intermediates.noindex/ScrollingContentViewController.build/Debug-appletvos/ScrollingContentViewController-t.build/Objects-normal/arm64/KeyboardObserver.d -emit-const-values-path /Users/admin/builder/spi-builder-workspace/.derivedData/Build/Intermediates.noindex/ScrollingContentViewController.build/Debug-appletvos/ScrollingContentViewController-t.build/Objects-normal/arm64/KeyboardObserver.swiftconstvalues -emit-reference-dependencies-path /Users/admin/builder/spi-builder-workspace/.derivedData/Build/Intermediates.noindex/ScrollingContentViewController.build/Debug-appletvos/ScrollingContentViewController-t.build/Objects-normal/arm64/KeyboardObserver.swiftdeps -serialize-diagnostics-path /Users/admin/builder/spi-builder-workspace/.derivedData/Build/Intermediates.noindex/ScrollingContentViewController.build/Debug-appletvos/ScrollingContentViewController-t.build/Objects-normal/arm64/KeyboardObserver.dia -emit-dependencies-path /Users/admin/builder/spi-builder-workspace/.derivedData/Build/Intermediates.noindex/ScrollingContentViewController.build/Debug-appletvos/ScrollingContentViewController-t.build/Objects-normal/arm64/KeyboardObserving.d -emit-const-values-path /Users/admin/builder/spi-builder-workspace/.derivedData/Build/Intermediates.noindex/ScrollingContentViewController.build/Debug-appletvos/ScrollingContentViewController-t.build/Objects-normal/arm64/KeyboardObserving.swiftconstvalues -emit-reference-dependencies-path /Users/admin/builder/spi-builder-workspace/.derivedData/Build/Intermediates.noindex/ScrollingContentViewController.build/Debug-appletvos/ScrollingContentViewController-t.build/Objects-normal/arm64/KeyboardObserving.swiftdeps -serialize-diagnostics-path /Users/admin/builder/spi-builder-workspace/.derivedData/Build/Intermediates.noindex/ScrollingContentViewController.build/Debug-appletvos/ScrollingContentViewController-t.build/Objects-normal/arm64/KeyboardObserving.dia -target arm64-apple-tvos15.0 -disable-cross-import-overlay-search -load-resolved-plugin /Applications/Xcode-27.0.0-Release.Candidate.app/Contents/Developer/Platforms/AppleTVOS.platform/Developer/usr/lib/swift/host/plugins/libFoundationMacros.dylib\#/Applications/Xcode-27.0.0-Release.Candidate.app/Contents/Developer/Platforms/AppleTVOS.platform/Developer/usr/bin/swift-plugin-server\#FoundationMacros -load-resolved-plugin /Applications/Xcode-27.0.0-Release.Candidate.app/Contents/Developer/Platforms/AppleTVOS.platform/Developer/usr/lib/swift/host/plugins/libObservationMacros.dylib\#/Applications/Xcode-27.0.0-Release.Candidate.app/Contents/Developer/Platforms/AppleTVOS.platform/Developer/usr/bin/swift-plugin-server\#ObservationMacros -load-resolved-plugin /Applications/Xcode-27.0.0-Release.Candidate.app/Contents/Developer/Platforms/AppleTVOS.platform/Developer/usr/lib/swift/host/plugins/libPreviewsMacros.dylib\#/Applications/Xcode-27.0.0-Release.Candidate.app/Contents/Developer/Platforms/AppleTVOS.platform/Developer/usr/bin/swift-plugin-server\#PreviewsMacros -load-resolved-plugin /Applications/Xcode-27.0.0-Release.Candidate.app/Contents/Developer/Platforms/AppleTVOS.platform/Developer/usr/lib/swift/host/plugins/libSwiftMacros.dylib\#/Applications/Xcode-27.0.0-Release.Candidate.app/Contents/Developer/Platforms/AppleTVOS.platform/Developer/usr/bin/swift-plugin-server\#SwiftMacros -load-resolved-plugin /Applications/Xcode-27.0.0-Release.Candidate.app/Contents/Developer/Platforms/AppleTVOS.platform/Developer/usr/lib/swift/host/plugins/libSwiftUIMacros.dylib\#/Applications/Xcode-27.0.0-Release.Candidate.app/Contents/Developer/Platforms/AppleTVOS.platform/Developer/usr/bin/swift-plugin-server\#SwiftUIMacros -disable-implicit-swift-modules -Xcc -fno-implicit-modules -Xcc -fno-implicit-module-maps -explicit-swift-module-map-file /Users/admin/builder/spi-builder-workspace/.derivedData/Build/Intermediates.noindex/ScrollingContentViewController.build/Debug-appletvos/ScrollingContentViewController-t.build/Objects-normal/arm64/ScrollingContentViewController-dependencies-1.json -Xllvm -aarch64-use-tbi -enable-objc-interop -stack-check -sdk /Applications/Xcode-27.0.0-Release.Candidate.app/Contents/Developer/Platforms/AppleTVOS.platform/Developer/SDKs/AppleTVOS27.0.sdk -I /Users/admin/builder/spi-builder-workspace/.derivedData/Build/Products/Debug-appletvos -Isystem /Applications/Xcode-27.0.0-Release.Candidate.app/Contents/Developer/Platforms/AppleTVOS.platform/Developer/usr/lib -F /Users/admin/builder/spi-builder-workspace/.derivedData/Build/Products/Debug-appletvos -F /Applications/Xcode-27.0.0-Release.Candidate.app/Contents/Developer/Platforms/AppleTVOS.platform/Developer/Library/Frameworks -F /Applications/Xcode-27.0.0-Release.Candidate.app/Contents/Developer/Platforms/AppleTVOS.platform/Developer/SDKs/AppleTVOS27.0.sdk/Developer/Library/Frameworks -module-cache-path /Users/admin/builder/spi-builder-workspace/.derivedData/Build/Intermediates.noindex/SwiftExplicitPrecompiledModules -no-color-diagnostics -Xcc -fno-color-diagnostics -enable-testing -g -debug-info-format\=dwarf -dwarf-version\=4 -swift-version 5 -Onone -D SWIFT_PACKAGE -D DEBUG -D SWIFT_MODULE_RESOURCE_BUNDLE_UNAVAILABLE -D Xcode -serialize-debugging-options -enable-experimental-feature DebugDescriptionMacro -empty-abi-descriptor -validate-clang-modules-once -clang-build-session-file /Users/admin/builder/spi-builder-workspace/.derivedData/ModuleCache.noindex/Session.modulevalidation -Xcc -working-directory -Xcc /Users/admin/builder/spi-builder-workspace/.swiftpm/xcode -enable-anonymous-context-mangled-names -file-compilation-dir /Users/admin/builder/spi-builder-workspace/.swiftpm/xcode -Xcc -D_LIBCPP_HARDENING_MODE\=_LIBCPP_HARDENING_MODE_DEBUG -Xcc -ivfsstatcache -Xcc /Users/admin/builder/spi-builder-workspace/.derivedData/SDKStatCaches.noindex/appletvos27.0-24J360-e829b21a6f8c9b70876ba0858053c044b32bfd8d43560033f8d89884cdb90028.sdkstatcache -Xcc -fmodules-prune-interval\=86400 -Xcc -fmodules-prune-after\=345600 -Xcc -I/Users/admin/builder/spi-builder-workspace/.derivedData/Build/Products/Debug-appletvos/include -Xcc -I/Users/admin/builder/spi-builder-workspace/.derivedData/Build/Intermediates.noindex/ScrollingContentViewController.build/Debug-appletvos/ScrollingContentViewController-t.build/DerivedSources-normal/arm64 -Xcc -I/Users/admin/builder/spi-builder-workspace/.derivedData/Build/Intermediates.noindex/ScrollingContentViewController.build/Debug-appletvos/ScrollingContentViewController-t.build/DerivedSources/arm64 -Xcc -I/Users/admin/builder/spi-builder-workspace/.derivedData/Build/Intermediates.noindex/ScrollingContentViewController.build/Debug-appletvos/ScrollingContentViewController-t.build/DerivedSources -Xcc -DSWIFT_PACKAGE -Xcc -DDEBUG\=1 -no-auto-bridging-header-chaining -module-name ScrollingContentViewController -package-name spi_builder_workspace -const-gather-protocols-file /Users/admin/builder/spi-builder-workspace/.derivedData/Build/Intermediates.noindex/ScrollingContentViewController.build/Debug-appletvos/ScrollingContentViewController-t.build/Objects-normal/arm64/ScrollingContentViewController_const_extract_protocols.json -disable-clang-spi -clang-target arm64-apple-tvos27.0 -target-sdk-version 27.0 -target-sdk-name appletvos27.0 -in-process-plugin-server-path /Applications/Xcode-27.0.0-Release.Candidate.app/Contents/Developer/Toolchains/XcodeDefault.xctoolchain/usr/lib/swift/host/libSwiftInProcPluginServer.dylib -parse-as-library -o /Users/admin/builder/spi-builder-workspace/.derivedData/Build/Intermediates.noindex/ScrollingContentViewController.build/Debug-appletvos/ScrollingContentViewController-t.build/Objects-normal/arm64/KeyboardObserver.o -o /Users/admin/builder/spi-builder-workspace/.derivedData/Build/Intermediates.noindex/ScrollingContentViewController.build/Debug-appletvos/ScrollingContentViewController-t.build/Objects-normal/arm64/KeyboardObserving.o -debug-module-path /Users/admin/builder/spi-builder-workspace/.derivedData/Build/Intermediates.noindex/ScrollingContentViewController.build/Debug-appletvos/ScrollingContentViewController-t.build/Objects-normal/arm64/ScrollingContentViewController.swiftmodule -index-unit-output-path /ScrollingContentViewController.build/Debug-appletvos/ScrollingContentViewController-t.build/Objects-normal/arm64/KeyboardObserver.o -index-unit-output-path /ScrollingContentViewController.build/Debug-appletvos/ScrollingContentViewController-t.build/Objects-normal/arm64/KeyboardObserving.o -index-store-path /Users/admin/builder/spi-builder-workspace/.derivedData/Index.noindex/DataStore -index-system-modules
SwiftCompile normal arm64 /Users/admin/builder/spi-builder-workspace/Sources/ScrollingContentViewController/KeyboardObserver.swift (in target 'ScrollingContentViewController' from project 'ScrollingContentViewController')
cd /Users/admin/builder/spi-builder-workspace/.swiftpm/xcode
builtin-SwiftPerFileCompile KeyboardObserver.swift
SwiftCompile normal arm64 /Users/admin/builder/spi-builder-workspace/Sources/ScrollingContentViewController/KeyboardObserving.swift (in target 'ScrollingContentViewController' from project 'ScrollingContentViewController')
cd /Users/admin/builder/spi-builder-workspace/.swiftpm/xcode
builtin-SwiftPerFileCompile KeyboardObserving.swift
SwiftCompile normal arm64 Compiling\ AdditionalSafeAreaInsetsController.swift,\ AdditionalSafeAreaInsetsControlling.swift /Users/admin/builder/spi-builder-workspace/Sources/ScrollingContentViewController/AdditionalSafeAreaInsetsController.swift /Users/admin/builder/spi-builder-workspace/Sources/ScrollingContentViewController/AdditionalSafeAreaInsetsControlling.swift (in target 'ScrollingContentViewController' from project 'ScrollingContentViewController')
SwiftCompile normal arm64 /Users/admin/builder/spi-builder-workspace/Sources/ScrollingContentViewController/AdditionalSafeAreaInsetsController.swift (in target 'ScrollingContentViewController' from project 'ScrollingContentViewController')
cd /Users/admin/builder/spi-builder-workspace/.swiftpm/xcode
builtin-SwiftPerFileCompile AdditionalSafeAreaInsetsController.swift
SwiftCompile normal arm64 /Users/admin/builder/spi-builder-workspace/Sources/ScrollingContentViewController/AdditionalSafeAreaInsetsControlling.swift (in target 'ScrollingContentViewController' from project 'ScrollingContentViewController')
cd /Users/admin/builder/spi-builder-workspace/.swiftpm/xcode
builtin-SwiftPerFileCompile AdditionalSafeAreaInsetsControlling.swift
SwiftCompile normal arm64 Compiling\ IsUnitTest.swift,\ KeyboardFrameEvent.swift /Users/admin/builder/spi-builder-workspace/Sources/ScrollingContentViewController/IsUnitTest.swift /Users/admin/builder/spi-builder-workspace/Sources/ScrollingContentViewController/KeyboardFrameEvent.swift (in target 'ScrollingContentViewController' from project 'ScrollingContentViewController')
SwiftCompile normal arm64 /Users/admin/builder/spi-builder-workspace/Sources/ScrollingContentViewController/IsUnitTest.swift (in target 'ScrollingContentViewController' from project 'ScrollingContentViewController')
cd /Users/admin/builder/spi-builder-workspace/.swiftpm/xcode
builtin-SwiftPerFileCompile IsUnitTest.swift
SwiftCompile normal arm64 /Users/admin/builder/spi-builder-workspace/Sources/ScrollingContentViewController/KeyboardFrameEvent.swift (in target 'ScrollingContentViewController' from project 'ScrollingContentViewController')
cd /Users/admin/builder/spi-builder-workspace/.swiftpm/xcode
builtin-SwiftPerFileCompile KeyboardFrameEvent.swift
SwiftDriverJobDiscovery normal arm64 Emitting module for ScrollingContentViewController (in target 'ScrollingContentViewController' from project 'ScrollingContentViewController')
SwiftDriver\ Compilation\ Requirements ScrollingContentViewController normal arm64 com.apple.xcode.tools.swift.compiler (in target 'ScrollingContentViewController' from project 'ScrollingContentViewController')
cd /Users/admin/builder/spi-builder-workspace/.swiftpm/xcode
builtin-Swift-Compilation-Requirements -- /Applications/Xcode-27.0.0-Release.Candidate.app/Contents/Developer/Toolchains/XcodeDefault.xctoolchain/usr/bin/swiftc -parse-as-library -module-name ScrollingContentViewController -Onone @/Users/admin/builder/spi-builder-workspace/.derivedData/Build/Intermediates.noindex/ScrollingContentViewController.build/Debug-appletvos/ScrollingContentViewController-t.build/Objects-normal/arm64/ScrollingContentViewController.SwiftFileList -DSWIFT_PACKAGE -DDEBUG -DSWIFT_MODULE_RESOURCE_BUNDLE_UNAVAILABLE -DXcode -plugin-path /Applications/Xcode-27.0.0-Release.Candidate.app/Contents/Developer/Toolchains/XcodeDefault.xctoolchain/usr/lib/swift/host/plugins/testing -enable-experimental-feature DebugDescriptionMacro -sdk /Applications/Xcode-27.0.0-Release.Candidate.app/Contents/Developer/Platforms/AppleTVOS.platform/Developer/SDKs/AppleTVOS27.0.sdk -target arm64-apple-tvos15.0 -g -module-cache-path /Users/admin/builder/spi-builder-workspace/.derivedData/ModuleCache.noindex -Xfrontend -serialize-debugging-options -enable-testing -index-store-path /Users/admin/builder/spi-builder-workspace/.derivedData/Index.noindex/DataStore -Xcc -D_LIBCPP_HARDENING_MODE\=_LIBCPP_HARDENING_MODE_DEBUG -swift-version 5 -I /Users/admin/builder/spi-builder-workspace/.derivedData/Build/Products/Debug-appletvos -Isystem /Applications/Xcode-27.0.0-Release.Candidate.app/Contents/Developer/Platforms/AppleTVOS.platform/Developer/usr/lib -F /Users/admin/builder/spi-builder-workspace/.derivedData/Build/Products/Debug-appletvos -F /Applications/Xcode-27.0.0-Release.Candidate.app/Contents/Developer/Platforms/AppleTVOS.platform/Developer/Library/Frameworks -F /Applications/Xcode-27.0.0-Release.Candidate.app/Contents/Developer/Platforms/AppleTVOS.platform/Developer/SDKs/AppleTVOS27.0.sdk/Developer/Library/Frameworks -c -j10 -enable-batch-mode -incremental -Xcc -ivfsstatcache -Xcc /Users/admin/builder/spi-builder-workspace/.derivedData/SDKStatCaches.noindex/appletvos27.0-24J360-e829b21a6f8c9b70876ba0858053c044b32bfd8d43560033f8d89884cdb90028.sdkstatcache -output-file-map /Users/admin/builder/spi-builder-workspace/.derivedData/Build/Intermediates.noindex/ScrollingContentViewController.build/Debug-appletvos/ScrollingContentViewController-t.build/Objects-normal/arm64/ScrollingContentViewController-OutputFileMap.json -save-temps -no-color-diagnostics -explicit-module-build -module-cache-path /Users/admin/builder/spi-builder-workspace/.derivedData/Build/Intermediates.noindex/SwiftExplicitPrecompiledModules -clang-scanner-module-cache-path /Users/admin/builder/spi-builder-workspace/.derivedData/ModuleCache.noindex -sdk-module-cache-path /Users/admin/builder/spi-builder-workspace/.derivedData/SDKExplicitPrecompiledModules -emit-dependencies -emit-module -emit-module-path /Users/admin/builder/spi-builder-workspace/.derivedData/Build/Intermediates.noindex/ScrollingContentViewController.build/Debug-appletvos/ScrollingContentViewController-t.build/Objects-normal/arm64/ScrollingContentViewController.swiftmodule -serialize-diagnostics -dependency-scan-serialize-diagnostics-path /Users/admin/builder/spi-builder-workspace/.derivedData/Build/Intermediates.noindex/ScrollingContentViewController.build/Debug-appletvos/ScrollingContentViewController-t.build/Objects-normal/arm64/ScrollingContentViewController-dependency-scan.dia -validate-clang-modules-once -clang-build-session-file /Users/admin/builder/spi-builder-workspace/.derivedData/ModuleCache.noindex/Session.modulevalidation -Xcc -fmodules-prune-interval\=86400 -Xcc -fmodules-prune-after\=345600 -package-name spi_builder_workspace -emit-const-values -const-gather-protocols-list /Users/admin/builder/spi-builder-workspace/.derivedData/Build/Intermediates.noindex/ScrollingContentViewController.build/Debug-appletvos/ScrollingContentViewController-t.build/Objects-normal/arm64/ScrollingContentViewController_const_extract_protocols.json -Xcc -I/Users/admin/builder/spi-builder-workspace/.derivedData/Build/Products/Debug-appletvos/include -Xcc -I/Users/admin/builder/spi-builder-workspace/.derivedData/Build/Intermediates.noindex/ScrollingContentViewController.build/Debug-appletvos/ScrollingContentViewController-t.build/DerivedSources-normal/arm64 -Xcc -I/Users/admin/builder/spi-builder-workspace/.derivedData/Build/Intermediates.noindex/ScrollingContentViewController.build/Debug-appletvos/ScrollingContentViewController-t.build/DerivedSources/arm64 -Xcc -I/Users/admin/builder/spi-builder-workspace/.derivedData/Build/Intermediates.noindex/ScrollingContentViewController.build/Debug-appletvos/ScrollingContentViewController-t.build/DerivedSources -Xcc -DSWIFT_PACKAGE -Xcc -DDEBUG\=1 -emit-objc-header -emit-objc-header-path /Users/admin/builder/spi-builder-workspace/.derivedData/Build/Intermediates.noindex/ScrollingContentViewController.build/Debug-appletvos/ScrollingContentViewController-t.build/Objects-normal/arm64/ScrollingContentViewController-Swift.h -working-directory /Users/admin/builder/spi-builder-workspace/.swiftpm/xcode -experimental-emit-module-separately -disable-cmo
SwiftDriverJobDiscovery normal arm64 Compiling ScrollRectEvent.swift, ScrollViewBounceController.swift (in target 'ScrollingContentViewController' from project 'ScrollingContentViewController')
PruneExplicitPrecompiledModules /Users/admin/builder/spi-builder-workspace/.derivedData/Build/Intermediates.noindex/ExplicitPrecompiledModules
PruneExplicitPrecompiledModules /Users/admin/builder/spi-builder-workspace/.derivedData/Build/Intermediates.noindex/SwiftExplicitPrecompiledModules
PruneExplicitPrecompiledModules /Users/admin/builder/spi-builder-workspace/.derivedData/SDKExplicitPrecompiledModules
2026-09-19 11:48:33.857 xcodebuild[670:4276] [MT] IDERunDestination: Supported platforms for the buildables in the current scheme is empty.
** BUILD FAILED **
The following build commands failed:
SwiftCompile normal arm64 Compiling\ KeyboardNotificationManager.swift,\ KeyboardNotificationObserving.swift /Users/admin/builder/spi-builder-workspace/Sources/ScrollingContentViewController/KeyboardNotificationManager.swift /Users/admin/builder/spi-builder-workspace/Sources/ScrollingContentViewController/KeyboardNotificationObserving.swift (in target 'ScrollingContentViewController' from project 'ScrollingContentViewController')
SwiftCompile normal arm64 /Users/admin/builder/spi-builder-workspace/Sources/ScrollingContentViewController/KeyboardNotificationManager.swift (in target 'ScrollingContentViewController' from project 'ScrollingContentViewController')
SwiftCompile normal arm64 Compiling\ KeyboardObserver.swift,\ KeyboardObserving.swift /Users/admin/builder/spi-builder-workspace/Sources/ScrollingContentViewController/KeyboardObserver.swift /Users/admin/builder/spi-builder-workspace/Sources/ScrollingContentViewController/KeyboardObserving.swift (in target 'ScrollingContentViewController' from project 'ScrollingContentViewController')
SwiftCompile normal arm64 /Users/admin/builder/spi-builder-workspace/Sources/ScrollingContentViewController/KeyboardObserver.swift (in target 'ScrollingContentViewController' from project 'ScrollingContentViewController')
Building workspace ScrollingContentViewController with scheme ScrollingContentViewController
(5 failures)
Command line invocation:
/Applications/Xcode-27.0.0-Release.Candidate.app/Contents/Developer/usr/bin/xcodebuild -IDEClonedSourcePackagesDirPathOverride=/Users/admin/builder/spi-builder-workspace/.dependencies -resolvePackageDependencies
Resolve Package Graph
Resolved source packages:
ScrollingContentViewController: /Users/admin/builder/spi-builder-workspace
resolved source packages: ScrollingContentViewController
2026-09-19 11:48:43.886 xcodebuild[752:4657] [MT] IDERunDestination: Supported platforms for the buildables in the current scheme is empty.
{
"dependencies" : [
],
"manifest_display_name" : "ScrollingContentViewController",
"name" : "ScrollingContentViewController",
"path" : "/Users/admin/builder/spi-builder-workspace",
"platforms" : [
{
"name" : "ios",
"version" : "12.0"
},
{
"name" : "visionos",
"version" : "1.0"
}
],
"products" : [
{
"name" : "ScrollingContentViewController",
"targets" : [
"ScrollingContentViewController"
],
"type" : {
"library" : [
"automatic"
]
}
}
],
"targets" : [
{
"c99name" : "ScrollingContentViewController",
"module_type" : "SwiftTarget",
"name" : "ScrollingContentViewController",
"path" : "Sources/ScrollingContentViewController",
"product_memberships" : [
"ScrollingContentViewController"
],
"sources" : [
"AdditionalSafeAreaInsetsController.swift",
"AdditionalSafeAreaInsetsControlling.swift",
"IsUnitTest.swift",
"KeyboardFrameEvent.swift",
"KeyboardNotificationManager.swift",
"KeyboardNotificationObserving.swift",
"KeyboardObserver.swift",
"KeyboardObserving.swift",
"ScrollRectEvent.swift",
"ScrollViewBounceController.swift",
"ScrollViewBounceControlling.swift",
"ScrollViewFilter.swift",
"ScrollViewFilterKeyboardDelegate.swift",
"ScrollViewFilterScrollDelegate.swift",
"ScrollingContentScrollView.swift",
"ScrollingContentViewController.swift",
"ScrollingContentViewManager.swift",
"UIView+FirstResponder.swift"
],
"type" : "library"
}
],
"tools_version" : "5.9"
}
{
"workspace" : {
"name" : "ScrollingContentViewController",
"schemes" : [
"ScrollingContentViewController"
]
}
}
2026-09-19 11:48:45.091 xcodebuild[760:4735] [MT] IDERunDestination: Supported platforms for the buildables in the current scheme is empty.
Running build ...
env DEVELOPER_DIR=/Applications/Xcode-27.0.0-Release.Candidate.app xcrun xcodebuild -IDEClonedSourcePackagesDirPathOverride=$PWD/.dependencies -skipMacroValidation -skipPackagePluginValidation -derivedDataPath $PWD/.derivedData build -scheme ScrollingContentViewController -destination generic/platform=tvOS
Command line invocation:
/Applications/Xcode-27.0.0-Release.Candidate.app/Contents/Developer/usr/bin/xcodebuild -IDEClonedSourcePackagesDirPathOverride=/Users/admin/builder/spi-builder-workspace/.dependencies -skipMacroValidation -skipPackagePluginValidation -derivedDataPath /Users/admin/builder/spi-builder-workspace/.derivedData build -scheme ScrollingContentViewController -destination generic/platform=tvOS
Resolve Package Graph
Resolved source packages:
ScrollingContentViewController: /Users/admin/builder/spi-builder-workspace
ComputePackagePrebuildTargetDependencyGraph
Prepare packages
CreateBuildRequest
SendProjectDescription
CreateBuildOperation
ComputeTargetDependencyGraph
note: Building targets in dependency order
note: Target dependency graph (2 targets)
Target 'ScrollingContentViewController-product' in project 'ScrollingContentViewController'
➜ Explicit dependency on target 'ScrollingContentViewController' in project 'ScrollingContentViewController'
Target 'ScrollingContentViewController' in project 'ScrollingContentViewController' (no dependencies)
GatherProvisioningInputs
CreateBuildDescription
ClangStatCache /Applications/Xcode-27.0.0-Release.Candidate.app/Contents/Developer/Toolchains/XcodeDefault.xctoolchain/usr/bin/clang-stat-cache /Applications/Xcode-27.0.0-Release.Candidate.app/Contents/Developer/Platforms/AppleTVOS.platform/Developer/SDKs/AppleTVOS27.0.sdk /Users/admin/builder/spi-builder-workspace/.derivedData/SDKStatCaches.noindex/appletvos27.0-24J360-e829b21a6f8c9b70876ba0858053c044b32bfd8d43560033f8d89884cdb90028.sdkstatcache
cd /Users/admin/builder/spi-builder-workspace/.swiftpm/xcode
/Applications/Xcode-27.0.0-Release.Candidate.app/Contents/Developer/Toolchains/XcodeDefault.xctoolchain/usr/bin/clang-stat-cache /Applications/Xcode-27.0.0-Release.Candidate.app/Contents/Developer/Platforms/AppleTVOS.platform/Developer/SDKs/AppleTVOS27.0.sdk -o /Users/admin/builder/spi-builder-workspace/.derivedData/SDKStatCaches.noindex/appletvos27.0-24J360-e829b21a6f8c9b70876ba0858053c044b32bfd8d43560033f8d89884cdb90028.sdkstatcache
SwiftDriver ScrollingContentViewController normal arm64 com.apple.xcode.tools.swift.compiler (in target 'ScrollingContentViewController' from project 'ScrollingContentViewController')
cd /Users/admin/builder/spi-builder-workspace/.swiftpm/xcode
builtin-SwiftDriver -- /Applications/Xcode-27.0.0-Release.Candidate.app/Contents/Developer/Toolchains/XcodeDefault.xctoolchain/usr/bin/swiftc -parse-as-library -module-name ScrollingContentViewController -Onone @/Users/admin/builder/spi-builder-workspace/.derivedData/Build/Intermediates.noindex/ScrollingContentViewController.build/Debug-appletvos/ScrollingContentViewController-t.build/Objects-normal/arm64/ScrollingContentViewController.SwiftFileList -DSWIFT_PACKAGE -DDEBUG -DSWIFT_MODULE_RESOURCE_BUNDLE_UNAVAILABLE -DXcode -plugin-path /Applications/Xcode-27.0.0-Release.Candidate.app/Contents/Developer/Toolchains/XcodeDefault.xctoolchain/usr/lib/swift/host/plugins/testing -enable-experimental-feature DebugDescriptionMacro -sdk /Applications/Xcode-27.0.0-Release.Candidate.app/Contents/Developer/Platforms/AppleTVOS.platform/Developer/SDKs/AppleTVOS27.0.sdk -target arm64-apple-tvos15.0 -g -module-cache-path /Users/admin/builder/spi-builder-workspace/.derivedData/ModuleCache.noindex -Xfrontend -serialize-debugging-options -enable-testing -index-store-path /Users/admin/builder/spi-builder-workspace/.derivedData/Index.noindex/DataStore -Xcc -D_LIBCPP_HARDENING_MODE\=_LIBCPP_HARDENING_MODE_DEBUG -swift-version 5 -I /Users/admin/builder/spi-builder-workspace/.derivedData/Build/Products/Debug-appletvos -Isystem /Applications/Xcode-27.0.0-Release.Candidate.app/Contents/Developer/Platforms/AppleTVOS.platform/Developer/usr/lib -F /Users/admin/builder/spi-builder-workspace/.derivedData/Build/Products/Debug-appletvos -F /Applications/Xcode-27.0.0-Release.Candidate.app/Contents/Developer/Platforms/AppleTVOS.platform/Developer/Library/Frameworks -F /Applications/Xcode-27.0.0-Release.Candidate.app/Contents/Developer/Platforms/AppleTVOS.platform/Developer/SDKs/AppleTVOS27.0.sdk/Developer/Library/Frameworks -c -j10 -enable-batch-mode -incremental -Xcc -ivfsstatcache -Xcc /Users/admin/builder/spi-builder-workspace/.derivedData/SDKStatCaches.noindex/appletvos27.0-24J360-e829b21a6f8c9b70876ba0858053c044b32bfd8d43560033f8d89884cdb90028.sdkstatcache -output-file-map /Users/admin/builder/spi-builder-workspace/.derivedData/Build/Intermediates.noindex/ScrollingContentViewController.build/Debug-appletvos/ScrollingContentViewController-t.build/Objects-normal/arm64/ScrollingContentViewController-OutputFileMap.json -save-temps -no-color-diagnostics -explicit-module-build -module-cache-path /Users/admin/builder/spi-builder-workspace/.derivedData/Build/Intermediates.noindex/SwiftExplicitPrecompiledModules -clang-scanner-module-cache-path /Users/admin/builder/spi-builder-workspace/.derivedData/ModuleCache.noindex -sdk-module-cache-path /Users/admin/builder/spi-builder-workspace/.derivedData/SDKExplicitPrecompiledModules -emit-dependencies -emit-module -emit-module-path /Users/admin/builder/spi-builder-workspace/.derivedData/Build/Intermediates.noindex/ScrollingContentViewController.build/Debug-appletvos/ScrollingContentViewController-t.build/Objects-normal/arm64/ScrollingContentViewController.swiftmodule -serialize-diagnostics -dependency-scan-serialize-diagnostics-path /Users/admin/builder/spi-builder-workspace/.derivedData/Build/Intermediates.noindex/ScrollingContentViewController.build/Debug-appletvos/ScrollingContentViewController-t.build/Objects-normal/arm64/ScrollingContentViewController-dependency-scan.dia -validate-clang-modules-once -clang-build-session-file /Users/admin/builder/spi-builder-workspace/.derivedData/ModuleCache.noindex/Session.modulevalidation -Xcc -fmodules-prune-interval\=86400 -Xcc -fmodules-prune-after\=345600 -package-name spi_builder_workspace -emit-const-values -const-gather-protocols-list /Users/admin/builder/spi-builder-workspace/.derivedData/Build/Intermediates.noindex/ScrollingContentViewController.build/Debug-appletvos/ScrollingContentViewController-t.build/Objects-normal/arm64/ScrollingContentViewController_const_extract_protocols.json -Xcc -I/Users/admin/builder/spi-builder-workspace/.derivedData/Build/Products/Debug-appletvos/include -Xcc -I/Users/admin/builder/spi-builder-workspace/.derivedData/Build/Intermediates.noindex/ScrollingContentViewController.build/Debug-appletvos/ScrollingContentViewController-t.build/DerivedSources-normal/arm64 -Xcc -I/Users/admin/builder/spi-builder-workspace/.derivedData/Build/Intermediates.noindex/ScrollingContentViewController.build/Debug-appletvos/ScrollingContentViewController-t.build/DerivedSources/arm64 -Xcc -I/Users/admin/builder/spi-builder-workspace/.derivedData/Build/Intermediates.noindex/ScrollingContentViewController.build/Debug-appletvos/ScrollingContentViewController-t.build/DerivedSources -Xcc -DSWIFT_PACKAGE -Xcc -DDEBUG\=1 -emit-objc-header -emit-objc-header-path /Users/admin/builder/spi-builder-workspace/.derivedData/Build/Intermediates.noindex/ScrollingContentViewController.build/Debug-appletvos/ScrollingContentViewController-t.build/Objects-normal/arm64/ScrollingContentViewController-Swift.h -working-directory /Users/admin/builder/spi-builder-workspace/.swiftpm/xcode -experimental-emit-module-separately -disable-cmo
SwiftEmitModule normal arm64 Emitting\ module\ for\ ScrollingContentViewController (in target 'ScrollingContentViewController' from project 'ScrollingContentViewController')
SwiftCompile normal arm64 (in target 'ScrollingContentViewController' from project 'ScrollingContentViewController')
cd /Users/admin/builder/spi-builder-workspace/.swiftpm/xcode
SwiftCompile normal arm64 Compiling\ AdditionalSafeAreaInsetsController.swift,\ AdditionalSafeAreaInsetsControlling.swift /Users/admin/builder/spi-builder-workspace/Sources/ScrollingContentViewController/AdditionalSafeAreaInsetsController.swift /Users/admin/builder/spi-builder-workspace/Sources/ScrollingContentViewController/AdditionalSafeAreaInsetsControlling.swift (in target 'ScrollingContentViewController' from project 'ScrollingContentViewController')
SwiftCompile normal arm64 /Users/admin/builder/spi-builder-workspace/Sources/ScrollingContentViewController/AdditionalSafeAreaInsetsController.swift (in target 'ScrollingContentViewController' from project 'ScrollingContentViewController')
cd /Users/admin/builder/spi-builder-workspace/.swiftpm/xcode
builtin-SwiftPerFileCompile AdditionalSafeAreaInsetsController.swift
SwiftCompile normal arm64 /Users/admin/builder/spi-builder-workspace/Sources/ScrollingContentViewController/AdditionalSafeAreaInsetsControlling.swift (in target 'ScrollingContentViewController' from project 'ScrollingContentViewController')
cd /Users/admin/builder/spi-builder-workspace/.swiftpm/xcode
builtin-SwiftPerFileCompile AdditionalSafeAreaInsetsControlling.swift
SwiftCompile normal arm64 Compiling\ IsUnitTest.swift,\ KeyboardFrameEvent.swift /Users/admin/builder/spi-builder-workspace/Sources/ScrollingContentViewController/IsUnitTest.swift /Users/admin/builder/spi-builder-workspace/Sources/ScrollingContentViewController/KeyboardFrameEvent.swift (in target 'ScrollingContentViewController' from project 'ScrollingContentViewController')
SwiftCompile normal arm64 /Users/admin/builder/spi-builder-workspace/Sources/ScrollingContentViewController/IsUnitTest.swift (in target 'ScrollingContentViewController' from project 'ScrollingContentViewController')
cd /Users/admin/builder/spi-builder-workspace/.swiftpm/xcode
builtin-SwiftPerFileCompile IsUnitTest.swift
SwiftCompile normal arm64 /Users/admin/builder/spi-builder-workspace/Sources/ScrollingContentViewController/KeyboardFrameEvent.swift (in target 'ScrollingContentViewController' from project 'ScrollingContentViewController')
cd /Users/admin/builder/spi-builder-workspace/.swiftpm/xcode
builtin-SwiftPerFileCompile KeyboardFrameEvent.swift
SwiftCompile normal arm64 Compiling\ KeyboardNotificationManager.swift,\ KeyboardNotificationObserving.swift /Users/admin/builder/spi-builder-workspace/Sources/ScrollingContentViewController/KeyboardNotificationManager.swift /Users/admin/builder/spi-builder-workspace/Sources/ScrollingContentViewController/KeyboardNotificationObserving.swift (in target 'ScrollingContentViewController' from project 'ScrollingContentViewController')
/Users/admin/builder/spi-builder-workspace/Sources/ScrollingContentViewController/KeyboardNotificationManager.swift:29:117: error: 'keyboardWillShowNotification' is unavailable in tvOS
27 |
28 | let notificationCenter = NotificationCenter.default
29 | notificationCenter.addObserver(self, selector: #selector(notifyObservers(notification:)), name: UIResponder.keyboardWillShowNotification, object: nil)
| `- error: 'keyboardWillShowNotification' is unavailable in tvOS
30 | notificationCenter.addObserver(self, selector: #selector(notifyObservers(notification:)), name: UIResponder.keyboardWillHideNotification, object: nil)
31 | }
/Applications/Xcode-27.0.0-Release.Candidate.app/Contents/Developer/Platforms/AppleTVOS.platform/Developer/SDKs/AppleTVOS27.0.sdk/System/Library/Frameworks/UIKit.framework/Headers/UIWindow.h:132:39: note: 'keyboardWillShowNotification' has been explicitly marked unavailable here
130 | // Use the various UICoordinateSpace convertRect facilities to get the frame in the desired coordinate system.
131 | // Animation key/value pairs are only available for the "will" family of notification.
132 | UIKIT_EXTERN NSNotificationName const UIKeyboardWillShowNotification API_UNAVAILABLE(tvos, watchos) NS_SWIFT_NONISOLATED;
| `- note: 'keyboardWillShowNotification' has been explicitly marked unavailable here
133 | UIKIT_EXTERN NSNotificationName const UIKeyboardDidShowNotification API_UNAVAILABLE(tvos, watchos) NS_SWIFT_NONISOLATED;
134 | UIKIT_EXTERN NSNotificationName const UIKeyboardWillHideNotification API_UNAVAILABLE(tvos, watchos) NS_SWIFT_NONISOLATED;
/Users/admin/builder/spi-builder-workspace/Sources/ScrollingContentViewController/KeyboardNotificationManager.swift:30:117: error: 'keyboardWillHideNotification' is unavailable in tvOS
28 | let notificationCenter = NotificationCenter.default
29 | notificationCenter.addObserver(self, selector: #selector(notifyObservers(notification:)), name: UIResponder.keyboardWillShowNotification, object: nil)
30 | notificationCenter.addObserver(self, selector: #selector(notifyObservers(notification:)), name: UIResponder.keyboardWillHideNotification, object: nil)
| `- error: 'keyboardWillHideNotification' is unavailable in tvOS
31 | }
32 |
/Applications/Xcode-27.0.0-Release.Candidate.app/Contents/Developer/Platforms/AppleTVOS.platform/Developer/SDKs/AppleTVOS27.0.sdk/System/Library/Frameworks/UIKit.framework/Headers/UIWindow.h:134:39: note: 'keyboardWillHideNotification' has been explicitly marked unavailable here
132 | UIKIT_EXTERN NSNotificationName const UIKeyboardWillShowNotification API_UNAVAILABLE(tvos, watchos) NS_SWIFT_NONISOLATED;
133 | UIKIT_EXTERN NSNotificationName const UIKeyboardDidShowNotification API_UNAVAILABLE(tvos, watchos) NS_SWIFT_NONISOLATED;
134 | UIKIT_EXTERN NSNotificationName const UIKeyboardWillHideNotification API_UNAVAILABLE(tvos, watchos) NS_SWIFT_NONISOLATED;
| `- note: 'keyboardWillHideNotification' has been explicitly marked unavailable here
135 | UIKIT_EXTERN NSNotificationName const UIKeyboardDidHideNotification API_UNAVAILABLE(tvos, watchos) NS_SWIFT_NONISOLATED;
136 |
/Users/admin/builder/spi-builder-workspace/Sources/ScrollingContentViewController/KeyboardNotificationManager.swift:35:67: error: 'keyboardWillShowNotification' is unavailable in tvOS
33 | deinit {
34 | let notificationCenter = NotificationCenter.default
35 | notificationCenter.removeObserver(self, name: UIResponder.keyboardWillShowNotification, object: nil)
| `- error: 'keyboardWillShowNotification' is unavailable in tvOS
36 | notificationCenter.removeObserver(self, name: UIResponder.keyboardWillHideNotification, object: nil)
37 | }
/Applications/Xcode-27.0.0-Release.Candidate.app/Contents/Developer/Platforms/AppleTVOS.platform/Developer/SDKs/AppleTVOS27.0.sdk/System/Library/Frameworks/UIKit.framework/Headers/UIWindow.h:132:39: note: 'keyboardWillShowNotification' has been explicitly marked unavailable here
130 | // Use the various UICoordinateSpace convertRect facilities to get the frame in the desired coordinate system.
131 | // Animation key/value pairs are only available for the "will" family of notification.
132 | UIKIT_EXTERN NSNotificationName const UIKeyboardWillShowNotification API_UNAVAILABLE(tvos, watchos) NS_SWIFT_NONISOLATED;
| `- note: 'keyboardWillShowNotification' has been explicitly marked unavailable here
133 | UIKIT_EXTERN NSNotificationName const UIKeyboardDidShowNotification API_UNAVAILABLE(tvos, watchos) NS_SWIFT_NONISOLATED;
134 | UIKIT_EXTERN NSNotificationName const UIKeyboardWillHideNotification API_UNAVAILABLE(tvos, watchos) NS_SWIFT_NONISOLATED;
/Users/admin/builder/spi-builder-workspace/Sources/ScrollingContentViewController/KeyboardNotificationManager.swift:36:67: error: 'keyboardWillHideNotification' is unavailable in tvOS
34 | let notificationCenter = NotificationCenter.default
35 | notificationCenter.removeObserver(self, name: UIResponder.keyboardWillShowNotification, object: nil)
36 | notificationCenter.removeObserver(self, name: UIResponder.keyboardWillHideNotification, object: nil)
| `- error: 'keyboardWillHideNotification' is unavailable in tvOS
37 | }
38 |
/Applications/Xcode-27.0.0-Release.Candidate.app/Contents/Developer/Platforms/AppleTVOS.platform/Developer/SDKs/AppleTVOS27.0.sdk/System/Library/Frameworks/UIKit.framework/Headers/UIWindow.h:134:39: note: 'keyboardWillHideNotification' has been explicitly marked unavailable here
132 | UIKIT_EXTERN NSNotificationName const UIKeyboardWillShowNotification API_UNAVAILABLE(tvos, watchos) NS_SWIFT_NONISOLATED;
133 | UIKIT_EXTERN NSNotificationName const UIKeyboardDidShowNotification API_UNAVAILABLE(tvos, watchos) NS_SWIFT_NONISOLATED;
134 | UIKIT_EXTERN NSNotificationName const UIKeyboardWillHideNotification API_UNAVAILABLE(tvos, watchos) NS_SWIFT_NONISOLATED;
| `- note: 'keyboardWillHideNotification' has been explicitly marked unavailable here
135 | UIKIT_EXTERN NSNotificationName const UIKeyboardDidHideNotification API_UNAVAILABLE(tvos, watchos) NS_SWIFT_NONISOLATED;
136 |
Failed frontend command:
/Applications/Xcode-27.0.0-Release.Candidate.app/Contents/Developer/Toolchains/XcodeDefault.xctoolchain/usr/bin/swift-frontend -frontend -c /Users/admin/builder/spi-builder-workspace/Sources/ScrollingContentViewController/AdditionalSafeAreaInsetsController.swift /Users/admin/builder/spi-builder-workspace/Sources/ScrollingContentViewController/AdditionalSafeAreaInsetsControlling.swift /Users/admin/builder/spi-builder-workspace/Sources/ScrollingContentViewController/IsUnitTest.swift /Users/admin/builder/spi-builder-workspace/Sources/ScrollingContentViewController/KeyboardFrameEvent.swift -primary-file /Users/admin/builder/spi-builder-workspace/Sources/ScrollingContentViewController/KeyboardNotificationManager.swift -primary-file /Users/admin/builder/spi-builder-workspace/Sources/ScrollingContentViewController/KeyboardNotificationObserving.swift /Users/admin/builder/spi-builder-workspace/Sources/ScrollingContentViewController/KeyboardObserver.swift /Users/admin/builder/spi-builder-workspace/Sources/ScrollingContentViewController/KeyboardObserving.swift /Users/admin/builder/spi-builder-workspace/Sources/ScrollingContentViewController/ScrollRectEvent.swift /Users/admin/builder/spi-builder-workspace/Sources/ScrollingContentViewController/ScrollViewBounceController.swift /Users/admin/builder/spi-builder-workspace/Sources/ScrollingContentViewController/ScrollViewBounceControlling.swift /Users/admin/builder/spi-builder-workspace/Sources/ScrollingContentViewController/ScrollViewFilter.swift /Users/admin/builder/spi-builder-workspace/Sources/ScrollingContentViewController/ScrollViewFilterKeyboardDelegate.swift /Users/admin/builder/spi-builder-workspace/Sources/ScrollingContentViewController/ScrollViewFilterScrollDelegate.swift /Users/admin/builder/spi-builder-workspace/Sources/ScrollingContentViewController/ScrollingContentScrollView.swift /Users/admin/builder/spi-builder-workspace/Sources/ScrollingContentViewController/ScrollingContentViewController.swift /Users/admin/builder/spi-builder-workspace/Sources/ScrollingContentViewController/ScrollingContentViewManager.swift /Users/admin/builder/spi-builder-workspace/Sources/ScrollingContentViewController/UIView+FirstResponder.swift -emit-dependencies-path /Users/admin/builder/spi-builder-workspace/.derivedData/Build/Intermediates.noindex/ScrollingContentViewController.build/Debug-appletvos/ScrollingContentViewController-t.build/Objects-normal/arm64/KeyboardNotificationManager.d -emit-const-values-path /Users/admin/builder/spi-builder-workspace/.derivedData/Build/Intermediates.noindex/ScrollingContentViewController.build/Debug-appletvos/ScrollingContentViewController-t.build/Objects-normal/arm64/KeyboardNotificationManager.swiftconstvalues -emit-reference-dependencies-path /Users/admin/builder/spi-builder-workspace/.derivedData/Build/Intermediates.noindex/ScrollingContentViewController.build/Debug-appletvos/ScrollingContentViewController-t.build/Objects-normal/arm64/KeyboardNotificationManager.swiftdeps -serialize-diagnostics-path /Users/admin/builder/spi-builder-workspace/.derivedData/Build/Intermediates.noindex/ScrollingContentViewController.build/Debug-appletvos/ScrollingContentViewController-t.build/Objects-normal/arm64/KeyboardNotificationManager.dia -emit-dependencies-path /Users/admin/builder/spi-builder-workspace/.derivedData/Build/Intermediates.noindex/ScrollingContentViewController.build/Debug-appletvos/ScrollingContentViewController-t.build/Objects-normal/arm64/KeyboardNotificationObserving.d -emit-const-values-path /Users/admin/builder/spi-builder-workspace/.derivedData/Build/Intermediates.noindex/ScrollingContentViewController.build/Debug-appletvos/ScrollingContentViewController-t.build/Objects-normal/arm64/KeyboardNotificationObserving.swiftconstvalues -emit-reference-dependencies-path /Users/admin/builder/spi-builder-workspace/.derivedData/Build/Intermediates.noindex/ScrollingContentViewController.build/Debug-appletvos/ScrollingContentViewController-t.build/Objects-normal/arm64/KeyboardNotificationObserving.swiftdeps -serialize-diagnostics-path /Users/admin/builder/spi-builder-workspace/.derivedData/Build/Intermediates.noindex/ScrollingContentViewController.build/Debug-appletvos/ScrollingContentViewController-t.build/Objects-normal/arm64/KeyboardNotificationObserving.dia -target arm64-apple-tvos15.0 -disable-cross-import-overlay-search -load-resolved-plugin /Applications/Xcode-27.0.0-Release.Candidate.app/Contents/Developer/Platforms/AppleTVOS.platform/Developer/usr/lib/swift/host/plugins/libFoundationMacros.dylib\#/Applications/Xcode-27.0.0-Release.Candidate.app/Contents/Developer/Platforms/AppleTVOS.platform/Developer/usr/bin/swift-plugin-server\#FoundationMacros -load-resolved-plugin /Applications/Xcode-27.0.0-Release.Candidate.app/Contents/Developer/Platforms/AppleTVOS.platform/Developer/usr/lib/swift/host/plugins/libObservationMacros.dylib\#/Applications/Xcode-27.0.0-Release.Candidate.app/Contents/Developer/Platforms/AppleTVOS.platform/Developer/usr/bin/swift-plugin-server\#ObservationMacros -load-resolved-plugin /Applications/Xcode-27.0.0-Release.Candidate.app/Contents/Developer/Platforms/AppleTVOS.platform/Developer/usr/lib/swift/host/plugins/libPreviewsMacros.dylib\#/Applications/Xcode-27.0.0-Release.Candidate.app/Contents/Developer/Platforms/AppleTVOS.platform/Developer/usr/bin/swift-plugin-server\#PreviewsMacros -load-resolved-plugin /Applications/Xcode-27.0.0-Release.Candidate.app/Contents/Developer/Platforms/AppleTVOS.platform/Developer/usr/lib/swift/host/plugins/libSwiftMacros.dylib\#/Applications/Xcode-27.0.0-Release.Candidate.app/Contents/Developer/Platforms/AppleTVOS.platform/Developer/usr/bin/swift-plugin-server\#SwiftMacros -load-resolved-plugin /Applications/Xcode-27.0.0-Release.Candidate.app/Contents/Developer/Platforms/AppleTVOS.platform/Developer/usr/lib/swift/host/plugins/libSwiftUIMacros.dylib\#/Applications/Xcode-27.0.0-Release.Candidate.app/Contents/Developer/Platforms/AppleTVOS.platform/Developer/usr/bin/swift-plugin-server\#SwiftUIMacros -disable-implicit-swift-modules -Xcc -fno-implicit-modules -Xcc -fno-implicit-module-maps -explicit-swift-module-map-file /Users/admin/builder/spi-builder-workspace/.derivedData/Build/Intermediates.noindex/ScrollingContentViewController.build/Debug-appletvos/ScrollingContentViewController-t.build/Objects-normal/arm64/ScrollingContentViewController-dependencies-1.json -Xllvm -aarch64-use-tbi -enable-objc-interop -stack-check -sdk /Applications/Xcode-27.0.0-Release.Candidate.app/Contents/Developer/Platforms/AppleTVOS.platform/Developer/SDKs/AppleTVOS27.0.sdk -I /Users/admin/builder/spi-builder-workspace/.derivedData/Build/Products/Debug-appletvos -Isystem /Applications/Xcode-27.0.0-Release.Candidate.app/Contents/Developer/Platforms/AppleTVOS.platform/Developer/usr/lib -F /Users/admin/builder/spi-builder-workspace/.derivedData/Build/Products/Debug-appletvos -F /Applications/Xcode-27.0.0-Release.Candidate.app/Contents/Developer/Platforms/AppleTVOS.platform/Developer/Library/Frameworks -F /Applications/Xcode-27.0.0-Release.Candidate.app/Contents/Developer/Platforms/AppleTVOS.platform/Developer/SDKs/AppleTVOS27.0.sdk/Developer/Library/Frameworks -module-cache-path /Users/admin/builder/spi-builder-workspace/.derivedData/Build/Intermediates.noindex/SwiftExplicitPrecompiledModules -no-color-diagnostics -Xcc -fno-color-diagnostics -enable-testing -g -debug-info-format\=dwarf -dwarf-version\=4 -swift-version 5 -Onone -D SWIFT_PACKAGE -D DEBUG -D SWIFT_MODULE_RESOURCE_BUNDLE_UNAVAILABLE -D Xcode -serialize-debugging-options -enable-experimental-feature DebugDescriptionMacro -empty-abi-descriptor -validate-clang-modules-once -clang-build-session-file /Users/admin/builder/spi-builder-workspace/.derivedData/ModuleCache.noindex/Session.modulevalidation -Xcc -working-directory -Xcc /Users/admin/builder/spi-builder-workspace/.swiftpm/xcode -enable-anonymous-context-mangled-names -file-compilation-dir /Users/admin/builder/spi-builder-workspace/.swiftpm/xcode -Xcc -D_LIBCPP_HARDENING_MODE\=_LIBCPP_HARDENING_MODE_DEBUG -Xcc -ivfsstatcache -Xcc /Users/admin/builder/spi-builder-workspace/.derivedData/SDKStatCaches.noindex/appletvos27.0-24J360-e829b21a6f8c9b70876ba0858053c044b32bfd8d43560033f8d89884cdb90028.sdkstatcache -Xcc -fmodules-prune-interval\=86400 -Xcc -fmodules-prune-after\=345600 -Xcc -I/Users/admin/builder/spi-builder-workspace/.derivedData/Build/Products/Debug-appletvos/include -Xcc -I/Users/admin/builder/spi-builder-workspace/.derivedData/Build/Intermediates.noindex/ScrollingContentViewController.build/Debug-appletvos/ScrollingContentViewController-t.build/DerivedSources-normal/arm64 -Xcc -I/Users/admin/builder/spi-builder-workspace/.derivedData/Build/Intermediates.noindex/ScrollingContentViewController.build/Debug-appletvos/ScrollingContentViewController-t.build/DerivedSources/arm64 -Xcc -I/Users/admin/builder/spi-builder-workspace/.derivedData/Build/Intermediates.noindex/ScrollingContentViewController.build/Debug-appletvos/ScrollingContentViewController-t.build/DerivedSources -Xcc -DSWIFT_PACKAGE -Xcc -DDEBUG\=1 -no-auto-bridging-header-chaining -module-name ScrollingContentViewController -package-name spi_builder_workspace -const-gather-protocols-file /Users/admin/builder/spi-builder-workspace/.derivedData/Build/Intermediates.noindex/ScrollingContentViewController.build/Debug-appletvos/ScrollingContentViewController-t.build/Objects-normal/arm64/ScrollingContentViewController_const_extract_protocols.json -disable-clang-spi -clang-target arm64-apple-tvos27.0 -target-sdk-version 27.0 -target-sdk-name appletvos27.0 -in-process-plugin-server-path /Applications/Xcode-27.0.0-Release.Candidate.app/Contents/Developer/Toolchains/XcodeDefault.xctoolchain/usr/lib/swift/host/libSwiftInProcPluginServer.dylib -parse-as-library -o /Users/admin/builder/spi-builder-workspace/.derivedData/Build/Intermediates.noindex/ScrollingContentViewController.build/Debug-appletvos/ScrollingContentViewController-t.build/Objects-normal/arm64/KeyboardNotificationManager.o -o /Users/admin/builder/spi-builder-workspace/.derivedData/Build/Intermediates.noindex/ScrollingContentViewController.build/Debug-appletvos/ScrollingContentViewController-t.build/Objects-normal/arm64/KeyboardNotificationObserving.o -debug-module-path /Users/admin/builder/spi-builder-workspace/.derivedData/Build/Intermediates.noindex/ScrollingContentViewController.build/Debug-appletvos/ScrollingContentViewController-t.build/Objects-normal/arm64/ScrollingContentViewController.swiftmodule -index-unit-output-path /ScrollingContentViewController.build/Debug-appletvos/ScrollingContentViewController-t.build/Objects-normal/arm64/KeyboardNotificationManager.o -index-unit-output-path /ScrollingContentViewController.build/Debug-appletvos/ScrollingContentViewController-t.build/Objects-normal/arm64/KeyboardNotificationObserving.o -index-store-path /Users/admin/builder/spi-builder-workspace/.derivedData/Index.noindex/DataStore -index-system-modules
SwiftCompile normal arm64 /Users/admin/builder/spi-builder-workspace/Sources/ScrollingContentViewController/KeyboardNotificationManager.swift (in target 'ScrollingContentViewController' from project 'ScrollingContentViewController')
cd /Users/admin/builder/spi-builder-workspace/.swiftpm/xcode
builtin-SwiftPerFileCompile KeyboardNotificationManager.swift
SwiftCompile normal arm64 /Users/admin/builder/spi-builder-workspace/Sources/ScrollingContentViewController/KeyboardNotificationObserving.swift (in target 'ScrollingContentViewController' from project 'ScrollingContentViewController')
cd /Users/admin/builder/spi-builder-workspace/.swiftpm/xcode
builtin-SwiftPerFileCompile KeyboardNotificationObserving.swift
SwiftCompile normal arm64 Compiling\ ScrollViewBounceControlling.swift,\ ScrollViewFilter.swift /Users/admin/builder/spi-builder-workspace/Sources/ScrollingContentViewController/ScrollViewBounceControlling.swift /Users/admin/builder/spi-builder-workspace/Sources/ScrollingContentViewController/ScrollViewFilter.swift (in target 'ScrollingContentViewController' from project 'ScrollingContentViewController')
SwiftCompile normal arm64 /Users/admin/builder/spi-builder-workspace/Sources/ScrollingContentViewController/ScrollViewBounceControlling.swift (in target 'ScrollingContentViewController' from project 'ScrollingContentViewController')
cd /Users/admin/builder/spi-builder-workspace/.swiftpm/xcode
builtin-SwiftPerFileCompile ScrollViewBounceControlling.swift
SwiftCompile normal arm64 /Users/admin/builder/spi-builder-workspace/Sources/ScrollingContentViewController/ScrollViewFilter.swift (in target 'ScrollingContentViewController' from project 'ScrollingContentViewController')
cd /Users/admin/builder/spi-builder-workspace/.swiftpm/xcode
builtin-SwiftPerFileCompile ScrollViewFilter.swift
SwiftCompile normal arm64 Compiling\ ScrollingContentScrollView.swift /Users/admin/builder/spi-builder-workspace/Sources/ScrollingContentViewController/ScrollingContentScrollView.swift (in target 'ScrollingContentViewController' from project 'ScrollingContentViewController')
SwiftCompile normal arm64 /Users/admin/builder/spi-builder-workspace/Sources/ScrollingContentViewController/ScrollingContentScrollView.swift (in target 'ScrollingContentViewController' from project 'ScrollingContentViewController')
cd /Users/admin/builder/spi-builder-workspace/.swiftpm/xcode
builtin-SwiftPerFileCompile ScrollingContentScrollView.swift
SwiftCompile normal arm64 Compiling\ ScrollViewFilterKeyboardDelegate.swift,\ ScrollViewFilterScrollDelegate.swift /Users/admin/builder/spi-builder-workspace/Sources/ScrollingContentViewController/ScrollViewFilterKeyboardDelegate.swift /Users/admin/builder/spi-builder-workspace/Sources/ScrollingContentViewController/ScrollViewFilterScrollDelegate.swift (in target 'ScrollingContentViewController' from project 'ScrollingContentViewController')
SwiftCompile normal arm64 /Users/admin/builder/spi-builder-workspace/Sources/ScrollingContentViewController/ScrollViewFilterKeyboardDelegate.swift (in target 'ScrollingContentViewController' from project 'ScrollingContentViewController')
cd /Users/admin/builder/spi-builder-workspace/.swiftpm/xcode
builtin-SwiftPerFileCompile ScrollViewFilterKeyboardDelegate.swift
SwiftCompile normal arm64 /Users/admin/builder/spi-builder-workspace/Sources/ScrollingContentViewController/ScrollViewFilterScrollDelegate.swift (in target 'ScrollingContentViewController' from project 'ScrollingContentViewController')
cd /Users/admin/builder/spi-builder-workspace/.swiftpm/xcode
builtin-SwiftPerFileCompile ScrollViewFilterScrollDelegate.swift
SwiftCompile normal arm64 Compiling\ ScrollingContentViewManager.swift /Users/admin/builder/spi-builder-workspace/Sources/ScrollingContentViewController/ScrollingContentViewManager.swift (in target 'ScrollingContentViewController' from project 'ScrollingContentViewController')
SwiftCompile normal arm64 /Users/admin/builder/spi-builder-workspace/Sources/ScrollingContentViewController/ScrollingContentViewManager.swift (in target 'ScrollingContentViewController' from project 'ScrollingContentViewController')
cd /Users/admin/builder/spi-builder-workspace/.swiftpm/xcode
builtin-SwiftPerFileCompile ScrollingContentViewManager.swift
SwiftCompile normal arm64 Compiling\ ScrollingContentViewController.swift /Users/admin/builder/spi-builder-workspace/Sources/ScrollingContentViewController/ScrollingContentViewController.swift (in target 'ScrollingContentViewController' from project 'ScrollingContentViewController')
SwiftCompile normal arm64 /Users/admin/builder/spi-builder-workspace/Sources/ScrollingContentViewController/ScrollingContentViewController.swift (in target 'ScrollingContentViewController' from project 'ScrollingContentViewController')
cd /Users/admin/builder/spi-builder-workspace/.swiftpm/xcode
builtin-SwiftPerFileCompile ScrollingContentViewController.swift
SwiftCompile normal arm64 Compiling\ KeyboardObserver.swift,\ KeyboardObserving.swift /Users/admin/builder/spi-builder-workspace/Sources/ScrollingContentViewController/KeyboardObserver.swift /Users/admin/builder/spi-builder-workspace/Sources/ScrollingContentViewController/KeyboardObserving.swift (in target 'ScrollingContentViewController' from project 'ScrollingContentViewController')
SwiftCompile normal arm64 /Users/admin/builder/spi-builder-workspace/Sources/ScrollingContentViewController/KeyboardObserver.swift (in target 'ScrollingContentViewController' from project 'ScrollingContentViewController')
cd /Users/admin/builder/spi-builder-workspace/.swiftpm/xcode
builtin-SwiftPerFileCompile KeyboardObserver.swift
SwiftCompile normal arm64 /Users/admin/builder/spi-builder-workspace/Sources/ScrollingContentViewController/KeyboardObserving.swift (in target 'ScrollingContentViewController' from project 'ScrollingContentViewController')
cd /Users/admin/builder/spi-builder-workspace/.swiftpm/xcode
builtin-SwiftPerFileCompile KeyboardObserving.swift
SwiftCompile normal arm64 Compiling\ UIView+FirstResponder.swift /Users/admin/builder/spi-builder-workspace/Sources/ScrollingContentViewController/UIView+FirstResponder.swift (in target 'ScrollingContentViewController' from project 'ScrollingContentViewController')
SwiftCompile normal arm64 /Users/admin/builder/spi-builder-workspace/Sources/ScrollingContentViewController/UIView+FirstResponder.swift (in target 'ScrollingContentViewController' from project 'ScrollingContentViewController')
cd /Users/admin/builder/spi-builder-workspace/.swiftpm/xcode
builtin-SwiftPerFileCompile UIView+FirstResponder.swift
SwiftDriverJobDiscovery normal arm64 Compiling ScrollViewFilterKeyboardDelegate.swift, ScrollViewFilterScrollDelegate.swift (in target 'ScrollingContentViewController' from project 'ScrollingContentViewController')
SwiftCompile normal arm64 Compiling\ ScrollViewBounceController.swift /Users/admin/builder/spi-builder-workspace/Sources/ScrollingContentViewController/ScrollViewBounceController.swift (in target 'ScrollingContentViewController' from project 'ScrollingContentViewController')
SwiftCompile normal arm64 /Users/admin/builder/spi-builder-workspace/Sources/ScrollingContentViewController/ScrollViewBounceController.swift (in target 'ScrollingContentViewController' from project 'ScrollingContentViewController')
cd /Users/admin/builder/spi-builder-workspace/.swiftpm/xcode
builtin-SwiftPerFileCompile ScrollViewBounceController.swift
PruneExplicitPrecompiledModules /Users/admin/builder/spi-builder-workspace/.derivedData/SDKExplicitPrecompiledModules
PruneExplicitPrecompiledModules /Users/admin/builder/spi-builder-workspace/.derivedData/Build/Intermediates.noindex/SwiftExplicitPrecompiledModules
PruneExplicitPrecompiledModules /Users/admin/builder/spi-builder-workspace/.derivedData/Build/Intermediates.noindex/ExplicitPrecompiledModules
2026-09-19 11:48:46.032 xcodebuild[761:4761] [MT] IDERunDestination: Supported platforms for the buildables in the current scheme is empty.
** BUILD FAILED **
The following build commands failed:
SwiftCompile normal arm64 Compiling\ KeyboardNotificationManager.swift,\ KeyboardNotificationObserving.swift /Users/admin/builder/spi-builder-workspace/Sources/ScrollingContentViewController/KeyboardNotificationManager.swift /Users/admin/builder/spi-builder-workspace/Sources/ScrollingContentViewController/KeyboardNotificationObserving.swift (in target 'ScrollingContentViewController' from project 'ScrollingContentViewController')
SwiftCompile normal arm64 /Users/admin/builder/spi-builder-workspace/Sources/ScrollingContentViewController/KeyboardNotificationManager.swift (in target 'ScrollingContentViewController' from project 'ScrollingContentViewController')
Building workspace ScrollingContentViewController with scheme ScrollingContentViewController
(3 failures)
BUILD FAILURE 6.4 tvOS