The Swift Package Index logo.Swift Package Index

Build Information

Failed to build Inotify, reference main (a56a8c), with Swift 6.4 for macOS (SPM) on 29 Sep 2026 04:45:33 UTC.

Build Command

env DEVELOPER_DIR=/Applications/Xcode-27.0.0-Release.Candidate.app xcrun swift build --arch arm64

Build Log

========================================
RunAll
========================================
Builder version: 5.1.0
Interrupt handler set up.
========================================
Checkout
========================================
Clone URL: https://github.com/astzweig/swift-inotify.git
Reference: main
Initialized empty Git repository in /Users/admin/builder/spi-builder-workspace/.git/
From https://github.com/astzweig/swift-inotify
 * branch            main       -> FETCH_HEAD
 * [new branch]      main       -> origin/main
HEAD is now at a56a8ce Describe a resolver error to LocalizedError
Cloned https://github.com/astzweig/swift-inotify.git
Revision (git rev-parse @):
a56a8ce07a3379998d74345f1246a27ddf409231
SPI manifest file found: $PWD/.spi.yml
SUCCESS checkout https://github.com/astzweig/swift-inotify.git at main
========================================
Build
========================================
Selected platform:         macosSpm
Swift version:             6.4
Building package at path:  $PWD
https://github.com/astzweig/swift-inotify.git
Running build ...
env DEVELOPER_DIR=/Applications/Xcode-27.0.0-Release.Candidate.app xcrun swift build --arch arm64
Building for debugging...
[Computing dependencies]
[Pre-planning 1 / 1103]
[Planning deferred tasks]
[Starting]
[46 / 423] SystemPackage
[205 / 423] swift-nio__NIOFileSystem
[207 / 423]
[224 / 434] Logging
[230 / 466]
[234 / 482]
[242 / 503] ArgumentParserToolInfo
[251 / 561] InotifyMask
[291 / 573]
[314 / 573] Rainbow
[321 / 573]
[337 / 573] Atomics
[346 / 573] Rainbow
[351 / 573] CNIOPosix
[354 / 573] Rainbow
[356 / 573] _NIODataStructures
[365 / 573] NIOConcurrencyHelpers
[382 / 573] Logging
[388 / 573] Rainbow
[399 / 573] SystemPackage
[406 / 573] SystemPackage
[411 / 573] SystemPackage
[412 / 573] SystemPackage-product
[417 / 573] Path-product
[420 / 573] NIOConcurrencyHelpers
[424 / 573] Logging
[432 / 573] Logging
[438 / 573] NIOConcurrencyHelpers
[442 / 573] InternalCollectionsUtilities
[449 / 573] InotifyMask-product
[458 / 575]
[468 / 588]
[477 / 588]
[486 / 588]
[493 / 592] SpanPreview
[499 / 595] SpanPreview
[509 / 597]
[514 / 608] Atomics
[519 / 674]
[523 / 686]
[531 / 704]
[542 / 704] DequeModule
[549 / 704] DequeModule
[552 / 704] CNIODarwin
[557 / 704]
[564 / 704]
[565 / 704]
[572 / 704]
[575 / 704]
[585 / 705]
[588 / 705]
[594 / 705] DequeModule
[596 / 717]
[602 / 717] NIOCore
[603 / 717]
[605 / 717]
[606 / 717] ArgumentParser
[608 / 717] Subprocess
[609 / 717] Subprocess
[611 / 717] Subprocess
[619 / 717] ArgumentParser
[624 / 717] Subprocess
[629 / 717] Noora
[637 / 717] Noora
[639 / 717] Noora
[641 / 717] Noora
[643 / 717] Noora-product
[645 / 717] Noora
[650 / 717] NIOCore
[652 / 717] NIOCore
[654 / 717] CNIOAtomics
[656 / 717] CNIOAtomics
[658 / 717] Noora
[660 / 717] ArgumentParser-product
[664 / 717] ArgumentParser
[669 / 717] NIOCore
[676 / 718] ArgumentParser
[691 / 734] NIOPosix
[692 / 734] NIOPosix
[693 / 734] ArgumentParser
[694 / 734] NIOPosix
[701 / 735] _NIOFileSystem
[710 / 746] _NIOFileSystem
[711 / 746] _NIOFileSystem
[719 / 747] _NIOFileSystem
[721 / 749] NIOFileSystem
[732 / 751] _NIOFileSystem
[732 / 751] InotifyTaskCLI-product
Fetching https://github.com/tuist/Noora
Fetching https://github.com/apple/swift-argument-parser
Fetching https://github.com/apple/swift-system
Fetching https://github.com/apple/swift-log
Fetching https://github.com/apple/swift-nio
Fetching https://github.com/swiftlang/swift-subprocess.git
[1/8165] Fetching swift-log
[7187/12941] Fetching swift-log, swift-subprocess
[10650/19927] Fetching swift-log, swift-subprocess, swift-system
[15457/39617] Fetching swift-log, swift-subprocess, swift-system, noora
[22685/58565] Fetching swift-log, swift-subprocess, swift-system, noora, swift-argument-parser
[47934/144767] Fetching swift-log, swift-subprocess, swift-system, noora, swift-argument-parser, swift-nio
Fetched https://github.com/apple/swift-argument-parser (1.27s)
[34158/125819] Fetching swift-log, swift-subprocess, swift-system, noora, swift-nio
Fetched https://github.com/tuist/Noora (3.88s)
Fetched https://github.com/apple/swift-system (3.94s)
Fetched https://github.com/apple/swift-log (3.94s)
Fetched https://github.com/apple/swift-nio (3.94s)
Fetched https://github.com/swiftlang/swift-subprocess.git (3.94s)
Computing version for https://github.com/swiftlang/swift-subprocess.git
Computed https://github.com/swiftlang/swift-subprocess.git at 1.0.0 (4.58s)
Computing version for https://github.com/apple/swift-argument-parser
Computed https://github.com/apple/swift-argument-parser at 1.8.2 (0.59s)
Computing version for https://github.com/tuist/Noora
Computed https://github.com/tuist/Noora at 0.57.3 (0.58s)
Fetching https://github.com/tuist/path
Fetching https://github.com/onevcat/Rainbow
[1/1514] Fetching rainbow
[47/1932] Fetching rainbow, path
Fetched https://github.com/tuist/path (0.62s)
Fetched https://github.com/onevcat/Rainbow (0.62s)
Computing version for https://github.com/tuist/path
Computed https://github.com/tuist/path at 0.3.8 (3.39s)
Computing version for https://github.com/onevcat/Rainbow
Computed https://github.com/onevcat/Rainbow at 4.2.2 (2.16s)
Computing version for https://github.com/apple/swift-log
Computed https://github.com/apple/swift-log at 1.15.0 (0.59s)
Computing version for https://github.com/apple/swift-system
Computed https://github.com/apple/swift-system at 1.8.1 (0.60s)
Computing version for https://github.com/apple/swift-nio
Computed https://github.com/apple/swift-nio at 2.103.0 (0.70s)
Fetching https://github.com/apple/swift-collections.git
Fetching https://github.com/apple/swift-atomics.git
[1/1885] Fetching swift-atomics
[1886/29664] Fetching swift-atomics, swift-collections
Fetched https://github.com/apple/swift-collections.git (1.84s)
Fetched https://github.com/apple/swift-atomics.git (1.84s)
Computing version for https://github.com/apple/swift-atomics.git
Computed https://github.com/apple/swift-atomics.git at 1.3.1 (2.45s)
Computing version for https://github.com/apple/swift-collections.git
Computed https://github.com/apple/swift-collections.git at 1.7.1 (0.65s)
Creating working copy for https://github.com/apple/swift-atomics.git
Working copy of https://github.com/apple/swift-atomics.git resolved at 1.3.1
Creating working copy for https://github.com/apple/swift-collections.git
Working copy of https://github.com/apple/swift-collections.git resolved at 1.7.1
Creating working copy for https://github.com/tuist/path
Working copy of https://github.com/tuist/path resolved at 0.3.8
Creating working copy for https://github.com/apple/swift-system
Working copy of https://github.com/apple/swift-system resolved at 1.8.1
Creating working copy for https://github.com/apple/swift-argument-parser
Working copy of https://github.com/apple/swift-argument-parser resolved at 1.8.2
Creating working copy for https://github.com/apple/swift-nio
Working copy of https://github.com/apple/swift-nio resolved at 2.103.0
Creating working copy for https://github.com/apple/swift-log
Working copy of https://github.com/apple/swift-log resolved at 1.15.0
Creating working copy for https://github.com/tuist/Noora
Working copy of https://github.com/tuist/Noora resolved at 0.57.3
Creating working copy for https://github.com/onevcat/Rainbow
Working copy of https://github.com/onevcat/Rainbow resolved at 4.2.2
Creating working copy for https://github.com/swiftlang/swift-subprocess.git
Working copy of https://github.com/swiftlang/swift-subprocess.git resolved at 1.0.0
error: clang dependency scanning failure: While building module 'CInotify' imported from module-include.input:1:
In file included from <module-includes>:1:
/Users/admin/builder/spi-builder-workspace/Sources/CInotify/cinotify.h:5:10: fatal error: 'sys/inotify.h' file not found
module-include.input:1:2: fatal error: could not build module 'CInotify'
error: clang dependency scanning failure: While building module 'CInotify' imported from module-include.input:1:
In file included from <module-includes>:1:
/Users/admin/builder/spi-builder-workspace/Sources/CInotify/cinotify.h:5:10: fatal error: 'sys/inotify.h' file not found
module-include.input:1:4: fatal error: could not build module 'CInotify'
error: clang dependency scanning failure:
error: clang dependency scanning failure: While building module 'CInotify' imported from module-include.input:1:
In file included from <module-includes>:1:
/Users/admin/builder/spi-builder-workspace/Sources/CInotify/cinotify.h:5:10: fatal error: 'sys/inotify.h' file not found
module-include.input:1:2: fatal error: could not build module 'CInotify'
error: clang dependency scanning failure: While building module 'CInotify' imported from module-include.input:1:
In file included from <module-includes>:1:
/Users/admin/builder/spi-builder-workspace/Sources/CInotify/cinotify.h:5:10: fatal error: 'sys/inotify.h' file not found
module-include.input:1:2: fatal error: could not build module 'CInotify'
error: clang dependency scanning failure: While building module 'CInotify' imported from module-include.input:1:
In file included from <module-includes>:1:
/Users/admin/builder/spi-builder-workspace/Sources/CInotify/cinotify.h:5:10: fatal error: 'sys/inotify.h' file not found
module-include.input:1:5: fatal error: could not build module 'CInotify'
error: clang dependency scanning failure: While building module 'CInotify' imported from module-include.input:1:
In file included from <module-includes>:1:
/Users/admin/builder/spi-builder-workspace/Sources/CInotify/cinotify.h:5:10: fatal error: 'sys/inotify.h' file not found
module-include.input:1:2: fatal error: could not build module 'CInotify'
error: clang dependency scanning failure: While building module 'CInotify' imported from module-include.input:1:
In file included from <module-includes>:1:
/Users/admin/builder/spi-builder-workspace/Sources/CInotify/cinotify.h:5:10: fatal error: 'sys/inotify.h' file not found
module-include.input:1:3: fatal error: could not build module 'CInotify'
error: clang dependency scanning failure: While building module 'CInotify' imported from module-include.input:1:
In file included from <module-includes>:1:
/Users/admin/builder/spi-builder-workspace/Sources/CInotify/cinotify.h:5:10: fatal error: 'sys/inotify.h' file not found
module-include.input:1:3: fatal error: could not build module 'CInotify'
error: clang dependency scanning failure: While building module 'CInotify' imported from module-include.input:1:
In file included from <module-includes>:1:
/Users/admin/builder/spi-builder-workspace/Sources/CInotify/cinotify.h:5:10: fatal error: 'sys/inotify.h' file not found
module-include.input:1:6: fatal error: could not build module 'CInotify'
error: clang dependency scanning failure: While building module 'CInotify' imported from module-include.input:1:
In file included from <module-includes>:1:
/Users/admin/builder/spi-builder-workspace/Sources/CInotify/cinotify.h:5:10: fatal error: 'sys/inotify.h' file not found
module-include.input:1:3: fatal error: could not build module 'CInotify'
error: clang dependency scanning failure:
error: clang dependency scanning failure:
error: /Users/admin/builder/spi-builder-workspace/Sources/Inotify/DirectoryResolver.swift:1:8 unable to resolve module dependency: 'CInotify'
error: clang dependency scanning failure:
error: clang dependency scanning failure:
error: clang dependency scanning failure:
error: /Users/admin/builder/spi-builder-workspace/Sources/Inotify/ExclusionList.swift:4:8 unable to resolve module dependency: 'Glibc'
error: clang dependency scanning failure: While building module 'CInotify' imported from module-include.input:1:
In file included from <module-includes>:1:
/Users/admin/builder/spi-builder-workspace/Sources/CInotify/cinotify.h:5:10: fatal error: 'sys/inotify.h' file not found
module-include.input:1:2: fatal error: could not build module 'CInotify'
error: clang dependency scanning failure: While building module 'CInotify' imported from module-include.input:1:
In file included from <module-includes>:1:
/Users/admin/builder/spi-builder-workspace/Sources/CInotify/cinotify.h:5:10: fatal error: 'sys/inotify.h' file not found
module-include.input:1:4: fatal error: could not build module 'CInotify'
error: clang dependency scanning failure: While building module 'CInotify' imported from module-include.input:1:
In file included from <module-includes>:1:
/Users/admin/builder/spi-builder-workspace/Sources/CInotify/cinotify.h:5:10: fatal error: 'sys/inotify.h' file not found
module-include.input:1:2: fatal error: could not build module 'CInotify'
error: clang dependency scanning failure: While building module 'CInotify' imported from module-include.input:1:
In file included from <module-includes>:1:
/Users/admin/builder/spi-builder-workspace/Sources/CInotify/cinotify.h:5:10: fatal error: 'sys/inotify.h' file not found
module-include.input:1:2: fatal error: could not build module 'CInotify'
error: clang dependency scanning failure: While building module 'CInotify' imported from module-include.input:1:
In file included from <module-includes>:1:
/Users/admin/builder/spi-builder-workspace/Sources/CInotify/cinotify.h:5:10: fatal error: 'sys/inotify.h' file not found
module-include.input:1:5: fatal error: could not build module 'CInotify'
error: clang dependency scanning failure: While building module 'CInotify' imported from module-include.input:1:
In file included from <module-includes>:1:
/Users/admin/builder/spi-builder-workspace/Sources/CInotify/cinotify.h:5:10: fatal error: 'sys/inotify.h' file not found
module-include.input:1:2: fatal error: could not build module 'CInotify'
error: clang dependency scanning failure: While building module 'CInotify' imported from module-include.input:1:
In file included from <module-includes>:1:
/Users/admin/builder/spi-builder-workspace/Sources/CInotify/cinotify.h:5:10: fatal error: 'sys/inotify.h' file not found
module-include.input:1:3: fatal error: could not build module 'CInotify'
error: clang dependency scanning failure: While building module 'CInotify' imported from module-include.input:1:
In file included from <module-includes>:1:
/Users/admin/builder/spi-builder-workspace/Sources/CInotify/cinotify.h:5:10: fatal error: 'sys/inotify.h' file not found
module-include.input:1:3: fatal error: could not build module 'CInotify'
error: clang dependency scanning failure: While building module 'CInotify' imported from module-include.input:1:
In file included from <module-includes>:1:
/Users/admin/builder/spi-builder-workspace/Sources/CInotify/cinotify.h:5:10: fatal error: 'sys/inotify.h' file not found
module-include.input:1:6: fatal error: could not build module 'CInotify'
error: clang dependency scanning failure: While building module 'CInotify' imported from module-include.input:1:
In file included from <module-includes>:1:
/Users/admin/builder/spi-builder-workspace/Sources/CInotify/cinotify.h:5:10: fatal error: 'sys/inotify.h' file not found
module-include.input:1:3: fatal error: could not build module 'CInotify'
error: SwiftDriver Inotify normal arm64 com.apple.xcode.tools.swift.compiler failed with a nonzero exit code. Command line:     cd /Users/admin/builder
    builtin-SwiftDriver -- /Applications/Xcode-27.0.0-Release.Candidate.app/Contents/Developer/Toolchains/XcodeDefault.xctoolchain/usr/bin/swiftc -parse-as-library -module-name Inotify -Onone @/Users/admin/builder/spi-builder-workspace/.build/out/Intermediates.noindex/Inotify.build/Debug/Inotify-t.build/Objects-normal/arm64/Inotify.SwiftFileList -DSWIFT_PACKAGE -DDEBUG -DSWIFT_MODULE_RESOURCE_BUNDLE_UNAVAILABLE -Xcc -fmodule-map-file\=/Users/admin/builder/spi-builder-workspace/.build/checkouts/swift-atomics/Sources/_AtomicsShims/include/module.modulemap -Xcc -fmodule-map-file\=/Users/admin/builder/spi-builder-workspace/.build/out/Intermediates.noindex/GeneratedModuleMaps/CNIOPosix.modulemap -Xcc -fmodule-map-file\=/Users/admin/builder/spi-builder-workspace/.build/out/Intermediates.noindex/GeneratedModuleMaps/CNIOWASI.modulemap -Xcc -fmodule-map-file\=/Users/admin/builder/spi-builder-workspace/.build/checkouts/swift-nio/Sources/CNIOWindows/include/module.modulemap -Xcc -fmodule-map-file\=/Users/admin/builder/spi-builder-workspace/.build/out/Intermediates.noindex/GeneratedModuleMaps/CNIOLinux.modulemap -Xcc -fmodule-map-file\=/Users/admin/builder/spi-builder-workspace/.build/out/Intermediates.noindex/GeneratedModuleMaps/CNIODarwin.modulemap -Xcc -fmodule-map-file\=/Users/admin/builder/spi-builder-workspace/.build/out/Intermediates.noindex/GeneratedModuleMaps/CNIOFreeBSD.modulemap -Xcc -fmodule-map-file\=/Users/admin/builder/spi-builder-workspace/.build/out/Intermediates.noindex/GeneratedModuleMaps/CNIOOpenBSD.modulemap -Xcc -fmodule-map-file\=/Users/admin/builder/spi-builder-workspace/.build/out/Intermediates.noindex/GeneratedModuleMaps/CNIOAtomics.modulemap -Xcc -fmodule-map-file\=/Users/admin/builder/spi-builder-workspace/.build/checkouts/swift-system/Sources/CSystem/include/module.modulemap -Xcc -fmodule-map-file\=/Users/admin/builder/spi-builder-workspace/Sources/CInotify/module.modulemap -DXcode -plugin-path /Applications/Xcode-27.0.0-Release.Candidate.app/Contents/Developer/Toolchains/XcodeDefault.xctoolchain/usr/lib/swift/host/plugins/testing -enable-experimental-feature DebugDescriptionMacro -sdk /Applications/Xcode-27.0.0-Release.Candidate.app/Contents/Developer/Platforms/MacOSX.platform/Developer/SDKs/MacOSX27.0.sdk -target arm64-apple-macos13.0 -g -module-cache-path /Users/admin/builder/spi-builder-workspace/.build/out/ModuleCache.noindex -Xfrontend -serialize-debugging-options -enable-testing -index-store-path /Users/admin/builder/spi-builder-workspace/.build/out -Xcc -D_LIBCPP_HARDENING_MODE\=_LIBCPP_HARDENING_MODE_DEBUG -swift-version 6 -I /Users/admin/builder/spi-builder-workspace/.build/out/Products/Debug -Isystem /Applications/Xcode-27.0.0-Release.Candidate.app/Contents/Developer/Platforms/MacOSX.platform/Developer/usr/lib -F /Users/admin/builder/spi-builder-workspace/.build/out/Products/Debug/PackageFrameworks -F /Users/admin/builder/spi-builder-workspace/.build/out/Products/Debug -F /Applications/Xcode-27.0.0-Release.Candidate.app/Contents/Developer/Platforms/MacOSX.platform/Developer/Library/Frameworks -c -j10 -enable-batch-mode -incremental -Xcc -ivfsstatcache -Xcc /Users/admin/builder/spi-builder-workspace/.build/out/SDKStatCaches.noindex/macosx27.0-26A425-80c5bbf1d171475443272936d42f90a36a22442a12e9d48fe1a705f55a1adfc4.sdkstatcache -output-file-map /Users/admin/builder/spi-builder-workspace/.build/out/Intermediates.noindex/Inotify.build/Debug/Inotify-t.build/Objects-normal/arm64/Inotify-OutputFileMap.json -save-temps -color-diagnostics -explicit-module-build -module-cache-path /Users/admin/builder/spi-builder-workspace/.build/out/Intermediates.noindex/SwiftExplicitPrecompiledModules -clang-scanner-module-cache-path /Users/admin/builder/spi-builder-workspace/.build/out/ModuleCache.noindex -sdk-module-cache-path /Users/admin/builder/spi-builder-workspace/.build/out/SDKExplicitPrecompiledModules -emit-dependencies -emit-module -emit-module-path /Users/admin/builder/spi-builder-workspace/.build/out/Intermediates.noindex/Inotify.build/Debug/Inotify-t.build/Objects-normal/arm64/Inotify.swiftmodule -serialize-diagnostics -dependency-scan-serialize-diagnostics-path /Users/admin/builder/spi-builder-workspace/.build/out/Intermediates.noindex/Inotify.build/Debug/Inotify-t.build/Objects-normal/arm64/Inotify-dependency-scan.dia -validate-clang-modules-once -clang-build-session-file /Users/admin/builder/spi-builder-workspace/.build/out/ModuleCache.noindex/Session.modulevalidation -Xcc -fmodules-prune-interval\=86400 -Xcc -fmodules-prune-after\=345600 -package-name spi_builder_workspace -emit-const-values -const-gather-protocols-list /Users/admin/builder/spi-builder-workspace/.build/out/Intermediates.noindex/Inotify.build/Debug/Inotify-t.build/Objects-normal/arm64/Inotify_const_extract_protocols.json -Xcc -I/Users/admin/builder/spi-builder-workspace/.build/checkouts/swift-atomics/Sources/_AtomicsShims/include -Xcc -I/Users/admin/builder/spi-builder-workspace/.build/checkouts/swift-nio/Sources/CNIOPosix/include -Xcc -I/Users/admin/builder/spi-builder-workspace/.build/checkouts/swift-nio/Sources/CNIOWASI/include -Xcc -I/Users/admin/builder/spi-builder-workspace/.build/checkouts/swift-nio/Sources/CNIOWindows/include -Xcc -I/Users/admin/builder/spi-builder-workspace/.build/checkouts/swift-nio/Sources/CNIOLinux/include -Xcc -I/Users/admin/builder/spi-builder-workspace/.build/checkouts/swift-nio/Sources/CNIODarwin/include -Xcc -I/Users/admin/builder/spi-builder-workspace/.build/checkouts/swift-nio/Sources/CNIOFreeBSD/include -Xcc -I/Users/admin/builder/spi-builder-workspace/.build/checkouts/swift-nio/Sources/CNIOOpenBSD/include -Xcc -I/Users/admin/builder/spi-builder-workspace/.build/checkouts/swift-nio/Sources/CNIOAtomics/include -Xcc -I/Users/admin/builder/spi-builder-workspace/.build/checkouts/swift-system/Sources/CSystem/include -Xcc -I/Users/admin/builder/spi-builder-workspace/.build/out/Products/Debug/include -Xcc -I/Users/admin/builder/spi-builder-workspace/.build/out/Intermediates.noindex/Inotify.build/Debug/Inotify-t.build/DerivedSources-normal/arm64 -Xcc -I/Users/admin/builder/spi-builder-workspace/.build/out/Intermediates.noindex/Inotify.build/Debug/Inotify-t.build/DerivedSources/arm64 -Xcc -I/Users/admin/builder/spi-builder-workspace/.build/out/Intermediates.noindex/Inotify.build/Debug/Inotify-t.build/DerivedSources -Xcc -DSWIFT_PACKAGE -Xcc -DDEBUG\=1 -emit-objc-header -emit-objc-header-path /Users/admin/builder/spi-builder-workspace/.build/out/Intermediates.noindex/Inotify.build/Debug/Inotify-t.build/Objects-normal/arm64/Inotify-Swift.h -working-directory /Users/admin/builder -experimental-emit-module-separately -disable-cmo
error: Build failed
BUILD FAILURE 6.4 macosSpm