The Swift Package Index logo.Swift Package Index

Build Information

Failed to build Fortify, reference main (0d5e16), with Swift 6.1 for Wasm on 3 Jul 2026 03:35:44 UTC.

Build Command

bash -c docker run --pull=always --rm -v "checkouts-53886768-0":/host -w "$PWD" -e JAVA_HOME="/root/.sdkman/candidates/java/current" -e SPI_BUILD="1" -e SPI_PROCESSING="1" registry.gitlab.com/saguaro1/spi-images:wasm-6.1-latest swift build --swift-sdk wasm32-unknown-wasi 2>&1

Build Log

========================================
RunAll
========================================
Builder version: 0e64495ecc1688c3b3e031a5ef1348b5c05091ae
Interrupt handler set up.
========================================
Checkout
========================================
Clone URL: https://github.com/johnno1962/Fortify.git
Reference: main
Initialized empty Git repository in /host/spi-builder-workspace/.git/
hint: Using 'master' as the name for the initial branch. This default branch name
hint: is subject to change. To configure the initial branch name to use in all
hint: of your new repositories, which will suppress this warning, call:
hint:
hint: 	git config --global init.defaultBranch <name>
hint:
hint: Names commonly chosen instead of 'master' are 'main', 'trunk' and
hint: 'development'. The just-created branch can be renamed via this command:
hint:
hint: 	git branch -m <name>
From https://github.com/johnno1962/Fortify
 * branch            main       -> FETCH_HEAD
 * [new branch]      main       -> origin/main
HEAD is now at 0d5e161 Catch-up.
Cloned https://github.com/johnno1962/Fortify.git
Revision (git rev-parse @):
0d5e161040a4de780fc7821af8e4ec9f8a9854e3
SUCCESS checkout https://github.com/johnno1962/Fortify.git at main
========================================
Build
========================================
Selected platform:         wasm
Swift version:             6.1
Building package at path:  $PWD
https://github.com/johnno1962/Fortify.git
https://github.com/johnno1962/Fortify.git
WARNING: environment variable SUPPRESS_SWIFT_6_FLAGS is not set
Running build ...
bash -c docker run --pull=always --rm -v "checkouts-53886768-0":/host -w "$PWD" -e JAVA_HOME="/root/.sdkman/candidates/java/current" -e SPI_BUILD="1" -e SPI_PROCESSING="1" registry.gitlab.com/saguaro1/spi-images:wasm-6.1-latest swift build --swift-sdk wasm32-unknown-wasi -Xswiftc -Xfrontend -Xswiftc -stats-output-dir -Xswiftc -Xfrontend -Xswiftc .stats -Xswiftc -strict-concurrency=complete -Xswiftc -enable-upcoming-feature -Xswiftc StrictConcurrency -Xswiftc -enable-upcoming-feature -Xswiftc DisableOutwardActorInference -Xswiftc -enable-upcoming-feature -Xswiftc GlobalActorIsolatedTypesUsability -Xswiftc -enable-upcoming-feature -Xswiftc InferSendableFromCaptures 2>&1
wasm-6.1-latest: Pulling from saguaro1/spi-images
Digest: sha256:1ad245dad3d2ae0004e1afbc92334bd39884ed9ca587cf04d0a8d5f640fb02e9
Status: Image is up to date for registry.gitlab.com/saguaro1/spi-images:wasm-6.1-latest
Fetching https://github.com/johnno1962/SwiftRegex5.git
Fetching https://github.com/johnno1962/StringIndex
Fetching https://github.com/johnno1962/DLKit
Fetching https://github.com/johnno1962/Popen.git
[1/229] Fetching swiftregex5
[230/415] Fetching swiftregex5, popen
[355/958] Fetching swiftregex5, popen, dlkit
Fetched https://github.com/johnno1962/Popen.git from cache (0.35s)
[1/154] Fetching stringindex
Fetched https://github.com/johnno1962/StringIndex from cache (0.61s)
Fetched https://github.com/johnno1962/DLKit from cache (0.61s)
Fetched https://github.com/johnno1962/SwiftRegex5.git from cache (0.61s)
Computing version for https://github.com/johnno1962/DLKit
Computed https://github.com/johnno1962/DLKit at 3.6.0 (0.87s)
Fetching https://github.com/johnno1962/fishhook
[1/173] Fetching fishhook
Fetched https://github.com/johnno1962/fishhook from cache (0.37s)
Computing version for https://github.com/johnno1962/Popen.git
Computed https://github.com/johnno1962/Popen.git at 2.2.2 (0.61s)
Computing version for https://github.com/johnno1962/SwiftRegex5.git
Computed https://github.com/johnno1962/SwiftRegex5.git at 6.3.0 (0.24s)
Computing version for https://github.com/johnno1962/StringIndex
Computed https://github.com/johnno1962/StringIndex at 2.2.4 (0.24s)
Computing version for https://github.com/johnno1962/fishhook
Computed https://github.com/johnno1962/fishhook at 1.2.2 (0.24s)
Creating working copy for https://github.com/johnno1962/StringIndex
Working copy of https://github.com/johnno1962/StringIndex resolved at 2.2.4
Creating working copy for https://github.com/johnno1962/SwiftRegex5.git
Working copy of https://github.com/johnno1962/SwiftRegex5.git resolved at 6.3.0
Creating working copy for https://github.com/johnno1962/fishhook
Working copy of https://github.com/johnno1962/fishhook resolved at 1.2.2
Creating working copy for https://github.com/johnno1962/Popen.git
Working copy of https://github.com/johnno1962/Popen.git resolved at 2.2.2
Creating working copy for https://github.com/johnno1962/DLKit
Working copy of https://github.com/johnno1962/DLKit resolved at 3.6.0
Building for debugging...
[0/10] Write sources
[5/10] Compiling DLKitC trie_dlops.mm
[6/10] Compiling DLKitC DLKitC.c
[7/10] Compiling DLKitC trie_dladdr.mm
[8/10] Compiling fishhook fishhook.c
[9/10] Write swift-version-24593BA9C3E375BF.txt
[11/31] Compiling DLKit Iterators.swift
[12/31] Compiling Popen Topen.swift
error: emit-module command failed with exit code 1 (use -v to see invocation)
[13/31] Emitting module DLKit
/host/spi-builder-workspace/.build/checkouts/DLKit/Sources/DLKit/Interposing.swift:29:11: error: cannot find type 'ImageSymbols' in scope
 27 | }
 28 |
 29 | extension ImageSymbols {
    |           `- error: cannot find type 'ImageSymbols' in scope
 30 |     public typealias SymbolValue = DLKit.SymbolValue
 31 |     public func rebind(mapping: [String: String],
/host/spi-builder-workspace/.build/checkouts/DLKit/Sources/DLKit/Interposing.swift:97:11: error: cannot find type 'ImageSymbols' in scope
 95 |
 96 | // Weird subscripting api.
 97 | extension ImageSymbols {
    |           `- error: cannot find type 'ImageSymbols' in scope
 98 |     public struct DLKInfo {
 99 |         public let info: Dl_info
[14/31] Compiling DLKit FileSymbols.swift
[15/31] Compiling DLKit ImageSymbols.swift
[16/31] Compiling DLKit Demangling.swift
[17/31] Compiling DLKit DLKit.swift
[18/31] Compiling DLKit Interposing.swift
/host/spi-builder-workspace/.build/checkouts/DLKit/Sources/DLKit/Interposing.swift:29:11: error: cannot find type 'ImageSymbols' in scope
 27 | }
 28 |
 29 | extension ImageSymbols {
    |           `- error: cannot find type 'ImageSymbols' in scope
 30 |     public typealias SymbolValue = DLKit.SymbolValue
 31 |     public func rebind(mapping: [String: String],
/host/spi-builder-workspace/.build/checkouts/DLKit/Sources/DLKit/Interposing.swift:97:11: error: cannot find type 'ImageSymbols' in scope
 95 |
 96 | // Weird subscripting api.
 97 | extension ImageSymbols {
    |           `- error: cannot find type 'ImageSymbols' in scope
 98 |     public struct DLKInfo {
 99 |         public let info: Dl_info
/host/spi-builder-workspace/.build/checkouts/DLKit/Sources/DLKit/Interposing.swift:30:42: error: no type named 'SymbolValue' in module 'DLKit'
 28 |
 29 | extension ImageSymbols {
 30 |     public typealias SymbolValue = DLKit.SymbolValue
    |                                          `- error: no type named 'SymbolValue' in module 'DLKit'
 31 |     public func rebind(mapping: [String: String],
 32 |                        scope: UnsafeMutableRawPointer? = DLKit.RTLD_DEFAULT,
/host/spi-builder-workspace/.build/checkouts/DLKit/Sources/DLKit/Interposing.swift:33:53: error: no type named 'SymbolName' in module 'DLKit'
 31 |     public func rebind(mapping: [String: String],
 32 |                        scope: UnsafeMutableRawPointer? = DLKit.RTLD_DEFAULT,
 33 |                        warn: Bool = true) -> [DLKit.SymbolName] {
    |                                                     `- error: no type named 'SymbolName' in module 'DLKit'
 34 |         return rebind(symbols: Array(mapping.keys),
 35 |                       values: Array(mapping.values),
/host/spi-builder-workspace/.build/checkouts/DLKit/Sources/DLKit/Interposing.swift:40:53: error: no type named 'SymbolName' in module 'DLKit'
 38 |     public func rebind(symbols: [String], values: [String],
 39 |                        scope: UnsafeMutableRawPointer? = DLKit.RTLD_DEFAULT,
 40 |                        warn: Bool = true) -> [DLKit.SymbolName] {
    |                                                     `- error: no type named 'SymbolName' in module 'DLKit'
 41 |         return rebind(names: symbols.map {$0.withCString {$0}}, values:
 42 |                         values.map { if let replacement = dlsym(scope, $0) {
/host/spi-builder-workspace/.build/checkouts/DLKit/Sources/DLKit/Interposing.swift:52:54: error: no type named 'SymbolName' in module 'DLKit'
 50 |     }
 51 |     public func rebind(symbols: [String], values: [SymbolValue?],
 52 |                        warn: Bool = false) -> [DLKit.SymbolName] {
    |                                                      `- error: no type named 'SymbolName' in module 'DLKit'
 53 |         let names = symbols.map {$0.withCString {$0}}
 54 |         return rebind(names: names, values: values, warn: warn)
/host/spi-builder-workspace/.build/checkouts/DLKit/Sources/DLKit/Interposing.swift:51:52: error: cannot find type 'SymbolValue' in scope
 49 |                         }, warn: warn)
 50 |     }
 51 |     public func rebind(symbols: [String], values: [SymbolValue?],
    |                                                    `- error: cannot find type 'SymbolValue' in scope
 52 |                        warn: Bool = false) -> [DLKit.SymbolName] {
 53 |         let names = symbols.map {$0.withCString {$0}}
/host/spi-builder-workspace/.build/checkouts/DLKit/Sources/DLKit/Interposing.swift:57:54: error: no type named 'SymbolName' in module 'DLKit'
 55 |     }
 56 |     public func rebind(names: [DLKit.SymbolName], values: [SymbolValue?],
 57 |                        warn: Bool = false) -> [DLKit.SymbolName] {
    |                                                      `- error: no type named 'SymbolName' in module 'DLKit'
 58 |         var rebindings: [rebinding] = (0..<names.count).compactMap {
 59 |             guard $0 < values.count,
/host/spi-builder-workspace/.build/checkouts/DLKit/Sources/DLKit/Interposing.swift:56:38: error: no type named 'SymbolName' in module 'DLKit'
 54 |         return rebind(names: names, values: values, warn: warn)
 55 |     }
 56 |     public func rebind(names: [DLKit.SymbolName], values: [SymbolValue?],
    |                                      `- error: no type named 'SymbolName' in module 'DLKit'
 57 |                        warn: Bool = false) -> [DLKit.SymbolName] {
 58 |         var rebindings: [rebinding] = (0..<names.count).compactMap {
/host/spi-builder-workspace/.build/checkouts/DLKit/Sources/DLKit/Interposing.swift:56:60: error: cannot find type 'SymbolValue' in scope
 54 |         return rebind(names: names, values: values, warn: warn)
 55 |     }
 56 |     public func rebind(names: [DLKit.SymbolName], values: [SymbolValue?],
    |                                                            `- error: cannot find type 'SymbolValue' in scope
 57 |                        warn: Bool = false) -> [DLKit.SymbolName] {
 58 |         var rebindings: [rebinding] = (0..<names.count).compactMap {
/host/spi-builder-workspace/.build/checkouts/DLKit/Sources/DLKit/Interposing.swift:73:65: error: no type named 'SymbolName' in module 'DLKit'
 71 |         return replaced
 72 |     }
 73 |     public func rebind(rebindings: inout [rebinding]) -> [DLKit.SymbolName] {
    |                                                                 `- error: no type named 'SymbolName' in module 'DLKit'
 74 |         var replaced = [DLKit.SymbolName]()
 75 |         for image in imageNumbers {
/host/spi-builder-workspace/.build/checkouts/DLKit/Sources/DLKit/Interposing.swift:73:43: error: cannot find type 'rebinding' in scope
 71 |         return replaced
 72 |     }
 73 |     public func rebind(rebindings: inout [rebinding]) -> [DLKit.SymbolName] {
    |                                           `- error: cannot find type 'rebinding' in scope
 74 |         var replaced = [DLKit.SymbolName]()
 75 |         for image in imageNumbers {
/host/spi-builder-workspace/.build/checkouts/DLKit/Sources/DLKit/Interposing.swift:99:26: error: cannot find type 'Dl_info' in scope
 97 | extension ImageSymbols {
 98 |     public struct DLKInfo {
 99 |         public let info: Dl_info
    |                          `- error: cannot find type 'Dl_info' in scope
100 |         public var name: DLKit.SymbolName! { info.dli_sname }
101 |         public var addr: SymbolValue { info.dli_saddr }
/host/spi-builder-workspace/.build/checkouts/DLKit/Sources/DLKit/Interposing.swift:100:32: error: no type named 'SymbolName' in module 'DLKit'
 98 |     public struct DLKInfo {
 99 |         public let info: Dl_info
100 |         public var name: DLKit.SymbolName! { info.dli_sname }
    |                                `- error: no type named 'SymbolName' in module 'DLKit'
101 |         public var addr: SymbolValue { info.dli_saddr }
102 |         public var entry: UnsafeMutablePointer<nlist_t>?
/host/spi-builder-workspace/.build/checkouts/DLKit/Sources/DLKit/Interposing.swift:101:26: error: cannot find type 'SymbolValue' in scope
 99 |         public let info: Dl_info
100 |         public var name: DLKit.SymbolName! { info.dli_sname }
101 |         public var addr: SymbolValue { info.dli_saddr }
    |                          `- error: cannot find type 'SymbolValue' in scope
102 |         public var entry: UnsafeMutablePointer<nlist_t>?
103 |         public var owner: ImageSymbols
/host/spi-builder-workspace/.build/checkouts/DLKit/Sources/DLKit/Interposing.swift:102:48: error: cannot find type 'nlist_t' in scope
100 |         public var name: DLKit.SymbolName! { info.dli_sname }
101 |         public var addr: SymbolValue { info.dli_saddr }
102 |         public var entry: UnsafeMutablePointer<nlist_t>?
    |                                                `- error: cannot find type 'nlist_t' in scope
103 |         public var owner: ImageSymbols
104 |         public var image: ImageSymbols? {
/host/spi-builder-workspace/.build/checkouts/DLKit/Sources/DLKit/Interposing.swift:103:27: error: cannot find type 'ImageSymbols' in scope
101 |         public var addr: SymbolValue { info.dli_saddr }
102 |         public var entry: UnsafeMutablePointer<nlist_t>?
103 |         public var owner: ImageSymbols
    |                           `- error: cannot find type 'ImageSymbols' in scope
104 |         public var image: ImageSymbols? {
105 |             return (owner.imageNumbers.first(where: {
/host/spi-builder-workspace/.build/checkouts/DLKit/Sources/DLKit/Interposing.swift:104:27: error: cannot find type 'ImageSymbols' in scope
102 |         public var entry: UnsafeMutablePointer<nlist_t>?
103 |         public var owner: ImageSymbols
104 |         public var image: ImageSymbols? {
    |                           `- error: cannot find type 'ImageSymbols' in scope
105 |             return (owner.imageNumbers.first(where: {
106 |                         info.dli_fname == $0.imageName }) ??
/host/spi-builder-workspace/.build/checkouts/DLKit/Sources/DLKit/Interposing.swift:113:50: error: cannot find type 'DLKInfo' in scope
111 |     }
112 |     /// Address lookup returning image symbol name and wrapped image for an address.
113 |     public func getInfo(address: SymbolValue) -> DLKInfo? {
    |                                                  `- error: cannot find type 'DLKInfo' in scope
114 |         var info = Dl_info(), entry: UnsafeMutablePointer<nlist_t>?
115 |         guard trie_dladdr2(address, &info, &entry) != 0 ||
/host/spi-builder-workspace/.build/checkouts/DLKit/Sources/DLKit/Interposing.swift:113:34: error: cannot find type 'SymbolValue' in scope
111 |     }
112 |     /// Address lookup returning image symbol name and wrapped image for an address.
113 |     public func getInfo(address: SymbolValue) -> DLKInfo? {
    |                                  `- error: cannot find type 'SymbolValue' in scope
114 |         var info = Dl_info(), entry: UnsafeMutablePointer<nlist_t>?
115 |         guard trie_dladdr2(address, &info, &entry) != 0 ||
/host/spi-builder-workspace/.build/checkouts/DLKit/Sources/DLKit/Interposing.swift:120:44: error: cannot find type 'DLKInfo' in scope
118 |     }
119 |     /// Inverse lookup returning image symbol name and wrapped image for an address.
120 |     public subscript (ptr: SymbolValue) -> DLKInfo? {
    |                                            `- error: cannot find type 'DLKInfo' in scope
121 |         return getInfo(address: ptr)
122 |     }
/host/spi-builder-workspace/.build/checkouts/DLKit/Sources/DLKit/Interposing.swift:120:28: error: cannot find type 'SymbolValue' in scope
118 |     }
119 |     /// Inverse lookup returning image symbol name and wrapped image for an address.
120 |     public subscript (ptr: SymbolValue) -> DLKInfo? {
    |                            `- error: cannot find type 'SymbolValue' in scope
121 |         return getInfo(address: ptr)
122 |     }
/host/spi-builder-workspace/.build/checkouts/DLKit/Sources/DLKit/Interposing.swift:124:50: error: cannot find type 'SymbolValue' in scope
122 |     }
123 |     /// Loook up an individual symbol by name
124 |     public subscript (name: DLKit.SymbolName) -> SymbolValue? {
    |                                                  `- error: cannot find type 'SymbolValue' in scope
125 |         get { return self[[name]][0] }
126 |         set (newValue) { self[[name]] = [newValue] }
/host/spi-builder-workspace/.build/checkouts/DLKit/Sources/DLKit/Interposing.swift:124:35: error: no type named 'SymbolName' in module 'DLKit'
122 |     }
123 |     /// Loook up an individual symbol by name
124 |     public subscript (name: DLKit.SymbolName) -> SymbolValue? {
    |                                   `- error: no type named 'SymbolName' in module 'DLKit'
125 |         get { return self[[name]][0] }
126 |         set (newValue) { self[[name]] = [newValue] }
/host/spi-builder-workspace/.build/checkouts/DLKit/Sources/DLKit/Interposing.swift:129:54: error: cannot find type 'SymbolValue' in scope
127 |     }
128 |     /// Loook up an array of symbols
129 |     public subscript (names: [DLKit.SymbolName]) -> [SymbolValue?] {
    |                                                      `- error: cannot find type 'SymbolValue' in scope
130 |         get {
131 |             if imageHandle == nil {
/host/spi-builder-workspace/.build/checkouts/DLKit/Sources/DLKit/Interposing.swift:129:37: error: no type named 'SymbolName' in module 'DLKit'
127 |     }
128 |     /// Loook up an array of symbols
129 |     public subscript (names: [DLKit.SymbolName]) -> [SymbolValue?] {
    |                                     `- error: no type named 'SymbolName' in module 'DLKit'
130 |         get {
131 |             if imageHandle == nil {
/host/spi-builder-workspace/.build/checkouts/DLKit/Sources/DLKit/Interposing.swift:145:46: error: cannot find type 'SymbolValue' in scope
143 |     }
144 |     /// Array of Strings version of subscript
145 |     public subscript (symbols: [String]) -> [SymbolValue?] {
    |                                              `- error: cannot find type 'SymbolValue' in scope
146 |         get { return self[symbols.map {$0.withCString {$0}}] }
147 |         set (newValue) {
/host/spi-builder-workspace/.build/checkouts/Popen/Sources/Popen/Fopen.swift:60:47: error: cannot find type 'FILE' in scope
 58 |     open var fileStream: UnsafeMutablePointer<FILE>
 59 |
 60 |     public init?(stream: UnsafeMutablePointer<FILE>?) {
    |                                               `- error: cannot find type 'FILE' in scope
 61 |         guard let stream = stream else { return nil }
 62 |         fileStream = stream
/host/spi-builder-workspace/.build/checkouts/Popen/Sources/Popen/Fopen.swift:54:24: error: no exact matches in call to initializer
 52 |     }
 53 |
 54 |     static let STDIN = Fopen(stream: stdin)!
    |                        `- error: no exact matches in call to initializer
 55 |     static let STDOUT = Fopen(stream: stdout)!
 56 |     static let STDERR = Fopen(stream: stderr)!
    :
 64 |     }
 65 |
 66 |     public convenience init?(path: String, mode: FILEMode = .read) {
    |                        `- note: candidate has partially matching parameter list (path: String, mode: Fopen.FILEMode)
 67 |         self.init(stream: fopen(path, mode.mode))
 68 |     }
 69 |
 70 |     public convenience init?(fd: CInt, mode: FILEMode = .read) {
    |                        `- note: candidate has partially matching parameter list (fd: CInt, mode: Fopen.FILEMode)
 71 |         self.init(stream: fdopen(fd, mode.mode))
 72 |     }
/host/spi-builder-workspace/.build/checkouts/Popen/Sources/Popen/Fopen.swift:55:25: error: no exact matches in call to initializer
 53 |
 54 |     static let STDIN = Fopen(stream: stdin)!
 55 |     static let STDOUT = Fopen(stream: stdout)!
    |                         `- error: no exact matches in call to initializer
 56 |     static let STDERR = Fopen(stream: stderr)!
 57 |
    :
 64 |     }
 65 |
 66 |     public convenience init?(path: String, mode: FILEMode = .read) {
    |                        `- note: candidate has partially matching parameter list (path: String, mode: Fopen.FILEMode)
 67 |         self.init(stream: fopen(path, mode.mode))
 68 |     }
 69 |
 70 |     public convenience init?(fd: CInt, mode: FILEMode = .read) {
    |                        `- note: candidate has partially matching parameter list (fd: CInt, mode: Fopen.FILEMode)
 71 |         self.init(stream: fdopen(fd, mode.mode))
 72 |     }
/host/spi-builder-workspace/.build/checkouts/Popen/Sources/Popen/Fopen.swift:56:25: error: no exact matches in call to initializer
 54 |     static let STDIN = Fopen(stream: stdin)!
 55 |     static let STDOUT = Fopen(stream: stdout)!
 56 |     static let STDERR = Fopen(stream: stderr)!
    |                         `- error: no exact matches in call to initializer
 57 |
 58 |     open var fileStream: UnsafeMutablePointer<FILE>
    :
 64 |     }
 65 |
 66 |     public convenience init?(path: String, mode: FILEMode = .read) {
    |                        `- note: candidate has partially matching parameter list (path: String, mode: Fopen.FILEMode)
 67 |         self.init(stream: fopen(path, mode.mode))
 68 |     }
 69 |
 70 |     public convenience init?(fd: CInt, mode: FILEMode = .read) {
    |                        `- note: candidate has partially matching parameter list (fd: CInt, mode: Fopen.FILEMode)
 71 |         self.init(stream: fdopen(fd, mode.mode))
 72 |     }
/host/spi-builder-workspace/.build/checkouts/Popen/Sources/Popen/Fopen.swift:58:47: error: cannot find type 'FILE' in scope
 56 |     static let STDERR = Fopen(stream: stderr)!
 57 |
 58 |     open var fileStream: UnsafeMutablePointer<FILE>
    |                                               `- error: cannot find type 'FILE' in scope
 59 |
 60 |     public init?(stream: UnsafeMutablePointer<FILE>?) {
/host/spi-builder-workspace/.build/checkouts/Popen/Sources/Popen/Stream.swift:15:42: error: cannot find type 'FILE' in scope
13 |
14 | public protocol FILEStream {
15 |     var fileStream: UnsafeMutablePointer<FILE> { get }
   |                                          `- error: cannot find type 'FILE' in scope
16 | }
17 |
/host/spi-builder-workspace/.build/checkouts/Popen/Sources/Popen/Fopen.swift:67:14: error: no exact matches in call to initializer
 64 |     }
 65 |
 66 |     public convenience init?(path: String, mode: FILEMode = .read) {
    |                        `- note: candidate has partially matching parameter list (path: String, mode: Fopen.FILEMode)
 67 |         self.init(stream: fopen(path, mode.mode))
    |              `- error: no exact matches in call to initializer
 68 |     }
 69 |
 70 |     public convenience init?(fd: CInt, mode: FILEMode = .read) {
    |                        `- note: candidate has partially matching parameter list (fd: CInt, mode: Fopen.FILEMode)
 71 |         self.init(stream: fdopen(fd, mode.mode))
 72 |     }
/host/spi-builder-workspace/.build/checkouts/Popen/Sources/Popen/Fopen.swift:71:14: error: no exact matches in call to initializer
 64 |     }
 65 |
 66 |     public convenience init?(path: String, mode: FILEMode = .read) {
    |                        `- note: candidate has partially matching parameter list (path: String, mode: Fopen.FILEMode)
 67 |         self.init(stream: fopen(path, mode.mode))
 68 |     }
 69 |
 70 |     public convenience init?(fd: CInt, mode: FILEMode = .read) {
    |                        `- note: candidate has partially matching parameter list (fd: CInt, mode: Fopen.FILEMode)
 71 |         self.init(stream: fdopen(fd, mode.mode))
    |              `- error: no exact matches in call to initializer
 72 |     }
 73 |
Running build ...
bash -c docker run --pull=always --rm -v "checkouts-53886768-0":/host -w "$PWD" -e JAVA_HOME="/root/.sdkman/candidates/java/current" -e SPI_BUILD="1" -e SPI_PROCESSING="1" registry.gitlab.com/saguaro1/spi-images:wasm-6.1-latest swift build --swift-sdk wasm32-unknown-wasi 2>&1
wasm-6.1-latest: Pulling from saguaro1/spi-images
Digest: sha256:1ad245dad3d2ae0004e1afbc92334bd39884ed9ca587cf04d0a8d5f640fb02e9
Status: Image is up to date for registry.gitlab.com/saguaro1/spi-images:wasm-6.1-latest
[0/1] Planning build
Building for debugging...
[0/1] Write swift-version-24593BA9C3E375BF.txt
[2/22] Compiling DLKit Iterators.swift
error: emit-module command failed with exit code 1 (use -v to see invocation)
[3/22] Emitting module DLKit
/host/spi-builder-workspace/.build/checkouts/DLKit/Sources/DLKit/Interposing.swift:29:11: error: cannot find type 'ImageSymbols' in scope
 27 | }
 28 |
 29 | extension ImageSymbols {
    |           `- error: cannot find type 'ImageSymbols' in scope
 30 |     public typealias SymbolValue = DLKit.SymbolValue
 31 |     public func rebind(mapping: [String: String],
/host/spi-builder-workspace/.build/checkouts/DLKit/Sources/DLKit/Interposing.swift:97:11: error: cannot find type 'ImageSymbols' in scope
 95 |
 96 | // Weird subscripting api.
 97 | extension ImageSymbols {
    |           `- error: cannot find type 'ImageSymbols' in scope
 98 |     public struct DLKInfo {
 99 |         public let info: Dl_info
[4/22] Compiling DLKit Demangling.swift
error: emit-module command failed with exit code 1 (use -v to see invocation)
[5/22] Emitting module Popen
/host/spi-builder-workspace/.build/checkouts/Popen/Sources/Popen/Fopen.swift:60:47: error: cannot find type 'FILE' in scope
 58 |     open var fileStream: UnsafeMutablePointer<FILE>
 59 |
 60 |     public init?(stream: UnsafeMutablePointer<FILE>?) {
    |                                               `- error: cannot find type 'FILE' in scope
 61 |         guard let stream = stream else { return nil }
 62 |         fileStream = stream
/host/spi-builder-workspace/.build/checkouts/Popen/Sources/Popen/Fopen.swift:54:24: error: no exact matches in call to initializer
 52 |     }
 53 |
 54 |     static let STDIN = Fopen(stream: stdin)!
    |                        `- error: no exact matches in call to initializer
 55 |     static let STDOUT = Fopen(stream: stdout)!
 56 |     static let STDERR = Fopen(stream: stderr)!
    :
 64 |     }
 65 |
 66 |     public convenience init?(path: String, mode: FILEMode = .read) {
    |                        `- note: candidate has partially matching parameter list (path: String, mode: Fopen.FILEMode)
 67 |         self.init(stream: fopen(path, mode.mode))
 68 |     }
 69 |
 70 |     public convenience init?(fd: CInt, mode: FILEMode = .read) {
    |                        `- note: candidate has partially matching parameter list (fd: CInt, mode: Fopen.FILEMode)
 71 |         self.init(stream: fdopen(fd, mode.mode))
 72 |     }
/host/spi-builder-workspace/.build/checkouts/Popen/Sources/Popen/Fopen.swift:55:25: error: no exact matches in call to initializer
 53 |
 54 |     static let STDIN = Fopen(stream: stdin)!
 55 |     static let STDOUT = Fopen(stream: stdout)!
    |                         `- error: no exact matches in call to initializer
 56 |     static let STDERR = Fopen(stream: stderr)!
 57 |
    :
 64 |     }
 65 |
 66 |     public convenience init?(path: String, mode: FILEMode = .read) {
    |                        `- note: candidate has partially matching parameter list (path: String, mode: Fopen.FILEMode)
 67 |         self.init(stream: fopen(path, mode.mode))
 68 |     }
 69 |
 70 |     public convenience init?(fd: CInt, mode: FILEMode = .read) {
    |                        `- note: candidate has partially matching parameter list (fd: CInt, mode: Fopen.FILEMode)
 71 |         self.init(stream: fdopen(fd, mode.mode))
 72 |     }
/host/spi-builder-workspace/.build/checkouts/Popen/Sources/Popen/Fopen.swift:56:25: error: no exact matches in call to initializer
 54 |     static let STDIN = Fopen(stream: stdin)!
 55 |     static let STDOUT = Fopen(stream: stdout)!
 56 |     static let STDERR = Fopen(stream: stderr)!
    |                         `- error: no exact matches in call to initializer
 57 |
 58 |     open var fileStream: UnsafeMutablePointer<FILE>
    :
 64 |     }
 65 |
 66 |     public convenience init?(path: String, mode: FILEMode = .read) {
    |                        `- note: candidate has partially matching parameter list (path: String, mode: Fopen.FILEMode)
 67 |         self.init(stream: fopen(path, mode.mode))
 68 |     }
 69 |
 70 |     public convenience init?(fd: CInt, mode: FILEMode = .read) {
    |                        `- note: candidate has partially matching parameter list (fd: CInt, mode: Fopen.FILEMode)
 71 |         self.init(stream: fdopen(fd, mode.mode))
 72 |     }
/host/spi-builder-workspace/.build/checkouts/Popen/Sources/Popen/Fopen.swift:58:47: error: cannot find type 'FILE' in scope
 56 |     static let STDERR = Fopen(stream: stderr)!
 57 |
 58 |     open var fileStream: UnsafeMutablePointer<FILE>
    |                                               `- error: cannot find type 'FILE' in scope
 59 |
 60 |     public init?(stream: UnsafeMutablePointer<FILE>?) {
/host/spi-builder-workspace/.build/checkouts/Popen/Sources/Popen/Stream.swift:15:42: error: cannot find type 'FILE' in scope
13 |
14 | public protocol FILEStream {
15 |     var fileStream: UnsafeMutablePointer<FILE> { get }
   |                                          `- error: cannot find type 'FILE' in scope
16 | }
17 |
/host/spi-builder-workspace/.build/checkouts/Popen/Sources/Popen/Popen.swift:27:54: error: cannot find type 'FILE' in scope
 25 | @_silgen_name("popen")
 26 | public func popen(_: UnsafePointer<CChar>,
 27 |     _: UnsafePointer<CChar>) -> UnsafeMutablePointer<FILE>!
    |                                                      `- error: cannot find type 'FILE' in scope
 28 | @_silgen_name("pclose")
 29 | public func pclose(_: UnsafeMutablePointer<FILE>?) -> CInt
/host/spi-builder-workspace/.build/checkouts/Popen/Sources/Popen/Popen.swift:29:44: error: cannot find type 'FILE' in scope
 27 |     _: UnsafePointer<CChar>) -> UnsafeMutablePointer<FILE>!
 28 | @_silgen_name("pclose")
 29 | public func pclose(_: UnsafeMutablePointer<FILE>?) -> CInt
    |                                            `- error: cannot find type 'FILE' in scope
 30 |
 31 | open class Popen: FILEStream, Sequence, IteratorProtocol {
/host/spi-builder-workspace/.build/checkouts/Popen/Sources/Popen/Popen.swift:131:47: error: cannot find type 'FILE' in scope
129 |     #endif
130 |
131 |     open var fileStream: UnsafeMutablePointer<FILE>
    |                                               `- error: cannot find type 'FILE' in scope
132 |     open var exitStatus: CInt?
133 |
/host/spi-builder-workspace/.build/checkouts/Popen/Sources/Popen/Popen.swift:134:46: error: cannot find type 'FILE' in scope
132 |     open var exitStatus: CInt?
133 |
134 |     public init(stream: UnsafeMutablePointer<FILE>) {
    |                                              `- error: cannot find type 'FILE' in scope
135 |         Self.openedFILEStreams += 1
136 |         fileStream = stream
/host/spi-builder-workspace/.build/checkouts/Popen/Sources/Popen/Popen.swift:96:19: error: cannot find 'DispatchGroup' in scope
 94 |       }
 95 |       let box = DataBox()
 96 |       let group = DispatchGroup()
    |                   `- error: cannot find 'DispatchGroup' in scope
 97 |
 98 |       group.enter()
/host/spi-builder-workspace/.build/checkouts/Popen/Sources/Popen/Popen.swift:99:33: error: value of type 'FileHandle' has no member 'readabilityHandler'
 97 |
 98 |       group.enter()
 99 |       pipe.fileHandleForReading.readabilityHandler = { handle in
    |                                 `- error: value of type 'FileHandle' has no member 'readabilityHandler'
100 |         let chunk = handle.availableData
101 |         if chunk.isEmpty {  // EOF on the pipe
/host/spi-builder-workspace/.build/checkouts/Popen/Sources/Popen/Popen.swift:99:56: error: cannot infer type of closure parameter 'handle' without a type annotation
 97 |
 98 |       group.enter()
 99 |       pipe.fileHandleForReading.readabilityHandler = { handle in
    |                                                        `- error: cannot infer type of closure parameter 'handle' without a type annotation
100 |         let chunk = handle.availableData
101 |         if chunk.isEmpty {  // EOF on the pipe
/host/spi-builder-workspace/.build/checkouts/Popen/Sources/Popen/Popen.swift:102:37: error: value of type 'FileHandle' has no member 'readabilityHandler'
100 |         let chunk = handle.availableData
101 |         if chunk.isEmpty {  // EOF on the pipe
102 |           pipe.fileHandleForReading.readabilityHandler = nil
    |                                     `- error: value of type 'FileHandle' has no member 'readabilityHandler'
103 |           group.leave()
104 |         } else {
/host/spi-builder-workspace/.build/checkouts/Popen/Sources/Popen/Qopen.swift:37:40: error: cannot find 'SIGKILL' in scope
35 |     }
36 |
37 |     open func terminate(signal: CInt = SIGKILL) {
   |                                        `- error: cannot find 'SIGKILL' in scope
38 |         guard let pid = processID,
39 |             kill(pid, signal) == KERN_SUCCESS else {
/host/spi-builder-workspace/.build/checkouts/Popen/Sources/Popen/Stream.swift:18:61: error: cannot find type 'FILE' in scope
16 | }
17 |
18 | extension UnsafeMutablePointer: FILEStream where Pointee == FILE {
   |                                                             `- error: cannot find type 'FILE' in scope
19 |     public typealias Element = String
20 |     public var fileStream: Self { return self }
/host/spi-builder-workspace/.build/checkouts/Popen/Sources/Popen/Stream.swift:25:61: error: cannot find type 'FILE' in scope
23 | #if !compiler(>=6.4) // Xcode < 27
24 | extension UnsafeMutablePointer:
25 |     Swift.Sequence, Swift.IteratorProtocol where Pointee == FILE {
   |                                                             `- error: cannot find type 'FILE' in scope
26 | }
27 | #endif
/host/spi-builder-workspace/.build/checkouts/Popen/Sources/Popen/Stream.swift:24:1: error: type 'UnsafeMutablePointer<Pointee>' does not conform to protocol 'Sequence'
22 |
23 | #if !compiler(>=6.4) // Xcode < 27
24 | extension UnsafeMutablePointer:
   | `- error: type 'UnsafeMutablePointer<Pointee>' does not conform to protocol 'Sequence'
25 |     Swift.Sequence, Swift.IteratorProtocol where Pointee == FILE {
26 | }
/host/spi-builder-workspace/.build/checkouts/Popen/Sources/Popen/Stream.swift:24:1: error: type 'UnsafeMutablePointer<Pointee>' does not conform to protocol 'IteratorProtocol'
22 |
23 | #if !compiler(>=6.4) // Xcode < 27
24 | extension UnsafeMutablePointer:
   | |- error: type 'UnsafeMutablePointer<Pointee>' does not conform to protocol 'IteratorProtocol'
   | `- note: add stubs for conformance
25 |     Swift.Sequence, Swift.IteratorProtocol where Pointee == FILE {
26 | }
Swift.Sequence.Element:2:16: note: protocol requires nested type 'Element'
1 | protocol Sequence {
2 | associatedtype Element where Self.Element == Self.Iterator.Element}
  |                `- note: protocol requires nested type 'Element'
3 |
Swift.Sequence.Iterator:2:16: note: protocol requires nested type 'Iterator'
1 | protocol Sequence {
2 | associatedtype Iterator : IteratorProtocol}
  |                `- note: protocol requires nested type 'Iterator'
3 |
[6/22] Compiling Popen Topen.swift
[7/22] Compiling DLKit FileSymbols.swift
[8/22] Compiling DLKit ImageSymbols.swift
[9/22] Compiling DLKit Interposing.swift
/host/spi-builder-workspace/.build/checkouts/DLKit/Sources/DLKit/Interposing.swift:29:11: error: cannot find type 'ImageSymbols' in scope
 27 | }
 28 |
 29 | extension ImageSymbols {
    |           `- error: cannot find type 'ImageSymbols' in scope
 30 |     public typealias SymbolValue = DLKit.SymbolValue
 31 |     public func rebind(mapping: [String: String],
/host/spi-builder-workspace/.build/checkouts/DLKit/Sources/DLKit/Interposing.swift:97:11: error: cannot find type 'ImageSymbols' in scope
 95 |
 96 | // Weird subscripting api.
 97 | extension ImageSymbols {
    |           `- error: cannot find type 'ImageSymbols' in scope
 98 |     public struct DLKInfo {
 99 |         public let info: Dl_info
/host/spi-builder-workspace/.build/checkouts/DLKit/Sources/DLKit/Interposing.swift:30:42: error: no type named 'SymbolValue' in module 'DLKit'
 28 |
 29 | extension ImageSymbols {
 30 |     public typealias SymbolValue = DLKit.SymbolValue
    |                                          `- error: no type named 'SymbolValue' in module 'DLKit'
 31 |     public func rebind(mapping: [String: String],
 32 |                        scope: UnsafeMutableRawPointer? = DLKit.RTLD_DEFAULT,
/host/spi-builder-workspace/.build/checkouts/DLKit/Sources/DLKit/Interposing.swift:33:53: error: no type named 'SymbolName' in module 'DLKit'
 31 |     public func rebind(mapping: [String: String],
 32 |                        scope: UnsafeMutableRawPointer? = DLKit.RTLD_DEFAULT,
 33 |                        warn: Bool = true) -> [DLKit.SymbolName] {
    |                                                     `- error: no type named 'SymbolName' in module 'DLKit'
 34 |         return rebind(symbols: Array(mapping.keys),
 35 |                       values: Array(mapping.values),
/host/spi-builder-workspace/.build/checkouts/DLKit/Sources/DLKit/Interposing.swift:40:53: error: no type named 'SymbolName' in module 'DLKit'
 38 |     public func rebind(symbols: [String], values: [String],
 39 |                        scope: UnsafeMutableRawPointer? = DLKit.RTLD_DEFAULT,
 40 |                        warn: Bool = true) -> [DLKit.SymbolName] {
    |                                                     `- error: no type named 'SymbolName' in module 'DLKit'
 41 |         return rebind(names: symbols.map {$0.withCString {$0}}, values:
 42 |                         values.map { if let replacement = dlsym(scope, $0) {
/host/spi-builder-workspace/.build/checkouts/DLKit/Sources/DLKit/Interposing.swift:52:54: error: no type named 'SymbolName' in module 'DLKit'
 50 |     }
 51 |     public func rebind(symbols: [String], values: [SymbolValue?],
 52 |                        warn: Bool = false) -> [DLKit.SymbolName] {
    |                                                      `- error: no type named 'SymbolName' in module 'DLKit'
 53 |         let names = symbols.map {$0.withCString {$0}}
 54 |         return rebind(names: names, values: values, warn: warn)
/host/spi-builder-workspace/.build/checkouts/DLKit/Sources/DLKit/Interposing.swift:51:52: error: cannot find type 'SymbolValue' in scope
 49 |                         }, warn: warn)
 50 |     }
 51 |     public func rebind(symbols: [String], values: [SymbolValue?],
    |                                                    `- error: cannot find type 'SymbolValue' in scope
 52 |                        warn: Bool = false) -> [DLKit.SymbolName] {
 53 |         let names = symbols.map {$0.withCString {$0}}
/host/spi-builder-workspace/.build/checkouts/DLKit/Sources/DLKit/Interposing.swift:57:54: error: no type named 'SymbolName' in module 'DLKit'
 55 |     }
 56 |     public func rebind(names: [DLKit.SymbolName], values: [SymbolValue?],
 57 |                        warn: Bool = false) -> [DLKit.SymbolName] {
    |                                                      `- error: no type named 'SymbolName' in module 'DLKit'
 58 |         var rebindings: [rebinding] = (0..<names.count).compactMap {
 59 |             guard $0 < values.count,
/host/spi-builder-workspace/.build/checkouts/DLKit/Sources/DLKit/Interposing.swift:56:38: error: no type named 'SymbolName' in module 'DLKit'
 54 |         return rebind(names: names, values: values, warn: warn)
 55 |     }
 56 |     public func rebind(names: [DLKit.SymbolName], values: [SymbolValue?],
    |                                      `- error: no type named 'SymbolName' in module 'DLKit'
 57 |                        warn: Bool = false) -> [DLKit.SymbolName] {
 58 |         var rebindings: [rebinding] = (0..<names.count).compactMap {
/host/spi-builder-workspace/.build/checkouts/DLKit/Sources/DLKit/Interposing.swift:56:60: error: cannot find type 'SymbolValue' in scope
 54 |         return rebind(names: names, values: values, warn: warn)
 55 |     }
 56 |     public func rebind(names: [DLKit.SymbolName], values: [SymbolValue?],
    |                                                            `- error: cannot find type 'SymbolValue' in scope
 57 |                        warn: Bool = false) -> [DLKit.SymbolName] {
 58 |         var rebindings: [rebinding] = (0..<names.count).compactMap {
/host/spi-builder-workspace/.build/checkouts/DLKit/Sources/DLKit/Interposing.swift:73:65: error: no type named 'SymbolName' in module 'DLKit'
 71 |         return replaced
 72 |     }
 73 |     public func rebind(rebindings: inout [rebinding]) -> [DLKit.SymbolName] {
    |                                                                 `- error: no type named 'SymbolName' in module 'DLKit'
 74 |         var replaced = [DLKit.SymbolName]()
 75 |         for image in imageNumbers {
/host/spi-builder-workspace/.build/checkouts/DLKit/Sources/DLKit/Interposing.swift:73:43: error: cannot find type 'rebinding' in scope
 71 |         return replaced
 72 |     }
 73 |     public func rebind(rebindings: inout [rebinding]) -> [DLKit.SymbolName] {
    |                                           `- error: cannot find type 'rebinding' in scope
 74 |         var replaced = [DLKit.SymbolName]()
 75 |         for image in imageNumbers {
/host/spi-builder-workspace/.build/checkouts/DLKit/Sources/DLKit/Interposing.swift:99:26: error: cannot find type 'Dl_info' in scope
 97 | extension ImageSymbols {
 98 |     public struct DLKInfo {
 99 |         public let info: Dl_info
    |                          `- error: cannot find type 'Dl_info' in scope
100 |         public var name: DLKit.SymbolName! { info.dli_sname }
101 |         public var addr: SymbolValue { info.dli_saddr }
/host/spi-builder-workspace/.build/checkouts/DLKit/Sources/DLKit/Interposing.swift:100:32: error: no type named 'SymbolName' in module 'DLKit'
 98 |     public struct DLKInfo {
 99 |         public let info: Dl_info
100 |         public var name: DLKit.SymbolName! { info.dli_sname }
    |                                `- error: no type named 'SymbolName' in module 'DLKit'
101 |         public var addr: SymbolValue { info.dli_saddr }
102 |         public var entry: UnsafeMutablePointer<nlist_t>?
/host/spi-builder-workspace/.build/checkouts/DLKit/Sources/DLKit/Interposing.swift:101:26: error: cannot find type 'SymbolValue' in scope
 99 |         public let info: Dl_info
100 |         public var name: DLKit.SymbolName! { info.dli_sname }
101 |         public var addr: SymbolValue { info.dli_saddr }
    |                          `- error: cannot find type 'SymbolValue' in scope
102 |         public var entry: UnsafeMutablePointer<nlist_t>?
103 |         public var owner: ImageSymbols
/host/spi-builder-workspace/.build/checkouts/DLKit/Sources/DLKit/Interposing.swift:102:48: error: cannot find type 'nlist_t' in scope
100 |         public var name: DLKit.SymbolName! { info.dli_sname }
101 |         public var addr: SymbolValue { info.dli_saddr }
102 |         public var entry: UnsafeMutablePointer<nlist_t>?
    |                                                `- error: cannot find type 'nlist_t' in scope
103 |         public var owner: ImageSymbols
104 |         public var image: ImageSymbols? {
/host/spi-builder-workspace/.build/checkouts/DLKit/Sources/DLKit/Interposing.swift:103:27: error: cannot find type 'ImageSymbols' in scope
101 |         public var addr: SymbolValue { info.dli_saddr }
102 |         public var entry: UnsafeMutablePointer<nlist_t>?
103 |         public var owner: ImageSymbols
    |                           `- error: cannot find type 'ImageSymbols' in scope
104 |         public var image: ImageSymbols? {
105 |             return (owner.imageNumbers.first(where: {
/host/spi-builder-workspace/.build/checkouts/DLKit/Sources/DLKit/Interposing.swift:104:27: error: cannot find type 'ImageSymbols' in scope
102 |         public var entry: UnsafeMutablePointer<nlist_t>?
103 |         public var owner: ImageSymbols
104 |         public var image: ImageSymbols? {
    |                           `- error: cannot find type 'ImageSymbols' in scope
105 |             return (owner.imageNumbers.first(where: {
106 |                         info.dli_fname == $0.imageName }) ??
/host/spi-builder-workspace/.build/checkouts/DLKit/Sources/DLKit/Interposing.swift:113:50: error: cannot find type 'DLKInfo' in scope
111 |     }
112 |     /// Address lookup returning image symbol name and wrapped image for an address.
113 |     public func getInfo(address: SymbolValue) -> DLKInfo? {
    |                                                  `- error: cannot find type 'DLKInfo' in scope
114 |         var info = Dl_info(), entry: UnsafeMutablePointer<nlist_t>?
115 |         guard trie_dladdr2(address, &info, &entry) != 0 ||
/host/spi-builder-workspace/.build/checkouts/DLKit/Sources/DLKit/Interposing.swift:113:34: error: cannot find type 'SymbolValue' in scope
111 |     }
112 |     /// Address lookup returning image symbol name and wrapped image for an address.
113 |     public func getInfo(address: SymbolValue) -> DLKInfo? {
    |                                  `- error: cannot find type 'SymbolValue' in scope
114 |         var info = Dl_info(), entry: UnsafeMutablePointer<nlist_t>?
115 |         guard trie_dladdr2(address, &info, &entry) != 0 ||
/host/spi-builder-workspace/.build/checkouts/DLKit/Sources/DLKit/Interposing.swift:120:44: error: cannot find type 'DLKInfo' in scope
118 |     }
119 |     /// Inverse lookup returning image symbol name and wrapped image for an address.
120 |     public subscript (ptr: SymbolValue) -> DLKInfo? {
    |                                            `- error: cannot find type 'DLKInfo' in scope
121 |         return getInfo(address: ptr)
122 |     }
/host/spi-builder-workspace/.build/checkouts/DLKit/Sources/DLKit/Interposing.swift:120:28: error: cannot find type 'SymbolValue' in scope
118 |     }
119 |     /// Inverse lookup returning image symbol name and wrapped image for an address.
120 |     public subscript (ptr: SymbolValue) -> DLKInfo? {
    |                            `- error: cannot find type 'SymbolValue' in scope
121 |         return getInfo(address: ptr)
122 |     }
/host/spi-builder-workspace/.build/checkouts/DLKit/Sources/DLKit/Interposing.swift:124:50: error: cannot find type 'SymbolValue' in scope
122 |     }
123 |     /// Loook up an individual symbol by name
124 |     public subscript (name: DLKit.SymbolName) -> SymbolValue? {
    |                                                  `- error: cannot find type 'SymbolValue' in scope
125 |         get { return self[[name]][0] }
126 |         set (newValue) { self[[name]] = [newValue] }
/host/spi-builder-workspace/.build/checkouts/DLKit/Sources/DLKit/Interposing.swift:124:35: error: no type named 'SymbolName' in module 'DLKit'
122 |     }
123 |     /// Loook up an individual symbol by name
124 |     public subscript (name: DLKit.SymbolName) -> SymbolValue? {
    |                                   `- error: no type named 'SymbolName' in module 'DLKit'
125 |         get { return self[[name]][0] }
126 |         set (newValue) { self[[name]] = [newValue] }
/host/spi-builder-workspace/.build/checkouts/DLKit/Sources/DLKit/Interposing.swift:129:54: error: cannot find type 'SymbolValue' in scope
127 |     }
128 |     /// Loook up an array of symbols
129 |     public subscript (names: [DLKit.SymbolName]) -> [SymbolValue?] {
    |                                                      `- error: cannot find type 'SymbolValue' in scope
130 |         get {
131 |             if imageHandle == nil {
/host/spi-builder-workspace/.build/checkouts/DLKit/Sources/DLKit/Interposing.swift:129:37: error: no type named 'SymbolName' in module 'DLKit'
127 |     }
128 |     /// Loook up an array of symbols
129 |     public subscript (names: [DLKit.SymbolName]) -> [SymbolValue?] {
    |                                     `- error: no type named 'SymbolName' in module 'DLKit'
130 |         get {
131 |             if imageHandle == nil {
/host/spi-builder-workspace/.build/checkouts/DLKit/Sources/DLKit/Interposing.swift:145:46: error: cannot find type 'SymbolValue' in scope
143 |     }
144 |     /// Array of Strings version of subscript
145 |     public subscript (symbols: [String]) -> [SymbolValue?] {
    |                                              `- error: cannot find type 'SymbolValue' in scope
146 |         get { return self[symbols.map {$0.withCString {$0}}] }
147 |         set (newValue) {
[10/22] Compiling DLKit DLKit.swift
BUILD FAILURE 6.1 wasm