The Swift Package Index logo.Swift Package Index

Build Information

Failed to build pingx, reference main (6938ab), with Swift 6.4 for Android on 22 Sep 2026 16:08:52 UTC.

Build Command

bash -c docker run --pull=always --rm -v "checkouts-53886769-0":/host -w "$PWD" -e JAVA_HOME="/root/.sdkman/candidates/java/current" -e SPI_BUILD="1" -e SPI_PROCESSING="1" registry.gitlab.com/saguaro1/spi-images:android-6.4-latest swift build --swift-sdk aarch64-unknown-linux-android28 2>&1

Build Log

========================================
RunAll
========================================
Builder version: 5.1.0
Interrupt handler set up.
========================================
Checkout
========================================
Clone URL: https://github.com/shineRR/pingx.git
Reference: main
Initialized empty Git repository in /host/spi-builder-workspace/.git/
hint: Using 'master' as the name for the initial branch. This default branch name
hint: is subject to change. To configure the initial branch name to use in all
hint: of your new repositories, which will suppress this warning, call:
hint:
hint: 	git config --global init.defaultBranch <name>
hint:
hint: Names commonly chosen instead of 'master' are 'main', 'trunk' and
hint: 'development'. The just-created branch can be renamed via this command:
hint:
hint: 	git branch -m <name>
From https://github.com/shineRR/pingx
 * branch            main       -> FETCH_HEAD
 * [new branch]      main       -> origin/main
HEAD is now at 6938ab2 [Platform] CI configuration update (#9)
Cloned https://github.com/shineRR/pingx.git
Revision (git rev-parse @):
6938ab29c1d8e961d1c7bbd6d8e7156756ab7dfb
SUCCESS checkout https://github.com/shineRR/pingx.git at main
========================================
Build
========================================
Selected platform:         android
Swift version:             6.4
Building package at path:  $PWD
https://github.com/shineRR/pingx.git
Running build ...
bash -c docker run --pull=always --rm -v "checkouts-53886769-0":/host -w "$PWD" -e JAVA_HOME="/root/.sdkman/candidates/java/current" -e SPI_BUILD="1" -e SPI_PROCESSING="1" registry.gitlab.com/saguaro1/spi-images:android-6.4-latest swift build --swift-sdk aarch64-unknown-linux-android28 2>&1
android-6.4-latest: Pulling from saguaro1/spi-images
Digest: sha256:abadcff584c273feba50641b454858d377ba30b35ea7287a94f45ebd8afd0ea0
Status: Image is up to date for registry.gitlab.com/saguaro1/spi-images:android-6.4-latest
Building for debugging...
[Planning deferred tasks]
error: SwiftCompile normal aarch64 failed with a nonzero exit code. Command line:     cd /host

[28 / 36] pingx
/host/spi-builder-workspace/Sources/pingx/Model/Identifier/PingxIdentifier.swift:32:22: error: cannot find 'CFSwapInt16HostToBig' in scope
30 |
31 |     init(
32 |         id: UInt16 = CFSwapInt16HostToBig(UInt16.random(in: 0..<UInt16.max)),
   |                      `- error: cannot find 'CFSwapInt16HostToBig' in scope
33 |         uniqueToken: UUID = UUID()
34 |     ) {
/host/spi-builder-workspace/Sources/pingx/Model/Payload/Payload.swift:32:20: error: cannot find type 'CFAbsoluteTime' in scope
30 |
31 |     let rawUniqueToken: uuid_t
32 |     let timestamp: CFAbsoluteTime
   |                    `- error: cannot find type 'CFAbsoluteTime' in scope
33 |
34 |     // MARK: Initializer
/host/spi-builder-workspace/Sources/pingx/Model/Payload/Payload.swift:38:20: error: cannot find type 'CFAbsoluteTime' in scope
36 |     init(
37 |         rawUniqueToken: uuid_t,
38 |         timestamp: CFAbsoluteTime = CFAbsoluteTimeGetCurrent()
   |                    `- error: cannot find type 'CFAbsoluteTime' in scope
39 |     ) {
40 |         self.rawUniqueToken = rawUniqueToken
/host/spi-builder-workspace/Sources/pingx/Model/Socket/PingxSocket.swift:29:74: error: cannot find type 'CFSocketError' in scope
27 | // sourcery: AutoMockable
28 | protocol PingxSocketProtocol: Sendable {
29 |     func send(address: CFData, data: CFData, timeout: CFTimeInterval) -> CFSocketError
   |                                                                          `- error: cannot find type 'CFSocketError' in scope
30 | }
31 |
/host/spi-builder-workspace/Sources/pingx/Model/Socket/PingxSocket.swift:29:24: error: cannot find type 'CFData' in scope
27 | // sourcery: AutoMockable
28 | protocol PingxSocketProtocol: Sendable {
29 |     func send(address: CFData, data: CFData, timeout: CFTimeInterval) -> CFSocketError
   |                        `- error: cannot find type 'CFData' in scope
30 | }
31 |
/host/spi-builder-workspace/Sources/pingx/Model/Socket/PingxSocket.swift:29:38: error: cannot find type 'CFData' in scope
27 | // sourcery: AutoMockable
28 | protocol PingxSocketProtocol: Sendable {
29 |     func send(address: CFData, data: CFData, timeout: CFTimeInterval) -> CFSocketError
   |                                      `- error: cannot find type 'CFData' in scope
30 | }
31 |
/host/spi-builder-workspace/Sources/pingx/Model/Socket/PingxSocket.swift:29:55: error: cannot find type 'CFTimeInterval' in scope
27 | // sourcery: AutoMockable
28 | protocol PingxSocketProtocol: Sendable {
29 |     func send(address: CFData, data: CFData, timeout: CFTimeInterval) -> CFSocketError
   |                                                       `- error: cannot find type 'CFTimeInterval' in scope
30 | }
31 |
/host/spi-builder-workspace/Sources/pingx/Model/Socket/PingxSocket.swift:36:17: error: cannot find type 'CFSocket' in scope
34 |     // MARK: Properties
35 |
36 |     let socket: CFSocket
   |                 `- error: cannot find type 'CFSocket' in scope
37 |     let socketSource: CFRunLoopSource
38 |     let unmanaged: Unmanaged<OutputType>
/host/spi-builder-workspace/Sources/pingx/Model/Socket/PingxSocket.swift:37:23: error: cannot find type 'CFRunLoopSource' in scope
35 |
36 |     let socket: CFSocket
37 |     let socketSource: CFRunLoopSource
   |                       `- error: cannot find type 'CFRunLoopSource' in scope
38 |     let unmanaged: Unmanaged<OutputType>
39 |
/host/spi-builder-workspace/Sources/pingx/Model/Socket/PingxSocket.swift:43:17: error: cannot find type 'CFSocket' in scope
41 |
42 |     init(
43 |         socket: CFSocket,
   |                 `- error: cannot find type 'CFSocket' in scope
44 |         socketSource: CFRunLoopSource,
45 |         unmanaged: Unmanaged<OutputType>
/host/spi-builder-workspace/Sources/pingx/Model/Socket/PingxSocket.swift:44:23: error: cannot find type 'CFRunLoopSource' in scope
42 |     init(
43 |         socket: CFSocket,
44 |         socketSource: CFRunLoopSource,
   |                       `- error: cannot find type 'CFRunLoopSource' in scope
45 |         unmanaged: Unmanaged<OutputType>
46 |     ) {
/host/spi-builder-workspace/Sources/pingx/Model/Socket/PingxSocket.swift:58:74: error: cannot find type 'CFSocketError' in scope
56 |     // MARK: Methods
57 |
58 |     func send(address: CFData, data: CFData, timeout: CFTimeInterval) -> CFSocketError {
   |                                                                          `- error: cannot find type 'CFSocketError' in scope
59 |         CFSocketSendData(
60 |             socket,
/host/spi-builder-workspace/Sources/pingx/Model/Socket/PingxSocket.swift:58:24: error: cannot find type 'CFData' in scope
56 |     // MARK: Methods
57 |
58 |     func send(address: CFData, data: CFData, timeout: CFTimeInterval) -> CFSocketError {
   |                        `- error: cannot find type 'CFData' in scope
59 |         CFSocketSendData(
60 |             socket,
/host/spi-builder-workspace/Sources/pingx/Model/Socket/PingxSocket.swift:58:38: error: cannot find type 'CFData' in scope
56 |     // MARK: Methods
57 |
58 |     func send(address: CFData, data: CFData, timeout: CFTimeInterval) -> CFSocketError {
   |                                      `- error: cannot find type 'CFData' in scope
59 |         CFSocketSendData(
60 |             socket,
/host/spi-builder-workspace/Sources/pingx/Model/Socket/PingxSocket.swift:58:55: error: cannot find type 'CFTimeInterval' in scope
56 |     // MARK: Methods
57 |
58 |     func send(address: CFData, data: CFData, timeout: CFTimeInterval) -> CFSocketError {
   |                                                       `- error: cannot find type 'CFTimeInterval' in scope
59 |         CFSocketSendData(
60 |             socket,
/host/spi-builder-workspace/Sources/pingx/Pinger/Pingers/AsyncPinger.swift:154:19: error: cannot find type 'CFSocketError' in scope
152 | }
153 |
154 | private extension CFSocketError {
    |                   `- error: cannot find type 'CFSocketError' in scope
155 |     func mapToPingerError() -> AsyncPingerError? {
156 |         switch self {
Failed frontend command:
/root/.local/share/swiftly/toolchains/6.4.x-snapshot-2026-09-04/usr/bin/swift-frontend -frontend -emit-module -experimental-skip-non-inlinable-function-bodies-without-types /host/spi-builder-workspace/Sources/pingx/Checksum/ICMPChecksum.swift /host/spi-builder-workspace/Sources/pingx/Converter/Api/IPv4AddressStringConverter.swift /host/spi-builder-workspace/Sources/pingx/Converter/Error/IPv4AddressConverterError.swift /host/spi-builder-workspace/Sources/pingx/Converter/Impl/IPv4AddressConverter.swift /host/spi-builder-workspace/Sources/pingx/Extensions/Result+Extensions.swift /host/spi-builder-workspace/Sources/pingx/Extensions/String+Extensions.swift /host/spi-builder-workspace/Sources/pingx/Factory/ICMPHeaderFactory/ICMPHeaderFactory.swift /host/spi-builder-workspace/Sources/pingx/Factory/SocketFactory/SocketFactory.swift /host/spi-builder-workspace/Sources/pingx/Model/Atomic/Atomic.swift /host/spi-builder-workspace/Sources/pingx/Model/CommandBlock/CommandBlock.swift /host/spi-builder-workspace/Sources/pingx/Model/IP/IPv4/IPv4Address.swift /host/spi-builder-workspace/Sources/pingx/Model/IPHeader/IPHeader.swift /host/spi-builder-workspace/Sources/pingx/Model/Identifier/PingxIdentifier.swift /host/spi-builder-workspace/Sources/pingx/Model/Interval/Interval.swift /host/spi-builder-workspace/Sources/pingx/Model/Packets/ICMP/ICMPHeader.swift /host/spi-builder-workspace/Sources/pingx/Model/Packets/ICMP/ICMPPacket.swift /host/spi-builder-workspace/Sources/pingx/Model/Packets/ICMP/ICMPType.swift /host/spi-builder-workspace/Sources/pingx/Model/Payload/Payload.swift /host/spi-builder-workspace/Sources/pingx/Model/Request/Request.swift /host/spi-builder-workspace/Sources/pingx/Model/Response/PingError.swift /host/spi-builder-workspace/Sources/pingx/Model/Response/PingResult.swift /host/spi-builder-workspace/Sources/pingx/Model/Response/Response.swift /host/spi-builder-workspace/Sources/pingx/Model/Socket/PingxSocket.swift /host/spi-builder-workspace/Sources/pingx/Pinger/Configuration/PingConfiguration.swift /host/spi-builder-workspace/Sources/pingx/Pinger/Error/AsyncPingerError.swift /host/spi-builder-workspace/Sources/pingx/Pinger/Error/ICMPResponseValidationError.swift /host/spi-builder-workspace/Sources/pingx/Pinger/Helpers/ICMPPackageExtractor.swift /host/spi-builder-workspace/Sources/pingx/Pinger/Helpers/SafeCheckedContinuation.swift /host/spi-builder-workspace/Sources/pingx/Pinger/Model/AsyncPingerResult.swift /host/spi-builder-workspace/Sources/pingx/Pinger/Pingers/AsyncPinger.swift /host/spi-builder-workspace/Sources/pingx/Pinger/Pingers/Pinger.swift /host/spi-builder-workspace/Sources/pingx/Pinger/Sequence/AnyPingSequence.swift /host/spi-builder-workspace/Sources/pingx/Pinger/Sequence/PingSequence.swift -target aarch64-unknown-linux-android28 -Xllvm -aarch64-use-tbi -disable-objc-interop -sdk /android-ndk/android-ndk-r27d/toolchains/llvm/prebuilt/linux-x86_64/sysroot -sysroot /android-ndk/android-ndk-r27d/toolchains/llvm/prebuilt/linux-x86_64/sysroot -I /host/spi-builder-workspace/.build/out/Products/Debug-android-aarch64 -module-cache-path /host/spi-builder-workspace/.build/out/ModuleCache.noindex -color-diagnostics -Xcc -fcolor-diagnostics -enable-testing -g -debug-info-format\=dwarf -dwarf-version\=4 -swift-version 5 -Onone -D SWIFT_PACKAGE -D DEBUG -D SWIFT_MODULE_RESOURCE_BUNDLE_UNAVAILABLE -D Xcode -serialize-debugging-options -enable-experimental-feature DebugDescriptionMacro -empty-abi-descriptor -external-plugin-path /root/.local/share/swiftly/toolchains/6.4.x-snapshot-2026-09-04/usr/lib/swift/host/plugins/testing\#/root/.local/share/swiftly/toolchains/6.4.x-snapshot-2026-09-04/usr/bin/swift-plugin-server -validate-clang-modules-once -clang-build-session-file /host/spi-builder-workspace/.build/out/ModuleCache.noindex/Session.modulevalidation -Xcc -working-directory -Xcc /host -resource-dir /root/.swiftpm/swift-sdks/swift-6.4.x-DEVELOPMENT-SNAPSHOT-2026-09-04-a_android.artifactbundle/swift-android/swift-resources/usr/lib/swift-aarch64 -enable-anonymous-context-mangled-names -file-compilation-dir /host -Xcc -resource-dir -Xcc /android-ndk/android-ndk-r27d/toolchains/llvm/prebuilt/linux-x86_64/lib/clang/18 -Xcc -fno-omit-frame-pointer -Xcc -D_LIBCPP_HARDENING_MODE\=_LIBCPP_HARDENING_MODE_DEBUG -Xcc -fmodules-prune-interval\=86400 -Xcc -fmodules-prune-after\=345600 -Xcc -I/host/spi-builder-workspace/.build/out/Products/Debug-android-aarch64/include -Xcc -I/host/spi-builder-workspace/.build/out/Intermediates.noindex/pingx.build/Debug-android-aarch64/pingx-t.build/DerivedSources-normal/aarch64 -Xcc -I/host/spi-builder-workspace/.build/out/Intermediates.noindex/pingx.build/Debug-android-aarch64/pingx-t.build/DerivedSources/aarch64 -Xcc -I/host/spi-builder-workspace/.build/out/Intermediates.noindex/pingx.build/Debug-android-aarch64/pingx-t.build/DerivedSources -Xcc -DSWIFT_PACKAGE -Xcc -DDEBUG\=1 -no-auto-bridging-header-chaining -module-name pingx -package-name spi_builder_workspace -const-gather-protocols-file /host/spi-builder-workspace/.build/out/Intermediates.noindex/pingx.build/Debug-android-aarch64/pingx-t.build/Objects-normal/aarch64/pingx_const_extract_protocols.json -in-process-plugin-server-path /root/.local/share/swiftly/toolchains/6.4.x-snapshot-2026-09-04/usr/lib/swift/host/libSwiftInProcPluginServer.so -plugin-path /root/.local/share/swiftly/toolchains/6.4.x-snapshot-2026-09-04/usr/lib/swift/host/plugins -plugin-path /root/.local/share/swiftly/toolchains/6.4.x-snapshot-2026-09-04/usr/local/lib/swift/host/plugins -emit-module-doc-path /host/spi-builder-workspace/.build/out/Intermediates.noindex/pingx.build/Debug-android-aarch64/pingx-t.build/Objects-normal/aarch64/Modules/pingx.swiftdoc -emit-module-source-info-path /host/spi-builder-workspace/.build/out/Intermediates.noindex/pingx.build/Debug-android-aarch64/pingx-t.build/Objects-normal/aarch64/Modules/pingx.swiftsourceinfo -emit-objc-header-path /host/spi-builder-workspace/.build/out/Intermediates.noindex/pingx.build/Debug-android-aarch64/pingx-t.build/Objects-normal/aarch64/pingx-Swift.h -serialize-diagnostics-path /host/spi-builder-workspace/.build/out/Intermediates.noindex/pingx.build/Debug-android-aarch64/pingx-t.build/Objects-normal/aarch64/pingx-primary-emit-module.dia -emit-dependencies-path /host/spi-builder-workspace/.build/out/Intermediates.noindex/pingx.build/Debug-android-aarch64/pingx-t.build/Objects-normal/aarch64/pingx-primary-emit-module.d -parse-as-library -o /host/spi-builder-workspace/.build/out/Intermediates.noindex/pingx.build/Debug-android-aarch64/pingx-t.build/Objects-normal/aarch64/Modules/pingx.swiftmodule
error: Build failed
BUILD FAILURE 6.4 android