Build Information
Failed to build swift-extensions, reference 3.0.0 (1499d7), with Swift 6.3 for Wasm on 19 Jul 2026 04:11:46 UTC.
Build Command
bash -c docker run --pull=always --rm -v "checkouts-54344849-0":/host -w "$PWD" -e JAVA_HOME="/root/.sdkman/candidates/java/current" -e SPI_BUILD="1" -e SPI_PROCESSING="1" registry.gitlab.com/saguaro1/spi-images:wasm-6.3-latest swift build --swift-sdk swift-6.3.2-RELEASE_wasm 2>&1Build Log
========================================
RunAll
========================================
Builder version: 333316120c8b89ed7d21f1b34865290794301d91
Interrupt handler set up.
========================================
Checkout
========================================
Clone URL: https://github.com/orchetect/swift-extensions.git
Reference: 3.0.0
Initialized empty Git repository in /host/spi-builder-workspace/.git/
hint: Using 'master' as the name for the initial branch. This default branch name
hint: is subject to change. To configure the initial branch name to use in all
hint: of your new repositories, which will suppress this warning, call:
hint:
hint: git config --global init.defaultBranch <name>
hint:
hint: Names commonly chosen instead of 'master' are 'main', 'trunk' and
hint: 'development'. The just-created branch can be renamed via this command:
hint:
hint: git branch -m <name>
From https://github.com/orchetect/swift-extensions
* tag 3.0.0 -> FETCH_HEAD
HEAD is now at 1499d7d Updated README
Cloned https://github.com/orchetect/swift-extensions.git
Revision (git rev-parse @):
1499d7db834512a203b9fb7954da5a3ba3f625d7
SUCCESS checkout https://github.com/orchetect/swift-extensions.git at 3.0.0
========================================
Build
========================================
Selected platform: wasm
Swift version: 6.3
Building package at path: $PWD
https://github.com/orchetect/swift-extensions.git
Running build ...
bash -c docker run --pull=always --rm -v "checkouts-54344849-0":/host -w "$PWD" -e JAVA_HOME="/root/.sdkman/candidates/java/current" -e SPI_BUILD="1" -e SPI_PROCESSING="1" registry.gitlab.com/saguaro1/spi-images:wasm-6.3-latest swift build --swift-sdk swift-6.3.2-RELEASE_wasm 2>&1
wasm-6.3-latest: Pulling from saguaro1/spi-images
Digest: sha256:501b6bfc4ca8a27c305c68f9d5c778f996de82635741ab45476a03ffa6fa26d2
Status: Image is up to date for registry.gitlab.com/saguaro1/spi-images:wasm-6.3-latest
Fetching https://github.com/orchetect/swift-testing-extensions
Fetching https://github.com/apple/swift-numerics
[1/1149] Fetching swift-testing-extensions
Fetched https://github.com/orchetect/swift-testing-extensions from cache (0.62s)
[1/6441] Fetching swift-numerics
Fetched https://github.com/apple/swift-numerics from cache (0.86s)
Computing version for https://github.com/orchetect/swift-testing-extensions
Computed https://github.com/orchetect/swift-testing-extensions at 0.3.0 (1.04s)
Fetching https://github.com/swiftlang/swift-syntax.git
Fetching https://github.com/tsolomko/SWCompression
[1/18078] Fetching swcompression
[18079/94128] Fetching swcompression, swift-syntax
Fetched https://github.com/tsolomko/SWCompression from cache (3.01s)
Fetched https://github.com/swiftlang/swift-syntax.git from cache (3.02s)
Computing version for https://github.com/apple/swift-numerics
Computed https://github.com/apple/swift-numerics at 1.1.1 (3.33s)
Computing version for https://github.com/tsolomko/SWCompression
Computed https://github.com/tsolomko/SWCompression at 4.9.1 (0.35s)
Fetching https://github.com/tsolomko/BitByteData
[1/3281] Fetching bitbytedata
Fetched https://github.com/tsolomko/BitByteData from cache (0.52s)
Computing version for https://github.com/tsolomko/BitByteData
Computed https://github.com/tsolomko/BitByteData at 2.1.0 (0.70s)
Computing version for https://github.com/swiftlang/swift-syntax.git
Computed https://github.com/swiftlang/swift-syntax.git at 603.0.2 (1.31s)
Creating working copy for https://github.com/swiftlang/swift-syntax.git
Working copy of https://github.com/swiftlang/swift-syntax.git resolved at 603.0.2
Creating working copy for https://github.com/orchetect/swift-testing-extensions
Working copy of https://github.com/orchetect/swift-testing-extensions resolved at 0.3.0
Creating working copy for https://github.com/tsolomko/BitByteData
Working copy of https://github.com/tsolomko/BitByteData resolved at 2.1.0
Creating working copy for https://github.com/apple/swift-numerics
Working copy of https://github.com/apple/swift-numerics resolved at 1.1.1
Creating working copy for https://github.com/tsolomko/SWCompression
Working copy of https://github.com/tsolomko/SWCompression resolved at 4.9.1
Downloading package prebuilt https://download.swift.org/prebuilts/swift-syntax/603.0.2/swift-6.3.2-RELEASE-ubuntu_jammy_x86_64-MacroSupport.tar.gz
Downloaded https://download.swift.org/prebuilts/swift-syntax/603.0.2/swift-6.3.2-RELEASE-ubuntu_jammy_x86_64-MacroSupport.tar.gz (0.22s)
Building for debugging...
[0/2] Write sources
[1/2] Write swift-version-24593BA9C3E375BF.txt
[3/57] Compiling SwiftExtensions Collections.swift
/host/spi-builder-workspace/Sources/SwiftExtensions/Extensions/Darwin/FloatingPoint and Darwin.swift:17:8: error: no such module 'Darwin'
15 | #endif
16 |
17 | import Darwin
| `- error: no such module 'Darwin'
18 |
19 | // MARK: - ceiling / floor
[4/57] Compiling SwiftExtensions Concurrency.swift
/host/spi-builder-workspace/Sources/SwiftExtensions/Extensions/Darwin/FloatingPoint and Darwin.swift:17:8: error: no such module 'Darwin'
15 | #endif
16 |
17 | import Darwin
| `- error: no such module 'Darwin'
18 |
19 | // MARK: - ceiling / floor
[5/57] Compiling SwiftExtensions FloatingPoint.swift
/host/spi-builder-workspace/Sources/SwiftExtensions/Extensions/Darwin/FloatingPoint and Darwin.swift:17:8: error: no such module 'Darwin'
15 | #endif
16 |
17 | import Darwin
| `- error: no such module 'Darwin'
18 |
19 | // MARK: - ceiling / floor
[6/57] Compiling SwiftExtensions Integers.swift
/host/spi-builder-workspace/Sources/SwiftExtensions/Extensions/Darwin/FloatingPoint and Darwin.swift:17:8: error: no such module 'Darwin'
15 | #endif
16 |
17 | import Darwin
| `- error: no such module 'Darwin'
18 |
19 | // MARK: - ceiling / floor
[7/57] Compiling SwiftExtensions Operators.swift
/host/spi-builder-workspace/Sources/SwiftExtensions/Extensions/Darwin/FloatingPoint and Darwin.swift:17:8: error: no such module 'Darwin'
15 | #endif
16 |
17 | import Darwin
| `- error: no such module 'Darwin'
18 |
19 | // MARK: - ceiling / floor
[8/57] Compiling SwiftExtensions Optional.swift
/host/spi-builder-workspace/Sources/SwiftExtensions/Extensions/Darwin/FloatingPoint and Darwin.swift:17:8: error: no such module 'Darwin'
15 | #endif
16 |
17 | import Darwin
| `- error: no such module 'Darwin'
18 |
19 | // MARK: - ceiling / floor
[9/57] Compiling SwiftExtensions Ranges.swift
/host/spi-builder-workspace/Sources/SwiftExtensions/Extensions/Darwin/FloatingPoint and Darwin.swift:17:8: error: no such module 'Darwin'
15 | #endif
16 |
17 | import Darwin
| `- error: no such module 'Darwin'
18 |
19 | // MARK: - ceiling / floor
[10/64] Compiling SwiftExtensions Collections and Foundation.swift
/host/spi-builder-workspace/Sources/SwiftExtensions/Extensions/Darwin/FloatingPoint and Darwin.swift:17:8: error: no such module 'Darwin'
15 | #endif
16 |
17 | import Darwin
| `- error: no such module 'Darwin'
18 |
19 | // MARK: - ceiling / floor
[11/64] Compiling SwiftExtensions Darwin and Foundation.swift
/host/spi-builder-workspace/Sources/SwiftExtensions/Extensions/Darwin/FloatingPoint and Darwin.swift:17:8: error: no such module 'Darwin'
15 | #endif
16 |
17 | import Darwin
| `- error: no such module 'Darwin'
18 |
19 | // MARK: - ceiling / floor
[12/64] Compiling SwiftExtensions Decimal.swift
/host/spi-builder-workspace/Sources/SwiftExtensions/Extensions/Darwin/FloatingPoint and Darwin.swift:17:8: error: no such module 'Darwin'
15 | #endif
16 |
17 | import Darwin
| `- error: no such module 'Darwin'
18 |
19 | // MARK: - ceiling / floor
[13/64] Compiling SwiftExtensions Dispatch and Foundation.swift
/host/spi-builder-workspace/Sources/SwiftExtensions/Extensions/Darwin/FloatingPoint and Darwin.swift:17:8: error: no such module 'Darwin'
15 | #endif
16 |
17 | import Darwin
| `- error: no such module 'Darwin'
18 |
19 | // MARK: - ceiling / floor
[14/64] Compiling SwiftExtensions FloatingPoint and Foundation.swift
/host/spi-builder-workspace/Sources/SwiftExtensions/Extensions/Darwin/FloatingPoint and Darwin.swift:17:8: error: no such module 'Darwin'
15 | #endif
16 |
17 | import Darwin
| `- error: no such module 'Darwin'
18 |
19 | // MARK: - ceiling / floor
[15/64] Compiling SwiftExtensions FormatStyle.swift
/host/spi-builder-workspace/Sources/SwiftExtensions/Extensions/Darwin/FloatingPoint and Darwin.swift:17:8: error: no such module 'Darwin'
15 | #endif
16 |
17 | import Darwin
| `- error: no such module 'Darwin'
18 |
19 | // MARK: - ceiling / floor
[16/64] Compiling SwiftExtensions Integers and Foundation.swift
/host/spi-builder-workspace/Sources/SwiftExtensions/Extensions/Darwin/FloatingPoint and Darwin.swift:17:8: error: no such module 'Darwin'
15 | #endif
16 |
17 | import Darwin
| `- error: no such module 'Darwin'
18 |
19 | // MARK: - ceiling / floor
[17/64] Compiling SwiftExtensions NSArray.swift
/host/spi-builder-workspace/Sources/SwiftExtensions/Extensions/Darwin/FloatingPoint and Darwin.swift:17:8: error: no such module 'Darwin'
15 | #endif
16 |
17 | import Darwin
| `- error: no such module 'Darwin'
18 |
19 | // MARK: - ceiling / floor
[18/64] Compiling SwiftExtensions URL and AppKit.swift
/host/spi-builder-workspace/Sources/SwiftExtensions/Extensions/Darwin/FloatingPoint and Darwin.swift:17:8: error: no such module 'Darwin'
15 | #endif
16 |
17 | import Darwin
| `- error: no such module 'Darwin'
18 |
19 | // MARK: - ceiling / floor
[19/64] Compiling SwiftExtensions CGFloat.swift
/host/spi-builder-workspace/Sources/SwiftExtensions/Extensions/Darwin/FloatingPoint and Darwin.swift:17:8: error: no such module 'Darwin'
15 | #endif
16 |
17 | import Darwin
| `- error: no such module 'Darwin'
18 |
19 | // MARK: - ceiling / floor
[20/64] Compiling SwiftExtensions CGPoint.swift
/host/spi-builder-workspace/Sources/SwiftExtensions/Extensions/Darwin/FloatingPoint and Darwin.swift:17:8: error: no such module 'Darwin'
15 | #endif
16 |
17 | import Darwin
| `- error: no such module 'Darwin'
18 |
19 | // MARK: - ceiling / floor
[21/64] Compiling SwiftExtensions CGRect.swift
/host/spi-builder-workspace/Sources/SwiftExtensions/Extensions/Darwin/FloatingPoint and Darwin.swift:17:8: error: no such module 'Darwin'
15 | #endif
16 |
17 | import Darwin
| `- error: no such module 'Darwin'
18 |
19 | // MARK: - ceiling / floor
[22/64] Compiling SwiftExtensions FloatingPoint and Darwin.swift
/host/spi-builder-workspace/Sources/SwiftExtensions/Extensions/Darwin/FloatingPoint and Darwin.swift:17:8: error: no such module 'Darwin'
15 | #endif
16 |
17 | import Darwin
| `- error: no such module 'Darwin'
18 |
19 | // MARK: - ceiling / floor
[23/64] Compiling SwiftExtensions DispatchGroup.swift
/host/spi-builder-workspace/Sources/SwiftExtensions/Extensions/Darwin/FloatingPoint and Darwin.swift:17:8: error: no such module 'Darwin'
15 | #endif
16 |
17 | import Darwin
| `- error: no such module 'Darwin'
18 |
19 | // MARK: - ceiling / floor
[24/64] Compiling SwiftExtensions DispatchTimeInterval.swift
/host/spi-builder-workspace/Sources/SwiftExtensions/Extensions/Darwin/FloatingPoint and Darwin.swift:17:8: error: no such module 'Darwin'
15 | #endif
16 |
17 | import Darwin
| `- error: no such module 'Darwin'
18 |
19 | // MARK: - ceiling / floor
[25/64] Compiling SwiftExtensions CharacterSet.swift
/host/spi-builder-workspace/Sources/SwiftExtensions/Extensions/Darwin/FloatingPoint and Darwin.swift:17:8: error: no such module 'Darwin'
15 | #endif
16 |
17 | import Darwin
| `- error: no such module 'Darwin'
18 |
19 | // MARK: - ceiling / floor
[26/64] Compiling SwiftExtensions Result.swift
/host/spi-builder-workspace/Sources/SwiftExtensions/Extensions/Darwin/FloatingPoint and Darwin.swift:17:8: error: no such module 'Darwin'
15 | #endif
16 |
17 | import Darwin
| `- error: no such module 'Darwin'
18 |
19 | // MARK: - ceiling / floor
[27/64] Compiling SwiftExtensions String.swift
/host/spi-builder-workspace/Sources/SwiftExtensions/Extensions/Darwin/FloatingPoint and Darwin.swift:17:8: error: no such module 'Darwin'
15 | #endif
16 |
17 | import Darwin
| `- error: no such module 'Darwin'
18 |
19 | // MARK: - ceiling / floor
[28/64] Compiling SwiftExtensions FilePath and URL.swift
/host/spi-builder-workspace/Sources/SwiftExtensions/Extensions/Darwin/FloatingPoint and Darwin.swift:17:8: error: no such module 'Darwin'
15 | #endif
16 |
17 | import Darwin
| `- error: no such module 'Darwin'
18 |
19 | // MARK: - ceiling / floor
[29/64] Compiling SwiftExtensions Clipboard.swift
/host/spi-builder-workspace/Sources/SwiftExtensions/Extensions/Darwin/FloatingPoint and Darwin.swift:17:8: error: no such module 'Darwin'
15 | #endif
16 |
17 | import Darwin
| `- error: no such module 'Darwin'
18 |
19 | // MARK: - ceiling / floor
[30/64] Compiling SwiftExtensions Globals.swift
/host/spi-builder-workspace/Sources/SwiftExtensions/Extensions/Darwin/FloatingPoint and Darwin.swift:17:8: error: no such module 'Darwin'
15 | #endif
16 |
17 | import Darwin
| `- error: no such module 'Darwin'
18 |
19 | // MARK: - ceiling / floor
[31/64] Compiling SwiftExtensions OSLogger.swift
/host/spi-builder-workspace/Sources/SwiftExtensions/Extensions/Darwin/FloatingPoint and Darwin.swift:17:8: error: no such module 'Darwin'
15 | #endif
16 |
17 | import Darwin
| `- error: no such module 'Darwin'
18 |
19 | // MARK: - ceiling / floor
[32/64] Compiling SwiftExtensions Protocols.swift
/host/spi-builder-workspace/Sources/SwiftExtensions/Extensions/Darwin/FloatingPoint and Darwin.swift:17:8: error: no such module 'Darwin'
15 | #endif
16 |
17 | import Darwin
| `- error: no such module 'Darwin'
18 |
19 | // MARK: - ceiling / floor
[33/64] Compiling SwiftExtensions NSAttributedString.swift
/host/spi-builder-workspace/Sources/SwiftExtensions/Extensions/Darwin/FloatingPoint and Darwin.swift:17:8: error: no such module 'Darwin'
15 | #endif
16 |
17 | import Darwin
| `- error: no such module 'Darwin'
18 |
19 | // MARK: - ceiling / floor
[34/64] Compiling SwiftExtensions Progress.swift
/host/spi-builder-workspace/Sources/SwiftExtensions/Extensions/Darwin/FloatingPoint and Darwin.swift:17:8: error: no such module 'Darwin'
15 | #endif
16 |
17 | import Darwin
| `- error: no such module 'Darwin'
18 |
19 | // MARK: - ceiling / floor
[35/64] Compiling SwiftExtensions String and CharacterSet.swift
/host/spi-builder-workspace/Sources/SwiftExtensions/Extensions/Darwin/FloatingPoint and Darwin.swift:17:8: error: no such module 'Darwin'
15 | #endif
16 |
17 | import Darwin
| `- error: no such module 'Darwin'
18 |
19 | // MARK: - ceiling / floor
[36/64] Compiling SwiftExtensions String and Data.swift
/host/spi-builder-workspace/Sources/SwiftExtensions/Extensions/Darwin/FloatingPoint and Darwin.swift:17:8: error: no such module 'Darwin'
15 | #endif
16 |
17 | import Darwin
| `- error: no such module 'Darwin'
18 |
19 | // MARK: - ceiling / floor
[37/64] Compiling SwiftExtensions String and Foundation.swift
/host/spi-builder-workspace/Sources/SwiftExtensions/Extensions/Darwin/FloatingPoint and Darwin.swift:17:8: error: no such module 'Darwin'
15 | #endif
16 |
17 | import Darwin
| `- error: no such module 'Darwin'
18 |
19 | // MARK: - ceiling / floor
[38/64] Compiling SwiftExtensions String and NSRegularExpression.swift
/host/spi-builder-workspace/Sources/SwiftExtensions/Extensions/Darwin/FloatingPoint and Darwin.swift:17:8: error: no such module 'Darwin'
15 | #endif
16 |
17 | import Darwin
| `- error: no such module 'Darwin'
18 |
19 | // MARK: - ceiling / floor
[39/64] Compiling SwiftExtensions String and NumberFormatter.swift
/host/spi-builder-workspace/Sources/SwiftExtensions/Extensions/Darwin/FloatingPoint and Darwin.swift:17:8: error: no such module 'Darwin'
15 | #endif
16 |
17 | import Darwin
| `- error: no such module 'Darwin'
18 |
19 | // MARK: - ceiling / floor
[40/64] Compiling SwiftExtensions TimeInterval.swift
/host/spi-builder-workspace/Sources/SwiftExtensions/Extensions/Darwin/FloatingPoint and Darwin.swift:17:8: error: no such module 'Darwin'
15 | #endif
16 |
17 | import Darwin
| `- error: no such module 'Darwin'
18 |
19 | // MARK: - ceiling / floor
[41/64] Compiling SwiftExtensions Clamped Property Wrapper.swift
/host/spi-builder-workspace/Sources/SwiftExtensions/Extensions/Darwin/FloatingPoint and Darwin.swift:17:8: error: no such module 'Darwin'
15 | #endif
16 |
17 | import Darwin
| `- error: no such module 'Darwin'
18 |
19 | // MARK: - ceiling / floor
[42/64] Compiling SwiftExtensions Collection Set-Like Methods.swift
/host/spi-builder-workspace/Sources/SwiftExtensions/Extensions/Darwin/FloatingPoint and Darwin.swift:17:8: error: no such module 'Darwin'
15 | #endif
16 |
17 | import Darwin
| `- error: no such module 'Darwin'
18 |
19 | // MARK: - ceiling / floor
[43/64] Compiling SwiftExtensions ComparableSortComparator.swift
/host/spi-builder-workspace/Sources/SwiftExtensions/Extensions/Darwin/FloatingPoint and Darwin.swift:17:8: error: no such module 'Darwin'
15 | #endif
16 |
17 | import Darwin
| `- error: no such module 'Darwin'
18 |
19 | // MARK: - ceiling / floor
[44/64] Compiling SwiftExtensions DateComponents from String.swift
/host/spi-builder-workspace/Sources/SwiftExtensions/Extensions/Darwin/FloatingPoint and Darwin.swift:17:8: error: no such module 'Darwin'
15 | #endif
16 |
17 | import Darwin
| `- error: no such module 'Darwin'
18 |
19 | // MARK: - ceiling / floor
[45/64] Compiling SwiftExtensions RawRepresentableSortComparator.swift
/host/spi-builder-workspace/Sources/SwiftExtensions/Extensions/Darwin/FloatingPoint and Darwin.swift:17:8: error: no such module 'Darwin'
15 | #endif
16 |
17 | import Darwin
| `- error: no such module 'Darwin'
18 |
19 | // MARK: - ceiling / floor
[46/64] Compiling SwiftExtensions String Sanitize Path Component.swift
/host/spi-builder-workspace/Sources/SwiftExtensions/Extensions/Darwin/FloatingPoint and Darwin.swift:17:8: error: no such module 'Darwin'
15 | #endif
16 |
17 | import Darwin
| `- error: no such module 'Darwin'
18 |
19 | // MARK: - ceiling / floor
[47/64] Compiling SwiftExtensions String Title Case.swift
/host/spi-builder-workspace/Sources/SwiftExtensions/Extensions/Darwin/FloatingPoint and Darwin.swift:17:8: error: no such module 'Darwin'
15 | #endif
16 |
17 | import Darwin
| `- error: no such module 'Darwin'
18 |
19 | // MARK: - ceiling / floor
[48/64] Compiling SwiftExtensions String Wrapped.swift
/host/spi-builder-workspace/Sources/SwiftExtensions/Extensions/Darwin/FloatingPoint and Darwin.swift:17:8: error: no such module 'Darwin'
15 | #endif
16 |
17 | import Darwin
| `- error: no such module 'Darwin'
18 |
19 | // MARK: - ceiling / floor
error: emit-module command failed with exit code 1 (use -v to see invocation)
[49/64] Emitting module SwiftExtensions
/host/spi-builder-workspace/Sources/SwiftExtensions/Extensions/Darwin/FloatingPoint and Darwin.swift:17:8: error: no such module 'Darwin'
15 | #endif
16 |
17 | import Darwin
| `- error: no such module 'Darwin'
18 |
19 | // MARK: - ceiling / floor
[50/64] Compiling SwiftExtensions Validated Property Wrapper.swift
/host/spi-builder-workspace/Sources/SwiftExtensions/Extensions/Darwin/FloatingPoint and Darwin.swift:17:8: error: no such module 'Darwin'
15 | #endif
16 |
17 | import Darwin
| `- error: no such module 'Darwin'
18 |
19 | // MARK: - ceiling / floor
[51/64] Compiling SwiftExtensions ZeroIndexedCollection.swift
/host/spi-builder-workspace/Sources/SwiftExtensions/Extensions/Darwin/FloatingPoint and Darwin.swift:17:8: error: no such module 'Darwin'
15 | #endif
16 |
17 | import Darwin
| `- error: no such module 'Darwin'
18 |
19 | // MARK: - ceiling / floor
[52/64] Compiling SwiftExtensions Collection BinarySearch.swift
/host/spi-builder-workspace/Sources/SwiftExtensions/Extensions/Darwin/FloatingPoint and Darwin.swift:17:8: error: no such module 'Darwin'
15 | #endif
16 |
17 | import Darwin
| `- error: no such module 'Darwin'
18 |
19 | // MARK: - ceiling / floor
[53/64] Compiling SwiftExtensions NSControl.swift
/host/spi-builder-workspace/Sources/SwiftExtensions/Extensions/Darwin/FloatingPoint and Darwin.swift:17:8: error: no such module 'Darwin'
15 | #endif
16 |
17 | import Darwin
| `- error: no such module 'Darwin'
18 |
19 | // MARK: - ceiling / floor
[54/64] Compiling SwiftExtensions NSEvent.swift
/host/spi-builder-workspace/Sources/SwiftExtensions/Extensions/Darwin/FloatingPoint and Darwin.swift:17:8: error: no such module 'Darwin'
15 | #endif
16 |
17 | import Darwin
| `- error: no such module 'Darwin'
18 |
19 | // MARK: - ceiling / floor
[55/64] Compiling SwiftExtensions NSFont.swift
/host/spi-builder-workspace/Sources/SwiftExtensions/Extensions/Darwin/FloatingPoint and Darwin.swift:17:8: error: no such module 'Darwin'
15 | #endif
16 |
17 | import Darwin
| `- error: no such module 'Darwin'
18 |
19 | // MARK: - ceiling / floor
[56/64] Compiling SwiftExtensions NSImage.swift
/host/spi-builder-workspace/Sources/SwiftExtensions/Extensions/Darwin/FloatingPoint and Darwin.swift:17:8: error: no such module 'Darwin'
15 | #endif
16 |
17 | import Darwin
| `- error: no such module 'Darwin'
18 |
19 | // MARK: - ceiling / floor
[57/64] Compiling SwiftExtensions NSScreen.swift
/host/spi-builder-workspace/Sources/SwiftExtensions/Extensions/Darwin/FloatingPoint and Darwin.swift:17:8: error: no such module 'Darwin'
15 | #endif
16 |
17 | import Darwin
| `- error: no such module 'Darwin'
18 |
19 | // MARK: - ceiling / floor
[58/64] Compiling SwiftExtensions Timespec and TimeInterval.swift
/host/spi-builder-workspace/Sources/SwiftExtensions/Extensions/Darwin/FloatingPoint and Darwin.swift:17:8: error: no such module 'Darwin'
15 | #endif
16 |
17 | import Darwin
| `- error: no such module 'Darwin'
18 |
19 | // MARK: - ceiling / floor
[59/64] Compiling SwiftExtensions Timespec.swift
/host/spi-builder-workspace/Sources/SwiftExtensions/Extensions/Darwin/FloatingPoint and Darwin.swift:17:8: error: no such module 'Darwin'
15 | #endif
16 |
17 | import Darwin
| `- error: no such module 'Darwin'
18 |
19 | // MARK: - ceiling / floor
[60/64] Compiling SwiftExtensions URL.swift
/host/spi-builder-workspace/Sources/SwiftExtensions/Extensions/Darwin/FloatingPoint and Darwin.swift:17:8: error: no such module 'Darwin'
15 | #endif
16 |
17 | import Darwin
| `- error: no such module 'Darwin'
18 |
19 | // MARK: - ceiling / floor
[61/64] Compiling SwiftExtensions UserDefaults.swift
/host/spi-builder-workspace/Sources/SwiftExtensions/Extensions/Darwin/FloatingPoint and Darwin.swift:17:8: error: no such module 'Darwin'
15 | #endif
16 |
17 | import Darwin
| `- error: no such module 'Darwin'
18 |
19 | // MARK: - ceiling / floor
[62/64] Compiling SwiftExtensions XMLElement.swift
/host/spi-builder-workspace/Sources/SwiftExtensions/Extensions/Darwin/FloatingPoint and Darwin.swift:17:8: error: no such module 'Darwin'
15 | #endif
16 |
17 | import Darwin
| `- error: no such module 'Darwin'
18 |
19 | // MARK: - ceiling / floor
[63/64] Compiling SwiftExtensions XMLNode.swift
/host/spi-builder-workspace/Sources/SwiftExtensions/Extensions/Darwin/FloatingPoint and Darwin.swift:17:8: error: no such module 'Darwin'
15 | #endif
16 |
17 | import Darwin
| `- error: no such module 'Darwin'
18 |
19 | // MARK: - ceiling / floor
[64/64] Compiling SwiftExtensions Bool.swift
/host/spi-builder-workspace/Sources/SwiftExtensions/Extensions/Darwin/FloatingPoint and Darwin.swift:17:8: error: no such module 'Darwin'
15 | #endif
16 |
17 | import Darwin
| `- error: no such module 'Darwin'
18 |
19 | // MARK: - ceiling / floor
BUILD FAILURE 6.3 wasm