The Swift Package Index logo.Swift Package Index

Build Information

Failed to build MapsIndoors, reference 4.22.0 (f0522f), with Swift 6.2 for watchOS using Xcode 26.3 on 4 Oct 2026 12:44:00 UTC.

Build Command

env DEVELOPER_DIR=/Applications/Xcode-26.3.0.app xcrun xcodebuild -IDEClonedSourcePackagesDirPathOverride=$PWD/.dependencies -skipMacroValidation -skipPackagePluginValidation -derivedDataPath $PWD/.derivedData build -scheme MapsIndoors -destination generic/platform=watchOS

Build Log

========================================
RunAll
========================================
Builder version: 5.1.1
Interrupt handler set up.
========================================
Checkout
========================================
Clone URL: https://github.com/MapsPeople/mapsindoors-ios.git
Reference: 4.22.0
Initialized empty Git repository in /Users/admin/builder/spi-builder-workspace/.git/
From https://github.com/MapsPeople/mapsindoors-ios
 * tag               4.22.0     -> FETCH_HEAD
HEAD is now at f0522fb Release version 4.22.0
Cloned https://github.com/MapsPeople/mapsindoors-ios.git
Revision (git rev-parse @):
f0522fbb8737800cc2bf6f0a74e7ee38e5e47a86
SPI manifest file found: $PWD/.spi.yml
SUCCESS checkout https://github.com/MapsPeople/mapsindoors-ios.git at 4.22.0
========================================
Build
========================================
Selected platform:         watchOS
Swift version:             6.2
Building package at path:  $PWD
https://github.com/MapsPeople/mapsindoors-ios.git
Command line invocation:
    /Applications/Xcode-26.3.0.app/Contents/Developer/usr/bin/xcodebuild -IDEClonedSourcePackagesDirPathOverride=/Users/admin/builder/spi-builder-workspace/.dependencies -resolvePackageDependencies
Resolve Package Graph
Resolve Package Graph
Resolved source packages:
  MapsIndoors: /Users/admin/builder/spi-builder-workspace
resolved source packages: MapsIndoors
2026-10-04 08:43:36.704 xcodebuild[532:3023] [MT] IDERunDestination: Supported platforms for the buildables in the current scheme is empty.
{
  "dependencies" : [
  ],
  "manifest_display_name" : "MapsIndoors",
  "name" : "MapsIndoors",
  "path" : "/Users/admin/builder/spi-builder-workspace",
  "platforms" : [
    {
      "name" : "ios",
      "version" : "16.0"
    }
  ],
  "products" : [
    {
      "name" : "MapsIndoors",
      "targets" : [
        "MapsIndoors"
      ],
      "type" : {
        "library" : [
          "automatic"
        ]
      }
    }
  ],
  "targets" : [
    {
      "c99name" : "MapsIndoors",
      "module_type" : "BinaryTarget",
      "name" : "MapsIndoors",
      "path" : "remote/archive/MapsIndoors.xcframework.zip",
      "product_memberships" : [
        "MapsIndoors"
      ],
      "sources" : [
      ],
      "type" : "binary"
    }
  ],
  "tools_version" : "5.10"
}
{
  "workspace" : {
    "name" : "spi-builder-workspace",
    "schemes" : [
      "MapsIndoors"
    ]
  }
}
2026-10-04 08:43:54.848 xcodebuild[681:4165] [MT] IDERunDestination: Supported platforms for the buildables in the current scheme is empty.
Running build ...
env DEVELOPER_DIR=/Applications/Xcode-26.3.0.app xcrun xcodebuild -IDEClonedSourcePackagesDirPathOverride=$PWD/.dependencies -skipMacroValidation -skipPackagePluginValidation -derivedDataPath $PWD/.derivedData build -scheme MapsIndoors -destination generic/platform=watchOS
Command line invocation:
    /Applications/Xcode-26.3.0.app/Contents/Developer/usr/bin/xcodebuild -IDEClonedSourcePackagesDirPathOverride=/Users/admin/builder/spi-builder-workspace/.dependencies -skipMacroValidation -skipPackagePluginValidation -derivedDataPath /Users/admin/builder/spi-builder-workspace/.derivedData build -scheme MapsIndoors -destination generic/platform=watchOS
Resolve Package Graph
Resolved source packages:
  MapsIndoors: /Users/admin/builder/spi-builder-workspace
ComputePackagePrebuildTargetDependencyGraph
Prepare packages
CreateBuildRequest
SendProjectDescription
CreateBuildOperation
ComputeTargetDependencyGraph
note: Building targets in dependency order
note: Target dependency graph (1 target)
    Target 'MapsIndoors' in project 'MapsIndoors' (no dependencies)
GatherProvisioningInputs
CreateBuildDescription
ExecuteExternalTool /Applications/Xcode-26.3.0.app/Contents/Developer/Toolchains/XcodeDefault.xctoolchain/usr/bin/clang -v -E -dM -isysroot /Applications/Xcode-26.3.0.app/Contents/Developer/Platforms/WatchOS.platform/Developer/SDKs/WatchOS26.2.sdk -x c -c /dev/null
Build description signature: 84f2c28a9ea1808c8ddccd1c52e8710c
Build description path: /Users/admin/builder/spi-builder-workspace/.derivedData/Build/Intermediates.noindex/XCBuildData/84f2c28a9ea1808c8ddccd1c52e8710c.xcbuilddata
/Users/admin/builder/spi-builder-workspace/.dependencies/artifacts/spi-builder-workspace/MapsIndoors/MapsIndoors.xcframework:1:1: error: While building for watchOS, no library for this platform was found in '/Users/admin/builder/spi-builder-workspace/.dependencies/artifacts/spi-builder-workspace/MapsIndoors/MapsIndoors.xcframework'. (in target 'MapsIndoors' from project 'MapsIndoors')
2026-10-04 08:43:56.259 xcodebuild[683:4210] [MT] IDERunDestination: Supported platforms for the buildables in the current scheme is empty.
** BUILD FAILED **
The following build commands failed:
	Building workspace spi-builder-workspace with scheme MapsIndoors
(1 failure)
Command line invocation:
    /Applications/Xcode-26.3.0.app/Contents/Developer/usr/bin/xcodebuild -IDEClonedSourcePackagesDirPathOverride=/Users/admin/builder/spi-builder-workspace/.dependencies -resolvePackageDependencies
Resolve Package Graph
Resolved source packages:
  MapsIndoors: /Users/admin/builder/spi-builder-workspace
resolved source packages: MapsIndoors
2026-10-04 08:43:58.584 xcodebuild[696:4310] [MT] IDERunDestination: Supported platforms for the buildables in the current scheme is empty.
{
  "dependencies" : [
  ],
  "manifest_display_name" : "MapsIndoors",
  "name" : "MapsIndoors",
  "path" : "/Users/admin/builder/spi-builder-workspace",
  "platforms" : [
    {
      "name" : "ios",
      "version" : "16.0"
    }
  ],
  "products" : [
    {
      "name" : "MapsIndoors",
      "targets" : [
        "MapsIndoors"
      ],
      "type" : {
        "library" : [
          "automatic"
        ]
      }
    }
  ],
  "targets" : [
    {
      "c99name" : "MapsIndoors",
      "module_type" : "BinaryTarget",
      "name" : "MapsIndoors",
      "path" : "remote/archive/MapsIndoors.xcframework.zip",
      "product_memberships" : [
        "MapsIndoors"
      ],
      "sources" : [
      ],
      "type" : "binary"
    }
  ],
  "tools_version" : "5.10"
}
{
  "workspace" : {
    "name" : "spi-builder-workspace",
    "schemes" : [
      "MapsIndoors"
    ]
  }
}
2026-10-04 08:43:59.687 xcodebuild[704:4373] [MT] IDERunDestination: Supported platforms for the buildables in the current scheme is empty.
Running build ...
env DEVELOPER_DIR=/Applications/Xcode-26.3.0.app xcrun xcodebuild -IDEClonedSourcePackagesDirPathOverride=$PWD/.dependencies -skipMacroValidation -skipPackagePluginValidation -derivedDataPath $PWD/.derivedData build -scheme MapsIndoors -destination generic/platform=watchOS
Command line invocation:
    /Applications/Xcode-26.3.0.app/Contents/Developer/usr/bin/xcodebuild -IDEClonedSourcePackagesDirPathOverride=/Users/admin/builder/spi-builder-workspace/.dependencies -skipMacroValidation -skipPackagePluginValidation -derivedDataPath /Users/admin/builder/spi-builder-workspace/.derivedData build -scheme MapsIndoors -destination generic/platform=watchOS
Resolve Package Graph
Resolved source packages:
  MapsIndoors: /Users/admin/builder/spi-builder-workspace
ComputePackagePrebuildTargetDependencyGraph
Prepare packages
CreateBuildRequest
SendProjectDescription
CreateBuildOperation
ComputeTargetDependencyGraph
note: Building targets in dependency order
note: Target dependency graph (1 target)
    Target 'MapsIndoors' in project 'MapsIndoors' (no dependencies)
GatherProvisioningInputs
CreateBuildDescription
ExecuteExternalTool /Applications/Xcode-26.3.0.app/Contents/Developer/Toolchains/XcodeDefault.xctoolchain/usr/bin/clang -v -E -dM -isysroot /Applications/Xcode-26.3.0.app/Contents/Developer/Platforms/WatchOS.platform/Developer/SDKs/WatchOS26.2.sdk -x c -c /dev/null
Build description signature: 84f2c28a9ea1808c8ddccd1c52e8710c
Build description path: /Users/admin/builder/spi-builder-workspace/.derivedData/Build/Intermediates.noindex/XCBuildData/84f2c28a9ea1808c8ddccd1c52e8710c.xcbuilddata
/Users/admin/builder/spi-builder-workspace/.dependencies/artifacts/spi-builder-workspace/MapsIndoors/MapsIndoors.xcframework:1:1: error: While building for watchOS, no library for this platform was found in '/Users/admin/builder/spi-builder-workspace/.dependencies/artifacts/spi-builder-workspace/MapsIndoors/MapsIndoors.xcframework'. (in target 'MapsIndoors' from project 'MapsIndoors')
2026-10-04 08:44:00.554 xcodebuild[706:4405] [MT] IDERunDestination: Supported platforms for the buildables in the current scheme is empty.
** BUILD FAILED **
The following build commands failed:
	Building workspace spi-builder-workspace with scheme MapsIndoors
(1 failure)
BUILD FAILURE 6.2 watchOS