Build Information
Failed to build swift-testing-extensions, reference 0.3.1 (c1b993), with Swift 6.2 for Android on 14 Aug 2026 11:52:31 UTC.
Build Command
bash -c docker run --pull=always --rm -v "checkouts-54344847-1":/host -w "$PWD" -e JAVA_HOME="/root/.sdkman/candidates/java/current" -e SPI_BUILD="1" -e SPI_PROCESSING="1" registry.gitlab.com/saguaro1/spi-images:android-6.2-latest swift build --swift-sdk aarch64-unknown-linux-android28 2>&1Build Log
========================================
RunAll
========================================
Builder version: 5.0.1
Interrupt handler set up.
========================================
Checkout
========================================
Clone URL: https://github.com/orchetect/swift-testing-extensions.git
Reference: 0.3.1
Initialized empty Git repository in /host/spi-builder-workspace/.git/
hint: Using 'master' as the name for the initial branch. This default branch name
hint: is subject to change. To configure the initial branch name to use in all
hint: of your new repositories, which will suppress this warning, call:
hint:
hint: git config --global init.defaultBranch <name>
hint:
hint: Names commonly chosen instead of 'master' are 'main', 'trunk' and
hint: 'development'. The just-created branch can be renamed via this command:
hint:
hint: git branch -m <name>
From https://github.com/orchetect/swift-testing-extensions
* tag 0.3.1 -> FETCH_HEAD
HEAD is now at c1b9931 Merge pull request #3 from orchetect/wasm-ci
Cloned https://github.com/orchetect/swift-testing-extensions.git
Revision (git rev-parse @):
c1b993130a86fcfec084ad0e466011c684e62819
SUCCESS checkout https://github.com/orchetect/swift-testing-extensions.git at 0.3.1
========================================
Build
========================================
Selected platform: android
Swift version: 6.2
Building package at path: $PWD
https://github.com/orchetect/swift-testing-extensions.git
Running build ...
bash -c docker run --pull=always --rm -v "checkouts-54344847-1":/host -w "$PWD" -e JAVA_HOME="/root/.sdkman/candidates/java/current" -e SPI_BUILD="1" -e SPI_PROCESSING="1" registry.gitlab.com/saguaro1/spi-images:android-6.2-latest swift build --swift-sdk aarch64-unknown-linux-android28 2>&1
android-6.2-latest: Pulling from saguaro1/spi-images
Digest: sha256:573917aa137cc6f081a4f3d2a0330bac24553e9cd713cd758adf65046f5c6b90
Status: Image is up to date for registry.gitlab.com/saguaro1/spi-images:android-6.2-latest
Fetching https://github.com/swiftlang/swift-syntax.git
Fetching https://github.com/tsolomko/SWCompression
[1/18078] Fetching swcompression
[18079/94553] Fetching swcompression, swift-syntax
Fetched https://github.com/tsolomko/SWCompression from cache (2.68s)
Fetched https://github.com/swiftlang/swift-syntax.git from cache (2.69s)
Computing version for https://github.com/tsolomko/SWCompression
Computed https://github.com/tsolomko/SWCompression at 4.9.1 (2.84s)
Fetching https://github.com/tsolomko/BitByteData
[1/3281] Fetching bitbytedata
Fetched https://github.com/tsolomko/BitByteData from cache (0.55s)
Computing version for https://github.com/tsolomko/BitByteData
Computed https://github.com/tsolomko/BitByteData at 2.1.0 (0.68s)
Computing version for https://github.com/swiftlang/swift-syntax.git
Computed https://github.com/swiftlang/swift-syntax.git at 603.0.2 (0.93s)
Creating working copy for https://github.com/tsolomko/BitByteData
Working copy of https://github.com/tsolomko/BitByteData resolved at 2.1.0
Creating working copy for https://github.com/tsolomko/SWCompression
Working copy of https://github.com/tsolomko/SWCompression resolved at 4.9.1
Creating working copy for https://github.com/swiftlang/swift-syntax.git
Working copy of https://github.com/swiftlang/swift-syntax.git resolved at 603.0.2
Building for debugging...
[0/48] Write sources
[3/48] Copying PrivacyInfo.xcprivacy
[3/48] Write sources
[8/48] Copying PrivacyInfo.xcprivacy
[25/48] Compiling _SwiftSyntaxCShims PlatformMutex.c
[26/48] Write swift-version--11D90AFD9DD3AB2.txt
[28/72] Emitting module SwiftSyntax600
[29/72] Compiling SwiftSyntax603 Empty.swift
[30/72] Emitting module SwiftSyntax603
[32/73] Emitting module SwiftSyntax602
[33/73] Compiling SwiftSyntax602 Empty.swift
[33/74] Wrapping AST for SwiftSyntax603 for debugging
[35/74] Wrapping AST for SwiftSyntax602 for debugging
[37/74] Emitting module SwiftSyntax510
[38/74] Compiling SwiftSyntax510 Empty.swift
[39/75] Wrapping AST for SwiftSyntax510 for debugging
[41/75] Emitting module SwiftSyntax509
[42/75] Compiling SwiftSyntax509 Empty.swift
[43/76] Compiling SwiftSyntax601 Empty.swift
[44/76] Emitting module SwiftSyntax601
[47/77] Compiling BitByteData SignedNumberRepresentation.swift
[47/78] Wrapping AST for SwiftSyntax509 for debugging
[48/78] Wrapping AST for SwiftSyntax601 for debugging
[50/78] Compiling SwiftSyntax600 Empty.swift
[51/79] Wrapping AST for SwiftSyntax600 for debugging
[53/142] Compiling SwiftSyntax ChildNameForKeyPath.swift
[54/142] Compiling SwiftSyntax Keyword.swift
[55/142] Compiling SwiftSyntax SyntaxAnyVisitor.swift
[56/142] Compiling SwiftSyntax SyntaxBaseNodes.swift
[57/142] Compiling SwiftSyntax RenamedChildrenCompatibility.swift
[58/142] Compiling SwiftSyntax RenamedNodesCompatibility.swift
[59/142] Emitting module BitByteData
[60/142] Compiling BitByteData resource_bundle_accessor.swift
[61/142] Compiling SwiftSyntax SyntaxCollections.swift
[62/142] Compiling SwiftSyntax SyntaxEnum.swift
[63/142] Compiling BitByteData MsbBitReader.swift
[64/142] Compiling BitByteData MsbBitWriter.swift
[66/233] Compiling SWCompression CodeLength.swift
[67/233] Compiling SWCompression DecodingTree.swift
[68/233] Compiling SWCompression EncodingTree.swift
[69/233] Compiling SWCompression CompressionAlgorithm.swift
[70/233] Compiling SWCompression CompressionMethod.swift
[71/233] Compiling SWCompression Container.swift
[72/233] Compiling SWCompression ContainerEntry.swift
[73/233] Compiling SWCompression ContainerEntryInfo.swift
[74/233] Compiling SWCompression ContainerEntryType.swift
[75/233] Compiling SWCompression DosAttributes.swift
[76/233] Compiling SWCompression Permissions.swift
[77/233] Compiling SWCompression DataError.swift
[78/233] Compiling SWCompression DecompressionAlgorithm.swift
[79/245] Compiling SWCompression 7zHeader.swift
[80/245] Compiling SWCompression 7zPackInfo.swift
[81/245] Compiling SWCompression 7zProperty.swift
[82/245] Compiling SWCompression 7zStreamInfo.swift
[83/245] Compiling SWCompression 7zSubstreamInfo.swift
[84/245] Compiling SWCompression CompressionMethod+7z.swift
[85/245] Compiling SWCompression MsbBitReader+7z.swift
[86/245] Compiling SWCompression BZip2+BlockSize.swift
[87/245] Compiling SWCompression BZip2+Compress.swift
[88/253] Emitting module SWCompression
[89/253] Compiling SWCompression 7zCoder+Equatable.swift
[90/253] Compiling SWCompression 7zCoder.swift
[91/253] Compiling SWCompression 7zCoderInfo.swift
[92/253] Compiling SWCompression 7zContainer.swift
[93/253] Compiling SWCompression 7zEntry.swift
[94/253] Compiling SWCompression 7zEntryInfo.swift
[95/253] Compiling SWCompression 7zError.swift
[96/253] Compiling SWCompression 7zFileInfo.swift
[97/253] Compiling SWCompression 7zFolder.swift
[107/253] Compiling SWCompression BZip2+Lengths.swift
[108/253] Compiling SWCompression BZip2.swift
[109/253] Compiling SWCompression BZip2Error.swift
[110/253] Compiling SWCompression BurrowsWheeler.swift
[111/253] Compiling SWCompression SuffixArray.swift
[112/253] Compiling SWCompression Archive.swift
[113/253] Compiling SWCompression CheckSums.swift
[114/253] Compiling SWCompression Code.swift
[115/253] Compiling SWCompression TarWriter.swift
[116/253] Compiling SWCompression LittleEndianByteReader+XZ.swift
[117/253] Compiling SWCompression Sha256.swift
[118/253] Compiling SWCompression XZArchive.swift
[119/253] Compiling SWCompression XZBlock.swift
[120/253] Compiling SWCompression XZError.swift
[121/253] Compiling SWCompression XZStreamHeader.swift
[122/253] Compiling SWCompression BuiltinExtraFields.swift
[123/253] Compiling SWCompression CompressionMethod+Zip.swift
[124/253] Compiling SWCompression FileSystemType+Zip.swift
[125/253] Compiling SWCompression LittleEndianByteReader+Zip.swift
[126/253] Compiling SWCompression ZipCentralDirectoryEntry.swift
[127/253] Compiling SwiftSyntax SyntaxNodesGHI.swift
[128/253] Compiling SwiftSyntax SyntaxNodesJKLMN.swift
[129/253] Compiling SwiftSyntax SyntaxNodesOP.swift
[130/253] Compiling SwiftSyntax SyntaxNodesQRS.swift
[131/253] Compiling SwiftSyntax SyntaxNodesTUVWXYZ.swift
[132/253] Compiling SWCompression TarEntry.swift
[133/253] Compiling SWCompression TarEntryInfo.swift
[134/253] Compiling SWCompression TarError.swift
[135/253] Compiling SWCompression TarExtendedHeader.swift
[136/253] Compiling SWCompression TarHeader.swift
[137/253] Compiling SWCompression TarParser.swift
[138/253] Compiling SWCompression TarReader.swift
[139/253] Compiling SWCompression ZipContainer.swift
[140/253] Compiling SWCompression ZipEndOfCentralDirectory.swift
[141/253] Compiling SWCompression ZipEntry.swift
[142/253] Compiling SWCompression ZipEntryInfo.swift
[143/253] Compiling SWCompression ZipEntryInfoHelper.swift
[144/253] Compiling SWCompression ZipError.swift
[145/253] Compiling SWCompression ZipExtraField.swift
[146/253] Compiling SWCompression ZipLocalHeader.swift
[147/253] Compiling SWCompression ZlibArchive.swift
[148/253] Compiling SWCompression ZlibError.swift
[149/253] Compiling SWCompression ZlibHeader.swift
[150/253] Compiling SWCompression resource_bundle_accessor.swift
[151/253] Compiling SWCompression LZ4.swift
[152/253] Compiling SWCompression XxHash32.swift
[153/253] Compiling SWCompression LZMA.swift
[154/253] Compiling SWCompression LZMABitTreeDecoder.swift
[155/253] Compiling SWCompression LZMAConstants.swift
[156/253] Compiling SWCompression LZMADecoder.swift
[157/253] Compiling SWCompression LZMAError.swift
[158/253] Compiling SWCompression LZMALenDecoder.swift
[159/253] Compiling SWCompression LZMAProperties.swift
[160/253] Compiling SWCompression LZMARangeDecoder.swift
[161/253] Compiling SWCompression LZMA2.swift
[162/253] Compiling SWCompression LZMA2Decoder.swift
[163/253] Compiling SWCompression LZMA2Error.swift
[164/253] Compiling SWCompression DeltaFilter.swift
[165/253] Compiling SWCompression Extensions.swift
[166/253] Compiling SWCompression FileSystemType.swift
[167/253] Compiling SWCompression Deflate+Compress.swift
[168/253] Compiling SWCompression Deflate+Constants.swift
[169/253] Compiling SWCompression Deflate.swift
[170/253] Compiling SWCompression DeflateError.swift
[171/253] Compiling SWCompression FileSystemType+Gzip.swift
[172/253] Compiling SWCompression GzipArchive.swift
[173/253] Compiling SWCompression GzipError.swift
[174/253] Compiling SwiftSyntax SyntaxNodesC.swift
[175/253] Compiling SwiftSyntax SyntaxNodesD.swift
[176/253] Compiling SwiftSyntax SyntaxNodesEF.swift
[178/254] Emitting module SwiftSyntax
[240/275] Wrapping AST for SwiftSyntax for debugging
[242/314] Compiling SwiftDiagnostics Message.swift
[243/315] Compiling SwiftBasicFormat SyntaxProtocol+Formatted.swift
[244/315] Compiling SwiftBasicFormat Trivia+FormatExtensions.swift
[245/315] Compiling SwiftBasicFormat Syntax+Extensions.swift
[246/315] Compiling SwiftParser Attributes.swift
[247/315] Compiling SwiftParser Availability.swift
[248/315] Compiling SwiftDiagnostics FixIt.swift
[249/315] Compiling SwiftDiagnostics Note.swift
[250/315] Compiling SwiftDiagnostics GroupedDiagnostics.swift
[251/315] Compiling SwiftBasicFormat InferIndentation.swift
[252/315] Compiling SwiftDiagnostics DiagnosticDecorator.swift
[253/315] Compiling SwiftParser CharacterInfo.swift
[254/315] Compiling SwiftParser CollectionNodes+Parsable.swift
[255/315] Compiling SwiftDiagnostics DiagnosticsFormatter.swift
[256/315] Emitting module SwiftDiagnostics
[257/316] Wrapping AST for SwiftDiagnostics for debugging
[259/316] Emitting module SwiftBasicFormat
[260/316] Compiling SwiftBasicFormat BasicFormat.swift
[261/316] Compiling SwiftBasicFormat Indenter.swift
[262/317] Compiling SwiftParser LoopProgressCondition.swift
[263/317] Compiling SwiftParser Modifiers.swift
[264/317] Compiling SwiftParser Names.swift
[265/317] Compiling SwiftParser Nominals.swift
[266/317] Compiling SwiftParser Parameters.swift
[267/317] Compiling SwiftParser ParseSourceFile.swift
[268/322] Wrapping AST for SwiftBasicFormat for debugging
[270/322] Compiling SwiftParser Lexeme.swift
[271/322] Compiling SwiftParser LexemeSequence.swift
[272/322] Compiling SwiftParser Lexer.swift
[273/322] Compiling SwiftParser RegexLiteralLexer.swift
[274/322] Compiling SwiftParser UnicodeScalarExtensions.swift
[275/322] Compiling SwiftParser Lookahead.swift
[276/322] Compiling SwiftParser StringLiterals.swift
[277/322] Compiling SwiftParser SwiftParserCompatibility.swift
[278/322] Compiling SwiftParser SwiftVersion.swift
[279/322] Compiling SwiftParser SyntaxUtils.swift
[280/322] Compiling SwiftParser TokenConsumer.swift
[281/322] Compiling SwiftParser TokenPrecedence.swift
[282/322] Compiling SwiftParser TokenSpec.swift
[283/322] Compiling SwiftParser TokenSpecSet.swift
[284/322] Compiling SwiftParser TopLevel.swift
[285/322] Compiling SwiftParser TriviaParser.swift
[286/322] Compiling SwiftParser Types.swift
[287/322] Compiling SwiftParser Parser.swift
[288/322] Compiling SwiftParser Patterns.swift
[289/322] Compiling SwiftParser Recovery.swift
[290/322] Compiling SwiftParser Specifiers.swift
[291/322] Compiling SwiftParser Statements.swift
[292/322] Compiling SwiftParser StringLiteralRepresentedLiteralValue.swift
[293/322] Compiling SwiftParser Directives.swift
[294/322] Compiling SwiftParser ExpressionInterpretedAsVersionTuple.swift
[295/322] Compiling SwiftParser Expressions.swift
[296/322] Compiling SwiftParser IncrementalParseTransition.swift
[297/322] Compiling SwiftParser IsValidIdentifier.swift
[298/322] Compiling SwiftParser Cursor.swift
[299/322] Emitting module SwiftParser
[304/322] Compiling SwiftParser CompilerFiles.swift
[305/322] Compiling SwiftParser Declarations.swift
[306/322] Compiling SwiftParser ExperimentalFeatures.swift
[307/322] Compiling SwiftParser IsLexerClassified.swift
[308/322] Compiling SwiftParser LayoutNodes+Parsable.swift
[309/322] Compiling SwiftParser Parser+TokenSpecSet.swift
[310/322] Compiling SwiftParser TokenSpecStaticMembers.swift
[311/323] Wrapping AST for SwiftParser for debugging
[313/346] Compiling SwiftParserDiagnostics SyntaxKindNameForDiagnostics.swift
[314/347] Compiling SwiftOperators OperatorTable.swift
[315/348] Compiling SwiftOperators OperatorTable+Semantics.swift
[316/348] Compiling SwiftOperators PrecedenceGraph.swift
[317/348] Compiling SwiftOperators PrecedenceGroup.swift
[318/348] Compiling SwiftParserDiagnostics TokenNameForDiagnostics.swift
[319/348] Compiling SwiftOperators SyntaxSynthesis.swift
[320/348] Compiling SwiftOperators OperatorTable+Folding.swift
[321/348] Compiling SwiftParserDiagnostics DiagnosticExtensions.swift
[322/348] Compiling SwiftParserDiagnostics LexerDiagnosticMessages.swift
[323/348] Compiling SwiftParserDiagnostics MultiLineStringLiteralDiagnosticsGenerator.swift
[324/348] Compiling SwiftParserDiagnostics ParseDiagnosticsGenerator.swift
[325/348] Emitting module SwiftOperators
[326/349] Wrapping AST for SwiftOperators for debugging
[328/349] Compiling SwiftParserDiagnostics ChildNameForDiagnostics.swift
[329/349] Compiling SwiftParserDiagnostics SyntaxExtensions.swift
[330/349] Compiling SwiftParserDiagnostics Utils.swift
[331/349] Compiling SwiftParserDiagnostics ParserDiagnosticMessages.swift
[332/349] Compiling SwiftParserDiagnostics PresenceUtils.swift
[335/349] Emitting module SwiftParserDiagnostics
[336/349] Compiling SwiftParserDiagnostics MissingNodesError.swift
[337/349] Compiling SwiftParserDiagnostics MissingTokenError.swift
[340/350] Wrapping AST for SwiftParserDiagnostics for debugging
[342/365] Emitting module SwiftSyntaxBuilder
[343/366] Compiling SwiftSyntaxBuilder Indenter.swift
[344/366] Compiling SwiftSyntaxBuilder ListBuilder.swift
[345/366] Compiling SwiftSyntaxBuilder ResultBuilderExtensions.swift
[346/366] Compiling SwiftSyntaxBuilder SwiftSyntaxBuilderCompatibility.swift
[347/366] Compiling SwiftSyntaxBuilder SyntaxExpressibleByStringInterpolationConformances.swift
[348/366] Compiling SwiftSyntaxBuilder RenamedChildrenBuilderCompatibility.swift
[349/366] Compiling SwiftSyntaxBuilder ResultBuilders.swift
[350/366] Compiling SwiftSyntaxBuilder ConvenienceInitializers.swift
[351/366] Compiling SwiftSyntaxBuilder DeclSyntaxParseable.swift
[352/366] Compiling SwiftSyntaxBuilder Syntax+StringInterpolation.swift
[353/366] Compiling SwiftSyntaxBuilder SyntaxNodeWithBody.swift
[354/366] Compiling SwiftSyntaxBuilder WithTrailingCommaSyntax+EnsuringTrailingComma.swift
[355/366] Compiling SwiftSyntaxBuilder BuildableNodes.swift
[356/366] Compiling SwiftSyntaxBuilder SyntaxParsable+ExpressibleByStringInterpolation.swift
[357/366] Compiling SwiftSyntaxBuilder ValidatingSyntaxNodes.swift
[358/367] Wrapping AST for SwiftSyntaxBuilder for debugging
[360/382] Compiling SwiftIfConfig StaticBuildConfiguration.swift
[361/382] Compiling SwiftIfConfig SyntaxLiteralUtils.swift
[362/382] Compiling SwiftIfConfig SyntaxProtocol+IfConfig.swift
[363/382] Compiling SwiftIfConfig VersionTuple+Parsing.swift
[364/383] Compiling SwiftIfConfig IfConfigFunctions.swift
[365/383] Compiling SwiftIfConfig IfConfigRegionState.swift
[366/383] Compiling SwiftIfConfig ConfiguredRegions.swift
[367/383] Compiling SwiftIfConfig IfConfigDecl+IfConfig.swift
[368/383] Compiling SwiftIfConfig ActiveClauseEvaluator.swift
[369/383] Compiling SwiftIfConfig ActiveSyntaxRewriter.swift
[370/383] Emitting module SwiftIfConfig
[371/383] Compiling SwiftIfConfig ActiveSyntaxVisitor.swift
[372/383] Compiling SwiftIfConfig BuildConfiguration.swift
[373/383] Compiling SwiftIfConfig IfConfigDiagnostic.swift
[374/383] Compiling SwiftIfConfig IfConfigEvaluation.swift
[375/383] Compiling SwiftIfConfig VersionTuple.swift
[376/384] Wrapping AST for SwiftIfConfig for debugging
[378/401] Compiling SwiftSyntaxMacros ExpressionMacro.swift
[379/401] Compiling SwiftSyntaxMacros ExtensionMacro.swift
[380/403] Compiling SwiftSyntaxMacros AccessorMacro.swift
[381/403] Compiling SwiftSyntaxMacros AttachedMacro.swift
[382/403] Compiling SwiftSyntaxMacros BodyMacro.swift
[383/403] Compiling SwiftSyntaxMacros MemberMacro.swift
[384/403] Compiling SwiftSyntaxMacros PeerMacro.swift
[385/403] Compiling SwiftSyntaxMacros CodeItemMacro.swift
[386/403] Compiling SwiftSyntaxMacros DeclarationMacro.swift
[387/403] Compiling SwiftSyntaxMacros FreestandingMacro.swift
[388/403] Compiling SwiftSyntaxMacros Macro+Format.swift
[389/403] Compiling SwiftSyntaxMacros Macro.swift
[390/403] Compiling SwiftSyntaxMacros MemberAttributeMacro.swift
[391/403] Emitting module SwiftSyntaxMacros
[392/403] Compiling SwiftSyntaxMacros AbstractSourceLocation.swift
[393/403] Compiling SwiftSyntaxMacros MacroExpansionContext.swift
[394/403] Compiling SwiftSyntaxMacros MacroExpansionDiagnosticMessages.swift
[395/403] Compiling SwiftSyntaxMacros PreambleMacro.swift
[396/403] Compiling SwiftSyntaxMacros Syntax+LexicalContext.swift
[397/404] Wrapping AST for SwiftSyntaxMacros for debugging
[399/413] Compiling SwiftSyntaxMacroExpansion MacroExpansionDiagnosticMessages.swift
[400/414] Compiling SwiftSyntaxMacroExpansion MacroArgument.swift
[401/414] Emitting module SwiftSyntaxMacroExpansion
[402/414] Compiling SwiftSyntaxMacroExpansion MacroExpansion.swift
[403/414] Compiling SwiftSyntaxMacroExpansion IndentationUtils.swift
[404/414] Compiling SwiftSyntaxMacroExpansion BasicMacroExpansionContext.swift
[405/414] Compiling SwiftSyntaxMacroExpansion FunctionParameterUtils.swift
[406/414] Compiling SwiftSyntaxMacroExpansion MacroSpec.swift
[407/414] Compiling SwiftSyntaxMacroExpansion MacroReplacement.swift
[408/414] Compiling SwiftSyntaxMacroExpansion MacroSystem.swift
[409/415] Wrapping AST for SwiftSyntaxMacroExpansion for debugging
[411/427] Compiling SwiftCompilerPluginMessageHandling PluginMessageCompatibility.swift
[412/428] Compiling SwiftCompilerPluginMessageHandling PluginMacroExpansionContext.swift
[413/428] Compiling SwiftCompilerPluginMessageHandling StandardIOMessageConnection.swift
[414/428] Compiling SwiftCompilerPluginMessageHandling PluginMessages.swift
[415/428] Compiling SwiftCompilerPluginMessageHandling CodingUtilities.swift
[416/428] Compiling SwiftCompilerPluginMessageHandling JSON.swift
[417/428] Compiling SwiftCompilerPluginMessageHandling CompilerPluginMessageHandler.swift
[418/428] Compiling SwiftCompilerPluginMessageHandling Diagnostics.swift
[419/428] Compiling SwiftCompilerPluginMessageHandling JSONDecoding.swift
[420/428] Compiling SwiftCompilerPluginMessageHandling JSONEncoding.swift
[421/428] Compiling SwiftCompilerPluginMessageHandling LRUCache.swift
[422/428] Compiling SwiftCompilerPluginMessageHandling Macros.swift
[423/428] Emitting module SwiftCompilerPluginMessageHandling
[424/429] Wrapping AST for SwiftCompilerPluginMessageHandling for debugging
[426/431] Compiling SwiftCompilerPlugin CompilerPlugin.swift
[427/431] Emitting module SwiftCompilerPlugin
[428/432] Wrapping AST for SwiftCompilerPlugin for debugging
[430/437] Compiling TestingExtensionsMacros FailMacro.swift
[431/437] Compiling TestingExtensionsMacros Utilities.swift
[432/437] Compiling TestingExtensionsMacros TestingExtensionsMacroPlugin.swift
[433/437] Emitting module TestingExtensionsMacros
[434/437] Compiling TestingExtensionsMacros ModuleBundleMacro.swift
[435/438] Wrapping AST for TestingExtensionsMacros for debugging
[436/438] Write Objects.LinkFileList
[437/438] Linking TestingExtensionsMacros-tool
[439/476] Compiling TestingExtensions TestResource.swift
[440/476] Compiling TestingExtensions TestResourceError.swift
[441/478] Compiling TestingExtensions System Timing Stable.swift
[442/478] Compiling TestingExtensions Wait.swift
[443/478] Compiling TestingExtensions Algorithm+DEFLATE.swift
[444/478] Compiling TestingExtensions Algorithm+LZ4.swift
[445/478] Compiling TestingExtensions Algorithm+LZFSE.swift
[446/478] Compiling TestingExtensions Algorithm+LZMA2XZ.swift
[447/478] Compiling TestingExtensions Algorithm.swift
[448/478] Compiling TestingExtensions Data+CompressionFramework.swift
[449/478] Compiling TestingExtensions File.swift
[450/478] Compiling TestingExtensions TestResource FileProtocol.swift
[451/478] Compiling TestingExtensions Data+NSData.swift
[452/478] Compiling TestingExtensions CompressedFile+Utilities.swift
[453/478] Compiling TestingExtensions CompressedFile.swift
[454/478] Emitting module TestingExtensions
[455/478] Compiling TestingExtensions Current Locale.swift
[456/478] Compiling TestingExtensions Shift Down.swift
[457/478] Compiling TestingExtensions API-0.3.0.swift
[458/478] Compiling TestingExtensions Macro Declarations.swift
[459/478] Compiling TestingExtensions Task Extensions.swift
error: emit-module command failed with exit code 1 (use -v to see invocation)
[461/479] Emitting module TestingExtensions
/host/spi-builder-workspace/Sources/TestingExtensions/Traits/System Timing Stable.swift:19:13: error: function 'usleep' does not exist in module 'Foundation'
17 | import struct FoundationEssentials.Date
18 | import typealias FoundationEssentials.TimeInterval
19 | import func Foundation.usleep
| `- error: function 'usleep' does not exist in module 'Foundation'
20 | private let USEC_PER_SEC: UInt64 = 1_000_000
21 | #endif
[480/481] Compiling TestingExtensions System Timing Stable.swift
/host/spi-builder-workspace/Sources/TestingExtensions/Traits/System Timing Stable.swift:19:13: error: function 'usleep' does not exist in module 'Foundation'
17 | import struct FoundationEssentials.Date
18 | import typealias FoundationEssentials.TimeInterval
19 | import func Foundation.usleep
| `- error: function 'usleep' does not exist in module 'Foundation'
20 | private let USEC_PER_SEC: UInt64 = 1_000_000
21 | #endif
/host/spi-builder-workspace/Sources/TestingExtensions/Traits/System Timing Stable.swift:37:5: error: cannot find 'usleep' in scope
35 | ) -> Bool {
36 | let start = Date()
37 | usleep(UInt32(TimeInterval(USEC_PER_SEC) * duration))
| `- error: cannot find 'usleep' in scope
38 | let end = Date()
39 | let diff = end.timeIntervalSince(start)
[481/481] Compiling TestingExtensions Wait.swift
/host/spi-builder-workspace/Sources/TestingExtensions/Traits/System Timing Stable.swift:19:13: error: function 'usleep' does not exist in module 'Foundation'
17 | import struct FoundationEssentials.Date
18 | import typealias FoundationEssentials.TimeInterval
19 | import func Foundation.usleep
| `- error: function 'usleep' does not exist in module 'Foundation'
20 | private let USEC_PER_SEC: UInt64 = 1_000_000
21 | #endif
/host/spi-builder-workspace/Sources/TestingExtensions/Traits/System Timing Stable.swift:37:5: error: cannot find 'usleep' in scope
35 | ) -> Bool {
36 | let start = Date()
37 | usleep(UInt32(TimeInterval(USEC_PER_SEC) * duration))
| `- error: cannot find 'usleep' in scope
38 | let end = Date()
39 | let diff = end.timeIntervalSince(start)
BUILD FAILURE 6.2 android