Build Information
Failed to build LineSDK, reference 5.17.0 (230d05), with Swift 6.4 for visionOS using Xcode 27.0 on 26 Sep 2026 12:17:16 UTC.
Build Command
env DEVELOPER_DIR=/Applications/Xcode-27.0.0-Release.Candidate.app xcrun xcodebuild -IDEClonedSourcePackagesDirPathOverride=$PWD/.dependencies -skipMacroValidation -skipPackagePluginValidation -derivedDataPath $PWD/.derivedData build -scheme LineSDK-Package -destination generic/platform=xrOSBuild Log
cd /Users/admin/builder/spi-builder-workspace/.swiftpm/xcode
builtin-SwiftPerFileCompile Session.swift
SwiftCompile normal arm64 Compiling\ LoginManagerOptions.swift,\ LoginManagerParameters.swift,\ LoginPermission.swift,\ LoginProcess.swift,\ LoginProcessURLResponse.swift,\ LoginResult.swift,\ AccessToken.swift,\ AccessTokenStore.swift,\ AccessTokenVerifyResult.swift,\ UserProfile.swift,\ PKCE.swift,\ GetUserProfileRequest.swift,\ GetVerifyTokenRequest.swift,\ PostExchangeTokenRequest.swift,\ PostRefreshTokenRequest.swift,\ PostRevokeTokenRequest.swift /Users/admin/builder/spi-builder-workspace/LineSDK/LineSDK/Login/LoginManagerOptions.swift /Users/admin/builder/spi-builder-workspace/LineSDK/LineSDK/Login/LoginManagerParameters.swift /Users/admin/builder/spi-builder-workspace/LineSDK/LineSDK/Login/LoginPermission.swift /Users/admin/builder/spi-builder-workspace/LineSDK/LineSDK/Login/LoginProcess.swift /Users/admin/builder/spi-builder-workspace/LineSDK/LineSDK/Login/LoginProcessURLResponse.swift /Users/admin/builder/spi-builder-workspace/LineSDK/LineSDK/Login/LoginResult.swift /Users/admin/builder/spi-builder-workspace/LineSDK/LineSDK/Login/Model/AccessToken.swift /Users/admin/builder/spi-builder-workspace/LineSDK/LineSDK/Login/Model/AccessTokenStore.swift /Users/admin/builder/spi-builder-workspace/LineSDK/LineSDK/Login/Model/AccessTokenVerifyResult.swift /Users/admin/builder/spi-builder-workspace/LineSDK/LineSDK/Login/Model/UserProfile.swift /Users/admin/builder/spi-builder-workspace/LineSDK/LineSDK/Login/PKCE/PKCE.swift /Users/admin/builder/spi-builder-workspace/LineSDK/LineSDK/Login/Request/GetUserProfileRequest.swift /Users/admin/builder/spi-builder-workspace/LineSDK/LineSDK/Login/Request/GetVerifyTokenRequest.swift /Users/admin/builder/spi-builder-workspace/LineSDK/LineSDK/Login/Request/PostExchangeTokenRequest.swift /Users/admin/builder/spi-builder-workspace/LineSDK/LineSDK/Login/Request/PostRefreshTokenRequest.swift /Users/admin/builder/spi-builder-workspace/LineSDK/LineSDK/Login/Request/PostRevokeTokenRequest.swift (in target 'LineSDK' from project 'LineSDK')
SwiftCompile normal arm64 /Users/admin/builder/spi-builder-workspace/LineSDK/LineSDK/Login/LoginManagerOptions.swift (in target 'LineSDK' from project 'LineSDK')
cd /Users/admin/builder/spi-builder-workspace/.swiftpm/xcode
builtin-SwiftPerFileCompile LoginManagerOptions.swift
SwiftCompile normal arm64 /Users/admin/builder/spi-builder-workspace/LineSDK/LineSDK/Login/LoginManagerParameters.swift (in target 'LineSDK' from project 'LineSDK')
cd /Users/admin/builder/spi-builder-workspace/.swiftpm/xcode
builtin-SwiftPerFileCompile LoginManagerParameters.swift
SwiftCompile normal arm64 /Users/admin/builder/spi-builder-workspace/LineSDK/LineSDK/Login/LoginPermission.swift (in target 'LineSDK' from project 'LineSDK')
cd /Users/admin/builder/spi-builder-workspace/.swiftpm/xcode
builtin-SwiftPerFileCompile LoginPermission.swift
SwiftCompile normal arm64 /Users/admin/builder/spi-builder-workspace/LineSDK/LineSDK/Login/LoginProcess.swift (in target 'LineSDK' from project 'LineSDK')
cd /Users/admin/builder/spi-builder-workspace/.swiftpm/xcode
builtin-SwiftPerFileCompile LoginProcess.swift
SwiftCompile normal arm64 /Users/admin/builder/spi-builder-workspace/LineSDK/LineSDK/Login/LoginProcessURLResponse.swift (in target 'LineSDK' from project 'LineSDK')
cd /Users/admin/builder/spi-builder-workspace/.swiftpm/xcode
builtin-SwiftPerFileCompile LoginProcessURLResponse.swift
SwiftCompile normal arm64 /Users/admin/builder/spi-builder-workspace/LineSDK/LineSDK/Login/LoginResult.swift (in target 'LineSDK' from project 'LineSDK')
cd /Users/admin/builder/spi-builder-workspace/.swiftpm/xcode
builtin-SwiftPerFileCompile LoginResult.swift
SwiftCompile normal arm64 /Users/admin/builder/spi-builder-workspace/LineSDK/LineSDK/Login/Model/AccessToken.swift (in target 'LineSDK' from project 'LineSDK')
cd /Users/admin/builder/spi-builder-workspace/.swiftpm/xcode
builtin-SwiftPerFileCompile AccessToken.swift
SwiftCompile normal arm64 /Users/admin/builder/spi-builder-workspace/LineSDK/LineSDK/Login/Model/AccessTokenStore.swift (in target 'LineSDK' from project 'LineSDK')
cd /Users/admin/builder/spi-builder-workspace/.swiftpm/xcode
builtin-SwiftPerFileCompile AccessTokenStore.swift
SwiftCompile normal arm64 /Users/admin/builder/spi-builder-workspace/LineSDK/LineSDK/Login/Model/AccessTokenVerifyResult.swift (in target 'LineSDK' from project 'LineSDK')
cd /Users/admin/builder/spi-builder-workspace/.swiftpm/xcode
builtin-SwiftPerFileCompile AccessTokenVerifyResult.swift
SwiftCompile normal arm64 /Users/admin/builder/spi-builder-workspace/LineSDK/LineSDK/Login/Model/UserProfile.swift (in target 'LineSDK' from project 'LineSDK')
cd /Users/admin/builder/spi-builder-workspace/.swiftpm/xcode
builtin-SwiftPerFileCompile UserProfile.swift
SwiftCompile normal arm64 /Users/admin/builder/spi-builder-workspace/LineSDK/LineSDK/Login/PKCE/PKCE.swift (in target 'LineSDK' from project 'LineSDK')
cd /Users/admin/builder/spi-builder-workspace/.swiftpm/xcode
builtin-SwiftPerFileCompile PKCE.swift
SwiftCompile normal arm64 /Users/admin/builder/spi-builder-workspace/LineSDK/LineSDK/Login/Request/GetUserProfileRequest.swift (in target 'LineSDK' from project 'LineSDK')
cd /Users/admin/builder/spi-builder-workspace/.swiftpm/xcode
builtin-SwiftPerFileCompile GetUserProfileRequest.swift
SwiftCompile normal arm64 /Users/admin/builder/spi-builder-workspace/LineSDK/LineSDK/Login/Request/GetVerifyTokenRequest.swift (in target 'LineSDK' from project 'LineSDK')
cd /Users/admin/builder/spi-builder-workspace/.swiftpm/xcode
builtin-SwiftPerFileCompile GetVerifyTokenRequest.swift
SwiftCompile normal arm64 /Users/admin/builder/spi-builder-workspace/LineSDK/LineSDK/Login/Request/PostExchangeTokenRequest.swift (in target 'LineSDK' from project 'LineSDK')
cd /Users/admin/builder/spi-builder-workspace/.swiftpm/xcode
builtin-SwiftPerFileCompile PostExchangeTokenRequest.swift
SwiftCompile normal arm64 /Users/admin/builder/spi-builder-workspace/LineSDK/LineSDK/Login/Request/PostRefreshTokenRequest.swift (in target 'LineSDK' from project 'LineSDK')
cd /Users/admin/builder/spi-builder-workspace/.swiftpm/xcode
builtin-SwiftPerFileCompile PostRefreshTokenRequest.swift
SwiftCompile normal arm64 /Users/admin/builder/spi-builder-workspace/LineSDK/LineSDK/Login/Request/PostRevokeTokenRequest.swift (in target 'LineSDK' from project 'LineSDK')
cd /Users/admin/builder/spi-builder-workspace/.swiftpm/xcode
builtin-SwiftPerFileCompile PostRevokeTokenRequest.swift
/Users/admin/builder/spi-builder-workspace/LineSDK/LineSDK/Login/LoginProcess.swift:439:103: warning: main actor-isolated class property 'shared' can not be referenced from a nonisolated context
437 | private let applicationOpener: ApplicationOpener
438 |
439 | init(parameter: LoginProcess.FlowParameters, applicationOpener: ApplicationOpener = UIApplication.shared) {
| `- warning: main actor-isolated class property 'shared' can not be referenced from a nonisolated context
440 | let universalURLBase = URL(string: Constant.lineWebAuthUniversalURL)!
441 | url = universalURLBase.appendedLoginQuery(parameter)
/Applications/Xcode-27.0.0-Release.Candidate.app/Contents/Developer/Platforms/XROS.platform/Developer/SDKs/XROS27.0.sdk/System/Library/Frameworks/UIKit.framework/Headers/UIApplication.h:87:54: note: class property declared here
85 | @interface UIApplication : UIResponder
86 |
87 | @property(class, nonatomic, readonly) UIApplication *sharedApplication NS_EXTENSION_UNAVAILABLE_IOS("Use view controller based solutions where appropriate instead.");
| `- note: class property declared here
88 |
89 | @property(nullable, nonatomic, assign) id<UIApplicationDelegate> delegate;
/Users/admin/builder/spi-builder-workspace/LineSDK/LineSDK/Login/LoginProcess.swift:460:103: warning: main actor-isolated class property 'shared' can not be referenced from a nonisolated context
458 | private let applicationOpener: ApplicationOpener
459 |
460 | init(parameter: LoginProcess.FlowParameters, applicationOpener: ApplicationOpener = UIApplication.shared) {
| `- warning: main actor-isolated class property 'shared' can not be referenced from a nonisolated context
461 | url = Constant.lineAppAuthURLv2.appendedURLSchemeQuery(parameter)
462 | self.applicationOpener = applicationOpener
/Applications/Xcode-27.0.0-Release.Candidate.app/Contents/Developer/Platforms/XROS.platform/Developer/SDKs/XROS27.0.sdk/System/Library/Frameworks/UIKit.framework/Headers/UIApplication.h:87:54: note: class property declared here
85 | @interface UIApplication : UIResponder
86 |
87 | @property(class, nonatomic, readonly) UIApplication *sharedApplication NS_EXTENSION_UNAVAILABLE_IOS("Use view controller based solutions where appropriate instead.");
| `- note: class property declared here
88 |
89 | @property(nullable, nonatomic, assign) id<UIApplicationDelegate> delegate;
/Users/admin/builder/spi-builder-workspace/LineSDK/LineSDK/Login/LoginProcess.swift:522:41: error: 'SFSafariViewControllerDelegate' is unavailable in visionOS
520 | }
521 |
522 | extension WebLoginFlow: @preconcurrency SFSafariViewControllerDelegate {
| `- error: 'SFSafariViewControllerDelegate' is unavailable in visionOS
523 | func safariViewControllerDidFinish(_ controller: SFSafariViewController) {
524 | // macCatalyst calls `didFinish` immediately when open page in Safari.
/Applications/Xcode-27.0.0-Release.Candidate.app/Contents/Developer/Platforms/XROS.platform/Developer/SDKs/XROS27.0.sdk/System/Library/Frameworks/SafariServices.framework/Headers/SFSafariViewController.h:101:11: note: 'SFSafariViewControllerDelegate' has been explicitly marked unavailable here
99 | API_AVAILABLE(ios(9.0)) API_UNAVAILABLE(watchos)
100 | API_UNAVAILABLE(visionos)
101 | @protocol SFSafariViewControllerDelegate <NSObject>
| `- note: 'SFSafariViewControllerDelegate' has been explicitly marked unavailable here
102 | @optional
103 |
/Users/admin/builder/spi-builder-workspace/LineSDK/LineSDK/Login/LoginFlowFactory.swift:94:63: warning: main actor-isolated class property 'shared' can not be referenced from a nonisolated context
92 | private let applicationOpener: ApplicationOpener
93 |
94 | init(applicationOpener: ApplicationOpener = UIApplication.shared) {
| `- warning: main actor-isolated class property 'shared' can not be referenced from a nonisolated context
95 | self.applicationOpener = applicationOpener
96 | }
/Applications/Xcode-27.0.0-Release.Candidate.app/Contents/Developer/Platforms/XROS.platform/Developer/SDKs/XROS27.0.sdk/System/Library/Frameworks/UIKit.framework/Headers/UIApplication.h:87:54: note: class property declared here
85 | @interface UIApplication : UIResponder
86 |
87 | @property(class, nonatomic, readonly) UIApplication *sharedApplication NS_EXTENSION_UNAVAILABLE_IOS("Use view controller based solutions where appropriate instead.");
| `- note: class property declared here
88 |
89 | @property(nullable, nonatomic, assign) id<UIApplicationDelegate> delegate;
/Users/admin/builder/spi-builder-workspace/LineSDK/LineSDK/Login/LoginProcess.swift:503:30: error: 'delegate' is unavailable in visionOS
501 | safariViewController.modalPresentationStyle = .overFullScreen
502 | safariViewController.modalTransitionStyle = .coverVertical
503 | safariViewController.delegate = self
| `- error: 'delegate' is unavailable in visionOS
504 | safariViewController.dismissButtonStyle = .cancel
505 |
/Applications/Xcode-27.0.0-Release.Candidate.app/Contents/Developer/Platforms/XROS.platform/Developer/SDKs/XROS27.0.sdk/System/Library/Frameworks/SafariServices.framework/Headers/SFSafariViewController.h:57:75: note: 'delegate' has been explicitly marked unavailable here
55 |
56 | /*! @abstract The view controller's delegate. */
57 | @property (nonatomic, weak, nullable) id <SFSafariViewControllerDelegate> delegate API_UNAVAILABLE(visionos);
| `- note: 'delegate' has been explicitly marked unavailable here
58 |
59 | /*! @abstract A copy of the configuration with which the view controller was
SwiftCompile normal arm64 Compiling\ FlexBlockStyle.swift,\ FlexMessage.swift,\ ImageMessage.swift,\ LocationMessage.swift,\ Message.swift,\ MessageProtocols.swift,\ MessageSender.swift,\ TemplateButtonsPayload.swift,\ TemplateCarouselPayload.swift,\ TemplateConfirmPayload.swift,\ TemplateImageCarouselPayload.swift,\ TemplateMessagePayload.swift,\ TemplateMessageProperties.swift,\ TemplateMessage.swift,\ TextMessage.swift /Users/admin/builder/spi-builder-workspace/LineSDK/LineSDK/Messaging/Model/Flex/Style/FlexBlockStyle.swift /Users/admin/builder/spi-builder-workspace/LineSDK/LineSDK/Messaging/Model/FlexMessage.swift /Users/admin/builder/spi-builder-workspace/LineSDK/LineSDK/Messaging/Model/ImageMessage.swift /Users/admin/builder/spi-builder-workspace/LineSDK/LineSDK/Messaging/Model/LocationMessage.swift /Users/admin/builder/spi-builder-workspace/LineSDK/LineSDK/Messaging/Model/Message.swift /Users/admin/builder/spi-builder-workspace/LineSDK/LineSDK/Messaging/Model/MessageProtocols.swift /Users/admin/builder/spi-builder-workspace/LineSDK/LineSDK/Messaging/Model/MessageSender.swift /Users/admin/builder/spi-builder-workspace/LineSDK/LineSDK/Messaging/Model/Template/Payloads/TemplateButtonsPayload.swift /Users/admin/builder/spi-builder-workspace/LineSDK/LineSDK/Messaging/Model/Template/Payloads/TemplateCarouselPayload.swift /Users/admin/builder/spi-builder-workspace/LineSDK/LineSDK/Messaging/Model/Template/Payloads/TemplateConfirmPayload.swift /Users/admin/builder/spi-builder-workspace/LineSDK/LineSDK/Messaging/Model/Template/Payloads/TemplateImageCarouselPayload.swift /Users/admin/builder/spi-builder-workspace/LineSDK/LineSDK/Messaging/Model/Template/Payloads/TemplateMessagePayload.swift /Users/admin/builder/spi-builder-workspace/LineSDK/LineSDK/Messaging/Model/Template/Payloads/TemplateMessageProperties.swift /Users/admin/builder/spi-builder-workspace/LineSDK/LineSDK/Messaging/Model/TemplateMessage.swift /Users/admin/builder/spi-builder-workspace/LineSDK/LineSDK/Messaging/Model/TextMessage.swift (in target 'LineSDK' from project 'LineSDK')
SwiftCompile normal arm64 /Users/admin/builder/spi-builder-workspace/LineSDK/LineSDK/Messaging/Model/Flex/Style/FlexBlockStyle.swift (in target 'LineSDK' from project 'LineSDK')
cd /Users/admin/builder/spi-builder-workspace/.swiftpm/xcode
builtin-SwiftPerFileCompile FlexBlockStyle.swift
SwiftCompile normal arm64 /Users/admin/builder/spi-builder-workspace/LineSDK/LineSDK/Messaging/Model/FlexMessage.swift (in target 'LineSDK' from project 'LineSDK')
cd /Users/admin/builder/spi-builder-workspace/.swiftpm/xcode
builtin-SwiftPerFileCompile FlexMessage.swift
SwiftCompile normal arm64 /Users/admin/builder/spi-builder-workspace/LineSDK/LineSDK/Messaging/Model/ImageMessage.swift (in target 'LineSDK' from project 'LineSDK')
cd /Users/admin/builder/spi-builder-workspace/.swiftpm/xcode
builtin-SwiftPerFileCompile ImageMessage.swift
SwiftCompile normal arm64 /Users/admin/builder/spi-builder-workspace/LineSDK/LineSDK/Messaging/Model/LocationMessage.swift (in target 'LineSDK' from project 'LineSDK')
cd /Users/admin/builder/spi-builder-workspace/.swiftpm/xcode
builtin-SwiftPerFileCompile LocationMessage.swift
SwiftCompile normal arm64 /Users/admin/builder/spi-builder-workspace/LineSDK/LineSDK/Messaging/Model/Message.swift (in target 'LineSDK' from project 'LineSDK')
cd /Users/admin/builder/spi-builder-workspace/.swiftpm/xcode
builtin-SwiftPerFileCompile Message.swift
SwiftCompile normal arm64 /Users/admin/builder/spi-builder-workspace/LineSDK/LineSDK/Messaging/Model/MessageProtocols.swift (in target 'LineSDK' from project 'LineSDK')
cd /Users/admin/builder/spi-builder-workspace/.swiftpm/xcode
builtin-SwiftPerFileCompile MessageProtocols.swift
SwiftCompile normal arm64 /Users/admin/builder/spi-builder-workspace/LineSDK/LineSDK/Messaging/Model/MessageSender.swift (in target 'LineSDK' from project 'LineSDK')
cd /Users/admin/builder/spi-builder-workspace/.swiftpm/xcode
builtin-SwiftPerFileCompile MessageSender.swift
SwiftCompile normal arm64 /Users/admin/builder/spi-builder-workspace/LineSDK/LineSDK/Messaging/Model/Template/Payloads/TemplateButtonsPayload.swift (in target 'LineSDK' from project 'LineSDK')
cd /Users/admin/builder/spi-builder-workspace/.swiftpm/xcode
builtin-SwiftPerFileCompile TemplateButtonsPayload.swift
SwiftCompile normal arm64 /Users/admin/builder/spi-builder-workspace/LineSDK/LineSDK/Messaging/Model/Template/Payloads/TemplateCarouselPayload.swift (in target 'LineSDK' from project 'LineSDK')
cd /Users/admin/builder/spi-builder-workspace/.swiftpm/xcode
builtin-SwiftPerFileCompile TemplateCarouselPayload.swift
SwiftCompile normal arm64 /Users/admin/builder/spi-builder-workspace/LineSDK/LineSDK/Messaging/Model/Template/Payloads/TemplateConfirmPayload.swift (in target 'LineSDK' from project 'LineSDK')
cd /Users/admin/builder/spi-builder-workspace/.swiftpm/xcode
builtin-SwiftPerFileCompile TemplateConfirmPayload.swift
SwiftCompile normal arm64 /Users/admin/builder/spi-builder-workspace/LineSDK/LineSDK/Messaging/Model/Template/Payloads/TemplateImageCarouselPayload.swift (in target 'LineSDK' from project 'LineSDK')
cd /Users/admin/builder/spi-builder-workspace/.swiftpm/xcode
builtin-SwiftPerFileCompile TemplateImageCarouselPayload.swift
SwiftCompile normal arm64 /Users/admin/builder/spi-builder-workspace/LineSDK/LineSDK/Messaging/Model/Template/Payloads/TemplateMessagePayload.swift (in target 'LineSDK' from project 'LineSDK')
cd /Users/admin/builder/spi-builder-workspace/.swiftpm/xcode
builtin-SwiftPerFileCompile TemplateMessagePayload.swift
SwiftCompile normal arm64 /Users/admin/builder/spi-builder-workspace/LineSDK/LineSDK/Messaging/Model/Template/Payloads/TemplateMessageProperties.swift (in target 'LineSDK' from project 'LineSDK')
cd /Users/admin/builder/spi-builder-workspace/.swiftpm/xcode
builtin-SwiftPerFileCompile TemplateMessageProperties.swift
SwiftCompile normal arm64 /Users/admin/builder/spi-builder-workspace/LineSDK/LineSDK/Messaging/Model/TemplateMessage.swift (in target 'LineSDK' from project 'LineSDK')
cd /Users/admin/builder/spi-builder-workspace/.swiftpm/xcode
builtin-SwiftPerFileCompile TemplateMessage.swift
SwiftCompile normal arm64 /Users/admin/builder/spi-builder-workspace/LineSDK/LineSDK/Messaging/Model/TextMessage.swift (in target 'LineSDK' from project 'LineSDK')
cd /Users/admin/builder/spi-builder-workspace/.swiftpm/xcode
builtin-SwiftPerFileCompile TextMessage.swift
SwiftCompile normal arm64 Compiling\ OpenChatCreatingController.swift,\ OpenChatCreatingControllerDelegate.swift,\ CountLimitedTextView.swift,\ OpenChatRoomDescriptionTableViewCell.swift,\ OpenChatRoomNameTableViewCell.swift,\ ToastView.swift,\ VerticallyCenteredTextView.swift,\ OpenChatCreatingNavigationController.swift,\ OpenChatRoomInfoViewController.swift,\ OpenChatUserProfileViewController.swift,\ OptionSelectingViewController.swift,\ ResourceLoading.swift,\ ColumnDataStore.swift,\ PageTabView.swift,\ PageViewController.swift,\ MessageShareTargetType.swift /Users/admin/builder/spi-builder-workspace/LineSDK/LineSDK/LineSDKUI/OpenChatUI/Public/OpenChatCreatingController.swift /Users/admin/builder/spi-builder-workspace/LineSDK/LineSDK/LineSDKUI/OpenChatUI/Public/OpenChatCreatingControllerDelegate.swift /Users/admin/builder/spi-builder-workspace/LineSDK/LineSDK/LineSDKUI/OpenChatUI/View/CountLimitedTextView.swift /Users/admin/builder/spi-builder-workspace/LineSDK/LineSDK/LineSDKUI/OpenChatUI/View/OpenChatRoomDescriptionTableViewCell.swift /Users/admin/builder/spi-builder-workspace/LineSDK/LineSDK/LineSDKUI/OpenChatUI/View/OpenChatRoomNameTableViewCell.swift /Users/admin/builder/spi-builder-workspace/LineSDK/LineSDK/LineSDKUI/OpenChatUI/View/ToastView.swift /Users/admin/builder/spi-builder-workspace/LineSDK/LineSDK/LineSDKUI/OpenChatUI/View/VerticallyCenteredTextView.swift /Users/admin/builder/spi-builder-workspace/LineSDK/LineSDK/LineSDKUI/OpenChatUI/ViewControllers/OpenChatCreatingNavigationController.swift /Users/admin/builder/spi-builder-workspace/LineSDK/LineSDK/LineSDKUI/OpenChatUI/ViewControllers/OpenChatRoomInfoViewController.swift /Users/admin/builder/spi-builder-workspace/LineSDK/LineSDK/LineSDKUI/OpenChatUI/ViewControllers/OpenChatUserProfileViewController.swift /Users/admin/builder/spi-builder-workspace/LineSDK/LineSDK/LineSDKUI/OpenChatUI/ViewControllers/OptionSelectingViewController.swift /Users/admin/builder/spi-builder-workspace/LineSDK/LineSDK/LineSDKUI/ResourceLoading.swift /Users/admin/builder/spi-builder-workspace/LineSDK/LineSDK/LineSDKUI/SharingUI/Model/ColumnDataStore.swift /Users/admin/builder/spi-builder-workspace/LineSDK/LineSDK/LineSDKUI/SharingUI/PageViewController/PageTabView.swift /Users/admin/builder/spi-builder-workspace/LineSDK/LineSDK/LineSDKUI/SharingUI/PageViewController/PageViewController.swift /Users/admin/builder/spi-builder-workspace/LineSDK/LineSDK/LineSDKUI/SharingUI/Public/MessageShareTargetType.swift (in target 'LineSDK' from project 'LineSDK')
SwiftCompile normal arm64 /Users/admin/builder/spi-builder-workspace/LineSDK/LineSDK/LineSDKUI/OpenChatUI/Public/OpenChatCreatingController.swift (in target 'LineSDK' from project 'LineSDK')
cd /Users/admin/builder/spi-builder-workspace/.swiftpm/xcode
builtin-SwiftPerFileCompile OpenChatCreatingController.swift
SwiftCompile normal arm64 /Users/admin/builder/spi-builder-workspace/LineSDK/LineSDK/LineSDKUI/OpenChatUI/Public/OpenChatCreatingControllerDelegate.swift (in target 'LineSDK' from project 'LineSDK')
cd /Users/admin/builder/spi-builder-workspace/.swiftpm/xcode
builtin-SwiftPerFileCompile OpenChatCreatingControllerDelegate.swift
SwiftCompile normal arm64 /Users/admin/builder/spi-builder-workspace/LineSDK/LineSDK/LineSDKUI/OpenChatUI/View/CountLimitedTextView.swift (in target 'LineSDK' from project 'LineSDK')
cd /Users/admin/builder/spi-builder-workspace/.swiftpm/xcode
builtin-SwiftPerFileCompile CountLimitedTextView.swift
SwiftCompile normal arm64 /Users/admin/builder/spi-builder-workspace/LineSDK/LineSDK/LineSDKUI/OpenChatUI/View/OpenChatRoomDescriptionTableViewCell.swift (in target 'LineSDK' from project 'LineSDK')
cd /Users/admin/builder/spi-builder-workspace/.swiftpm/xcode
builtin-SwiftPerFileCompile OpenChatRoomDescriptionTableViewCell.swift
SwiftCompile normal arm64 /Users/admin/builder/spi-builder-workspace/LineSDK/LineSDK/LineSDKUI/OpenChatUI/View/OpenChatRoomNameTableViewCell.swift (in target 'LineSDK' from project 'LineSDK')
cd /Users/admin/builder/spi-builder-workspace/.swiftpm/xcode
builtin-SwiftPerFileCompile OpenChatRoomNameTableViewCell.swift
SwiftCompile normal arm64 /Users/admin/builder/spi-builder-workspace/LineSDK/LineSDK/LineSDKUI/OpenChatUI/View/ToastView.swift (in target 'LineSDK' from project 'LineSDK')
cd /Users/admin/builder/spi-builder-workspace/.swiftpm/xcode
builtin-SwiftPerFileCompile ToastView.swift
SwiftCompile normal arm64 /Users/admin/builder/spi-builder-workspace/LineSDK/LineSDK/LineSDKUI/OpenChatUI/View/VerticallyCenteredTextView.swift (in target 'LineSDK' from project 'LineSDK')
cd /Users/admin/builder/spi-builder-workspace/.swiftpm/xcode
builtin-SwiftPerFileCompile VerticallyCenteredTextView.swift
SwiftCompile normal arm64 /Users/admin/builder/spi-builder-workspace/LineSDK/LineSDK/LineSDKUI/OpenChatUI/ViewControllers/OpenChatCreatingNavigationController.swift (in target 'LineSDK' from project 'LineSDK')
cd /Users/admin/builder/spi-builder-workspace/.swiftpm/xcode
builtin-SwiftPerFileCompile OpenChatCreatingNavigationController.swift
SwiftCompile normal arm64 /Users/admin/builder/spi-builder-workspace/LineSDK/LineSDK/LineSDKUI/OpenChatUI/ViewControllers/OpenChatRoomInfoViewController.swift (in target 'LineSDK' from project 'LineSDK')
cd /Users/admin/builder/spi-builder-workspace/.swiftpm/xcode
builtin-SwiftPerFileCompile OpenChatRoomInfoViewController.swift
SwiftCompile normal arm64 /Users/admin/builder/spi-builder-workspace/LineSDK/LineSDK/LineSDKUI/OpenChatUI/ViewControllers/OpenChatUserProfileViewController.swift (in target 'LineSDK' from project 'LineSDK')
cd /Users/admin/builder/spi-builder-workspace/.swiftpm/xcode
builtin-SwiftPerFileCompile OpenChatUserProfileViewController.swift
SwiftCompile normal arm64 /Users/admin/builder/spi-builder-workspace/LineSDK/LineSDK/LineSDKUI/OpenChatUI/ViewControllers/OptionSelectingViewController.swift (in target 'LineSDK' from project 'LineSDK')
cd /Users/admin/builder/spi-builder-workspace/.swiftpm/xcode
builtin-SwiftPerFileCompile OptionSelectingViewController.swift
SwiftCompile normal arm64 /Users/admin/builder/spi-builder-workspace/LineSDK/LineSDK/LineSDKUI/ResourceLoading.swift (in target 'LineSDK' from project 'LineSDK')
cd /Users/admin/builder/spi-builder-workspace/.swiftpm/xcode
builtin-SwiftPerFileCompile ResourceLoading.swift
SwiftCompile normal arm64 /Users/admin/builder/spi-builder-workspace/LineSDK/LineSDK/LineSDKUI/SharingUI/Model/ColumnDataStore.swift (in target 'LineSDK' from project 'LineSDK')
cd /Users/admin/builder/spi-builder-workspace/.swiftpm/xcode
builtin-SwiftPerFileCompile ColumnDataStore.swift
SwiftCompile normal arm64 /Users/admin/builder/spi-builder-workspace/LineSDK/LineSDK/LineSDKUI/SharingUI/PageViewController/PageTabView.swift (in target 'LineSDK' from project 'LineSDK')
cd /Users/admin/builder/spi-builder-workspace/.swiftpm/xcode
builtin-SwiftPerFileCompile PageTabView.swift
SwiftCompile normal arm64 /Users/admin/builder/spi-builder-workspace/LineSDK/LineSDK/LineSDKUI/SharingUI/PageViewController/PageViewController.swift (in target 'LineSDK' from project 'LineSDK')
cd /Users/admin/builder/spi-builder-workspace/.swiftpm/xcode
builtin-SwiftPerFileCompile PageViewController.swift
SwiftCompile normal arm64 /Users/admin/builder/spi-builder-workspace/LineSDK/LineSDK/LineSDKUI/SharingUI/Public/MessageShareTargetType.swift (in target 'LineSDK' from project 'LineSDK')
cd /Users/admin/builder/spi-builder-workspace/.swiftpm/xcode
builtin-SwiftPerFileCompile MessageShareTargetType.swift
/Users/admin/builder/spi-builder-workspace/LineSDK/LineSDK/LineSDKUI/OpenChatUI/ViewControllers/OpenChatRoomInfoViewController.swift:116:19: error: 'keyboardDismissMode' is unavailable in visionOS
114 |
115 | private func setupTableView() {
116 | tableView.keyboardDismissMode = .interactive
| `- error: 'keyboardDismissMode' is unavailable in visionOS
117 | }
118 |
/Applications/Xcode-27.0.0-Release.Candidate.app/Contents/Developer/Platforms/XROS.platform/Developer/SDKs/XROS27.0.sdk/System/Library/Frameworks/UIKit.framework/Headers/UIScrollView.h:284:54: note: 'keyboardDismissMode' has been explicitly marked unavailable here
282 | @property(nonatomic, readonly) UIGestureRecognizer *directionalPressGestureRecognizer API_DEPRECATED("Configuring the panGestureRecognizer for indirect scrolling automatically supports directional presses now, so this property is no longer useful.", tvos(9.0, 11.0)) API_UNAVAILABLE(watchos);
283 |
284 | @property(nonatomic) UIScrollViewKeyboardDismissMode keyboardDismissMode API_AVAILABLE(ios(7.0)) API_UNAVAILABLE(visionos); // default is UIScrollViewKeyboardDismissModeNone
| `- note: 'keyboardDismissMode' has been explicitly marked unavailable here
285 |
286 | @property (nonatomic, strong, nullable) UIRefreshControl *refreshControl API_AVAILABLE(ios(10.0)) API_UNAVAILABLE(tvos, watchos);
/Users/admin/builder/spi-builder-workspace/LineSDK/LineSDK/LineSDKUI/OpenChatUI/ViewControllers/OpenChatUserProfileViewController.swift:59:20: error: 'keyboardDismissMode' is unavailable in visionOS
57 | let scrollView = UIScrollView()
58 | scrollView.alwaysBounceVertical = true
59 | scrollView.keyboardDismissMode = .interactive
| `- error: 'keyboardDismissMode' is unavailable in visionOS
60 | return scrollView
61 | }()
/Applications/Xcode-27.0.0-Release.Candidate.app/Contents/Developer/Platforms/XROS.platform/Developer/SDKs/XROS27.0.sdk/System/Library/Frameworks/UIKit.framework/Headers/UIScrollView.h:284:54: note: 'keyboardDismissMode' has been explicitly marked unavailable here
282 | @property(nonatomic, readonly) UIGestureRecognizer *directionalPressGestureRecognizer API_DEPRECATED("Configuring the panGestureRecognizer for indirect scrolling automatically supports directional presses now, so this property is no longer useful.", tvos(9.0, 11.0)) API_UNAVAILABLE(watchos);
283 |
284 | @property(nonatomic) UIScrollViewKeyboardDismissMode keyboardDismissMode API_AVAILABLE(ios(7.0)) API_UNAVAILABLE(visionos); // default is UIScrollViewKeyboardDismissModeNone
| `- note: 'keyboardDismissMode' has been explicitly marked unavailable here
285 |
286 | @property (nonatomic, strong, nullable) UIRefreshControl *refreshControl API_AVAILABLE(ios(10.0)) API_UNAVAILABLE(tvos, watchos);
SwiftCompile normal arm64 Compiling\ GetBotFriendshipStatus.swift,\ LineSDKError.swift,\ Group.swift,\ User.swift,\ GetApproversInFriendsRequest.swift,\ GetApproversInGroupRequest.swift,\ GetFriendsRequest.swift,\ GetGroupsRequest.swift,\ GetShareFriendsRequest.swift,\ GetShareGroupsRequest.swift,\ AuthorizationStatus.swift,\ StyleNavigationController.swift,\ LoginButton.swift,\ FormEntry.swift,\ FormSection.swift,\ OpenChatCategoryExtensions.swift /Users/admin/builder/spi-builder-workspace/LineSDK/LineSDK/Friendship/Request/GetBotFriendshipStatus.swift /Users/admin/builder/spi-builder-workspace/LineSDK/LineSDK/General/LineSDKError.swift /Users/admin/builder/spi-builder-workspace/LineSDK/LineSDK/Graph/Model/Group.swift /Users/admin/builder/spi-builder-workspace/LineSDK/LineSDK/Graph/Model/User.swift /Users/admin/builder/spi-builder-workspace/LineSDK/LineSDK/Graph/Request/GetApproversInFriendsRequest.swift /Users/admin/builder/spi-builder-workspace/LineSDK/LineSDK/Graph/Request/GetApproversInGroupRequest.swift /Users/admin/builder/spi-builder-workspace/LineSDK/LineSDK/Graph/Request/GetFriendsRequest.swift /Users/admin/builder/spi-builder-workspace/LineSDK/LineSDK/Graph/Request/GetGroupsRequest.swift /Users/admin/builder/spi-builder-workspace/LineSDK/LineSDK/Graph/Request/GetShareFriendsRequest.swift /Users/admin/builder/spi-builder-workspace/LineSDK/LineSDK/Graph/Request/GetShareGroupsRequest.swift /Users/admin/builder/spi-builder-workspace/LineSDK/LineSDK/LineSDKUI/AuthorizationStatus.swift /Users/admin/builder/spi-builder-workspace/LineSDK/LineSDK/LineSDKUI/Base/StyleNavigationController.swift /Users/admin/builder/spi-builder-workspace/LineSDK/LineSDK/LineSDKUI/LoginButton.swift /Users/admin/builder/spi-builder-workspace/LineSDK/LineSDK/LineSDKUI/OpenChatUI/Model/FormEntry.swift /Users/admin/builder/spi-builder-workspace/LineSDK/LineSDK/LineSDKUI/OpenChatUI/Model/FormSection.swift /Users/admin/builder/spi-builder-workspace/LineSDK/LineSDK/LineSDKUI/OpenChatUI/Model/OpenChatCategoryExtensions.swift (in target 'LineSDK' from project 'LineSDK')
SwiftCompile normal arm64 /Users/admin/builder/spi-builder-workspace/LineSDK/LineSDK/Friendship/Request/GetBotFriendshipStatus.swift (in target 'LineSDK' from project 'LineSDK')
cd /Users/admin/builder/spi-builder-workspace/.swiftpm/xcode
builtin-SwiftPerFileCompile GetBotFriendshipStatus.swift
SwiftCompile normal arm64 /Users/admin/builder/spi-builder-workspace/LineSDK/LineSDK/General/LineSDKError.swift (in target 'LineSDK' from project 'LineSDK')
cd /Users/admin/builder/spi-builder-workspace/.swiftpm/xcode
builtin-SwiftPerFileCompile LineSDKError.swift
SwiftCompile normal arm64 /Users/admin/builder/spi-builder-workspace/LineSDK/LineSDK/Graph/Model/Group.swift (in target 'LineSDK' from project 'LineSDK')
cd /Users/admin/builder/spi-builder-workspace/.swiftpm/xcode
builtin-SwiftPerFileCompile Group.swift
SwiftCompile normal arm64 /Users/admin/builder/spi-builder-workspace/LineSDK/LineSDK/Graph/Model/User.swift (in target 'LineSDK' from project 'LineSDK')
cd /Users/admin/builder/spi-builder-workspace/.swiftpm/xcode
builtin-SwiftPerFileCompile User.swift
SwiftCompile normal arm64 /Users/admin/builder/spi-builder-workspace/LineSDK/LineSDK/Graph/Request/GetApproversInFriendsRequest.swift (in target 'LineSDK' from project 'LineSDK')
cd /Users/admin/builder/spi-builder-workspace/.swiftpm/xcode
builtin-SwiftPerFileCompile GetApproversInFriendsRequest.swift
SwiftCompile normal arm64 /Users/admin/builder/spi-builder-workspace/LineSDK/LineSDK/Graph/Request/GetApproversInGroupRequest.swift (in target 'LineSDK' from project 'LineSDK')
cd /Users/admin/builder/spi-builder-workspace/.swiftpm/xcode
builtin-SwiftPerFileCompile GetApproversInGroupRequest.swift
SwiftCompile normal arm64 /Users/admin/builder/spi-builder-workspace/LineSDK/LineSDK/Graph/Request/GetFriendsRequest.swift (in target 'LineSDK' from project 'LineSDK')
cd /Users/admin/builder/spi-builder-workspace/.swiftpm/xcode
builtin-SwiftPerFileCompile GetFriendsRequest.swift
SwiftCompile normal arm64 /Users/admin/builder/spi-builder-workspace/LineSDK/LineSDK/Graph/Request/GetGroupsRequest.swift (in target 'LineSDK' from project 'LineSDK')
cd /Users/admin/builder/spi-builder-workspace/.swiftpm/xcode
builtin-SwiftPerFileCompile GetGroupsRequest.swift
SwiftCompile normal arm64 /Users/admin/builder/spi-builder-workspace/LineSDK/LineSDK/Graph/Request/GetShareFriendsRequest.swift (in target 'LineSDK' from project 'LineSDK')
cd /Users/admin/builder/spi-builder-workspace/.swiftpm/xcode
builtin-SwiftPerFileCompile GetShareFriendsRequest.swift
SwiftCompile normal arm64 /Users/admin/builder/spi-builder-workspace/LineSDK/LineSDK/Graph/Request/GetShareGroupsRequest.swift (in target 'LineSDK' from project 'LineSDK')
cd /Users/admin/builder/spi-builder-workspace/.swiftpm/xcode
builtin-SwiftPerFileCompile GetShareGroupsRequest.swift
SwiftCompile normal arm64 /Users/admin/builder/spi-builder-workspace/LineSDK/LineSDK/LineSDKUI/AuthorizationStatus.swift (in target 'LineSDK' from project 'LineSDK')
cd /Users/admin/builder/spi-builder-workspace/.swiftpm/xcode
builtin-SwiftPerFileCompile AuthorizationStatus.swift
SwiftCompile normal arm64 /Users/admin/builder/spi-builder-workspace/LineSDK/LineSDK/LineSDKUI/Base/StyleNavigationController.swift (in target 'LineSDK' from project 'LineSDK')
cd /Users/admin/builder/spi-builder-workspace/.swiftpm/xcode
builtin-SwiftPerFileCompile StyleNavigationController.swift
SwiftCompile normal arm64 /Users/admin/builder/spi-builder-workspace/LineSDK/LineSDK/LineSDKUI/LoginButton.swift (in target 'LineSDK' from project 'LineSDK')
cd /Users/admin/builder/spi-builder-workspace/.swiftpm/xcode
builtin-SwiftPerFileCompile LoginButton.swift
SwiftCompile normal arm64 /Users/admin/builder/spi-builder-workspace/LineSDK/LineSDK/LineSDKUI/OpenChatUI/Model/FormEntry.swift (in target 'LineSDK' from project 'LineSDK')
cd /Users/admin/builder/spi-builder-workspace/.swiftpm/xcode
builtin-SwiftPerFileCompile FormEntry.swift
SwiftCompile normal arm64 /Users/admin/builder/spi-builder-workspace/LineSDK/LineSDK/LineSDKUI/OpenChatUI/Model/FormSection.swift (in target 'LineSDK' from project 'LineSDK')
cd /Users/admin/builder/spi-builder-workspace/.swiftpm/xcode
builtin-SwiftPerFileCompile FormSection.swift
SwiftCompile normal arm64 /Users/admin/builder/spi-builder-workspace/LineSDK/LineSDK/LineSDKUI/OpenChatUI/Model/OpenChatCategoryExtensions.swift (in target 'LineSDK' from project 'LineSDK')
cd /Users/admin/builder/spi-builder-workspace/.swiftpm/xcode
builtin-SwiftPerFileCompile OpenChatCategoryExtensions.swift
SwiftCompile normal arm64 Compiling\ MessageAction.swift,\ AudioMessage.swift,\ FlexBoxComponent.swift,\ FlexButtonComponent.swift,\ FlexFillerComponent.swift,\ FlexIconComponent.swift,\ FlexImageComponent.swift,\ FlexMessageComponent.swift,\ FlexMessageProperties.swift,\ FlexSeparatorComponent.swift,\ FlexSpacerComponent.swift,\ FlexTextComponent.swift,\ FlexBubbleContainer.swift,\ FlexCarouselContainer.swift,\ FlexMessageContainer.swift /Users/admin/builder/spi-builder-workspace/LineSDK/LineSDK/Messaging/Model/Actions/MessageAction.swift /Users/admin/builder/spi-builder-workspace/LineSDK/LineSDK/Messaging/Model/AudioMessage.swift /Users/admin/builder/spi-builder-workspace/LineSDK/LineSDK/Messaging/Model/Flex/Component/FlexBoxComponent.swift /Users/admin/builder/spi-builder-workspace/LineSDK/LineSDK/Messaging/Model/Flex/Component/FlexButtonComponent.swift /Users/admin/builder/spi-builder-workspace/LineSDK/LineSDK/Messaging/Model/Flex/Component/FlexFillerComponent.swift /Users/admin/builder/spi-builder-workspace/LineSDK/LineSDK/Messaging/Model/Flex/Component/FlexIconComponent.swift /Users/admin/builder/spi-builder-workspace/LineSDK/LineSDK/Messaging/Model/Flex/Component/FlexImageComponent.swift /Users/admin/builder/spi-builder-workspace/LineSDK/LineSDK/Messaging/Model/Flex/Component/FlexMessageComponent.swift /Users/admin/builder/spi-builder-workspace/LineSDK/LineSDK/Messaging/Model/Flex/Component/FlexMessageProperties.swift /Users/admin/builder/spi-builder-workspace/LineSDK/LineSDK/Messaging/Model/Flex/Component/FlexSeparatorComponent.swift /Users/admin/builder/spi-builder-workspace/LineSDK/LineSDK/Messaging/Model/Flex/Component/FlexSpacerComponent.swift /Users/admin/builder/spi-builder-workspace/LineSDK/LineSDK/Messaging/Model/Flex/Component/FlexTextComponent.swift /Users/admin/builder/spi-builder-workspace/LineSDK/LineSDK/Messaging/Model/Flex/Container/FlexBubbleContainer.swift /Users/admin/builder/spi-builder-workspace/LineSDK/LineSDK/Messaging/Model/Flex/Container/FlexCarouselContainer.swift /Users/admin/builder/spi-builder-workspace/LineSDK/LineSDK/Messaging/Model/Flex/Container/FlexMessageContainer.swift (in target 'LineSDK' from project 'LineSDK')
SwiftCompile normal arm64 /Users/admin/builder/spi-builder-workspace/LineSDK/LineSDK/Messaging/Model/Actions/MessageAction.swift (in target 'LineSDK' from project 'LineSDK')
cd /Users/admin/builder/spi-builder-workspace/.swiftpm/xcode
builtin-SwiftPerFileCompile MessageAction.swift
SwiftCompile normal arm64 /Users/admin/builder/spi-builder-workspace/LineSDK/LineSDK/Messaging/Model/AudioMessage.swift (in target 'LineSDK' from project 'LineSDK')
cd /Users/admin/builder/spi-builder-workspace/.swiftpm/xcode
builtin-SwiftPerFileCompile AudioMessage.swift
SwiftCompile normal arm64 /Users/admin/builder/spi-builder-workspace/LineSDK/LineSDK/Messaging/Model/Flex/Component/FlexBoxComponent.swift (in target 'LineSDK' from project 'LineSDK')
cd /Users/admin/builder/spi-builder-workspace/.swiftpm/xcode
builtin-SwiftPerFileCompile FlexBoxComponent.swift
SwiftCompile normal arm64 /Users/admin/builder/spi-builder-workspace/LineSDK/LineSDK/Messaging/Model/Flex/Component/FlexButtonComponent.swift (in target 'LineSDK' from project 'LineSDK')
cd /Users/admin/builder/spi-builder-workspace/.swiftpm/xcode
builtin-SwiftPerFileCompile FlexButtonComponent.swift
SwiftCompile normal arm64 /Users/admin/builder/spi-builder-workspace/LineSDK/LineSDK/Messaging/Model/Flex/Component/FlexFillerComponent.swift (in target 'LineSDK' from project 'LineSDK')
cd /Users/admin/builder/spi-builder-workspace/.swiftpm/xcode
builtin-SwiftPerFileCompile FlexFillerComponent.swift
SwiftCompile normal arm64 /Users/admin/builder/spi-builder-workspace/LineSDK/LineSDK/Messaging/Model/Flex/Component/FlexIconComponent.swift (in target 'LineSDK' from project 'LineSDK')
cd /Users/admin/builder/spi-builder-workspace/.swiftpm/xcode
builtin-SwiftPerFileCompile FlexIconComponent.swift
SwiftCompile normal arm64 /Users/admin/builder/spi-builder-workspace/LineSDK/LineSDK/Messaging/Model/Flex/Component/FlexImageComponent.swift (in target 'LineSDK' from project 'LineSDK')
cd /Users/admin/builder/spi-builder-workspace/.swiftpm/xcode
builtin-SwiftPerFileCompile FlexImageComponent.swift
SwiftCompile normal arm64 /Users/admin/builder/spi-builder-workspace/LineSDK/LineSDK/Messaging/Model/Flex/Component/FlexMessageComponent.swift (in target 'LineSDK' from project 'LineSDK')
cd /Users/admin/builder/spi-builder-workspace/.swiftpm/xcode
builtin-SwiftPerFileCompile FlexMessageComponent.swift
SwiftCompile normal arm64 /Users/admin/builder/spi-builder-workspace/LineSDK/LineSDK/Messaging/Model/Flex/Component/FlexMessageProperties.swift (in target 'LineSDK' from project 'LineSDK')
cd /Users/admin/builder/spi-builder-workspace/.swiftpm/xcode
builtin-SwiftPerFileCompile FlexMessageProperties.swift
SwiftCompile normal arm64 /Users/admin/builder/spi-builder-workspace/LineSDK/LineSDK/Messaging/Model/Flex/Component/FlexSeparatorComponent.swift (in target 'LineSDK' from project 'LineSDK')
cd /Users/admin/builder/spi-builder-workspace/.swiftpm/xcode
builtin-SwiftPerFileCompile FlexSeparatorComponent.swift
SwiftCompile normal arm64 /Users/admin/builder/spi-builder-workspace/LineSDK/LineSDK/Messaging/Model/Flex/Component/FlexSpacerComponent.swift (in target 'LineSDK' from project 'LineSDK')
cd /Users/admin/builder/spi-builder-workspace/.swiftpm/xcode
builtin-SwiftPerFileCompile FlexSpacerComponent.swift
SwiftCompile normal arm64 /Users/admin/builder/spi-builder-workspace/LineSDK/LineSDK/Messaging/Model/Flex/Component/FlexTextComponent.swift (in target 'LineSDK' from project 'LineSDK')
cd /Users/admin/builder/spi-builder-workspace/.swiftpm/xcode
builtin-SwiftPerFileCompile FlexTextComponent.swift
SwiftCompile normal arm64 /Users/admin/builder/spi-builder-workspace/LineSDK/LineSDK/Messaging/Model/Flex/Container/FlexBubbleContainer.swift (in target 'LineSDK' from project 'LineSDK')
cd /Users/admin/builder/spi-builder-workspace/.swiftpm/xcode
builtin-SwiftPerFileCompile FlexBubbleContainer.swift
SwiftCompile normal arm64 /Users/admin/builder/spi-builder-workspace/LineSDK/LineSDK/Messaging/Model/Flex/Container/FlexCarouselContainer.swift (in target 'LineSDK' from project 'LineSDK')
cd /Users/admin/builder/spi-builder-workspace/.swiftpm/xcode
builtin-SwiftPerFileCompile FlexCarouselContainer.swift
SwiftCompile normal arm64 /Users/admin/builder/spi-builder-workspace/LineSDK/LineSDK/Messaging/Model/Flex/Container/FlexMessageContainer.swift (in target 'LineSDK' from project 'LineSDK')
cd /Users/admin/builder/spi-builder-workspace/.swiftpm/xcode
builtin-SwiftPerFileCompile FlexMessageContainer.swift
SwiftCompile normal arm64 Compiling\ ShareTarget.swift,\ ShareViewController.swift,\ ShareViewControllerDelegate.swift,\ SelectedTargetPanelCell.swift,\ SelectedTargetPanelViewController.swift,\ ShareTargetSearchResultTableViewController.swift,\ ShareTargetSearchResultViewController.swift,\ ShareTargetSelectingSectionHeaderView.swift,\ ShareRootViewController.swift,\ ShareTargetSearchController.swift,\ ShareTargetSelectingTableCell.swift,\ ShareTargetSelectingViewController.swift,\ ShareTargetTableViewStyling.swift,\ LoginConfiguration.swift,\ LoginFlowFactory.swift,\ LoginManager.swift /Users/admin/builder/spi-builder-workspace/LineSDK/LineSDK/LineSDKUI/SharingUI/Public/ShareTarget.swift /Users/admin/builder/spi-builder-workspace/LineSDK/LineSDK/LineSDKUI/SharingUI/Public/ShareViewController.swift /Users/admin/builder/spi-builder-workspace/LineSDK/LineSDK/LineSDKUI/SharingUI/Public/ShareViewControllerDelegate.swift /Users/admin/builder/spi-builder-workspace/LineSDK/LineSDK/LineSDKUI/SharingUI/SelectedPanel/SelectedTargetPanelCell.swift /Users/admin/builder/spi-builder-workspace/LineSDK/LineSDK/LineSDKUI/SharingUI/SelectedPanel/SelectedTargetPanelViewController.swift /Users/admin/builder/spi-builder-workspace/LineSDK/LineSDK/LineSDKUI/SharingUI/TargetSearch/ShareTargetSearchResultTableViewController.swift /Users/admin/builder/spi-builder-workspace/LineSDK/LineSDK/LineSDKUI/SharingUI/TargetSearch/ShareTargetSearchResultViewController.swift /Users/admin/builder/spi-builder-workspace/LineSDK/LineSDK/LineSDKUI/SharingUI/TargetSearch/ShareTargetSelectingSectionHeaderView.swift /Users/admin/builder/spi-builder-workspace/LineSDK/LineSDK/LineSDKUI/SharingUI/TargetSelecting/ShareRootViewController.swift /Users/admin/builder/spi-builder-workspace/LineSDK/LineSDK/LineSDKUI/SharingUI/TargetSelecting/ShareTargetSearchController.swift /Users/admin/builder/spi-builder-workspace/LineSDK/LineSDK/LineSDKUI/SharingUI/TargetSelecting/ShareTargetSelectingTableCell.swift /Users/admin/builder/spi-builder-workspace/LineSDK/LineSDK/LineSDKUI/SharingUI/TargetSelecting/ShareTargetSelectingViewController.swift /Users/admin/builder/spi-builder-workspace/LineSDK/LineSDK/LineSDKUI/SharingUI/TargetSelecting/ShareTargetTableViewStyling.swift /Users/admin/builder/spi-builder-workspace/LineSDK/LineSDK/Login/LoginConfiguration.swift /Users/admin/builder/spi-builder-workspace/LineSDK/LineSDK/Login/LoginFlowFactory.swift /Users/admin/builder/spi-builder-workspace/LineSDK/LineSDK/Login/LoginManager.swift (in target 'LineSDK' from project 'LineSDK')
SwiftCompile normal arm64 /Users/admin/builder/spi-builder-workspace/LineSDK/LineSDK/LineSDKUI/SharingUI/Public/ShareTarget.swift (in target 'LineSDK' from project 'LineSDK')
cd /Users/admin/builder/spi-builder-workspace/.swiftpm/xcode
builtin-SwiftPerFileCompile ShareTarget.swift
SwiftCompile normal arm64 /Users/admin/builder/spi-builder-workspace/LineSDK/LineSDK/LineSDKUI/SharingUI/Public/ShareViewController.swift (in target 'LineSDK' from project 'LineSDK')
cd /Users/admin/builder/spi-builder-workspace/.swiftpm/xcode
builtin-SwiftPerFileCompile ShareViewController.swift
SwiftCompile normal arm64 /Users/admin/builder/spi-builder-workspace/LineSDK/LineSDK/LineSDKUI/SharingUI/Public/ShareViewControllerDelegate.swift (in target 'LineSDK' from project 'LineSDK')
cd /Users/admin/builder/spi-builder-workspace/.swiftpm/xcode
builtin-SwiftPerFileCompile ShareViewControllerDelegate.swift
SwiftCompile normal arm64 /Users/admin/builder/spi-builder-workspace/LineSDK/LineSDK/LineSDKUI/SharingUI/SelectedPanel/SelectedTargetPanelCell.swift (in target 'LineSDK' from project 'LineSDK')
cd /Users/admin/builder/spi-builder-workspace/.swiftpm/xcode
builtin-SwiftPerFileCompile SelectedTargetPanelCell.swift
SwiftCompile normal arm64 /Users/admin/builder/spi-builder-workspace/LineSDK/LineSDK/LineSDKUI/SharingUI/SelectedPanel/SelectedTargetPanelViewController.swift (in target 'LineSDK' from project 'LineSDK')
cd /Users/admin/builder/spi-builder-workspace/.swiftpm/xcode
builtin-SwiftPerFileCompile SelectedTargetPanelViewController.swift
SwiftCompile normal arm64 /Users/admin/builder/spi-builder-workspace/LineSDK/LineSDK/LineSDKUI/SharingUI/TargetSearch/ShareTargetSearchResultTableViewController.swift (in target 'LineSDK' from project 'LineSDK')
cd /Users/admin/builder/spi-builder-workspace/.swiftpm/xcode
builtin-SwiftPerFileCompile ShareTargetSearchResultTableViewController.swift
SwiftCompile normal arm64 /Users/admin/builder/spi-builder-workspace/LineSDK/LineSDK/LineSDKUI/SharingUI/TargetSearch/ShareTargetSearchResultViewController.swift (in target 'LineSDK' from project 'LineSDK')
cd /Users/admin/builder/spi-builder-workspace/.swiftpm/xcode
builtin-SwiftPerFileCompile ShareTargetSearchResultViewController.swift
SwiftCompile normal arm64 /Users/admin/builder/spi-builder-workspace/LineSDK/LineSDK/LineSDKUI/SharingUI/TargetSearch/ShareTargetSelectingSectionHeaderView.swift (in target 'LineSDK' from project 'LineSDK')
cd /Users/admin/builder/spi-builder-workspace/.swiftpm/xcode
builtin-SwiftPerFileCompile ShareTargetSelectingSectionHeaderView.swift
SwiftCompile normal arm64 /Users/admin/builder/spi-builder-workspace/LineSDK/LineSDK/LineSDKUI/SharingUI/TargetSelecting/ShareRootViewController.swift (in target 'LineSDK' from project 'LineSDK')
cd /Users/admin/builder/spi-builder-workspace/.swiftpm/xcode
builtin-SwiftPerFileCompile ShareRootViewController.swift
SwiftCompile normal arm64 /Users/admin/builder/spi-builder-workspace/LineSDK/LineSDK/LineSDKUI/SharingUI/TargetSelecting/ShareTargetSearchController.swift (in target 'LineSDK' from project 'LineSDK')
cd /Users/admin/builder/spi-builder-workspace/.swiftpm/xcode
builtin-SwiftPerFileCompile ShareTargetSearchController.swift
SwiftCompile normal arm64 /Users/admin/builder/spi-builder-workspace/LineSDK/LineSDK/LineSDKUI/SharingUI/TargetSelecting/ShareTargetSelectingTableCell.swift (in target 'LineSDK' from project 'LineSDK')
cd /Users/admin/builder/spi-builder-workspace/.swiftpm/xcode
builtin-SwiftPerFileCompile ShareTargetSelectingTableCell.swift
SwiftCompile normal arm64 /Users/admin/builder/spi-builder-workspace/LineSDK/LineSDK/LineSDKUI/SharingUI/TargetSelecting/ShareTargetSelectingViewController.swift (in target 'LineSDK' from project 'LineSDK')
cd /Users/admin/builder/spi-builder-workspace/.swiftpm/xcode
builtin-SwiftPerFileCompile ShareTargetSelectingViewController.swift
SwiftCompile normal arm64 /Users/admin/builder/spi-builder-workspace/LineSDK/LineSDK/LineSDKUI/SharingUI/TargetSelecting/ShareTargetTableViewStyling.swift (in target 'LineSDK' from project 'LineSDK')
cd /Users/admin/builder/spi-builder-workspace/.swiftpm/xcode
builtin-SwiftPerFileCompile ShareTargetTableViewStyling.swift
SwiftCompile normal arm64 /Users/admin/builder/spi-builder-workspace/LineSDK/LineSDK/Login/LoginConfiguration.swift (in target 'LineSDK' from project 'LineSDK')
cd /Users/admin/builder/spi-builder-workspace/.swiftpm/xcode
builtin-SwiftPerFileCompile LoginConfiguration.swift
SwiftCompile normal arm64 /Users/admin/builder/spi-builder-workspace/LineSDK/LineSDK/Login/LoginFlowFactory.swift (in target 'LineSDK' from project 'LineSDK')
cd /Users/admin/builder/spi-builder-workspace/.swiftpm/xcode
builtin-SwiftPerFileCompile LoginFlowFactory.swift
SwiftCompile normal arm64 /Users/admin/builder/spi-builder-workspace/LineSDK/LineSDK/Login/LoginManager.swift (in target 'LineSDK' from project 'LineSDK')
cd /Users/admin/builder/spi-builder-workspace/.swiftpm/xcode
builtin-SwiftPerFileCompile LoginManager.swift
SwiftCompile normal arm64 Compiling\ PostOpenChatRoomJoinRequest.swift,\ CallbackQueue.swift,\ Colors.swift,\ Constant.swift,\ Delegate.swift,\ Helpers.swift,\ KeyboardObservable.swift,\ KeychainStore.swift,\ LoadingIndicator.swift,\ NotificationToken.swift,\ ResultUtils.swift,\ String.swift,\ URLs.swift,\ UserDefaultsValue.swift,\ GeneratedAssetSymbols.swift /Users/admin/builder/spi-builder-workspace/LineSDK/LineSDK/OpenChat/Request/PostOpenChatRoomJoinRequest.swift /Users/admin/builder/spi-builder-workspace/LineSDK/LineSDK/Utils/CallbackQueue.swift /Users/admin/builder/spi-builder-workspace/LineSDK/LineSDK/Utils/Colors.swift /Users/admin/builder/spi-builder-workspace/LineSDK/LineSDK/Utils/Constant.swift /Users/admin/builder/spi-builder-workspace/LineSDK/LineSDK/Utils/Delegate.swift /Users/admin/builder/spi-builder-workspace/LineSDK/LineSDK/Utils/Helpers.swift /Users/admin/builder/spi-builder-workspace/LineSDK/LineSDK/Utils/KeyboardObservable.swift /Users/admin/builder/spi-builder-workspace/LineSDK/LineSDK/Utils/KeychainStore.swift /Users/admin/builder/spi-builder-workspace/LineSDK/LineSDK/Utils/LoadingIndicator.swift /Users/admin/builder/spi-builder-workspace/LineSDK/LineSDK/Utils/NotificationToken.swift /Users/admin/builder/spi-builder-workspace/LineSDK/LineSDK/Utils/ResultUtils.swift /Users/admin/builder/spi-builder-workspace/LineSDK/LineSDK/Utils/String.swift /Users/admin/builder/spi-builder-workspace/LineSDK/LineSDK/Utils/URLs.swift /Users/admin/builder/spi-builder-workspace/LineSDK/LineSDK/Utils/UserDefaultsValue.swift /Users/admin/builder/spi-builder-workspace/.derivedData/Build/Intermediates.noindex/LineSDK.build/Debug-xros/LineSDK-t.build/DerivedSources/GeneratedAssetSymbols.swift (in target 'LineSDK' from project 'LineSDK')
SwiftCompile normal arm64 /Users/admin/builder/spi-builder-workspace/LineSDK/LineSDK/OpenChat/Request/PostOpenChatRoomJoinRequest.swift (in target 'LineSDK' from project 'LineSDK')
cd /Users/admin/builder/spi-builder-workspace/.swiftpm/xcode
builtin-SwiftPerFileCompile PostOpenChatRoomJoinRequest.swift
SwiftCompile normal arm64 /Users/admin/builder/spi-builder-workspace/LineSDK/LineSDK/Utils/CallbackQueue.swift (in target 'LineSDK' from project 'LineSDK')
cd /Users/admin/builder/spi-builder-workspace/.swiftpm/xcode
builtin-SwiftPerFileCompile CallbackQueue.swift
SwiftCompile normal arm64 /Users/admin/builder/spi-builder-workspace/LineSDK/LineSDK/Utils/Colors.swift (in target 'LineSDK' from project 'LineSDK')
cd /Users/admin/builder/spi-builder-workspace/.swiftpm/xcode
builtin-SwiftPerFileCompile Colors.swift
SwiftCompile normal arm64 /Users/admin/builder/spi-builder-workspace/LineSDK/LineSDK/Utils/Constant.swift (in target 'LineSDK' from project 'LineSDK')
cd /Users/admin/builder/spi-builder-workspace/.swiftpm/xcode
builtin-SwiftPerFileCompile Constant.swift
SwiftCompile normal arm64 /Users/admin/builder/spi-builder-workspace/LineSDK/LineSDK/Utils/Delegate.swift (in target 'LineSDK' from project 'LineSDK')
cd /Users/admin/builder/spi-builder-workspace/.swiftpm/xcode
builtin-SwiftPerFileCompile Delegate.swift
SwiftCompile normal arm64 /Users/admin/builder/spi-builder-workspace/LineSDK/LineSDK/Utils/Helpers.swift (in target 'LineSDK' from project 'LineSDK')
cd /Users/admin/builder/spi-builder-workspace/.swiftpm/xcode
builtin-SwiftPerFileCompile Helpers.swift
SwiftCompile normal arm64 /Users/admin/builder/spi-builder-workspace/LineSDK/LineSDK/Utils/KeyboardObservable.swift (in target 'LineSDK' from project 'LineSDK')
cd /Users/admin/builder/spi-builder-workspace/.swiftpm/xcode
builtin-SwiftPerFileCompile KeyboardObservable.swift
SwiftCompile normal arm64 /Users/admin/builder/spi-builder-workspace/LineSDK/LineSDK/Utils/KeychainStore.swift (in target 'LineSDK' from project 'LineSDK')
cd /Users/admin/builder/spi-builder-workspace/.swiftpm/xcode
builtin-SwiftPerFileCompile KeychainStore.swift
SwiftCompile normal arm64 /Users/admin/builder/spi-builder-workspace/LineSDK/LineSDK/Utils/LoadingIndicator.swift (in target 'LineSDK' from project 'LineSDK')
cd /Users/admin/builder/spi-builder-workspace/.swiftpm/xcode
builtin-SwiftPerFileCompile LoadingIndicator.swift
SwiftCompile normal arm64 /Users/admin/builder/spi-builder-workspace/LineSDK/LineSDK/Utils/NotificationToken.swift (in target 'LineSDK' from project 'LineSDK')
cd /Users/admin/builder/spi-builder-workspace/.swiftpm/xcode
builtin-SwiftPerFileCompile NotificationToken.swift
SwiftCompile normal arm64 /Users/admin/builder/spi-builder-workspace/LineSDK/LineSDK/Utils/ResultUtils.swift (in target 'LineSDK' from project 'LineSDK')
cd /Users/admin/builder/spi-builder-workspace/.swiftpm/xcode
builtin-SwiftPerFileCompile ResultUtils.swift
SwiftCompile normal arm64 /Users/admin/builder/spi-builder-workspace/LineSDK/LineSDK/Utils/String.swift (in target 'LineSDK' from project 'LineSDK')
cd /Users/admin/builder/spi-builder-workspace/.swiftpm/xcode
builtin-SwiftPerFileCompile String.swift
SwiftCompile normal arm64 /Users/admin/builder/spi-builder-workspace/LineSDK/LineSDK/Utils/URLs.swift (in target 'LineSDK' from project 'LineSDK')
cd /Users/admin/builder/spi-builder-workspace/.swiftpm/xcode
builtin-SwiftPerFileCompile URLs.swift
SwiftCompile normal arm64 /Users/admin/builder/spi-builder-workspace/LineSDK/LineSDK/Utils/UserDefaultsValue.swift (in target 'LineSDK' from project 'LineSDK')
cd /Users/admin/builder/spi-builder-workspace/.swiftpm/xcode
builtin-SwiftPerFileCompile UserDefaultsValue.swift
SwiftCompile normal arm64 /Users/admin/builder/spi-builder-workspace/.derivedData/Build/Intermediates.noindex/LineSDK.build/Debug-xros/LineSDK-t.build/DerivedSources/GeneratedAssetSymbols.swift (in target 'LineSDK' from project 'LineSDK')
cd /Users/admin/builder/spi-builder-workspace/.swiftpm/xcode
builtin-SwiftPerFileCompile GeneratedAssetSymbols.swift
SwiftCompile normal arm64 Compiling\ DownloadableImageView.swift,\ ImageDownloader.swift,\ ImageManager.swift,\ APIError.swift,\ CodingExtension.swift,\ HexColor.swift,\ Unit.swift,\ OpenChatCategory.swift,\ OpenChatCreatingFormItem.swift,\ OpenChatRoomCreatingItem.swift,\ GetOpenChatRoomJoinTypeRequest.swift,\ GetOpenChatRoomMembershipStateRequest.swift,\ GetOpenChatRoomStatusRequest.swift,\ GetOpenChatTermAgreementStatusRequest.swift,\ PostOpenChatCreateRequest.swift /Users/admin/builder/spi-builder-workspace/LineSDK/LineSDK/Networking/Images/DownloadableImageView.swift /Users/admin/builder/spi-builder-workspace/LineSDK/LineSDK/Networking/Images/ImageDownloader.swift /Users/admin/builder/spi-builder-workspace/LineSDK/LineSDK/Networking/Images/ImageManager.swift /Users/admin/builder/spi-builder-workspace/LineSDK/LineSDK/Networking/Model/APIError.swift /Users/admin/builder/spi-builder-workspace/LineSDK/LineSDK/Networking/Model/CustomizeCoding/CodingExtension.swift /Users/admin/builder/spi-builder-workspace/LineSDK/LineSDK/Networking/Model/CustomizeCoding/HexColor.swift /Users/admin/builder/spi-builder-workspace/LineSDK/LineSDK/Networking/Model/Unit.swift /Users/admin/builder/spi-builder-workspace/LineSDK/LineSDK/OpenChat/Model/OpenChatCategory.swift /Users/admin/builder/spi-builder-workspace/LineSDK/LineSDK/OpenChat/Model/OpenChatCreatingFormItem.swift /Users/admin/builder/spi-builder-workspace/LineSDK/LineSDK/OpenChat/Model/OpenChatRoomCreatingItem.swift /Users/admin/builder/spi-builder-workspace/LineSDK/LineSDK/OpenChat/Request/GetOpenChatRoomJoinTypeRequest.swift /Users/admin/builder/spi-builder-workspace/LineSDK/LineSDK/OpenChat/Request/GetOpenChatRoomMembershipStateRequest.swift /Users/admin/builder/spi-builder-workspace/LineSDK/LineSDK/OpenChat/Request/GetOpenChatRoomStatusRequest.swift /Users/admin/builder/spi-builder-workspace/LineSDK/LineSDK/OpenChat/Request/GetOpenChatTermAgreementStatusRequest.swift /Users/admin/builder/spi-builder-workspace/LineSDK/LineSDK/OpenChat/Request/PostOpenChatCreateRequest.swift (in target 'LineSDK' from project 'LineSDK')
SwiftCompile normal arm64 /Users/admin/builder/spi-builder-workspace/LineSDK/LineSDK/Networking/Images/DownloadableImageView.swift (in target 'LineSDK' from project 'LineSDK')
cd /Users/admin/builder/spi-builder-workspace/.swiftpm/xcode
builtin-SwiftPerFileCompile DownloadableImageView.swift
SwiftCompile normal arm64 /Users/admin/builder/spi-builder-workspace/LineSDK/LineSDK/Networking/Images/ImageDownloader.swift (in target 'LineSDK' from project 'LineSDK')
cd /Users/admin/builder/spi-builder-workspace/.swiftpm/xcode
builtin-SwiftPerFileCompile ImageDownloader.swift
SwiftCompile normal arm64 /Users/admin/builder/spi-builder-workspace/LineSDK/LineSDK/Networking/Images/ImageManager.swift (in target 'LineSDK' from project 'LineSDK')
cd /Users/admin/builder/spi-builder-workspace/.swiftpm/xcode
builtin-SwiftPerFileCompile ImageManager.swift
SwiftCompile normal arm64 /Users/admin/builder/spi-builder-workspace/LineSDK/LineSDK/Networking/Model/APIError.swift (in target 'LineSDK' from project 'LineSDK')
cd /Users/admin/builder/spi-builder-workspace/.swiftpm/xcode
builtin-SwiftPerFileCompile APIError.swift
SwiftCompile normal arm64 /Users/admin/builder/spi-builder-workspace/LineSDK/LineSDK/Networking/Model/CustomizeCoding/CodingExtension.swift (in target 'LineSDK' from project 'LineSDK')
cd /Users/admin/builder/spi-builder-workspace/.swiftpm/xcode
builtin-SwiftPerFileCompile CodingExtension.swift
SwiftCompile normal arm64 /Users/admin/builder/spi-builder-workspace/LineSDK/LineSDK/Networking/Model/CustomizeCoding/HexColor.swift (in target 'LineSDK' from project 'LineSDK')
cd /Users/admin/builder/spi-builder-workspace/.swiftpm/xcode
builtin-SwiftPerFileCompile HexColor.swift
SwiftCompile normal arm64 /Users/admin/builder/spi-builder-workspace/LineSDK/LineSDK/Networking/Model/Unit.swift (in target 'LineSDK' from project 'LineSDK')
cd /Users/admin/builder/spi-builder-workspace/.swiftpm/xcode
builtin-SwiftPerFileCompile Unit.swift
SwiftCompile normal arm64 /Users/admin/builder/spi-builder-workspace/LineSDK/LineSDK/OpenChat/Model/OpenChatCategory.swift (in target 'LineSDK' from project 'LineSDK')
cd /Users/admin/builder/spi-builder-workspace/.swiftpm/xcode
builtin-SwiftPerFileCompile OpenChatCategory.swift
SwiftCompile normal arm64 /Users/admin/builder/spi-builder-workspace/LineSDK/LineSDK/OpenChat/Model/OpenChatCreatingFormItem.swift (in target 'LineSDK' from project 'LineSDK')
cd /Users/admin/builder/spi-builder-workspace/.swiftpm/xcode
builtin-SwiftPerFileCompile OpenChatCreatingFormItem.swift
SwiftCompile normal arm64 /Users/admin/builder/spi-builder-workspace/LineSDK/LineSDK/OpenChat/Model/OpenChatRoomCreatingItem.swift (in target 'LineSDK' from project 'LineSDK')
cd /Users/admin/builder/spi-builder-workspace/.swiftpm/xcode
builtin-SwiftPerFileCompile OpenChatRoomCreatingItem.swift
SwiftCompile normal arm64 /Users/admin/builder/spi-builder-workspace/LineSDK/LineSDK/OpenChat/Request/GetOpenChatRoomJoinTypeRequest.swift (in target 'LineSDK' from project 'LineSDK')
cd /Users/admin/builder/spi-builder-workspace/.swiftpm/xcode
builtin-SwiftPerFileCompile GetOpenChatRoomJoinTypeRequest.swift
SwiftCompile normal arm64 /Users/admin/builder/spi-builder-workspace/LineSDK/LineSDK/OpenChat/Request/GetOpenChatRoomMembershipStateRequest.swift (in target 'LineSDK' from project 'LineSDK')
cd /Users/admin/builder/spi-builder-workspace/.swiftpm/xcode
builtin-SwiftPerFileCompile GetOpenChatRoomMembershipStateRequest.swift
SwiftCompile normal arm64 /Users/admin/builder/spi-builder-workspace/LineSDK/LineSDK/OpenChat/Request/GetOpenChatRoomStatusRequest.swift (in target 'LineSDK' from project 'LineSDK')
cd /Users/admin/builder/spi-builder-workspace/.swiftpm/xcode
builtin-SwiftPerFileCompile GetOpenChatRoomStatusRequest.swift
SwiftCompile normal arm64 /Users/admin/builder/spi-builder-workspace/LineSDK/LineSDK/OpenChat/Request/GetOpenChatTermAgreementStatusRequest.swift (in target 'LineSDK' from project 'LineSDK')
cd /Users/admin/builder/spi-builder-workspace/.swiftpm/xcode
builtin-SwiftPerFileCompile GetOpenChatTermAgreementStatusRequest.swift
SwiftCompile normal arm64 /Users/admin/builder/spi-builder-workspace/LineSDK/LineSDK/OpenChat/Request/PostOpenChatCreateRequest.swift (in target 'LineSDK' from project 'LineSDK')
cd /Users/admin/builder/spi-builder-workspace/.swiftpm/xcode
builtin-SwiftPerFileCompile PostOpenChatCreateRequest.swift
SwiftCompile normal arm64 Compiling\ resource_bundle_accessor.swift,\ ECDSA.swift,\ RSA.swift,\ CryptoAlgorithm.swift,\ CryptoData.swift,\ CryptoError.swift,\ CryptoHelpers.swift,\ CryptoKey.swift,\ GetDiscoveryDocumentRequest.swift,\ GetJWKSetRequest.swift,\ JWA.swift,\ JWK.swift,\ JWKSet.swift,\ JWT.swift,\ JWTCoder.swift,\ JWTHelpers.swift /Users/admin/builder/spi-builder-workspace/.derivedData/Build/Intermediates.noindex/LineSDK.build/Debug-xros/LineSDK-t.build/DerivedSources/resource_bundle_accessor.swift /Users/admin/builder/spi-builder-workspace/LineSDK/LineSDK/Crypto/Algorithms/ECDSA.swift /Users/admin/builder/spi-builder-workspace/LineSDK/LineSDK/Crypto/Algorithms/RSA.swift /Users/admin/builder/spi-builder-workspace/LineSDK/LineSDK/Crypto/CryptoAlgorithm.swift /Users/admin/builder/spi-builder-workspace/LineSDK/LineSDK/Crypto/CryptoData.swift /Users/admin/builder/spi-builder-workspace/LineSDK/LineSDK/Crypto/CryptoError.swift /Users/admin/builder/spi-builder-workspace/LineSDK/LineSDK/Crypto/CryptoHelpers.swift /Users/admin/builder/spi-builder-workspace/LineSDK/LineSDK/Crypto/CryptoKey.swift /Users/admin/builder/spi-builder-workspace/LineSDK/LineSDK/Crypto/GetDiscoveryDocumentRequest.swift /Users/admin/builder/spi-builder-workspace/LineSDK/LineSDK/Crypto/GetJWKSetRequest.swift /Users/admin/builder/spi-builder-workspace/LineSDK/LineSDK/Crypto/JWK/JWA.swift /Users/admin/builder/spi-builder-workspace/LineSDK/LineSDK/Crypto/JWK/JWK.swift /Users/admin/builder/spi-builder-workspace/LineSDK/LineSDK/Crypto/JWK/JWKSet.swift /Users/admin/builder/spi-builder-workspace/LineSDK/LineSDK/Crypto/JWT/JWT.swift /Users/admin/builder/spi-builder-workspace/LineSDK/LineSDK/Crypto/JWT/JWTCoder.swift /Users/admin/builder/spi-builder-workspace/LineSDK/LineSDK/Crypto/JWT/JWTHelpers.swift (in target 'LineSDK' from project 'LineSDK')
SwiftCompile normal arm64 /Users/admin/builder/spi-builder-workspace/.derivedData/Build/Intermediates.noindex/LineSDK.build/Debug-xros/LineSDK-t.build/DerivedSources/resource_bundle_accessor.swift (in target 'LineSDK' from project 'LineSDK')
cd /Users/admin/builder/spi-builder-workspace/.swiftpm/xcode
builtin-SwiftPerFileCompile resource_bundle_accessor.swift
SwiftCompile normal arm64 /Users/admin/builder/spi-builder-workspace/LineSDK/LineSDK/Crypto/Algorithms/ECDSA.swift (in target 'LineSDK' from project 'LineSDK')
cd /Users/admin/builder/spi-builder-workspace/.swiftpm/xcode
builtin-SwiftPerFileCompile ECDSA.swift
SwiftCompile normal arm64 /Users/admin/builder/spi-builder-workspace/LineSDK/LineSDK/Crypto/Algorithms/RSA.swift (in target 'LineSDK' from project 'LineSDK')
cd /Users/admin/builder/spi-builder-workspace/.swiftpm/xcode
builtin-SwiftPerFileCompile RSA.swift
SwiftCompile normal arm64 /Users/admin/builder/spi-builder-workspace/LineSDK/LineSDK/Crypto/CryptoAlgorithm.swift (in target 'LineSDK' from project 'LineSDK')
cd /Users/admin/builder/spi-builder-workspace/.swiftpm/xcode
builtin-SwiftPerFileCompile CryptoAlgorithm.swift
SwiftCompile normal arm64 /Users/admin/builder/spi-builder-workspace/LineSDK/LineSDK/Crypto/CryptoData.swift (in target 'LineSDK' from project 'LineSDK')
cd /Users/admin/builder/spi-builder-workspace/.swiftpm/xcode
builtin-SwiftPerFileCompile CryptoData.swift
SwiftCompile normal arm64 /Users/admin/builder/spi-builder-workspace/LineSDK/LineSDK/Crypto/CryptoError.swift (in target 'LineSDK' from project 'LineSDK')
cd /Users/admin/builder/spi-builder-workspace/.swiftpm/xcode
builtin-SwiftPerFileCompile CryptoError.swift
SwiftCompile normal arm64 /Users/admin/builder/spi-builder-workspace/LineSDK/LineSDK/Crypto/CryptoHelpers.swift (in target 'LineSDK' from project 'LineSDK')
cd /Users/admin/builder/spi-builder-workspace/.swiftpm/xcode
builtin-SwiftPerFileCompile CryptoHelpers.swift
SwiftCompile normal arm64 /Users/admin/builder/spi-builder-workspace/LineSDK/LineSDK/Crypto/CryptoKey.swift (in target 'LineSDK' from project 'LineSDK')
cd /Users/admin/builder/spi-builder-workspace/.swiftpm/xcode
builtin-SwiftPerFileCompile CryptoKey.swift
SwiftCompile normal arm64 /Users/admin/builder/spi-builder-workspace/LineSDK/LineSDK/Crypto/GetDiscoveryDocumentRequest.swift (in target 'LineSDK' from project 'LineSDK')
cd /Users/admin/builder/spi-builder-workspace/.swiftpm/xcode
builtin-SwiftPerFileCompile GetDiscoveryDocumentRequest.swift
SwiftCompile normal arm64 /Users/admin/builder/spi-builder-workspace/LineSDK/LineSDK/Crypto/GetJWKSetRequest.swift (in target 'LineSDK' from project 'LineSDK')
cd /Users/admin/builder/spi-builder-workspace/.swiftpm/xcode
builtin-SwiftPerFileCompile GetJWKSetRequest.swift
SwiftCompile normal arm64 /Users/admin/builder/spi-builder-workspace/LineSDK/LineSDK/Crypto/JWK/JWA.swift (in target 'LineSDK' from project 'LineSDK')
cd /Users/admin/builder/spi-builder-workspace/.swiftpm/xcode
builtin-SwiftPerFileCompile JWA.swift
SwiftCompile normal arm64 /Users/admin/builder/spi-builder-workspace/LineSDK/LineSDK/Crypto/JWK/JWK.swift (in target 'LineSDK' from project 'LineSDK')
cd /Users/admin/builder/spi-builder-workspace/.swiftpm/xcode
builtin-SwiftPerFileCompile JWK.swift
SwiftCompile normal arm64 /Users/admin/builder/spi-builder-workspace/LineSDK/LineSDK/Crypto/JWK/JWKSet.swift (in target 'LineSDK' from project 'LineSDK')
cd /Users/admin/builder/spi-builder-workspace/.swiftpm/xcode
builtin-SwiftPerFileCompile JWKSet.swift
SwiftCompile normal arm64 /Users/admin/builder/spi-builder-workspace/LineSDK/LineSDK/Crypto/JWT/JWT.swift (in target 'LineSDK' from project 'LineSDK')
cd /Users/admin/builder/spi-builder-workspace/.swiftpm/xcode
builtin-SwiftPerFileCompile JWT.swift
SwiftCompile normal arm64 /Users/admin/builder/spi-builder-workspace/LineSDK/LineSDK/Crypto/JWT/JWTCoder.swift (in target 'LineSDK' from project 'LineSDK')
cd /Users/admin/builder/spi-builder-workspace/.swiftpm/xcode
builtin-SwiftPerFileCompile JWTCoder.swift
SwiftCompile normal arm64 /Users/admin/builder/spi-builder-workspace/LineSDK/LineSDK/Crypto/JWT/JWTHelpers.swift (in target 'LineSDK' from project 'LineSDK')
cd /Users/admin/builder/spi-builder-workspace/.swiftpm/xcode
builtin-SwiftPerFileCompile JWTHelpers.swift
PruneExplicitPrecompiledModules /Users/admin/builder/spi-builder-workspace/.derivedData/SDKExplicitPrecompiledModules
PruneExplicitPrecompiledModules /Users/admin/builder/spi-builder-workspace/.derivedData/Build/Intermediates.noindex/ExplicitPrecompiledModules
PruneExplicitPrecompiledModules /Users/admin/builder/spi-builder-workspace/.derivedData/Build/Intermediates.noindex/SwiftExplicitPrecompiledModules
2026-09-26 08:17:00.008 xcodebuild[723:4691] [MT] IDERunDestination: Supported platforms for the buildables in the current scheme is empty.
** BUILD FAILED **
The following build commands failed:
SwiftCompile normal arm64 (in target 'LineSDK' from project 'LineSDK')
SwiftEmitModule normal arm64 Emitting\ module\ for\ LineSDK (in target 'LineSDK' from project 'LineSDK')
Building workspace LineSDK with scheme LineSDK-Package
(3 failures)
Command line invocation:
/Applications/Xcode-27.0.0-Release.Candidate.app/Contents/Developer/usr/bin/xcodebuild -IDEClonedSourcePackagesDirPathOverride=/Users/admin/builder/spi-builder-workspace/.dependencies -resolvePackageDependencies
Resolve Package Graph
Resolved source packages:
LineSDK: /Users/admin/builder/spi-builder-workspace
resolved source packages: LineSDK
2026-09-26 08:17:10.751 xcodebuild[827:5231] [MT] IDERunDestination: Supported platforms for the buildables in the current scheme is empty.
{
"default_localization" : "en",
"dependencies" : [
],
"manifest_display_name" : "LineSDK",
"name" : "LineSDK",
"path" : "/Users/admin/builder/spi-builder-workspace",
"platforms" : [
{
"name" : "ios",
"version" : "15.0"
}
],
"products" : [
{
"name" : "LineSDK",
"targets" : [
"LineSDK"
],
"type" : {
"library" : [
"automatic"
]
}
},
{
"name" : "LineSDKObjC",
"targets" : [
"LineSDKObjC"
],
"type" : {
"library" : [
"automatic"
]
}
}
],
"targets" : [
{
"c99name" : "LineSDKObjC",
"module_type" : "SwiftTarget",
"name" : "LineSDKObjC",
"path" : "LineSDK/LineSDKObjC",
"product_memberships" : [
"LineSDKObjC"
],
"sources" : [
"Friendship/LineSDKGetBotFriendshipStatusResponse.swift",
"General/LineSDKErrorConstant.swift",
"LineSDKUI/LineSDKAuthorizationStatus.swift",
"LineSDKUI/LineSDKLoginButton.swift",
"LineSDKUI/OpenChatUI/LineSDKOpenChatCreatingController.swift",
"LineSDKUI/OpenChatUI/LineSDKOpenChatCreatingControllerDelegate.swift",
"LineSDKUI/OpenChatUI/LineSDKOpenChatRoomCreatingItem.swift",
"LineSDKUI/OpenChatUI/LineSDKOpenChatRoomInfo.swift",
"LineSDKUI/SharingUI/LineSDKMessageShareTargetType.swift",
"LineSDKUI/SharingUI/LineSDKShareTarget.swift",
"LineSDKUI/SharingUI/LineSDKShareViewController.swift",
"LineSDKUI/SharingUI/LineSDKShareViewControllerDelegate.swift",
"Login/LineSDKLoginManager.swift",
"Login/LineSDKLoginManagerOptions.swift",
"Login/LineSDKLoginManagerParameters.swift",
"Login/LineSDKLoginPermission.swift",
"Login/LineSDKLoginProcess.swift",
"Login/LineSDKLoginResult.swift",
"Login/Model/LineSDKAccessToken.swift",
"Login/Model/LineSDKAccessTokenStore.swift",
"Login/Model/LineSDKAccessTokenVerifyResult.swift",
"Login/Model/LineSDKJWT.swift",
"Login/Model/LineSDKUserProfile.swift",
"Messaging/Actions/LineSDKMessageAction.swift",
"Messaging/Flex/Component/LineSDKFlexBoxComponent.swift",
"Messaging/Flex/Component/LineSDKFlexButtonComponent.swift",
"Messaging/Flex/Component/LineSDKFlexFillerComponent.swift",
"Messaging/Flex/Component/LineSDKFlexIconComponent.swift",
"Messaging/Flex/Component/LineSDKFlexImageComponent.swift",
"Messaging/Flex/Component/LineSDKFlexMessageComponent.swift",
"Messaging/Flex/Component/LineSDKFlexSeparatorComponent.swift",
"Messaging/Flex/Component/LineSDKFlexTextComponent.swift",
"Messaging/Flex/Component/LineSDKSpacerComponent.swift",
"Messaging/Flex/LineSDKFlexBubbleContainer.swift",
"Messaging/Flex/LineSDKFlexCarouselContainer.swift",
"Messaging/Flex/LineSDKFlexMessageContainer.swift",
"Messaging/LineSDKAudioMessage.swift",
"Messaging/LineSDKFlexMessage.swift",
"Messaging/LineSDKImageMessage.swift",
"Messaging/LineSDKLocationMessage.swift",
"Messaging/LineSDKMessage.swift",
"Messaging/LineSDKMessagingResponse.swift",
"Messaging/LineSDKTemplateMessage.swift",
"Messaging/LineSDKTextMessage.swift",
"Messaging/LineSDKVideoMessage.swift",
"Messaging/Template/LineSDKTemplateButtonsPayload.swift",
"Messaging/Template/LineSDKTemplateCarouselPayload.swift",
"Messaging/Template/LineSDKTemplateConfirmPayload.swift",
"Messaging/Template/LineSDKTemplateImageCarouselPayload.swift",
"Networking/CustomizeCoding/LineSDKHexColor.swift",
"Networking/LineSDKAPI.swift",
"Networking/LineSDKAPIError.swift",
"Networking/LineSDKAuthAPI.swift",
"OpenChat/LineSDKOpenChatRoomJoinType.swift",
"OpenChat/LineSDKOpenChatRoomMembershipState.swift",
"OpenChat/LineSDKOpenChatRoomStatus.swift",
"Sharing/LineSDKMessageSendingToken.swift",
"Social/LineSDKGraphResponse.swift",
"Social/LineSDKGroup.swift",
"Social/LineSDKUser.swift",
"Utils/JSONConverter.swift",
"Utils/LineSDKConstant.swift",
"Utils/LinsSDKCallbackQueue.swift",
"Utils/Log.swift",
"Utils/ResultExtensions.swift"
],
"target_dependencies" : [
"LineSDK"
],
"type" : "library"
},
{
"c99name" : "LineSDK",
"module_type" : "SwiftTarget",
"name" : "LineSDK",
"path" : "LineSDK/LineSDK",
"product_memberships" : [
"LineSDK",
"LineSDKObjC"
],
"resources" : [
{
"path" : "/Users/admin/builder/spi-builder-workspace/LineSDK/LineSDK/Assets.xcassets",
"rule" : {
"process" : {
}
}
},
{
"path" : "/Users/admin/builder/spi-builder-workspace/LineSDK/LineSDK/Resource.bundle",
"rule" : {
"process" : {
}
}
}
],
"sources" : [
"Crypto/Algorithms/ECDSA.swift",
"Crypto/Algorithms/RSA.swift",
"Crypto/CryptoAlgorithm.swift",
"Crypto/CryptoData.swift",
"Crypto/CryptoError.swift",
"Crypto/CryptoHelpers.swift",
"Crypto/CryptoKey.swift",
"Crypto/GetDiscoveryDocumentRequest.swift",
"Crypto/GetJWKSetRequest.swift",
"Crypto/JWK/JWA.swift",
"Crypto/JWK/JWK.swift",
"Crypto/JWK/JWKSet.swift",
"Crypto/JWT/JWT.swift",
"Crypto/JWT/JWTCoder.swift",
"Crypto/JWT/JWTHelpers.swift",
"Friendship/Request/GetBotFriendshipStatus.swift",
"General/LineSDKError.swift",
"Graph/Model/Group.swift",
"Graph/Model/User.swift",
"Graph/Request/GetApproversInFriendsRequest.swift",
"Graph/Request/GetApproversInGroupRequest.swift",
"Graph/Request/GetFriendsRequest.swift",
"Graph/Request/GetGroupsRequest.swift",
"Graph/Request/GetShareFriendsRequest.swift",
"Graph/Request/GetShareGroupsRequest.swift",
"LineSDKUI/AuthorizationStatus.swift",
"LineSDKUI/Base/StyleNavigationController.swift",
"LineSDKUI/LoginButton.swift",
"LineSDKUI/OpenChatUI/Model/FormEntry.swift",
"LineSDKUI/OpenChatUI/Model/FormSection.swift",
"LineSDKUI/OpenChatUI/Model/OpenChatCategoryExtensions.swift",
"LineSDKUI/OpenChatUI/Public/OpenChatCreatingController.swift",
"LineSDKUI/OpenChatUI/Public/OpenChatCreatingControllerDelegate.swift",
"LineSDKUI/OpenChatUI/View/CountLimitedTextView.swift",
"LineSDKUI/OpenChatUI/View/OpenChatRoomDescriptionTableViewCell.swift",
"LineSDKUI/OpenChatUI/View/OpenChatRoomNameTableViewCell.swift",
"LineSDKUI/OpenChatUI/View/ToastView.swift",
"LineSDKUI/OpenChatUI/View/VerticallyCenteredTextView.swift",
"LineSDKUI/OpenChatUI/ViewControllers/OpenChatCreatingNavigationController.swift",
"LineSDKUI/OpenChatUI/ViewControllers/OpenChatRoomInfoViewController.swift",
"LineSDKUI/OpenChatUI/ViewControllers/OpenChatUserProfileViewController.swift",
"LineSDKUI/OpenChatUI/ViewControllers/OptionSelectingViewController.swift",
"LineSDKUI/ResourceLoading.swift",
"LineSDKUI/SharingUI/Model/ColumnDataStore.swift",
"LineSDKUI/SharingUI/PageViewController/PageTabView.swift",
"LineSDKUI/SharingUI/PageViewController/PageViewController.swift",
"LineSDKUI/SharingUI/Public/MessageShareTargetType.swift",
"LineSDKUI/SharingUI/Public/ShareTarget.swift",
"LineSDKUI/SharingUI/Public/ShareViewController.swift",
"LineSDKUI/SharingUI/Public/ShareViewControllerDelegate.swift",
"LineSDKUI/SharingUI/SelectedPanel/SelectedTargetPanelCell.swift",
"LineSDKUI/SharingUI/SelectedPanel/SelectedTargetPanelViewController.swift",
"LineSDKUI/SharingUI/TargetSearch/ShareTargetSearchResultTableViewController.swift",
"LineSDKUI/SharingUI/TargetSearch/ShareTargetSearchResultViewController.swift",
"LineSDKUI/SharingUI/TargetSearch/ShareTargetSelectingSectionHeaderView.swift",
"LineSDKUI/SharingUI/TargetSelecting/ShareRootViewController.swift",
"LineSDKUI/SharingUI/TargetSelecting/ShareTargetSearchController.swift",
"LineSDKUI/SharingUI/TargetSelecting/ShareTargetSelectingTableCell.swift",
"LineSDKUI/SharingUI/TargetSelecting/ShareTargetSelectingViewController.swift",
"LineSDKUI/SharingUI/TargetSelecting/ShareTargetTableViewStyling.swift",
"Login/LoginConfiguration.swift",
"Login/LoginFlowFactory.swift",
"Login/LoginManager.swift",
"Login/LoginManagerOptions.swift",
"Login/LoginManagerParameters.swift",
"Login/LoginPermission.swift",
"Login/LoginProcess.swift",
"Login/LoginProcessURLResponse.swift",
"Login/LoginResult.swift",
"Login/Model/AccessToken.swift",
"Login/Model/AccessTokenStore.swift",
"Login/Model/AccessTokenVerifyResult.swift",
"Login/Model/UserProfile.swift",
"Login/PKCE/PKCE.swift",
"Login/Request/GetUserProfileRequest.swift",
"Login/Request/GetVerifyTokenRequest.swift",
"Login/Request/PostExchangeTokenRequest.swift",
"Login/Request/PostRefreshTokenRequest.swift",
"Login/Request/PostRevokeTokenRequest.swift",
"Messaging/Model/Actions/MessageAction.swift",
"Messaging/Model/AudioMessage.swift",
"Messaging/Model/Flex/Component/FlexBoxComponent.swift",
"Messaging/Model/Flex/Component/FlexButtonComponent.swift",
"Messaging/Model/Flex/Component/FlexFillerComponent.swift",
"Messaging/Model/Flex/Component/FlexIconComponent.swift",
"Messaging/Model/Flex/Component/FlexImageComponent.swift",
"Messaging/Model/Flex/Component/FlexMessageComponent.swift",
"Messaging/Model/Flex/Component/FlexMessageProperties.swift",
"Messaging/Model/Flex/Component/FlexSeparatorComponent.swift",
"Messaging/Model/Flex/Component/FlexSpacerComponent.swift",
"Messaging/Model/Flex/Component/FlexTextComponent.swift",
"Messaging/Model/Flex/Container/FlexBubbleContainer.swift",
"Messaging/Model/Flex/Container/FlexCarouselContainer.swift",
"Messaging/Model/Flex/Container/FlexMessageContainer.swift",
"Messaging/Model/Flex/Style/FlexBlockStyle.swift",
"Messaging/Model/FlexMessage.swift",
"Messaging/Model/ImageMessage.swift",
"Messaging/Model/LocationMessage.swift",
"Messaging/Model/Message.swift",
"Messaging/Model/MessageProtocols.swift",
"Messaging/Model/MessageSender.swift",
"Messaging/Model/Template/Payloads/TemplateButtonsPayload.swift",
"Messaging/Model/Template/Payloads/TemplateCarouselPayload.swift",
"Messaging/Model/Template/Payloads/TemplateConfirmPayload.swift",
"Messaging/Model/Template/Payloads/TemplateImageCarouselPayload.swift",
"Messaging/Model/Template/Payloads/TemplateMessagePayload.swift",
"Messaging/Model/Template/Payloads/TemplateMessageProperties.swift",
"Messaging/Model/TemplateMessage.swift",
"Messaging/Model/TextMessage.swift",
"Messaging/Model/VideoMessage.swift",
"Messaging/Request/PostMessageSendingTokenIssueRequest.swift",
"Messaging/Request/PostMultisendMessagesRequest.swift",
"Messaging/Request/PostMultisendMessagesWithTokenRequest.swift",
"Messaging/Request/PostSendMessagesRequest.swift",
"Networking/API/API+Auth.swift",
"Networking/API/API+Deprecated.swift",
"Networking/API/API+Internal.swift",
"Networking/API/API.swift",
"Networking/Client/ChainedPaginatedRequest.swift",
"Networking/Client/ParametersAdapter.swift",
"Networking/Client/Request.swift",
"Networking/Client/RequestAdapter.swift",
"Networking/Client/ResponsePipeline.swift",
"Networking/Client/Session.swift",
"Networking/Images/DownloadableImageView.swift",
"Networking/Images/ImageDownloader.swift",
"Networking/Images/ImageManager.swift",
"Networking/Model/APIError.swift",
"Networking/Model/CustomizeCoding/CodingExtension.swift",
"Networking/Model/CustomizeCoding/HexColor.swift",
"Networking/Model/Unit.swift",
"OpenChat/Model/OpenChatCategory.swift",
"OpenChat/Model/OpenChatCreatingFormItem.swift",
"OpenChat/Model/OpenChatRoomCreatingItem.swift",
"OpenChat/Request/GetOpenChatRoomJoinTypeRequest.swift",
"OpenChat/Request/GetOpenChatRoomMembershipStateRequest.swift",
"OpenChat/Request/GetOpenChatRoomStatusRequest.swift",
"OpenChat/Request/GetOpenChatTermAgreementStatusRequest.swift",
"OpenChat/Request/PostOpenChatCreateRequest.swift",
"OpenChat/Request/PostOpenChatRoomJoinRequest.swift",
"Utils/CallbackQueue.swift",
"Utils/Colors.swift",
"Utils/Constant.swift",
"Utils/Delegate.swift",
"Utils/Helpers.swift",
"Utils/KeyboardObservable.swift",
"Utils/KeychainStore.swift",
"Utils/LoadingIndicator.swift",
"Utils/NotificationToken.swift",
"Utils/ResultUtils.swift",
"Utils/String.swift",
"Utils/URLs.swift",
"Utils/UserDefaultsValue.swift"
],
"type" : "library"
}
],
"tools_version" : "5.3"
}
{
"workspace" : {
"name" : "LineSDK",
"schemes" : [
"LineSDK",
"LineSDK-Package",
"LineSDKObjC"
]
}
}
2026-09-26 08:17:12.123 xcodebuild[835:5296] [MT] IDERunDestination: Supported platforms for the buildables in the current scheme is empty.
{
"workspace" : {
"name" : "LineSDK",
"schemes" : [
"LineSDK",
"LineSDK-Package",
"LineSDKObjC"
]
}
}
2026-09-26 08:17:13.170 xcodebuild[837:5326] [MT] IDERunDestination: Supported platforms for the buildables in the current scheme is empty.
Running build ...
env DEVELOPER_DIR=/Applications/Xcode-27.0.0-Release.Candidate.app xcrun xcodebuild -IDEClonedSourcePackagesDirPathOverride=$PWD/.dependencies -skipMacroValidation -skipPackagePluginValidation -derivedDataPath $PWD/.derivedData build -scheme LineSDK-Package -destination generic/platform=xrOS
Command line invocation:
/Applications/Xcode-27.0.0-Release.Candidate.app/Contents/Developer/usr/bin/xcodebuild -IDEClonedSourcePackagesDirPathOverride=/Users/admin/builder/spi-builder-workspace/.dependencies -skipMacroValidation -skipPackagePluginValidation -derivedDataPath /Users/admin/builder/spi-builder-workspace/.derivedData build -scheme LineSDK-Package -destination generic/platform=xrOS
Resolve Package Graph
Resolved source packages:
LineSDK: /Users/admin/builder/spi-builder-workspace
ComputePackagePrebuildTargetDependencyGraph
Prepare packages
CreateBuildRequest
SendProjectDescription
CreateBuildOperation
ComputeTargetDependencyGraph
note: Building targets in dependency order
note: Target dependency graph (5 targets)
Target 'LineSDKObjC-product' in project 'LineSDK'
➜ Explicit dependency on target 'LineSDKObjC' in project 'LineSDK'
➜ Explicit dependency on target 'LineSDK' in project 'LineSDK'
Target 'LineSDKObjC' in project 'LineSDK'
➜ Explicit dependency on target 'LineSDK' in project 'LineSDK'
Target 'LineSDK-product' in project 'LineSDK'
➜ Explicit dependency on target 'LineSDK' in project 'LineSDK'
➜ Explicit dependency on target 'LineSDK_LineSDK' in project 'LineSDK'
Target 'LineSDK' in project 'LineSDK'
➜ Explicit dependency on target 'LineSDK_LineSDK' in project 'LineSDK'
Target 'LineSDK_LineSDK' in project 'LineSDK' (no dependencies)
GatherProvisioningInputs
CreateBuildDescription
ClangStatCache /Applications/Xcode-27.0.0-Release.Candidate.app/Contents/Developer/Toolchains/XcodeDefault.xctoolchain/usr/bin/clang-stat-cache /Applications/Xcode-27.0.0-Release.Candidate.app/Contents/Developer/Platforms/XROS.platform/Developer/SDKs/XROS27.0.sdk /Users/admin/builder/spi-builder-workspace/.derivedData/SDKStatCaches.noindex/xros27.0-24M361-e829b21a6f8c9b70876ba0858053c044735bd543db762f57723cac368afd1ce4.sdkstatcache
cd /Users/admin/builder/spi-builder-workspace/.swiftpm/xcode
/Applications/Xcode-27.0.0-Release.Candidate.app/Contents/Developer/Toolchains/XcodeDefault.xctoolchain/usr/bin/clang-stat-cache /Applications/Xcode-27.0.0-Release.Candidate.app/Contents/Developer/Platforms/XROS.platform/Developer/SDKs/XROS27.0.sdk -o /Users/admin/builder/spi-builder-workspace/.derivedData/SDKStatCaches.noindex/xros27.0-24M361-e829b21a6f8c9b70876ba0858053c044735bd543db762f57723cac368afd1ce4.sdkstatcache
SwiftDriver LineSDK normal arm64 com.apple.xcode.tools.swift.compiler (in target 'LineSDK' from project 'LineSDK')
cd /Users/admin/builder/spi-builder-workspace/.swiftpm/xcode
builtin-SwiftDriver -- /Applications/Xcode-27.0.0-Release.Candidate.app/Contents/Developer/Toolchains/XcodeDefault.xctoolchain/usr/bin/swiftc -parse-as-library -module-name LineSDK -Onone @/Users/admin/builder/spi-builder-workspace/.derivedData/Build/Intermediates.noindex/LineSDK.build/Debug-xros/LineSDK-t.build/Objects-normal/arm64/LineSDK.SwiftFileList -DSWIFT_PACKAGE -DDEBUG -DSWIFT_MODULE_RESOURCE_BUNDLE_AVAILABLE -DXcode -plugin-path /Applications/Xcode-27.0.0-Release.Candidate.app/Contents/Developer/Toolchains/XcodeDefault.xctoolchain/usr/lib/swift/host/plugins/testing -enable-experimental-feature DebugDescriptionMacro -sdk /Applications/Xcode-27.0.0-Release.Candidate.app/Contents/Developer/Platforms/XROS.platform/Developer/SDKs/XROS27.0.sdk -target arm64-apple-xros1.0 -g -module-cache-path /Users/admin/builder/spi-builder-workspace/.derivedData/ModuleCache.noindex -Xfrontend -serialize-debugging-options -enable-testing -index-store-path /Users/admin/builder/spi-builder-workspace/.derivedData/Index.noindex/DataStore -Xcc -D_LIBCPP_HARDENING_MODE\=_LIBCPP_HARDENING_MODE_DEBUG -swift-version 5 -I /Users/admin/builder/spi-builder-workspace/.derivedData/Build/Products/Debug-xros -Isystem /Applications/Xcode-27.0.0-Release.Candidate.app/Contents/Developer/Platforms/XROS.platform/Developer/usr/lib -F /Users/admin/builder/spi-builder-workspace/.derivedData/Build/Products/Debug-xros -F /Applications/Xcode-27.0.0-Release.Candidate.app/Contents/Developer/Platforms/XROS.platform/Developer/Library/Frameworks -F /Applications/Xcode-27.0.0-Release.Candidate.app/Contents/Developer/Platforms/XROS.platform/Developer/SDKs/XROS27.0.sdk/Developer/Library/Frameworks -emit-localized-strings -emit-localized-strings-path /Users/admin/builder/spi-builder-workspace/.derivedData/Build/Intermediates.noindex/LineSDK.build/Debug-xros/LineSDK-t.build/Objects-normal/arm64 -c -j10 -enable-batch-mode -incremental -Xcc -ivfsstatcache -Xcc /Users/admin/builder/spi-builder-workspace/.derivedData/SDKStatCaches.noindex/xros27.0-24M361-e829b21a6f8c9b70876ba0858053c044735bd543db762f57723cac368afd1ce4.sdkstatcache -output-file-map /Users/admin/builder/spi-builder-workspace/.derivedData/Build/Intermediates.noindex/LineSDK.build/Debug-xros/LineSDK-t.build/Objects-normal/arm64/LineSDK-OutputFileMap.json -save-temps -no-color-diagnostics -explicit-module-build -module-cache-path /Users/admin/builder/spi-builder-workspace/.derivedData/Build/Intermediates.noindex/SwiftExplicitPrecompiledModules -clang-scanner-module-cache-path /Users/admin/builder/spi-builder-workspace/.derivedData/ModuleCache.noindex -sdk-module-cache-path /Users/admin/builder/spi-builder-workspace/.derivedData/SDKExplicitPrecompiledModules -emit-dependencies -emit-module -emit-module-path /Users/admin/builder/spi-builder-workspace/.derivedData/Build/Intermediates.noindex/LineSDK.build/Debug-xros/LineSDK-t.build/Objects-normal/arm64/LineSDK.swiftmodule -serialize-diagnostics -dependency-scan-serialize-diagnostics-path /Users/admin/builder/spi-builder-workspace/.derivedData/Build/Intermediates.noindex/LineSDK.build/Debug-xros/LineSDK-t.build/Objects-normal/arm64/LineSDK-dependency-scan.dia -validate-clang-modules-once -clang-build-session-file /Users/admin/builder/spi-builder-workspace/.derivedData/ModuleCache.noindex/Session.modulevalidation -Xcc -fmodules-prune-interval\=86400 -Xcc -fmodules-prune-after\=345600 -emit-const-values -const-gather-protocols-list /Users/admin/builder/spi-builder-workspace/.derivedData/Build/Intermediates.noindex/LineSDK.build/Debug-xros/LineSDK-t.build/Objects-normal/arm64/LineSDK_const_extract_protocols.json -Xcc -I/Users/admin/builder/spi-builder-workspace/.derivedData/Build/Products/Debug-xros/include -Xcc -I/Users/admin/builder/spi-builder-workspace/.derivedData/Build/Intermediates.noindex/LineSDK.build/Debug-xros/LineSDK-t.build/DerivedSources-normal/arm64 -Xcc -I/Users/admin/builder/spi-builder-workspace/.derivedData/Build/Intermediates.noindex/LineSDK.build/Debug-xros/LineSDK-t.build/DerivedSources/arm64 -Xcc -I/Users/admin/builder/spi-builder-workspace/.derivedData/Build/Intermediates.noindex/LineSDK.build/Debug-xros/LineSDK-t.build/DerivedSources -Xcc -DSWIFT_PACKAGE -Xcc -DDEBUG\=1 -emit-objc-header -emit-objc-header-path /Users/admin/builder/spi-builder-workspace/.derivedData/Build/Intermediates.noindex/LineSDK.build/Debug-xros/LineSDK-t.build/Objects-normal/arm64/LineSDK-Swift.h -working-directory /Users/admin/builder/spi-builder-workspace/.swiftpm/xcode -experimental-emit-module-separately -disable-cmo
SwiftCompile normal arm64 Compiling\ GetBotFriendshipStatus.swift,\ LineSDKError.swift,\ Group.swift,\ User.swift,\ GetApproversInFriendsRequest.swift,\ GetApproversInGroupRequest.swift,\ GetFriendsRequest.swift,\ GetGroupsRequest.swift,\ GetShareFriendsRequest.swift,\ GetShareGroupsRequest.swift,\ AuthorizationStatus.swift,\ StyleNavigationController.swift,\ LoginButton.swift,\ FormEntry.swift,\ FormSection.swift,\ OpenChatCategoryExtensions.swift /Users/admin/builder/spi-builder-workspace/LineSDK/LineSDK/Friendship/Request/GetBotFriendshipStatus.swift /Users/admin/builder/spi-builder-workspace/LineSDK/LineSDK/General/LineSDKError.swift /Users/admin/builder/spi-builder-workspace/LineSDK/LineSDK/Graph/Model/Group.swift /Users/admin/builder/spi-builder-workspace/LineSDK/LineSDK/Graph/Model/User.swift /Users/admin/builder/spi-builder-workspace/LineSDK/LineSDK/Graph/Request/GetApproversInFriendsRequest.swift /Users/admin/builder/spi-builder-workspace/LineSDK/LineSDK/Graph/Request/GetApproversInGroupRequest.swift /Users/admin/builder/spi-builder-workspace/LineSDK/LineSDK/Graph/Request/GetFriendsRequest.swift /Users/admin/builder/spi-builder-workspace/LineSDK/LineSDK/Graph/Request/GetGroupsRequest.swift /Users/admin/builder/spi-builder-workspace/LineSDK/LineSDK/Graph/Request/GetShareFriendsRequest.swift /Users/admin/builder/spi-builder-workspace/LineSDK/LineSDK/Graph/Request/GetShareGroupsRequest.swift /Users/admin/builder/spi-builder-workspace/LineSDK/LineSDK/LineSDKUI/AuthorizationStatus.swift /Users/admin/builder/spi-builder-workspace/LineSDK/LineSDK/LineSDKUI/Base/StyleNavigationController.swift /Users/admin/builder/spi-builder-workspace/LineSDK/LineSDK/LineSDKUI/LoginButton.swift /Users/admin/builder/spi-builder-workspace/LineSDK/LineSDK/LineSDKUI/OpenChatUI/Model/FormEntry.swift /Users/admin/builder/spi-builder-workspace/LineSDK/LineSDK/LineSDKUI/OpenChatUI/Model/FormSection.swift /Users/admin/builder/spi-builder-workspace/LineSDK/LineSDK/LineSDKUI/OpenChatUI/Model/OpenChatCategoryExtensions.swift (in target 'LineSDK' from project 'LineSDK')
SwiftCompile normal arm64 /Users/admin/builder/spi-builder-workspace/LineSDK/LineSDK/Friendship/Request/GetBotFriendshipStatus.swift (in target 'LineSDK' from project 'LineSDK')
cd /Users/admin/builder/spi-builder-workspace/.swiftpm/xcode
builtin-SwiftPerFileCompile GetBotFriendshipStatus.swift
SwiftCompile normal arm64 /Users/admin/builder/spi-builder-workspace/LineSDK/LineSDK/General/LineSDKError.swift (in target 'LineSDK' from project 'LineSDK')
cd /Users/admin/builder/spi-builder-workspace/.swiftpm/xcode
builtin-SwiftPerFileCompile LineSDKError.swift
SwiftCompile normal arm64 /Users/admin/builder/spi-builder-workspace/LineSDK/LineSDK/Graph/Model/Group.swift (in target 'LineSDK' from project 'LineSDK')
cd /Users/admin/builder/spi-builder-workspace/.swiftpm/xcode
builtin-SwiftPerFileCompile Group.swift
SwiftCompile normal arm64 /Users/admin/builder/spi-builder-workspace/LineSDK/LineSDK/Graph/Model/User.swift (in target 'LineSDK' from project 'LineSDK')
cd /Users/admin/builder/spi-builder-workspace/.swiftpm/xcode
builtin-SwiftPerFileCompile User.swift
SwiftCompile normal arm64 /Users/admin/builder/spi-builder-workspace/LineSDK/LineSDK/Graph/Request/GetApproversInFriendsRequest.swift (in target 'LineSDK' from project 'LineSDK')
cd /Users/admin/builder/spi-builder-workspace/.swiftpm/xcode
builtin-SwiftPerFileCompile GetApproversInFriendsRequest.swift
SwiftCompile normal arm64 /Users/admin/builder/spi-builder-workspace/LineSDK/LineSDK/Graph/Request/GetApproversInGroupRequest.swift (in target 'LineSDK' from project 'LineSDK')
cd /Users/admin/builder/spi-builder-workspace/.swiftpm/xcode
builtin-SwiftPerFileCompile GetApproversInGroupRequest.swift
SwiftCompile normal arm64 /Users/admin/builder/spi-builder-workspace/LineSDK/LineSDK/Graph/Request/GetFriendsRequest.swift (in target 'LineSDK' from project 'LineSDK')
cd /Users/admin/builder/spi-builder-workspace/.swiftpm/xcode
builtin-SwiftPerFileCompile GetFriendsRequest.swift
SwiftCompile normal arm64 /Users/admin/builder/spi-builder-workspace/LineSDK/LineSDK/Graph/Request/GetGroupsRequest.swift (in target 'LineSDK' from project 'LineSDK')
cd /Users/admin/builder/spi-builder-workspace/.swiftpm/xcode
builtin-SwiftPerFileCompile GetGroupsRequest.swift
SwiftCompile normal arm64 /Users/admin/builder/spi-builder-workspace/LineSDK/LineSDK/Graph/Request/GetShareFriendsRequest.swift (in target 'LineSDK' from project 'LineSDK')
cd /Users/admin/builder/spi-builder-workspace/.swiftpm/xcode
builtin-SwiftPerFileCompile GetShareFriendsRequest.swift
SwiftCompile normal arm64 /Users/admin/builder/spi-builder-workspace/LineSDK/LineSDK/Graph/Request/GetShareGroupsRequest.swift (in target 'LineSDK' from project 'LineSDK')
cd /Users/admin/builder/spi-builder-workspace/.swiftpm/xcode
builtin-SwiftPerFileCompile GetShareGroupsRequest.swift
SwiftCompile normal arm64 /Users/admin/builder/spi-builder-workspace/LineSDK/LineSDK/LineSDKUI/AuthorizationStatus.swift (in target 'LineSDK' from project 'LineSDK')
cd /Users/admin/builder/spi-builder-workspace/.swiftpm/xcode
builtin-SwiftPerFileCompile AuthorizationStatus.swift
SwiftCompile normal arm64 /Users/admin/builder/spi-builder-workspace/LineSDK/LineSDK/LineSDKUI/Base/StyleNavigationController.swift (in target 'LineSDK' from project 'LineSDK')
cd /Users/admin/builder/spi-builder-workspace/.swiftpm/xcode
builtin-SwiftPerFileCompile StyleNavigationController.swift
SwiftCompile normal arm64 /Users/admin/builder/spi-builder-workspace/LineSDK/LineSDK/LineSDKUI/LoginButton.swift (in target 'LineSDK' from project 'LineSDK')
cd /Users/admin/builder/spi-builder-workspace/.swiftpm/xcode
builtin-SwiftPerFileCompile LoginButton.swift
SwiftCompile normal arm64 /Users/admin/builder/spi-builder-workspace/LineSDK/LineSDK/LineSDKUI/OpenChatUI/Model/FormEntry.swift (in target 'LineSDK' from project 'LineSDK')
cd /Users/admin/builder/spi-builder-workspace/.swiftpm/xcode
builtin-SwiftPerFileCompile FormEntry.swift
SwiftCompile normal arm64 /Users/admin/builder/spi-builder-workspace/LineSDK/LineSDK/LineSDKUI/OpenChatUI/Model/FormSection.swift (in target 'LineSDK' from project 'LineSDK')
cd /Users/admin/builder/spi-builder-workspace/.swiftpm/xcode
builtin-SwiftPerFileCompile FormSection.swift
SwiftCompile normal arm64 /Users/admin/builder/spi-builder-workspace/LineSDK/LineSDK/LineSDKUI/OpenChatUI/Model/OpenChatCategoryExtensions.swift (in target 'LineSDK' from project 'LineSDK')
cd /Users/admin/builder/spi-builder-workspace/.swiftpm/xcode
builtin-SwiftPerFileCompile OpenChatCategoryExtensions.swift
SwiftCompile normal arm64 Compiling\ resource_bundle_accessor.swift,\ ECDSA.swift,\ RSA.swift,\ CryptoAlgorithm.swift,\ CryptoData.swift,\ CryptoError.swift,\ CryptoHelpers.swift,\ CryptoKey.swift,\ GetDiscoveryDocumentRequest.swift,\ GetJWKSetRequest.swift,\ JWA.swift,\ JWK.swift,\ JWKSet.swift,\ JWT.swift,\ JWTCoder.swift,\ JWTHelpers.swift /Users/admin/builder/spi-builder-workspace/.derivedData/Build/Intermediates.noindex/LineSDK.build/Debug-xros/LineSDK-t.build/DerivedSources/resource_bundle_accessor.swift /Users/admin/builder/spi-builder-workspace/LineSDK/LineSDK/Crypto/Algorithms/ECDSA.swift /Users/admin/builder/spi-builder-workspace/LineSDK/LineSDK/Crypto/Algorithms/RSA.swift /Users/admin/builder/spi-builder-workspace/LineSDK/LineSDK/Crypto/CryptoAlgorithm.swift /Users/admin/builder/spi-builder-workspace/LineSDK/LineSDK/Crypto/CryptoData.swift /Users/admin/builder/spi-builder-workspace/LineSDK/LineSDK/Crypto/CryptoError.swift /Users/admin/builder/spi-builder-workspace/LineSDK/LineSDK/Crypto/CryptoHelpers.swift /Users/admin/builder/spi-builder-workspace/LineSDK/LineSDK/Crypto/CryptoKey.swift /Users/admin/builder/spi-builder-workspace/LineSDK/LineSDK/Crypto/GetDiscoveryDocumentRequest.swift /Users/admin/builder/spi-builder-workspace/LineSDK/LineSDK/Crypto/GetJWKSetRequest.swift /Users/admin/builder/spi-builder-workspace/LineSDK/LineSDK/Crypto/JWK/JWA.swift /Users/admin/builder/spi-builder-workspace/LineSDK/LineSDK/Crypto/JWK/JWK.swift /Users/admin/builder/spi-builder-workspace/LineSDK/LineSDK/Crypto/JWK/JWKSet.swift /Users/admin/builder/spi-builder-workspace/LineSDK/LineSDK/Crypto/JWT/JWT.swift /Users/admin/builder/spi-builder-workspace/LineSDK/LineSDK/Crypto/JWT/JWTCoder.swift /Users/admin/builder/spi-builder-workspace/LineSDK/LineSDK/Crypto/JWT/JWTHelpers.swift (in target 'LineSDK' from project 'LineSDK')
SwiftCompile normal arm64 /Users/admin/builder/spi-builder-workspace/.derivedData/Build/Intermediates.noindex/LineSDK.build/Debug-xros/LineSDK-t.build/DerivedSources/resource_bundle_accessor.swift (in target 'LineSDK' from project 'LineSDK')
cd /Users/admin/builder/spi-builder-workspace/.swiftpm/xcode
builtin-SwiftPerFileCompile resource_bundle_accessor.swift
SwiftCompile normal arm64 /Users/admin/builder/spi-builder-workspace/LineSDK/LineSDK/Crypto/Algorithms/ECDSA.swift (in target 'LineSDK' from project 'LineSDK')
cd /Users/admin/builder/spi-builder-workspace/.swiftpm/xcode
builtin-SwiftPerFileCompile ECDSA.swift
SwiftCompile normal arm64 /Users/admin/builder/spi-builder-workspace/LineSDK/LineSDK/Crypto/Algorithms/RSA.swift (in target 'LineSDK' from project 'LineSDK')
cd /Users/admin/builder/spi-builder-workspace/.swiftpm/xcode
builtin-SwiftPerFileCompile RSA.swift
SwiftCompile normal arm64 /Users/admin/builder/spi-builder-workspace/LineSDK/LineSDK/Crypto/CryptoAlgorithm.swift (in target 'LineSDK' from project 'LineSDK')
cd /Users/admin/builder/spi-builder-workspace/.swiftpm/xcode
builtin-SwiftPerFileCompile CryptoAlgorithm.swift
SwiftCompile normal arm64 /Users/admin/builder/spi-builder-workspace/LineSDK/LineSDK/Crypto/CryptoData.swift (in target 'LineSDK' from project 'LineSDK')
cd /Users/admin/builder/spi-builder-workspace/.swiftpm/xcode
builtin-SwiftPerFileCompile CryptoData.swift
SwiftCompile normal arm64 /Users/admin/builder/spi-builder-workspace/LineSDK/LineSDK/Crypto/CryptoError.swift (in target 'LineSDK' from project 'LineSDK')
cd /Users/admin/builder/spi-builder-workspace/.swiftpm/xcode
builtin-SwiftPerFileCompile CryptoError.swift
SwiftCompile normal arm64 /Users/admin/builder/spi-builder-workspace/LineSDK/LineSDK/Crypto/CryptoHelpers.swift (in target 'LineSDK' from project 'LineSDK')
cd /Users/admin/builder/spi-builder-workspace/.swiftpm/xcode
builtin-SwiftPerFileCompile CryptoHelpers.swift
SwiftCompile normal arm64 /Users/admin/builder/spi-builder-workspace/LineSDK/LineSDK/Crypto/CryptoKey.swift (in target 'LineSDK' from project 'LineSDK')
cd /Users/admin/builder/spi-builder-workspace/.swiftpm/xcode
builtin-SwiftPerFileCompile CryptoKey.swift
SwiftCompile normal arm64 /Users/admin/builder/spi-builder-workspace/LineSDK/LineSDK/Crypto/GetDiscoveryDocumentRequest.swift (in target 'LineSDK' from project 'LineSDK')
cd /Users/admin/builder/spi-builder-workspace/.swiftpm/xcode
builtin-SwiftPerFileCompile GetDiscoveryDocumentRequest.swift
SwiftCompile normal arm64 /Users/admin/builder/spi-builder-workspace/LineSDK/LineSDK/Crypto/GetJWKSetRequest.swift (in target 'LineSDK' from project 'LineSDK')
cd /Users/admin/builder/spi-builder-workspace/.swiftpm/xcode
builtin-SwiftPerFileCompile GetJWKSetRequest.swift
SwiftCompile normal arm64 /Users/admin/builder/spi-builder-workspace/LineSDK/LineSDK/Crypto/JWK/JWA.swift (in target 'LineSDK' from project 'LineSDK')
cd /Users/admin/builder/spi-builder-workspace/.swiftpm/xcode
builtin-SwiftPerFileCompile JWA.swift
SwiftCompile normal arm64 /Users/admin/builder/spi-builder-workspace/LineSDK/LineSDK/Crypto/JWK/JWK.swift (in target 'LineSDK' from project 'LineSDK')
cd /Users/admin/builder/spi-builder-workspace/.swiftpm/xcode
builtin-SwiftPerFileCompile JWK.swift
SwiftCompile normal arm64 /Users/admin/builder/spi-builder-workspace/LineSDK/LineSDK/Crypto/JWK/JWKSet.swift (in target 'LineSDK' from project 'LineSDK')
cd /Users/admin/builder/spi-builder-workspace/.swiftpm/xcode
builtin-SwiftPerFileCompile JWKSet.swift
SwiftCompile normal arm64 /Users/admin/builder/spi-builder-workspace/LineSDK/LineSDK/Crypto/JWT/JWT.swift (in target 'LineSDK' from project 'LineSDK')
cd /Users/admin/builder/spi-builder-workspace/.swiftpm/xcode
builtin-SwiftPerFileCompile JWT.swift
SwiftCompile normal arm64 /Users/admin/builder/spi-builder-workspace/LineSDK/LineSDK/Crypto/JWT/JWTCoder.swift (in target 'LineSDK' from project 'LineSDK')
cd /Users/admin/builder/spi-builder-workspace/.swiftpm/xcode
builtin-SwiftPerFileCompile JWTCoder.swift
SwiftCompile normal arm64 /Users/admin/builder/spi-builder-workspace/LineSDK/LineSDK/Crypto/JWT/JWTHelpers.swift (in target 'LineSDK' from project 'LineSDK')
cd /Users/admin/builder/spi-builder-workspace/.swiftpm/xcode
builtin-SwiftPerFileCompile JWTHelpers.swift
SwiftCompile normal arm64 Compiling\ ShareTarget.swift,\ ShareViewController.swift,\ ShareViewControllerDelegate.swift,\ SelectedTargetPanelCell.swift,\ SelectedTargetPanelViewController.swift,\ ShareTargetSearchResultTableViewController.swift,\ ShareTargetSearchResultViewController.swift,\ ShareTargetSelectingSectionHeaderView.swift,\ ShareRootViewController.swift,\ ShareTargetSearchController.swift,\ ShareTargetSelectingTableCell.swift,\ ShareTargetSelectingViewController.swift,\ ShareTargetTableViewStyling.swift,\ LoginConfiguration.swift,\ LoginFlowFactory.swift,\ LoginManager.swift /Users/admin/builder/spi-builder-workspace/LineSDK/LineSDK/LineSDKUI/SharingUI/Public/ShareTarget.swift /Users/admin/builder/spi-builder-workspace/LineSDK/LineSDK/LineSDKUI/SharingUI/Public/ShareViewController.swift /Users/admin/builder/spi-builder-workspace/LineSDK/LineSDK/LineSDKUI/SharingUI/Public/ShareViewControllerDelegate.swift /Users/admin/builder/spi-builder-workspace/LineSDK/LineSDK/LineSDKUI/SharingUI/SelectedPanel/SelectedTargetPanelCell.swift /Users/admin/builder/spi-builder-workspace/LineSDK/LineSDK/LineSDKUI/SharingUI/SelectedPanel/SelectedTargetPanelViewController.swift /Users/admin/builder/spi-builder-workspace/LineSDK/LineSDK/LineSDKUI/SharingUI/TargetSearch/ShareTargetSearchResultTableViewController.swift /Users/admin/builder/spi-builder-workspace/LineSDK/LineSDK/LineSDKUI/SharingUI/TargetSearch/ShareTargetSearchResultViewController.swift /Users/admin/builder/spi-builder-workspace/LineSDK/LineSDK/LineSDKUI/SharingUI/TargetSearch/ShareTargetSelectingSectionHeaderView.swift /Users/admin/builder/spi-builder-workspace/LineSDK/LineSDK/LineSDKUI/SharingUI/TargetSelecting/ShareRootViewController.swift /Users/admin/builder/spi-builder-workspace/LineSDK/LineSDK/LineSDKUI/SharingUI/TargetSelecting/ShareTargetSearchController.swift /Users/admin/builder/spi-builder-workspace/LineSDK/LineSDK/LineSDKUI/SharingUI/TargetSelecting/ShareTargetSelectingTableCell.swift /Users/admin/builder/spi-builder-workspace/LineSDK/LineSDK/LineSDKUI/SharingUI/TargetSelecting/ShareTargetSelectingViewController.swift /Users/admin/builder/spi-builder-workspace/LineSDK/LineSDK/LineSDKUI/SharingUI/TargetSelecting/ShareTargetTableViewStyling.swift /Users/admin/builder/spi-builder-workspace/LineSDK/LineSDK/Login/LoginConfiguration.swift /Users/admin/builder/spi-builder-workspace/LineSDK/LineSDK/Login/LoginFlowFactory.swift /Users/admin/builder/spi-builder-workspace/LineSDK/LineSDK/Login/LoginManager.swift (in target 'LineSDK' from project 'LineSDK')
SwiftCompile normal arm64 /Users/admin/builder/spi-builder-workspace/LineSDK/LineSDK/LineSDKUI/SharingUI/Public/ShareTarget.swift (in target 'LineSDK' from project 'LineSDK')
cd /Users/admin/builder/spi-builder-workspace/.swiftpm/xcode
builtin-SwiftPerFileCompile ShareTarget.swift
SwiftCompile normal arm64 /Users/admin/builder/spi-builder-workspace/LineSDK/LineSDK/LineSDKUI/SharingUI/Public/ShareViewController.swift (in target 'LineSDK' from project 'LineSDK')
cd /Users/admin/builder/spi-builder-workspace/.swiftpm/xcode
builtin-SwiftPerFileCompile ShareViewController.swift
SwiftCompile normal arm64 /Users/admin/builder/spi-builder-workspace/LineSDK/LineSDK/LineSDKUI/SharingUI/Public/ShareViewControllerDelegate.swift (in target 'LineSDK' from project 'LineSDK')
cd /Users/admin/builder/spi-builder-workspace/.swiftpm/xcode
builtin-SwiftPerFileCompile ShareViewControllerDelegate.swift
SwiftCompile normal arm64 /Users/admin/builder/spi-builder-workspace/LineSDK/LineSDK/LineSDKUI/SharingUI/SelectedPanel/SelectedTargetPanelCell.swift (in target 'LineSDK' from project 'LineSDK')
cd /Users/admin/builder/spi-builder-workspace/.swiftpm/xcode
builtin-SwiftPerFileCompile SelectedTargetPanelCell.swift
SwiftCompile normal arm64 /Users/admin/builder/spi-builder-workspace/LineSDK/LineSDK/LineSDKUI/SharingUI/SelectedPanel/SelectedTargetPanelViewController.swift (in target 'LineSDK' from project 'LineSDK')
cd /Users/admin/builder/spi-builder-workspace/.swiftpm/xcode
builtin-SwiftPerFileCompile SelectedTargetPanelViewController.swift
SwiftCompile normal arm64 /Users/admin/builder/spi-builder-workspace/LineSDK/LineSDK/LineSDKUI/SharingUI/TargetSearch/ShareTargetSearchResultTableViewController.swift (in target 'LineSDK' from project 'LineSDK')
cd /Users/admin/builder/spi-builder-workspace/.swiftpm/xcode
builtin-SwiftPerFileCompile ShareTargetSearchResultTableViewController.swift
SwiftCompile normal arm64 /Users/admin/builder/spi-builder-workspace/LineSDK/LineSDK/LineSDKUI/SharingUI/TargetSearch/ShareTargetSearchResultViewController.swift (in target 'LineSDK' from project 'LineSDK')
cd /Users/admin/builder/spi-builder-workspace/.swiftpm/xcode
builtin-SwiftPerFileCompile ShareTargetSearchResultViewController.swift
SwiftCompile normal arm64 /Users/admin/builder/spi-builder-workspace/LineSDK/LineSDK/LineSDKUI/SharingUI/TargetSearch/ShareTargetSelectingSectionHeaderView.swift (in target 'LineSDK' from project 'LineSDK')
cd /Users/admin/builder/spi-builder-workspace/.swiftpm/xcode
builtin-SwiftPerFileCompile ShareTargetSelectingSectionHeaderView.swift
SwiftCompile normal arm64 /Users/admin/builder/spi-builder-workspace/LineSDK/LineSDK/LineSDKUI/SharingUI/TargetSelecting/ShareRootViewController.swift (in target 'LineSDK' from project 'LineSDK')
cd /Users/admin/builder/spi-builder-workspace/.swiftpm/xcode
builtin-SwiftPerFileCompile ShareRootViewController.swift
SwiftCompile normal arm64 /Users/admin/builder/spi-builder-workspace/LineSDK/LineSDK/LineSDKUI/SharingUI/TargetSelecting/ShareTargetSearchController.swift (in target 'LineSDK' from project 'LineSDK')
cd /Users/admin/builder/spi-builder-workspace/.swiftpm/xcode
builtin-SwiftPerFileCompile ShareTargetSearchController.swift
SwiftCompile normal arm64 /Users/admin/builder/spi-builder-workspace/LineSDK/LineSDK/LineSDKUI/SharingUI/TargetSelecting/ShareTargetSelectingTableCell.swift (in target 'LineSDK' from project 'LineSDK')
cd /Users/admin/builder/spi-builder-workspace/.swiftpm/xcode
builtin-SwiftPerFileCompile ShareTargetSelectingTableCell.swift
SwiftCompile normal arm64 /Users/admin/builder/spi-builder-workspace/LineSDK/LineSDK/LineSDKUI/SharingUI/TargetSelecting/ShareTargetSelectingViewController.swift (in target 'LineSDK' from project 'LineSDK')
cd /Users/admin/builder/spi-builder-workspace/.swiftpm/xcode
builtin-SwiftPerFileCompile ShareTargetSelectingViewController.swift
SwiftCompile normal arm64 /Users/admin/builder/spi-builder-workspace/LineSDK/LineSDK/LineSDKUI/SharingUI/TargetSelecting/ShareTargetTableViewStyling.swift (in target 'LineSDK' from project 'LineSDK')
cd /Users/admin/builder/spi-builder-workspace/.swiftpm/xcode
builtin-SwiftPerFileCompile ShareTargetTableViewStyling.swift
SwiftCompile normal arm64 /Users/admin/builder/spi-builder-workspace/LineSDK/LineSDK/Login/LoginConfiguration.swift (in target 'LineSDK' from project 'LineSDK')
cd /Users/admin/builder/spi-builder-workspace/.swiftpm/xcode
builtin-SwiftPerFileCompile LoginConfiguration.swift
SwiftCompile normal arm64 /Users/admin/builder/spi-builder-workspace/LineSDK/LineSDK/Login/LoginFlowFactory.swift (in target 'LineSDK' from project 'LineSDK')
cd /Users/admin/builder/spi-builder-workspace/.swiftpm/xcode
builtin-SwiftPerFileCompile LoginFlowFactory.swift
SwiftCompile normal arm64 /Users/admin/builder/spi-builder-workspace/LineSDK/LineSDK/Login/LoginManager.swift (in target 'LineSDK' from project 'LineSDK')
cd /Users/admin/builder/spi-builder-workspace/.swiftpm/xcode
builtin-SwiftPerFileCompile LoginManager.swift
SwiftCompile normal arm64 Compiling\ LoginManagerOptions.swift,\ LoginManagerParameters.swift,\ LoginPermission.swift,\ LoginProcess.swift,\ LoginProcessURLResponse.swift,\ LoginResult.swift,\ AccessToken.swift,\ AccessTokenStore.swift,\ AccessTokenVerifyResult.swift,\ UserProfile.swift,\ PKCE.swift,\ GetUserProfileRequest.swift,\ GetVerifyTokenRequest.swift,\ PostExchangeTokenRequest.swift,\ PostRefreshTokenRequest.swift,\ PostRevokeTokenRequest.swift /Users/admin/builder/spi-builder-workspace/LineSDK/LineSDK/Login/LoginManagerOptions.swift /Users/admin/builder/spi-builder-workspace/LineSDK/LineSDK/Login/LoginManagerParameters.swift /Users/admin/builder/spi-builder-workspace/LineSDK/LineSDK/Login/LoginPermission.swift /Users/admin/builder/spi-builder-workspace/LineSDK/LineSDK/Login/LoginProcess.swift /Users/admin/builder/spi-builder-workspace/LineSDK/LineSDK/Login/LoginProcessURLResponse.swift /Users/admin/builder/spi-builder-workspace/LineSDK/LineSDK/Login/LoginResult.swift /Users/admin/builder/spi-builder-workspace/LineSDK/LineSDK/Login/Model/AccessToken.swift /Users/admin/builder/spi-builder-workspace/LineSDK/LineSDK/Login/Model/AccessTokenStore.swift /Users/admin/builder/spi-builder-workspace/LineSDK/LineSDK/Login/Model/AccessTokenVerifyResult.swift /Users/admin/builder/spi-builder-workspace/LineSDK/LineSDK/Login/Model/UserProfile.swift /Users/admin/builder/spi-builder-workspace/LineSDK/LineSDK/Login/PKCE/PKCE.swift /Users/admin/builder/spi-builder-workspace/LineSDK/LineSDK/Login/Request/GetUserProfileRequest.swift /Users/admin/builder/spi-builder-workspace/LineSDK/LineSDK/Login/Request/GetVerifyTokenRequest.swift /Users/admin/builder/spi-builder-workspace/LineSDK/LineSDK/Login/Request/PostExchangeTokenRequest.swift /Users/admin/builder/spi-builder-workspace/LineSDK/LineSDK/Login/Request/PostRefreshTokenRequest.swift /Users/admin/builder/spi-builder-workspace/LineSDK/LineSDK/Login/Request/PostRevokeTokenRequest.swift (in target 'LineSDK' from project 'LineSDK')
SwiftCompile normal arm64 /Users/admin/builder/spi-builder-workspace/LineSDK/LineSDK/Login/LoginManagerOptions.swift (in target 'LineSDK' from project 'LineSDK')
cd /Users/admin/builder/spi-builder-workspace/.swiftpm/xcode
builtin-SwiftPerFileCompile LoginManagerOptions.swift
SwiftCompile normal arm64 /Users/admin/builder/spi-builder-workspace/LineSDK/LineSDK/Login/LoginManagerParameters.swift (in target 'LineSDK' from project 'LineSDK')
cd /Users/admin/builder/spi-builder-workspace/.swiftpm/xcode
builtin-SwiftPerFileCompile LoginManagerParameters.swift
SwiftCompile normal arm64 /Users/admin/builder/spi-builder-workspace/LineSDK/LineSDK/Login/LoginPermission.swift (in target 'LineSDK' from project 'LineSDK')
cd /Users/admin/builder/spi-builder-workspace/.swiftpm/xcode
builtin-SwiftPerFileCompile LoginPermission.swift
SwiftCompile normal arm64 /Users/admin/builder/spi-builder-workspace/LineSDK/LineSDK/Login/LoginProcess.swift (in target 'LineSDK' from project 'LineSDK')
cd /Users/admin/builder/spi-builder-workspace/.swiftpm/xcode
builtin-SwiftPerFileCompile LoginProcess.swift
SwiftCompile normal arm64 /Users/admin/builder/spi-builder-workspace/LineSDK/LineSDK/Login/LoginProcessURLResponse.swift (in target 'LineSDK' from project 'LineSDK')
cd /Users/admin/builder/spi-builder-workspace/.swiftpm/xcode
builtin-SwiftPerFileCompile LoginProcessURLResponse.swift
SwiftCompile normal arm64 /Users/admin/builder/spi-builder-workspace/LineSDK/LineSDK/Login/LoginResult.swift (in target 'LineSDK' from project 'LineSDK')
cd /Users/admin/builder/spi-builder-workspace/.swiftpm/xcode
builtin-SwiftPerFileCompile LoginResult.swift
SwiftCompile normal arm64 /Users/admin/builder/spi-builder-workspace/LineSDK/LineSDK/Login/Model/AccessToken.swift (in target 'LineSDK' from project 'LineSDK')
cd /Users/admin/builder/spi-builder-workspace/.swiftpm/xcode
builtin-SwiftPerFileCompile AccessToken.swift
SwiftCompile normal arm64 /Users/admin/builder/spi-builder-workspace/LineSDK/LineSDK/Login/Model/AccessTokenStore.swift (in target 'LineSDK' from project 'LineSDK')
cd /Users/admin/builder/spi-builder-workspace/.swiftpm/xcode
builtin-SwiftPerFileCompile AccessTokenStore.swift
SwiftCompile normal arm64 /Users/admin/builder/spi-builder-workspace/LineSDK/LineSDK/Login/Model/AccessTokenVerifyResult.swift (in target 'LineSDK' from project 'LineSDK')
cd /Users/admin/builder/spi-builder-workspace/.swiftpm/xcode
builtin-SwiftPerFileCompile AccessTokenVerifyResult.swift
SwiftCompile normal arm64 /Users/admin/builder/spi-builder-workspace/LineSDK/LineSDK/Login/Model/UserProfile.swift (in target 'LineSDK' from project 'LineSDK')
cd /Users/admin/builder/spi-builder-workspace/.swiftpm/xcode
builtin-SwiftPerFileCompile UserProfile.swift
SwiftCompile normal arm64 /Users/admin/builder/spi-builder-workspace/LineSDK/LineSDK/Login/PKCE/PKCE.swift (in target 'LineSDK' from project 'LineSDK')
cd /Users/admin/builder/spi-builder-workspace/.swiftpm/xcode
builtin-SwiftPerFileCompile PKCE.swift
SwiftCompile normal arm64 /Users/admin/builder/spi-builder-workspace/LineSDK/LineSDK/Login/Request/GetUserProfileRequest.swift (in target 'LineSDK' from project 'LineSDK')
cd /Users/admin/builder/spi-builder-workspace/.swiftpm/xcode
builtin-SwiftPerFileCompile GetUserProfileRequest.swift
SwiftCompile normal arm64 /Users/admin/builder/spi-builder-workspace/LineSDK/LineSDK/Login/Request/GetVerifyTokenRequest.swift (in target 'LineSDK' from project 'LineSDK')
cd /Users/admin/builder/spi-builder-workspace/.swiftpm/xcode
builtin-SwiftPerFileCompile GetVerifyTokenRequest.swift
SwiftCompile normal arm64 /Users/admin/builder/spi-builder-workspace/LineSDK/LineSDK/Login/Request/PostExchangeTokenRequest.swift (in target 'LineSDK' from project 'LineSDK')
cd /Users/admin/builder/spi-builder-workspace/.swiftpm/xcode
builtin-SwiftPerFileCompile PostExchangeTokenRequest.swift
SwiftCompile normal arm64 /Users/admin/builder/spi-builder-workspace/LineSDK/LineSDK/Login/Request/PostRefreshTokenRequest.swift (in target 'LineSDK' from project 'LineSDK')
cd /Users/admin/builder/spi-builder-workspace/.swiftpm/xcode
builtin-SwiftPerFileCompile PostRefreshTokenRequest.swift
SwiftCompile normal arm64 /Users/admin/builder/spi-builder-workspace/LineSDK/LineSDK/Login/Request/PostRevokeTokenRequest.swift (in target 'LineSDK' from project 'LineSDK')
cd /Users/admin/builder/spi-builder-workspace/.swiftpm/xcode
builtin-SwiftPerFileCompile PostRevokeTokenRequest.swift
/Users/admin/builder/spi-builder-workspace/LineSDK/LineSDK/Login/LoginProcess.swift:439:103: warning: main actor-isolated class property 'shared' can not be referenced from a nonisolated context
437 | private let applicationOpener: ApplicationOpener
438 |
439 | init(parameter: LoginProcess.FlowParameters, applicationOpener: ApplicationOpener = UIApplication.shared) {
| `- warning: main actor-isolated class property 'shared' can not be referenced from a nonisolated context
440 | let universalURLBase = URL(string: Constant.lineWebAuthUniversalURL)!
441 | url = universalURLBase.appendedLoginQuery(parameter)
/Applications/Xcode-27.0.0-Release.Candidate.app/Contents/Developer/Platforms/XROS.platform/Developer/SDKs/XROS27.0.sdk/System/Library/Frameworks/UIKit.framework/Headers/UIApplication.h:87:54: note: class property declared here
85 | @interface UIApplication : UIResponder
86 |
87 | @property(class, nonatomic, readonly) UIApplication *sharedApplication NS_EXTENSION_UNAVAILABLE_IOS("Use view controller based solutions where appropriate instead.");
| `- note: class property declared here
88 |
89 | @property(nullable, nonatomic, assign) id<UIApplicationDelegate> delegate;
/Users/admin/builder/spi-builder-workspace/LineSDK/LineSDK/Login/LoginProcess.swift:460:103: warning: main actor-isolated class property 'shared' can not be referenced from a nonisolated context
458 | private let applicationOpener: ApplicationOpener
459 |
460 | init(parameter: LoginProcess.FlowParameters, applicationOpener: ApplicationOpener = UIApplication.shared) {
| `- warning: main actor-isolated class property 'shared' can not be referenced from a nonisolated context
461 | url = Constant.lineAppAuthURLv2.appendedURLSchemeQuery(parameter)
462 | self.applicationOpener = applicationOpener
/Applications/Xcode-27.0.0-Release.Candidate.app/Contents/Developer/Platforms/XROS.platform/Developer/SDKs/XROS27.0.sdk/System/Library/Frameworks/UIKit.framework/Headers/UIApplication.h:87:54: note: class property declared here
85 | @interface UIApplication : UIResponder
86 |
87 | @property(class, nonatomic, readonly) UIApplication *sharedApplication NS_EXTENSION_UNAVAILABLE_IOS("Use view controller based solutions where appropriate instead.");
| `- note: class property declared here
88 |
89 | @property(nullable, nonatomic, assign) id<UIApplicationDelegate> delegate;
/Users/admin/builder/spi-builder-workspace/LineSDK/LineSDK/Login/LoginProcess.swift:522:41: error: 'SFSafariViewControllerDelegate' is unavailable in visionOS
520 | }
521 |
522 | extension WebLoginFlow: @preconcurrency SFSafariViewControllerDelegate {
| `- error: 'SFSafariViewControllerDelegate' is unavailable in visionOS
523 | func safariViewControllerDidFinish(_ controller: SFSafariViewController) {
524 | // macCatalyst calls `didFinish` immediately when open page in Safari.
/Applications/Xcode-27.0.0-Release.Candidate.app/Contents/Developer/Platforms/XROS.platform/Developer/SDKs/XROS27.0.sdk/System/Library/Frameworks/SafariServices.framework/Headers/SFSafariViewController.h:101:11: note: 'SFSafariViewControllerDelegate' has been explicitly marked unavailable here
99 | API_AVAILABLE(ios(9.0)) API_UNAVAILABLE(watchos)
100 | API_UNAVAILABLE(visionos)
101 | @protocol SFSafariViewControllerDelegate <NSObject>
| `- note: 'SFSafariViewControllerDelegate' has been explicitly marked unavailable here
102 | @optional
103 |
/Users/admin/builder/spi-builder-workspace/LineSDK/LineSDK/Login/LoginFlowFactory.swift:94:63: warning: main actor-isolated class property 'shared' can not be referenced from a nonisolated context
92 | private let applicationOpener: ApplicationOpener
93 |
94 | init(applicationOpener: ApplicationOpener = UIApplication.shared) {
| `- warning: main actor-isolated class property 'shared' can not be referenced from a nonisolated context
95 | self.applicationOpener = applicationOpener
96 | }
/Applications/Xcode-27.0.0-Release.Candidate.app/Contents/Developer/Platforms/XROS.platform/Developer/SDKs/XROS27.0.sdk/System/Library/Frameworks/UIKit.framework/Headers/UIApplication.h:87:54: note: class property declared here
85 | @interface UIApplication : UIResponder
86 |
87 | @property(class, nonatomic, readonly) UIApplication *sharedApplication NS_EXTENSION_UNAVAILABLE_IOS("Use view controller based solutions where appropriate instead.");
| `- note: class property declared here
88 |
89 | @property(nullable, nonatomic, assign) id<UIApplicationDelegate> delegate;
/Users/admin/builder/spi-builder-workspace/LineSDK/LineSDK/Login/LoginProcess.swift:503:30: error: 'delegate' is unavailable in visionOS
501 | safariViewController.modalPresentationStyle = .overFullScreen
502 | safariViewController.modalTransitionStyle = .coverVertical
503 | safariViewController.delegate = self
| `- error: 'delegate' is unavailable in visionOS
504 | safariViewController.dismissButtonStyle = .cancel
505 |
/Applications/Xcode-27.0.0-Release.Candidate.app/Contents/Developer/Platforms/XROS.platform/Developer/SDKs/XROS27.0.sdk/System/Library/Frameworks/SafariServices.framework/Headers/SFSafariViewController.h:57:75: note: 'delegate' has been explicitly marked unavailable here
55 |
56 | /*! @abstract The view controller's delegate. */
57 | @property (nonatomic, weak, nullable) id <SFSafariViewControllerDelegate> delegate API_UNAVAILABLE(visionos);
| `- note: 'delegate' has been explicitly marked unavailable here
58 |
59 | /*! @abstract A copy of the configuration with which the view controller was
SwiftCompile normal arm64 Compiling\ OpenChatCreatingController.swift,\ OpenChatCreatingControllerDelegate.swift,\ CountLimitedTextView.swift,\ OpenChatRoomDescriptionTableViewCell.swift,\ OpenChatRoomNameTableViewCell.swift,\ ToastView.swift,\ VerticallyCenteredTextView.swift,\ OpenChatCreatingNavigationController.swift,\ OpenChatRoomInfoViewController.swift,\ OpenChatUserProfileViewController.swift,\ OptionSelectingViewController.swift,\ ResourceLoading.swift,\ ColumnDataStore.swift,\ PageTabView.swift,\ PageViewController.swift,\ MessageShareTargetType.swift /Users/admin/builder/spi-builder-workspace/LineSDK/LineSDK/LineSDKUI/OpenChatUI/Public/OpenChatCreatingController.swift /Users/admin/builder/spi-builder-workspace/LineSDK/LineSDK/LineSDKUI/OpenChatUI/Public/OpenChatCreatingControllerDelegate.swift /Users/admin/builder/spi-builder-workspace/LineSDK/LineSDK/LineSDKUI/OpenChatUI/View/CountLimitedTextView.swift /Users/admin/builder/spi-builder-workspace/LineSDK/LineSDK/LineSDKUI/OpenChatUI/View/OpenChatRoomDescriptionTableViewCell.swift /Users/admin/builder/spi-builder-workspace/LineSDK/LineSDK/LineSDKUI/OpenChatUI/View/OpenChatRoomNameTableViewCell.swift /Users/admin/builder/spi-builder-workspace/LineSDK/LineSDK/LineSDKUI/OpenChatUI/View/ToastView.swift /Users/admin/builder/spi-builder-workspace/LineSDK/LineSDK/LineSDKUI/OpenChatUI/View/VerticallyCenteredTextView.swift /Users/admin/builder/spi-builder-workspace/LineSDK/LineSDK/LineSDKUI/OpenChatUI/ViewControllers/OpenChatCreatingNavigationController.swift /Users/admin/builder/spi-builder-workspace/LineSDK/LineSDK/LineSDKUI/OpenChatUI/ViewControllers/OpenChatRoomInfoViewController.swift /Users/admin/builder/spi-builder-workspace/LineSDK/LineSDK/LineSDKUI/OpenChatUI/ViewControllers/OpenChatUserProfileViewController.swift /Users/admin/builder/spi-builder-workspace/LineSDK/LineSDK/LineSDKUI/OpenChatUI/ViewControllers/OptionSelectingViewController.swift /Users/admin/builder/spi-builder-workspace/LineSDK/LineSDK/LineSDKUI/ResourceLoading.swift /Users/admin/builder/spi-builder-workspace/LineSDK/LineSDK/LineSDKUI/SharingUI/Model/ColumnDataStore.swift /Users/admin/builder/spi-builder-workspace/LineSDK/LineSDK/LineSDKUI/SharingUI/PageViewController/PageTabView.swift /Users/admin/builder/spi-builder-workspace/LineSDK/LineSDK/LineSDKUI/SharingUI/PageViewController/PageViewController.swift /Users/admin/builder/spi-builder-workspace/LineSDK/LineSDK/LineSDKUI/SharingUI/Public/MessageShareTargetType.swift (in target 'LineSDK' from project 'LineSDK')
/Users/admin/builder/spi-builder-workspace/LineSDK/LineSDK/LineSDKUI/OpenChatUI/ViewControllers/OpenChatRoomInfoViewController.swift:116:19: error: 'keyboardDismissMode' is unavailable in visionOS
114 |
115 | private func setupTableView() {
116 | tableView.keyboardDismissMode = .interactive
| `- error: 'keyboardDismissMode' is unavailable in visionOS
117 | }
118 |
/Applications/Xcode-27.0.0-Release.Candidate.app/Contents/Developer/Platforms/XROS.platform/Developer/SDKs/XROS27.0.sdk/System/Library/Frameworks/UIKit.framework/Headers/UIScrollView.h:284:54: note: 'keyboardDismissMode' has been explicitly marked unavailable here
282 | @property(nonatomic, readonly) UIGestureRecognizer *directionalPressGestureRecognizer API_DEPRECATED("Configuring the panGestureRecognizer for indirect scrolling automatically supports directional presses now, so this property is no longer useful.", tvos(9.0, 11.0)) API_UNAVAILABLE(watchos);
283 |
284 | @property(nonatomic) UIScrollViewKeyboardDismissMode keyboardDismissMode API_AVAILABLE(ios(7.0)) API_UNAVAILABLE(visionos); // default is UIScrollViewKeyboardDismissModeNone
| `- note: 'keyboardDismissMode' has been explicitly marked unavailable here
285 |
286 | @property (nonatomic, strong, nullable) UIRefreshControl *refreshControl API_AVAILABLE(ios(10.0)) API_UNAVAILABLE(tvos, watchos);
/Users/admin/builder/spi-builder-workspace/LineSDK/LineSDK/LineSDKUI/OpenChatUI/ViewControllers/OpenChatUserProfileViewController.swift:59:20: error: 'keyboardDismissMode' is unavailable in visionOS
57 | let scrollView = UIScrollView()
58 | scrollView.alwaysBounceVertical = true
59 | scrollView.keyboardDismissMode = .interactive
| `- error: 'keyboardDismissMode' is unavailable in visionOS
60 | return scrollView
61 | }()
/Applications/Xcode-27.0.0-Release.Candidate.app/Contents/Developer/Platforms/XROS.platform/Developer/SDKs/XROS27.0.sdk/System/Library/Frameworks/UIKit.framework/Headers/UIScrollView.h:284:54: note: 'keyboardDismissMode' has been explicitly marked unavailable here
282 | @property(nonatomic, readonly) UIGestureRecognizer *directionalPressGestureRecognizer API_DEPRECATED("Configuring the panGestureRecognizer for indirect scrolling automatically supports directional presses now, so this property is no longer useful.", tvos(9.0, 11.0)) API_UNAVAILABLE(watchos);
283 |
284 | @property(nonatomic) UIScrollViewKeyboardDismissMode keyboardDismissMode API_AVAILABLE(ios(7.0)) API_UNAVAILABLE(visionos); // default is UIScrollViewKeyboardDismissModeNone
| `- note: 'keyboardDismissMode' has been explicitly marked unavailable here
285 |
286 | @property (nonatomic, strong, nullable) UIRefreshControl *refreshControl API_AVAILABLE(ios(10.0)) API_UNAVAILABLE(tvos, watchos);
SwiftCompile normal arm64 /Users/admin/builder/spi-builder-workspace/LineSDK/LineSDK/LineSDKUI/OpenChatUI/Public/OpenChatCreatingController.swift (in target 'LineSDK' from project 'LineSDK')
cd /Users/admin/builder/spi-builder-workspace/.swiftpm/xcode
builtin-SwiftPerFileCompile OpenChatCreatingController.swift
SwiftCompile normal arm64 /Users/admin/builder/spi-builder-workspace/LineSDK/LineSDK/LineSDKUI/OpenChatUI/Public/OpenChatCreatingControllerDelegate.swift (in target 'LineSDK' from project 'LineSDK')
cd /Users/admin/builder/spi-builder-workspace/.swiftpm/xcode
builtin-SwiftPerFileCompile OpenChatCreatingControllerDelegate.swift
SwiftCompile normal arm64 /Users/admin/builder/spi-builder-workspace/LineSDK/LineSDK/LineSDKUI/OpenChatUI/View/CountLimitedTextView.swift (in target 'LineSDK' from project 'LineSDK')
cd /Users/admin/builder/spi-builder-workspace/.swiftpm/xcode
builtin-SwiftPerFileCompile CountLimitedTextView.swift
SwiftCompile normal arm64 /Users/admin/builder/spi-builder-workspace/LineSDK/LineSDK/LineSDKUI/OpenChatUI/View/OpenChatRoomDescriptionTableViewCell.swift (in target 'LineSDK' from project 'LineSDK')
cd /Users/admin/builder/spi-builder-workspace/.swiftpm/xcode
builtin-SwiftPerFileCompile OpenChatRoomDescriptionTableViewCell.swift
SwiftCompile normal arm64 /Users/admin/builder/spi-builder-workspace/LineSDK/LineSDK/LineSDKUI/OpenChatUI/View/OpenChatRoomNameTableViewCell.swift (in target 'LineSDK' from project 'LineSDK')
cd /Users/admin/builder/spi-builder-workspace/.swiftpm/xcode
builtin-SwiftPerFileCompile OpenChatRoomNameTableViewCell.swift
SwiftCompile normal arm64 /Users/admin/builder/spi-builder-workspace/LineSDK/LineSDK/LineSDKUI/OpenChatUI/View/ToastView.swift (in target 'LineSDK' from project 'LineSDK')
cd /Users/admin/builder/spi-builder-workspace/.swiftpm/xcode
builtin-SwiftPerFileCompile ToastView.swift
SwiftCompile normal arm64 /Users/admin/builder/spi-builder-workspace/LineSDK/LineSDK/LineSDKUI/OpenChatUI/View/VerticallyCenteredTextView.swift (in target 'LineSDK' from project 'LineSDK')
cd /Users/admin/builder/spi-builder-workspace/.swiftpm/xcode
builtin-SwiftPerFileCompile VerticallyCenteredTextView.swift
SwiftCompile normal arm64 /Users/admin/builder/spi-builder-workspace/LineSDK/LineSDK/LineSDKUI/OpenChatUI/ViewControllers/OpenChatCreatingNavigationController.swift (in target 'LineSDK' from project 'LineSDK')
cd /Users/admin/builder/spi-builder-workspace/.swiftpm/xcode
builtin-SwiftPerFileCompile OpenChatCreatingNavigationController.swift
SwiftCompile normal arm64 /Users/admin/builder/spi-builder-workspace/LineSDK/LineSDK/LineSDKUI/OpenChatUI/ViewControllers/OpenChatRoomInfoViewController.swift (in target 'LineSDK' from project 'LineSDK')
cd /Users/admin/builder/spi-builder-workspace/.swiftpm/xcode
builtin-SwiftPerFileCompile OpenChatRoomInfoViewController.swift
SwiftCompile normal arm64 /Users/admin/builder/spi-builder-workspace/LineSDK/LineSDK/LineSDKUI/OpenChatUI/ViewControllers/OpenChatUserProfileViewController.swift (in target 'LineSDK' from project 'LineSDK')
cd /Users/admin/builder/spi-builder-workspace/.swiftpm/xcode
builtin-SwiftPerFileCompile OpenChatUserProfileViewController.swift
SwiftCompile normal arm64 /Users/admin/builder/spi-builder-workspace/LineSDK/LineSDK/LineSDKUI/OpenChatUI/ViewControllers/OptionSelectingViewController.swift (in target 'LineSDK' from project 'LineSDK')
cd /Users/admin/builder/spi-builder-workspace/.swiftpm/xcode
builtin-SwiftPerFileCompile OptionSelectingViewController.swift
SwiftCompile normal arm64 /Users/admin/builder/spi-builder-workspace/LineSDK/LineSDK/LineSDKUI/ResourceLoading.swift (in target 'LineSDK' from project 'LineSDK')
cd /Users/admin/builder/spi-builder-workspace/.swiftpm/xcode
builtin-SwiftPerFileCompile ResourceLoading.swift
SwiftCompile normal arm64 /Users/admin/builder/spi-builder-workspace/LineSDK/LineSDK/LineSDKUI/SharingUI/Model/ColumnDataStore.swift (in target 'LineSDK' from project 'LineSDK')
cd /Users/admin/builder/spi-builder-workspace/.swiftpm/xcode
builtin-SwiftPerFileCompile ColumnDataStore.swift
SwiftCompile normal arm64 /Users/admin/builder/spi-builder-workspace/LineSDK/LineSDK/LineSDKUI/SharingUI/PageViewController/PageTabView.swift (in target 'LineSDK' from project 'LineSDK')
cd /Users/admin/builder/spi-builder-workspace/.swiftpm/xcode
builtin-SwiftPerFileCompile PageTabView.swift
SwiftCompile normal arm64 /Users/admin/builder/spi-builder-workspace/LineSDK/LineSDK/LineSDKUI/SharingUI/PageViewController/PageViewController.swift (in target 'LineSDK' from project 'LineSDK')
cd /Users/admin/builder/spi-builder-workspace/.swiftpm/xcode
builtin-SwiftPerFileCompile PageViewController.swift
SwiftCompile normal arm64 /Users/admin/builder/spi-builder-workspace/LineSDK/LineSDK/LineSDKUI/SharingUI/Public/MessageShareTargetType.swift (in target 'LineSDK' from project 'LineSDK')
cd /Users/admin/builder/spi-builder-workspace/.swiftpm/xcode
builtin-SwiftPerFileCompile MessageShareTargetType.swift
SwiftEmitModule normal arm64 Emitting\ module\ for\ LineSDK (in target 'LineSDK' from project 'LineSDK')
/Users/admin/builder/spi-builder-workspace/LineSDK/LineSDK/LineSDKUI/OpenChatUI/ViewControllers/OpenChatUserProfileViewController.swift:59:20: error: 'keyboardDismissMode' is unavailable in visionOS
57 | let scrollView = UIScrollView()
58 | scrollView.alwaysBounceVertical = true
59 | scrollView.keyboardDismissMode = .interactive
| `- error: 'keyboardDismissMode' is unavailable in visionOS
60 | return scrollView
61 | }()
/Applications/Xcode-27.0.0-Release.Candidate.app/Contents/Developer/Platforms/XROS.platform/Developer/SDKs/XROS27.0.sdk/System/Library/Frameworks/UIKit.framework/Headers/UIScrollView.h:284:54: note: 'keyboardDismissMode' has been explicitly marked unavailable here
282 | @property(nonatomic, readonly) UIGestureRecognizer *directionalPressGestureRecognizer API_DEPRECATED("Configuring the panGestureRecognizer for indirect scrolling automatically supports directional presses now, so this property is no longer useful.", tvos(9.0, 11.0)) API_UNAVAILABLE(watchos);
283 |
284 | @property(nonatomic) UIScrollViewKeyboardDismissMode keyboardDismissMode API_AVAILABLE(ios(7.0)) API_UNAVAILABLE(visionos); // default is UIScrollViewKeyboardDismissModeNone
| `- note: 'keyboardDismissMode' has been explicitly marked unavailable here
285 |
286 | @property (nonatomic, strong, nullable) UIRefreshControl *refreshControl API_AVAILABLE(ios(10.0)) API_UNAVAILABLE(tvos, watchos);
/Users/admin/builder/spi-builder-workspace/LineSDK/LineSDK/Login/LoginFlowFactory.swift:94:63: warning: main actor-isolated class property 'shared' can not be referenced from a nonisolated context
92 | private let applicationOpener: ApplicationOpener
93 |
94 | init(applicationOpener: ApplicationOpener = UIApplication.shared) {
| `- warning: main actor-isolated class property 'shared' can not be referenced from a nonisolated context
95 | self.applicationOpener = applicationOpener
96 | }
/Applications/Xcode-27.0.0-Release.Candidate.app/Contents/Developer/Platforms/XROS.platform/Developer/SDKs/XROS27.0.sdk/System/Library/Frameworks/UIKit.framework/Headers/UIApplication.h:87:54: note: class property declared here
85 | @interface UIApplication : UIResponder
86 |
87 | @property(class, nonatomic, readonly) UIApplication *sharedApplication NS_EXTENSION_UNAVAILABLE_IOS("Use view controller based solutions where appropriate instead.");
| `- note: class property declared here
88 |
89 | @property(nullable, nonatomic, assign) id<UIApplicationDelegate> delegate;
/Users/admin/builder/spi-builder-workspace/LineSDK/LineSDK/Login/LoginProcess.swift:439:103: warning: main actor-isolated class property 'shared' can not be referenced from a nonisolated context
437 | private let applicationOpener: ApplicationOpener
438 |
439 | init(parameter: LoginProcess.FlowParameters, applicationOpener: ApplicationOpener = UIApplication.shared) {
| `- warning: main actor-isolated class property 'shared' can not be referenced from a nonisolated context
440 | let universalURLBase = URL(string: Constant.lineWebAuthUniversalURL)!
441 | url = universalURLBase.appendedLoginQuery(parameter)
/Applications/Xcode-27.0.0-Release.Candidate.app/Contents/Developer/Platforms/XROS.platform/Developer/SDKs/XROS27.0.sdk/System/Library/Frameworks/UIKit.framework/Headers/UIApplication.h:87:54: note: class property declared here
85 | @interface UIApplication : UIResponder
86 |
87 | @property(class, nonatomic, readonly) UIApplication *sharedApplication NS_EXTENSION_UNAVAILABLE_IOS("Use view controller based solutions where appropriate instead.");
| `- note: class property declared here
88 |
89 | @property(nullable, nonatomic, assign) id<UIApplicationDelegate> delegate;
/Users/admin/builder/spi-builder-workspace/LineSDK/LineSDK/Login/LoginProcess.swift:460:103: warning: main actor-isolated class property 'shared' can not be referenced from a nonisolated context
458 | private let applicationOpener: ApplicationOpener
459 |
460 | init(parameter: LoginProcess.FlowParameters, applicationOpener: ApplicationOpener = UIApplication.shared) {
| `- warning: main actor-isolated class property 'shared' can not be referenced from a nonisolated context
461 | url = Constant.lineAppAuthURLv2.appendedURLSchemeQuery(parameter)
462 | self.applicationOpener = applicationOpener
/Applications/Xcode-27.0.0-Release.Candidate.app/Contents/Developer/Platforms/XROS.platform/Developer/SDKs/XROS27.0.sdk/System/Library/Frameworks/UIKit.framework/Headers/UIApplication.h:87:54: note: class property declared here
85 | @interface UIApplication : UIResponder
86 |
87 | @property(class, nonatomic, readonly) UIApplication *sharedApplication NS_EXTENSION_UNAVAILABLE_IOS("Use view controller based solutions where appropriate instead.");
| `- note: class property declared here
88 |
89 | @property(nullable, nonatomic, assign) id<UIApplicationDelegate> delegate;
/Users/admin/builder/spi-builder-workspace/LineSDK/LineSDK/Login/LoginProcess.swift:522:41: error: 'SFSafariViewControllerDelegate' is unavailable in visionOS
520 | }
521 |
522 | extension WebLoginFlow: @preconcurrency SFSafariViewControllerDelegate {
| `- error: 'SFSafariViewControllerDelegate' is unavailable in visionOS
523 | func safariViewControllerDidFinish(_ controller: SFSafariViewController) {
524 | // macCatalyst calls `didFinish` immediately when open page in Safari.
/Applications/Xcode-27.0.0-Release.Candidate.app/Contents/Developer/Platforms/XROS.platform/Developer/SDKs/XROS27.0.sdk/System/Library/Frameworks/SafariServices.framework/Headers/SFSafariViewController.h:101:11: note: 'SFSafariViewControllerDelegate' has been explicitly marked unavailable here
99 | API_AVAILABLE(ios(9.0)) API_UNAVAILABLE(watchos)
100 | API_UNAVAILABLE(visionos)
101 | @protocol SFSafariViewControllerDelegate <NSObject>
| `- note: 'SFSafariViewControllerDelegate' has been explicitly marked unavailable here
102 | @optional
103 |
Failed frontend command:
/Applications/Xcode-27.0.0-Release.Candidate.app/Contents/Developer/Toolchains/XcodeDefault.xctoolchain/usr/bin/swift-frontend -frontend -emit-module -experimental-skip-non-inlinable-function-bodies-without-types /Users/admin/builder/spi-builder-workspace/.derivedData/Build/Intermediates.noindex/LineSDK.build/Debug-xros/LineSDK-t.build/DerivedSources/resource_bundle_accessor.swift /Users/admin/builder/spi-builder-workspace/LineSDK/LineSDK/Crypto/Algorithms/ECDSA.swift /Users/admin/builder/spi-builder-workspace/LineSDK/LineSDK/Crypto/Algorithms/RSA.swift /Users/admin/builder/spi-builder-workspace/LineSDK/LineSDK/Crypto/CryptoAlgorithm.swift /Users/admin/builder/spi-builder-workspace/LineSDK/LineSDK/Crypto/CryptoData.swift /Users/admin/builder/spi-builder-workspace/LineSDK/LineSDK/Crypto/CryptoError.swift /Users/admin/builder/spi-builder-workspace/LineSDK/LineSDK/Crypto/CryptoHelpers.swift /Users/admin/builder/spi-builder-workspace/LineSDK/LineSDK/Crypto/CryptoKey.swift /Users/admin/builder/spi-builder-workspace/LineSDK/LineSDK/Crypto/GetDiscoveryDocumentRequest.swift /Users/admin/builder/spi-builder-workspace/LineSDK/LineSDK/Crypto/GetJWKSetRequest.swift /Users/admin/builder/spi-builder-workspace/LineSDK/LineSDK/Crypto/JWK/JWA.swift /Users/admin/builder/spi-builder-workspace/LineSDK/LineSDK/Crypto/JWK/JWK.swift /Users/admin/builder/spi-builder-workspace/LineSDK/LineSDK/Crypto/JWK/JWKSet.swift /Users/admin/builder/spi-builder-workspace/LineSDK/LineSDK/Crypto/JWT/JWT.swift /Users/admin/builder/spi-builder-workspace/LineSDK/LineSDK/Crypto/JWT/JWTCoder.swift /Users/admin/builder/spi-builder-workspace/LineSDK/LineSDK/Crypto/JWT/JWTHelpers.swift /Users/admin/builder/spi-builder-workspace/LineSDK/LineSDK/Friendship/Request/GetBotFriendshipStatus.swift /Users/admin/builder/spi-builder-workspace/LineSDK/LineSDK/General/LineSDKError.swift /Users/admin/builder/spi-builder-workspace/LineSDK/LineSDK/Graph/Model/Group.swift /Users/admin/builder/spi-builder-workspace/LineSDK/LineSDK/Graph/Model/User.swift /Users/admin/builder/spi-builder-workspace/LineSDK/LineSDK/Graph/Request/GetApproversInFriendsRequest.swift /Users/admin/builder/spi-builder-workspace/LineSDK/LineSDK/Graph/Request/GetApproversInGroupRequest.swift /Users/admin/builder/spi-builder-workspace/LineSDK/LineSDK/Graph/Request/GetFriendsRequest.swift /Users/admin/builder/spi-builder-workspace/LineSDK/LineSDK/Graph/Request/GetGroupsRequest.swift /Users/admin/builder/spi-builder-workspace/LineSDK/LineSDK/Graph/Request/GetShareFriendsRequest.swift /Users/admin/builder/spi-builder-workspace/LineSDK/LineSDK/Graph/Request/GetShareGroupsRequest.swift /Users/admin/builder/spi-builder-workspace/LineSDK/LineSDK/LineSDKUI/AuthorizationStatus.swift /Users/admin/builder/spi-builder-workspace/LineSDK/LineSDK/LineSDKUI/Base/StyleNavigationController.swift /Users/admin/builder/spi-builder-workspace/LineSDK/LineSDK/LineSDKUI/LoginButton.swift /Users/admin/builder/spi-builder-workspace/LineSDK/LineSDK/LineSDKUI/OpenChatUI/Model/FormEntry.swift /Users/admin/builder/spi-builder-workspace/LineSDK/LineSDK/LineSDKUI/OpenChatUI/Model/FormSection.swift /Users/admin/builder/spi-builder-workspace/LineSDK/LineSDK/LineSDKUI/OpenChatUI/Model/OpenChatCategoryExtensions.swift /Users/admin/builder/spi-builder-workspace/LineSDK/LineSDK/LineSDKUI/OpenChatUI/Public/OpenChatCreatingController.swift /Users/admin/builder/spi-builder-workspace/LineSDK/LineSDK/LineSDKUI/OpenChatUI/Public/OpenChatCreatingControllerDelegate.swift /Users/admin/builder/spi-builder-workspace/LineSDK/LineSDK/LineSDKUI/OpenChatUI/View/CountLimitedTextView.swift /Users/admin/builder/spi-builder-workspace/LineSDK/LineSDK/LineSDKUI/OpenChatUI/View/OpenChatRoomDescriptionTableViewCell.swift /Users/admin/builder/spi-builder-workspace/LineSDK/LineSDK/LineSDKUI/OpenChatUI/View/OpenChatRoomNameTableViewCell.swift /Users/admin/builder/spi-builder-workspace/LineSDK/LineSDK/LineSDKUI/OpenChatUI/View/ToastView.swift /Users/admin/builder/spi-builder-workspace/LineSDK/LineSDK/LineSDKUI/OpenChatUI/View/VerticallyCenteredTextView.swift /Users/admin/builder/spi-builder-workspace/LineSDK/LineSDK/LineSDKUI/OpenChatUI/ViewControllers/OpenChatCreatingNavigationController.swift /Users/admin/builder/spi-builder-workspace/LineSDK/LineSDK/LineSDKUI/OpenChatUI/ViewControllers/OpenChatRoomInfoViewController.swift /Users/admin/builder/spi-builder-workspace/LineSDK/LineSDK/LineSDKUI/OpenChatUI/ViewControllers/OpenChatUserProfileViewController.swift /Users/admin/builder/spi-builder-workspace/LineSDK/LineSDK/LineSDKUI/OpenChatUI/ViewControllers/OptionSelectingViewController.swift /Users/admin/builder/spi-builder-workspace/LineSDK/LineSDK/LineSDKUI/ResourceLoading.swift /Users/admin/builder/spi-builder-workspace/LineSDK/LineSDK/LineSDKUI/SharingUI/Model/ColumnDataStore.swift /Users/admin/builder/spi-builder-workspace/LineSDK/LineSDK/LineSDKUI/SharingUI/PageViewController/PageTabView.swift /Users/admin/builder/spi-builder-workspace/LineSDK/LineSDK/LineSDKUI/SharingUI/PageViewController/PageViewController.swift /Users/admin/builder/spi-builder-workspace/LineSDK/LineSDK/LineSDKUI/SharingUI/Public/MessageShareTargetType.swift /Users/admin/builder/spi-builder-workspace/LineSDK/LineSDK/LineSDKUI/SharingUI/Public/ShareTarget.swift /Users/admin/builder/spi-builder-workspace/LineSDK/LineSDK/LineSDKUI/SharingUI/Public/ShareViewController.swift /Users/admin/builder/spi-builder-workspace/LineSDK/LineSDK/LineSDKUI/SharingUI/Public/ShareViewControllerDelegate.swift /Users/admin/builder/spi-builder-workspace/LineSDK/LineSDK/LineSDKUI/SharingUI/SelectedPanel/SelectedTargetPanelCell.swift /Users/admin/builder/spi-builder-workspace/LineSDK/LineSDK/LineSDKUI/SharingUI/SelectedPanel/SelectedTargetPanelViewController.swift /Users/admin/builder/spi-builder-workspace/LineSDK/LineSDK/LineSDKUI/SharingUI/TargetSearch/ShareTargetSearchResultTableViewController.swift /Users/admin/builder/spi-builder-workspace/LineSDK/LineSDK/LineSDKUI/SharingUI/TargetSearch/ShareTargetSearchResultViewController.swift /Users/admin/builder/spi-builder-workspace/LineSDK/LineSDK/LineSDKUI/SharingUI/TargetSearch/ShareTargetSelectingSectionHeaderView.swift /Users/admin/builder/spi-builder-workspace/LineSDK/LineSDK/LineSDKUI/SharingUI/TargetSelecting/ShareRootViewController.swift /Users/admin/builder/spi-builder-workspace/LineSDK/LineSDK/LineSDKUI/SharingUI/TargetSelecting/ShareTargetSearchController.swift /Users/admin/builder/spi-builder-workspace/LineSDK/LineSDK/LineSDKUI/SharingUI/TargetSelecting/ShareTargetSelectingTableCell.swift /Users/admin/builder/spi-builder-workspace/LineSDK/LineSDK/LineSDKUI/SharingUI/TargetSelecting/ShareTargetSelectingViewController.swift /Users/admin/builder/spi-builder-workspace/LineSDK/LineSDK/LineSDKUI/SharingUI/TargetSelecting/ShareTargetTableViewStyling.swift /Users/admin/builder/spi-builder-workspace/LineSDK/LineSDK/Login/LoginConfiguration.swift /Users/admin/builder/spi-builder-workspace/LineSDK/LineSDK/Login/LoginFlowFactory.swift /Users/admin/builder/spi-builder-workspace/LineSDK/LineSDK/Login/LoginManager.swift /Users/admin/builder/spi-builder-workspace/LineSDK/LineSDK/Login/LoginManagerOptions.swift /Users/admin/builder/spi-builder-workspace/LineSDK/LineSDK/Login/LoginManagerParameters.swift /Users/admin/builder/spi-builder-workspace/LineSDK/LineSDK/Login/LoginPermission.swift /Users/admin/builder/spi-builder-workspace/LineSDK/LineSDK/Login/LoginProcess.swift /Users/admin/builder/spi-builder-workspace/LineSDK/LineSDK/Login/LoginProcessURLResponse.swift /Users/admin/builder/spi-builder-workspace/LineSDK/LineSDK/Login/LoginResult.swift /Users/admin/builder/spi-builder-workspace/LineSDK/LineSDK/Login/Model/AccessToken.swift /Users/admin/builder/spi-builder-workspace/LineSDK/LineSDK/Login/Model/AccessTokenStore.swift /Users/admin/builder/spi-builder-workspace/LineSDK/LineSDK/Login/Model/AccessTokenVerifyResult.swift /Users/admin/builder/spi-builder-workspace/LineSDK/LineSDK/Login/Model/UserProfile.swift /Users/admin/builder/spi-builder-workspace/LineSDK/LineSDK/Login/PKCE/PKCE.swift /Users/admin/builder/spi-builder-workspace/LineSDK/LineSDK/Login/Request/GetUserProfileRequest.swift /Users/admin/builder/spi-builder-workspace/LineSDK/LineSDK/Login/Request/GetVerifyTokenRequest.swift /Users/admin/builder/spi-builder-workspace/LineSDK/LineSDK/Login/Request/PostExchangeTokenRequest.swift /Users/admin/builder/spi-builder-workspace/LineSDK/LineSDK/Login/Request/PostRefreshTokenRequest.swift /Users/admin/builder/spi-builder-workspace/LineSDK/LineSDK/Login/Request/PostRevokeTokenRequest.swift /Users/admin/builder/spi-builder-workspace/LineSDK/LineSDK/Messaging/Model/Actions/MessageAction.swift /Users/admin/builder/spi-builder-workspace/LineSDK/LineSDK/Messaging/Model/AudioMessage.swift /Users/admin/builder/spi-builder-workspace/LineSDK/LineSDK/Messaging/Model/Flex/Component/FlexBoxComponent.swift /Users/admin/builder/spi-builder-workspace/LineSDK/LineSDK/Messaging/Model/Flex/Component/FlexButtonComponent.swift /Users/admin/builder/spi-builder-workspace/LineSDK/LineSDK/Messaging/Model/Flex/Component/FlexFillerComponent.swift /Users/admin/builder/spi-builder-workspace/LineSDK/LineSDK/Messaging/Model/Flex/Component/FlexIconComponent.swift /Users/admin/builder/spi-builder-workspace/LineSDK/LineSDK/Messaging/Model/Flex/Component/FlexImageComponent.swift /Users/admin/builder/spi-builder-workspace/LineSDK/LineSDK/Messaging/Model/Flex/Component/FlexMessageComponent.swift /Users/admin/builder/spi-builder-workspace/LineSDK/LineSDK/Messaging/Model/Flex/Component/FlexMessageProperties.swift /Users/admin/builder/spi-builder-workspace/LineSDK/LineSDK/Messaging/Model/Flex/Component/FlexSeparatorComponent.swift /Users/admin/builder/spi-builder-workspace/LineSDK/LineSDK/Messaging/Model/Flex/Component/FlexSpacerComponent.swift /Users/admin/builder/spi-builder-workspace/LineSDK/LineSDK/Messaging/Model/Flex/Component/FlexTextComponent.swift /Users/admin/builder/spi-builder-workspace/LineSDK/LineSDK/Messaging/Model/Flex/Container/FlexBubbleContainer.swift /Users/admin/builder/spi-builder-workspace/LineSDK/LineSDK/Messaging/Model/Flex/Container/FlexCarouselContainer.swift /Users/admin/builder/spi-builder-workspace/LineSDK/LineSDK/Messaging/Model/Flex/Container/FlexMessageContainer.swift /Users/admin/builder/spi-builder-workspace/LineSDK/LineSDK/Messaging/Model/Flex/Style/FlexBlockStyle.swift /Users/admin/builder/spi-builder-workspace/LineSDK/LineSDK/Messaging/Model/FlexMessage.swift /Users/admin/builder/spi-builder-workspace/LineSDK/LineSDK/Messaging/Model/ImageMessage.swift /Users/admin/builder/spi-builder-workspace/LineSDK/LineSDK/Messaging/Model/LocationMessage.swift /Users/admin/builder/spi-builder-workspace/LineSDK/LineSDK/Messaging/Model/Message.swift /Users/admin/builder/spi-builder-workspace/LineSDK/LineSDK/Messaging/Model/MessageProtocols.swift /Users/admin/builder/spi-builder-workspace/LineSDK/LineSDK/Messaging/Model/MessageSender.swift /Users/admin/builder/spi-builder-workspace/LineSDK/LineSDK/Messaging/Model/Template/Payloads/TemplateButtonsPayload.swift /Users/admin/builder/spi-builder-workspace/LineSDK/LineSDK/Messaging/Model/Template/Payloads/TemplateCarouselPayload.swift /Users/admin/builder/spi-builder-workspace/LineSDK/LineSDK/Messaging/Model/Template/Payloads/TemplateConfirmPayload.swift /Users/admin/builder/spi-builder-workspace/LineSDK/LineSDK/Messaging/Model/Template/Payloads/TemplateImageCarouselPayload.swift /Users/admin/builder/spi-builder-workspace/LineSDK/LineSDK/Messaging/Model/Template/Payloads/TemplateMessagePayload.swift /Users/admin/builder/spi-builder-workspace/LineSDK/LineSDK/Messaging/Model/Template/Payloads/TemplateMessageProperties.swift /Users/admin/builder/spi-builder-workspace/LineSDK/LineSDK/Messaging/Model/TemplateMessage.swift /Users/admin/builder/spi-builder-workspace/LineSDK/LineSDK/Messaging/Model/TextMessage.swift /Users/admin/builder/spi-builder-workspace/LineSDK/LineSDK/Messaging/Model/VideoMessage.swift /Users/admin/builder/spi-builder-workspace/LineSDK/LineSDK/Messaging/Request/PostMessageSendingTokenIssueRequest.swift /Users/admin/builder/spi-builder-workspace/LineSDK/LineSDK/Messaging/Request/PostMultisendMessagesRequest.swift /Users/admin/builder/spi-builder-workspace/LineSDK/LineSDK/Messaging/Request/PostMultisendMessagesWithTokenRequest.swift /Users/admin/builder/spi-builder-workspace/LineSDK/LineSDK/Messaging/Request/PostSendMessagesRequest.swift /Users/admin/builder/spi-builder-workspace/LineSDK/LineSDK/Networking/API/API+Auth.swift /Users/admin/builder/spi-builder-workspace/LineSDK/LineSDK/Networking/API/API+Deprecated.swift /Users/admin/builder/spi-builder-workspace/LineSDK/LineSDK/Networking/API/API+Internal.swift /Users/admin/builder/spi-builder-workspace/LineSDK/LineSDK/Networking/API/API.swift /Users/admin/builder/spi-builder-workspace/LineSDK/LineSDK/Networking/Client/ChainedPaginatedRequest.swift /Users/admin/builder/spi-builder-workspace/LineSDK/LineSDK/Networking/Client/ParametersAdapter.swift /Users/admin/builder/spi-builder-workspace/LineSDK/LineSDK/Networking/Client/Request.swift /Users/admin/builder/spi-builder-workspace/LineSDK/LineSDK/Networking/Client/RequestAdapter.swift /Users/admin/builder/spi-builder-workspace/LineSDK/LineSDK/Networking/Client/ResponsePipeline.swift /Users/admin/builder/spi-builder-workspace/LineSDK/LineSDK/Networking/Client/Session.swift /Users/admin/builder/spi-builder-workspace/LineSDK/LineSDK/Networking/Images/DownloadableImageView.swift /Users/admin/builder/spi-builder-workspace/LineSDK/LineSDK/Networking/Images/ImageDownloader.swift /Users/admin/builder/spi-builder-workspace/LineSDK/LineSDK/Networking/Images/ImageManager.swift /Users/admin/builder/spi-builder-workspace/LineSDK/LineSDK/Networking/Model/APIError.swift /Users/admin/builder/spi-builder-workspace/LineSDK/LineSDK/Networking/Model/CustomizeCoding/CodingExtension.swift /Users/admin/builder/spi-builder-workspace/LineSDK/LineSDK/Networking/Model/CustomizeCoding/HexColor.swift /Users/admin/builder/spi-builder-workspace/LineSDK/LineSDK/Networking/Model/Unit.swift /Users/admin/builder/spi-builder-workspace/LineSDK/LineSDK/OpenChat/Model/OpenChatCategory.swift /Users/admin/builder/spi-builder-workspace/LineSDK/LineSDK/OpenChat/Model/OpenChatCreatingFormItem.swift /Users/admin/builder/spi-builder-workspace/LineSDK/LineSDK/OpenChat/Model/OpenChatRoomCreatingItem.swift /Users/admin/builder/spi-builder-workspace/LineSDK/LineSDK/OpenChat/Request/GetOpenChatRoomJoinTypeRequest.swift /Users/admin/builder/spi-builder-workspace/LineSDK/LineSDK/OpenChat/Request/GetOpenChatRoomMembershipStateRequest.swift /Users/admin/builder/spi-builder-workspace/LineSDK/LineSDK/OpenChat/Request/GetOpenChatRoomStatusRequest.swift /Users/admin/builder/spi-builder-workspace/LineSDK/LineSDK/OpenChat/Request/GetOpenChatTermAgreementStatusRequest.swift /Users/admin/builder/spi-builder-workspace/LineSDK/LineSDK/OpenChat/Request/PostOpenChatCreateRequest.swift /Users/admin/builder/spi-builder-workspace/LineSDK/LineSDK/OpenChat/Request/PostOpenChatRoomJoinRequest.swift /Users/admin/builder/spi-builder-workspace/LineSDK/LineSDK/Utils/CallbackQueue.swift /Users/admin/builder/spi-builder-workspace/LineSDK/LineSDK/Utils/Colors.swift /Users/admin/builder/spi-builder-workspace/LineSDK/LineSDK/Utils/Constant.swift /Users/admin/builder/spi-builder-workspace/LineSDK/LineSDK/Utils/Delegate.swift /Users/admin/builder/spi-builder-workspace/LineSDK/LineSDK/Utils/Helpers.swift /Users/admin/builder/spi-builder-workspace/LineSDK/LineSDK/Utils/KeyboardObservable.swift /Users/admin/builder/spi-builder-workspace/LineSDK/LineSDK/Utils/KeychainStore.swift /Users/admin/builder/spi-builder-workspace/LineSDK/LineSDK/Utils/LoadingIndicator.swift /Users/admin/builder/spi-builder-workspace/LineSDK/LineSDK/Utils/NotificationToken.swift /Users/admin/builder/spi-builder-workspace/LineSDK/LineSDK/Utils/ResultUtils.swift /Users/admin/builder/spi-builder-workspace/LineSDK/LineSDK/Utils/String.swift /Users/admin/builder/spi-builder-workspace/LineSDK/LineSDK/Utils/URLs.swift /Users/admin/builder/spi-builder-workspace/LineSDK/LineSDK/Utils/UserDefaultsValue.swift /Users/admin/builder/spi-builder-workspace/.derivedData/Build/Intermediates.noindex/LineSDK.build/Debug-xros/LineSDK-t.build/DerivedSources/GeneratedAssetSymbols.swift -target arm64-apple-xros1.0 -module-can-import-version DeveloperToolsSupport 24.0.24 24.0.24 -disable-cross-import-overlay-search -load-resolved-plugin /Applications/Xcode-27.0.0-Release.Candidate.app/Contents/Developer/Platforms/XROS.platform/Developer/usr/lib/swift/host/plugins/libFoundationMacros.dylib\#/Applications/Xcode-27.0.0-Release.Candidate.app/Contents/Developer/Platforms/XROS.platform/Developer/usr/bin/swift-plugin-server\#FoundationMacros -load-resolved-plugin /Applications/Xcode-27.0.0-Release.Candidate.app/Contents/Developer/Platforms/XROS.platform/Developer/usr/lib/swift/host/plugins/libObservationMacros.dylib\#/Applications/Xcode-27.0.0-Release.Candidate.app/Contents/Developer/Platforms/XROS.platform/Developer/usr/bin/swift-plugin-server\#ObservationMacros -load-resolved-plugin /Applications/Xcode-27.0.0-Release.Candidate.app/Contents/Developer/Platforms/XROS.platform/Developer/usr/lib/swift/host/plugins/libPreviewsMacros.dylib\#/Applications/Xcode-27.0.0-Release.Candidate.app/Contents/Developer/Platforms/XROS.platform/Developer/usr/bin/swift-plugin-server\#PreviewsMacros -load-resolved-plugin /Applications/Xcode-27.0.0-Release.Candidate.app/Contents/Developer/Platforms/XROS.platform/Developer/usr/lib/swift/host/plugins/libSwiftMacros.dylib\#/Applications/Xcode-27.0.0-Release.Candidate.app/Contents/Developer/Platforms/XROS.platform/Developer/usr/bin/swift-plugin-server\#SwiftMacros -load-resolved-plugin /Applications/Xcode-27.0.0-Release.Candidate.app/Contents/Developer/Platforms/XROS.platform/Developer/usr/lib/swift/host/plugins/libSwiftUIMacros.dylib\#/Applications/Xcode-27.0.0-Release.Candidate.app/Contents/Developer/Platforms/XROS.platform/Developer/usr/bin/swift-plugin-server\#SwiftUIMacros -disable-implicit-swift-modules -Xcc -fno-implicit-modules -Xcc -fno-implicit-module-maps -explicit-swift-module-map-file /Users/admin/builder/spi-builder-workspace/.derivedData/Build/Intermediates.noindex/LineSDK.build/Debug-xros/LineSDK-t.build/Objects-normal/arm64/LineSDK-dependencies-1.json -Xllvm -aarch64-use-tbi -enable-objc-interop -stack-check -sdk /Applications/Xcode-27.0.0-Release.Candidate.app/Contents/Developer/Platforms/XROS.platform/Developer/SDKs/XROS27.0.sdk -I /Users/admin/builder/spi-builder-workspace/.derivedData/Build/Products/Debug-xros -Isystem /Applications/Xcode-27.0.0-Release.Candidate.app/Contents/Developer/Platforms/XROS.platform/Developer/usr/lib -F /Users/admin/builder/spi-builder-workspace/.derivedData/Build/Products/Debug-xros -F /Applications/Xcode-27.0.0-Release.Candidate.app/Contents/Developer/Platforms/XROS.platform/Developer/Library/Frameworks -F /Applications/Xcode-27.0.0-Release.Candidate.app/Contents/Developer/Platforms/XROS.platform/Developer/SDKs/XROS27.0.sdk/Developer/Library/Frameworks -module-cache-path /Users/admin/builder/spi-builder-workspace/.derivedData/Build/Intermediates.noindex/SwiftExplicitPrecompiledModules -no-color-diagnostics -Xcc -fno-color-diagnostics -enable-testing -g -debug-info-format\=dwarf -dwarf-version\=4 -swift-version 5 -Onone -D SWIFT_PACKAGE -D DEBUG -D SWIFT_MODULE_RESOURCE_BUNDLE_AVAILABLE -D Xcode -serialize-debugging-options -enable-experimental-feature DebugDescriptionMacro -empty-abi-descriptor -validate-clang-modules-once -clang-build-session-file /Users/admin/builder/spi-builder-workspace/.derivedData/ModuleCache.noindex/Session.modulevalidation -Xcc -working-directory -Xcc /Users/admin/builder/spi-builder-workspace/.swiftpm/xcode -enable-anonymous-context-mangled-names -file-compilation-dir /Users/admin/builder/spi-builder-workspace/.swiftpm/xcode -Xcc -D_LIBCPP_HARDENING_MODE\=_LIBCPP_HARDENING_MODE_DEBUG -Xcc -ivfsstatcache -Xcc /Users/admin/builder/spi-builder-workspace/.derivedData/SDKStatCaches.noindex/xros27.0-24M361-e829b21a6f8c9b70876ba0858053c044735bd543db762f57723cac368afd1ce4.sdkstatcache -Xcc -fmodules-prune-interval\=86400 -Xcc -fmodules-prune-after\=345600 -Xcc -I/Users/admin/builder/spi-builder-workspace/.derivedData/Build/Products/Debug-xros/include -Xcc -I/Users/admin/builder/spi-builder-workspace/.derivedData/Build/Intermediates.noindex/LineSDK.build/Debug-xros/LineSDK-t.build/DerivedSources-normal/arm64 -Xcc -I/Users/admin/builder/spi-builder-workspace/.derivedData/Build/Intermediates.noindex/LineSDK.build/Debug-xros/LineSDK-t.build/DerivedSources/arm64 -Xcc -I/Users/admin/builder/spi-builder-workspace/.derivedData/Build/Intermediates.noindex/LineSDK.build/Debug-xros/LineSDK-t.build/DerivedSources -Xcc -DSWIFT_PACKAGE -Xcc -DDEBUG\=1 -no-auto-bridging-header-chaining -module-name LineSDK -const-gather-protocols-file /Users/admin/builder/spi-builder-workspace/.derivedData/Build/Intermediates.noindex/LineSDK.build/Debug-xros/LineSDK-t.build/Objects-normal/arm64/LineSDK_const_extract_protocols.json -disable-clang-spi -clang-target arm64-apple-xros27.0 -target-sdk-version 27.0 -target-sdk-name xros27.0 -in-process-plugin-server-path /Applications/Xcode-27.0.0-Release.Candidate.app/Contents/Developer/Toolchains/XcodeDefault.xctoolchain/usr/lib/swift/host/libSwiftInProcPluginServer.dylib -emit-module-doc-path /Users/admin/builder/spi-builder-workspace/.derivedData/Build/Intermediates.noindex/LineSDK.build/Debug-xros/LineSDK-t.build/Objects-normal/arm64/LineSDK.swiftdoc -emit-module-source-info-path /Users/admin/builder/spi-builder-workspace/.derivedData/Build/Intermediates.noindex/LineSDK.build/Debug-xros/LineSDK-t.build/Objects-normal/arm64/LineSDK.swiftsourceinfo -emit-objc-header-path /Users/admin/builder/spi-builder-workspace/.derivedData/Build/Intermediates.noindex/LineSDK.build/Debug-xros/LineSDK-t.build/Objects-normal/arm64/LineSDK-Swift.h -serialize-diagnostics-path /Users/admin/builder/spi-builder-workspace/.derivedData/Build/Intermediates.noindex/LineSDK.build/Debug-xros/LineSDK-t.build/Objects-normal/arm64/LineSDK-primary-emit-module.dia -emit-dependencies-path /Users/admin/builder/spi-builder-workspace/.derivedData/Build/Intermediates.noindex/LineSDK.build/Debug-xros/LineSDK-t.build/Objects-normal/arm64/LineSDK-primary-emit-module.d -parse-as-library -o /Users/admin/builder/spi-builder-workspace/.derivedData/Build/Intermediates.noindex/LineSDK.build/Debug-xros/LineSDK-t.build/Objects-normal/arm64/LineSDK.swiftmodule -emit-abi-descriptor-path /Users/admin/builder/spi-builder-workspace/.derivedData/Build/Intermediates.noindex/LineSDK.build/Debug-xros/LineSDK-t.build/Objects-normal/arm64/LineSDK.abi.json
SwiftCompile normal arm64 (in target 'LineSDK' from project 'LineSDK')
cd /Users/admin/builder/spi-builder-workspace/.swiftpm/xcode
SwiftCompile normal arm64 Compiling\ FlexBlockStyle.swift,\ FlexMessage.swift,\ ImageMessage.swift,\ LocationMessage.swift,\ Message.swift,\ MessageProtocols.swift,\ MessageSender.swift,\ TemplateButtonsPayload.swift,\ TemplateCarouselPayload.swift,\ TemplateConfirmPayload.swift,\ TemplateImageCarouselPayload.swift,\ TemplateMessagePayload.swift,\ TemplateMessageProperties.swift,\ TemplateMessage.swift,\ TextMessage.swift /Users/admin/builder/spi-builder-workspace/LineSDK/LineSDK/Messaging/Model/Flex/Style/FlexBlockStyle.swift /Users/admin/builder/spi-builder-workspace/LineSDK/LineSDK/Messaging/Model/FlexMessage.swift /Users/admin/builder/spi-builder-workspace/LineSDK/LineSDK/Messaging/Model/ImageMessage.swift /Users/admin/builder/spi-builder-workspace/LineSDK/LineSDK/Messaging/Model/LocationMessage.swift /Users/admin/builder/spi-builder-workspace/LineSDK/LineSDK/Messaging/Model/Message.swift /Users/admin/builder/spi-builder-workspace/LineSDK/LineSDK/Messaging/Model/MessageProtocols.swift /Users/admin/builder/spi-builder-workspace/LineSDK/LineSDK/Messaging/Model/MessageSender.swift /Users/admin/builder/spi-builder-workspace/LineSDK/LineSDK/Messaging/Model/Template/Payloads/TemplateButtonsPayload.swift /Users/admin/builder/spi-builder-workspace/LineSDK/LineSDK/Messaging/Model/Template/Payloads/TemplateCarouselPayload.swift /Users/admin/builder/spi-builder-workspace/LineSDK/LineSDK/Messaging/Model/Template/Payloads/TemplateConfirmPayload.swift /Users/admin/builder/spi-builder-workspace/LineSDK/LineSDK/Messaging/Model/Template/Payloads/TemplateImageCarouselPayload.swift /Users/admin/builder/spi-builder-workspace/LineSDK/LineSDK/Messaging/Model/Template/Payloads/TemplateMessagePayload.swift /Users/admin/builder/spi-builder-workspace/LineSDK/LineSDK/Messaging/Model/Template/Payloads/TemplateMessageProperties.swift /Users/admin/builder/spi-builder-workspace/LineSDK/LineSDK/Messaging/Model/TemplateMessage.swift /Users/admin/builder/spi-builder-workspace/LineSDK/LineSDK/Messaging/Model/TextMessage.swift (in target 'LineSDK' from project 'LineSDK')
SwiftCompile normal arm64 /Users/admin/builder/spi-builder-workspace/LineSDK/LineSDK/Messaging/Model/Flex/Style/FlexBlockStyle.swift (in target 'LineSDK' from project 'LineSDK')
cd /Users/admin/builder/spi-builder-workspace/.swiftpm/xcode
builtin-SwiftPerFileCompile FlexBlockStyle.swift
SwiftCompile normal arm64 /Users/admin/builder/spi-builder-workspace/LineSDK/LineSDK/Messaging/Model/FlexMessage.swift (in target 'LineSDK' from project 'LineSDK')
cd /Users/admin/builder/spi-builder-workspace/.swiftpm/xcode
builtin-SwiftPerFileCompile FlexMessage.swift
SwiftCompile normal arm64 /Users/admin/builder/spi-builder-workspace/LineSDK/LineSDK/Messaging/Model/ImageMessage.swift (in target 'LineSDK' from project 'LineSDK')
cd /Users/admin/builder/spi-builder-workspace/.swiftpm/xcode
builtin-SwiftPerFileCompile ImageMessage.swift
SwiftCompile normal arm64 /Users/admin/builder/spi-builder-workspace/LineSDK/LineSDK/Messaging/Model/LocationMessage.swift (in target 'LineSDK' from project 'LineSDK')
cd /Users/admin/builder/spi-builder-workspace/.swiftpm/xcode
builtin-SwiftPerFileCompile LocationMessage.swift
SwiftCompile normal arm64 /Users/admin/builder/spi-builder-workspace/LineSDK/LineSDK/Messaging/Model/Message.swift (in target 'LineSDK' from project 'LineSDK')
cd /Users/admin/builder/spi-builder-workspace/.swiftpm/xcode
builtin-SwiftPerFileCompile Message.swift
SwiftCompile normal arm64 /Users/admin/builder/spi-builder-workspace/LineSDK/LineSDK/Messaging/Model/MessageProtocols.swift (in target 'LineSDK' from project 'LineSDK')
cd /Users/admin/builder/spi-builder-workspace/.swiftpm/xcode
builtin-SwiftPerFileCompile MessageProtocols.swift
SwiftCompile normal arm64 /Users/admin/builder/spi-builder-workspace/LineSDK/LineSDK/Messaging/Model/MessageSender.swift (in target 'LineSDK' from project 'LineSDK')
cd /Users/admin/builder/spi-builder-workspace/.swiftpm/xcode
builtin-SwiftPerFileCompile MessageSender.swift
SwiftCompile normal arm64 /Users/admin/builder/spi-builder-workspace/LineSDK/LineSDK/Messaging/Model/Template/Payloads/TemplateButtonsPayload.swift (in target 'LineSDK' from project 'LineSDK')
cd /Users/admin/builder/spi-builder-workspace/.swiftpm/xcode
builtin-SwiftPerFileCompile TemplateButtonsPayload.swift
SwiftCompile normal arm64 /Users/admin/builder/spi-builder-workspace/LineSDK/LineSDK/Messaging/Model/Template/Payloads/TemplateCarouselPayload.swift (in target 'LineSDK' from project 'LineSDK')
cd /Users/admin/builder/spi-builder-workspace/.swiftpm/xcode
builtin-SwiftPerFileCompile TemplateCarouselPayload.swift
SwiftCompile normal arm64 /Users/admin/builder/spi-builder-workspace/LineSDK/LineSDK/Messaging/Model/Template/Payloads/TemplateConfirmPayload.swift (in target 'LineSDK' from project 'LineSDK')
cd /Users/admin/builder/spi-builder-workspace/.swiftpm/xcode
builtin-SwiftPerFileCompile TemplateConfirmPayload.swift
SwiftCompile normal arm64 /Users/admin/builder/spi-builder-workspace/LineSDK/LineSDK/Messaging/Model/Template/Payloads/TemplateImageCarouselPayload.swift (in target 'LineSDK' from project 'LineSDK')
cd /Users/admin/builder/spi-builder-workspace/.swiftpm/xcode
builtin-SwiftPerFileCompile TemplateImageCarouselPayload.swift
SwiftCompile normal arm64 /Users/admin/builder/spi-builder-workspace/LineSDK/LineSDK/Messaging/Model/Template/Payloads/TemplateMessagePayload.swift (in target 'LineSDK' from project 'LineSDK')
cd /Users/admin/builder/spi-builder-workspace/.swiftpm/xcode
builtin-SwiftPerFileCompile TemplateMessagePayload.swift
SwiftCompile normal arm64 /Users/admin/builder/spi-builder-workspace/LineSDK/LineSDK/Messaging/Model/Template/Payloads/TemplateMessageProperties.swift (in target 'LineSDK' from project 'LineSDK')
cd /Users/admin/builder/spi-builder-workspace/.swiftpm/xcode
builtin-SwiftPerFileCompile TemplateMessageProperties.swift
SwiftCompile normal arm64 /Users/admin/builder/spi-builder-workspace/LineSDK/LineSDK/Messaging/Model/TemplateMessage.swift (in target 'LineSDK' from project 'LineSDK')
cd /Users/admin/builder/spi-builder-workspace/.swiftpm/xcode
builtin-SwiftPerFileCompile TemplateMessage.swift
SwiftCompile normal arm64 /Users/admin/builder/spi-builder-workspace/LineSDK/LineSDK/Messaging/Model/TextMessage.swift (in target 'LineSDK' from project 'LineSDK')
cd /Users/admin/builder/spi-builder-workspace/.swiftpm/xcode
builtin-SwiftPerFileCompile TextMessage.swift
SwiftCompile normal arm64 Compiling\ PostOpenChatRoomJoinRequest.swift,\ CallbackQueue.swift,\ Colors.swift,\ Constant.swift,\ Delegate.swift,\ Helpers.swift,\ KeyboardObservable.swift,\ KeychainStore.swift,\ LoadingIndicator.swift,\ NotificationToken.swift,\ ResultUtils.swift,\ String.swift,\ URLs.swift,\ UserDefaultsValue.swift,\ GeneratedAssetSymbols.swift /Users/admin/builder/spi-builder-workspace/LineSDK/LineSDK/OpenChat/Request/PostOpenChatRoomJoinRequest.swift /Users/admin/builder/spi-builder-workspace/LineSDK/LineSDK/Utils/CallbackQueue.swift /Users/admin/builder/spi-builder-workspace/LineSDK/LineSDK/Utils/Colors.swift /Users/admin/builder/spi-builder-workspace/LineSDK/LineSDK/Utils/Constant.swift /Users/admin/builder/spi-builder-workspace/LineSDK/LineSDK/Utils/Delegate.swift /Users/admin/builder/spi-builder-workspace/LineSDK/LineSDK/Utils/Helpers.swift /Users/admin/builder/spi-builder-workspace/LineSDK/LineSDK/Utils/KeyboardObservable.swift /Users/admin/builder/spi-builder-workspace/LineSDK/LineSDK/Utils/KeychainStore.swift /Users/admin/builder/spi-builder-workspace/LineSDK/LineSDK/Utils/LoadingIndicator.swift /Users/admin/builder/spi-builder-workspace/LineSDK/LineSDK/Utils/NotificationToken.swift /Users/admin/builder/spi-builder-workspace/LineSDK/LineSDK/Utils/ResultUtils.swift /Users/admin/builder/spi-builder-workspace/LineSDK/LineSDK/Utils/String.swift /Users/admin/builder/spi-builder-workspace/LineSDK/LineSDK/Utils/URLs.swift /Users/admin/builder/spi-builder-workspace/LineSDK/LineSDK/Utils/UserDefaultsValue.swift /Users/admin/builder/spi-builder-workspace/.derivedData/Build/Intermediates.noindex/LineSDK.build/Debug-xros/LineSDK-t.build/DerivedSources/GeneratedAssetSymbols.swift (in target 'LineSDK' from project 'LineSDK')
SwiftCompile normal arm64 /Users/admin/builder/spi-builder-workspace/LineSDK/LineSDK/OpenChat/Request/PostOpenChatRoomJoinRequest.swift (in target 'LineSDK' from project 'LineSDK')
cd /Users/admin/builder/spi-builder-workspace/.swiftpm/xcode
builtin-SwiftPerFileCompile PostOpenChatRoomJoinRequest.swift
SwiftCompile normal arm64 /Users/admin/builder/spi-builder-workspace/LineSDK/LineSDK/Utils/CallbackQueue.swift (in target 'LineSDK' from project 'LineSDK')
cd /Users/admin/builder/spi-builder-workspace/.swiftpm/xcode
builtin-SwiftPerFileCompile CallbackQueue.swift
SwiftCompile normal arm64 /Users/admin/builder/spi-builder-workspace/LineSDK/LineSDK/Utils/Colors.swift (in target 'LineSDK' from project 'LineSDK')
cd /Users/admin/builder/spi-builder-workspace/.swiftpm/xcode
builtin-SwiftPerFileCompile Colors.swift
SwiftCompile normal arm64 /Users/admin/builder/spi-builder-workspace/LineSDK/LineSDK/Utils/Constant.swift (in target 'LineSDK' from project 'LineSDK')
cd /Users/admin/builder/spi-builder-workspace/.swiftpm/xcode
builtin-SwiftPerFileCompile Constant.swift
SwiftCompile normal arm64 /Users/admin/builder/spi-builder-workspace/LineSDK/LineSDK/Utils/Delegate.swift (in target 'LineSDK' from project 'LineSDK')
cd /Users/admin/builder/spi-builder-workspace/.swiftpm/xcode
builtin-SwiftPerFileCompile Delegate.swift
SwiftCompile normal arm64 /Users/admin/builder/spi-builder-workspace/LineSDK/LineSDK/Utils/Helpers.swift (in target 'LineSDK' from project 'LineSDK')
cd /Users/admin/builder/spi-builder-workspace/.swiftpm/xcode
builtin-SwiftPerFileCompile Helpers.swift
SwiftCompile normal arm64 /Users/admin/builder/spi-builder-workspace/LineSDK/LineSDK/Utils/KeyboardObservable.swift (in target 'LineSDK' from project 'LineSDK')
cd /Users/admin/builder/spi-builder-workspace/.swiftpm/xcode
builtin-SwiftPerFileCompile KeyboardObservable.swift
SwiftCompile normal arm64 /Users/admin/builder/spi-builder-workspace/LineSDK/LineSDK/Utils/KeychainStore.swift (in target 'LineSDK' from project 'LineSDK')
cd /Users/admin/builder/spi-builder-workspace/.swiftpm/xcode
builtin-SwiftPerFileCompile KeychainStore.swift
SwiftCompile normal arm64 /Users/admin/builder/spi-builder-workspace/LineSDK/LineSDK/Utils/LoadingIndicator.swift (in target 'LineSDK' from project 'LineSDK')
cd /Users/admin/builder/spi-builder-workspace/.swiftpm/xcode
builtin-SwiftPerFileCompile LoadingIndicator.swift
SwiftCompile normal arm64 /Users/admin/builder/spi-builder-workspace/LineSDK/LineSDK/Utils/NotificationToken.swift (in target 'LineSDK' from project 'LineSDK')
cd /Users/admin/builder/spi-builder-workspace/.swiftpm/xcode
builtin-SwiftPerFileCompile NotificationToken.swift
SwiftCompile normal arm64 /Users/admin/builder/spi-builder-workspace/LineSDK/LineSDK/Utils/ResultUtils.swift (in target 'LineSDK' from project 'LineSDK')
cd /Users/admin/builder/spi-builder-workspace/.swiftpm/xcode
builtin-SwiftPerFileCompile ResultUtils.swift
SwiftCompile normal arm64 /Users/admin/builder/spi-builder-workspace/LineSDK/LineSDK/Utils/String.swift (in target 'LineSDK' from project 'LineSDK')
cd /Users/admin/builder/spi-builder-workspace/.swiftpm/xcode
builtin-SwiftPerFileCompile String.swift
SwiftCompile normal arm64 /Users/admin/builder/spi-builder-workspace/LineSDK/LineSDK/Utils/URLs.swift (in target 'LineSDK' from project 'LineSDK')
cd /Users/admin/builder/spi-builder-workspace/.swiftpm/xcode
builtin-SwiftPerFileCompile URLs.swift
SwiftCompile normal arm64 /Users/admin/builder/spi-builder-workspace/LineSDK/LineSDK/Utils/UserDefaultsValue.swift (in target 'LineSDK' from project 'LineSDK')
cd /Users/admin/builder/spi-builder-workspace/.swiftpm/xcode
builtin-SwiftPerFileCompile UserDefaultsValue.swift
SwiftCompile normal arm64 /Users/admin/builder/spi-builder-workspace/.derivedData/Build/Intermediates.noindex/LineSDK.build/Debug-xros/LineSDK-t.build/DerivedSources/GeneratedAssetSymbols.swift (in target 'LineSDK' from project 'LineSDK')
cd /Users/admin/builder/spi-builder-workspace/.swiftpm/xcode
builtin-SwiftPerFileCompile GeneratedAssetSymbols.swift
SwiftCompile normal arm64 Compiling\ MessageAction.swift,\ AudioMessage.swift,\ FlexBoxComponent.swift,\ FlexButtonComponent.swift,\ FlexFillerComponent.swift,\ FlexIconComponent.swift,\ FlexImageComponent.swift,\ FlexMessageComponent.swift,\ FlexMessageProperties.swift,\ FlexSeparatorComponent.swift,\ FlexSpacerComponent.swift,\ FlexTextComponent.swift,\ FlexBubbleContainer.swift,\ FlexCarouselContainer.swift,\ FlexMessageContainer.swift /Users/admin/builder/spi-builder-workspace/LineSDK/LineSDK/Messaging/Model/Actions/MessageAction.swift /Users/admin/builder/spi-builder-workspace/LineSDK/LineSDK/Messaging/Model/AudioMessage.swift /Users/admin/builder/spi-builder-workspace/LineSDK/LineSDK/Messaging/Model/Flex/Component/FlexBoxComponent.swift /Users/admin/builder/spi-builder-workspace/LineSDK/LineSDK/Messaging/Model/Flex/Component/FlexButtonComponent.swift /Users/admin/builder/spi-builder-workspace/LineSDK/LineSDK/Messaging/Model/Flex/Component/FlexFillerComponent.swift /Users/admin/builder/spi-builder-workspace/LineSDK/LineSDK/Messaging/Model/Flex/Component/FlexIconComponent.swift /Users/admin/builder/spi-builder-workspace/LineSDK/LineSDK/Messaging/Model/Flex/Component/FlexImageComponent.swift /Users/admin/builder/spi-builder-workspace/LineSDK/LineSDK/Messaging/Model/Flex/Component/FlexMessageComponent.swift /Users/admin/builder/spi-builder-workspace/LineSDK/LineSDK/Messaging/Model/Flex/Component/FlexMessageProperties.swift /Users/admin/builder/spi-builder-workspace/LineSDK/LineSDK/Messaging/Model/Flex/Component/FlexSeparatorComponent.swift /Users/admin/builder/spi-builder-workspace/LineSDK/LineSDK/Messaging/Model/Flex/Component/FlexSpacerComponent.swift /Users/admin/builder/spi-builder-workspace/LineSDK/LineSDK/Messaging/Model/Flex/Component/FlexTextComponent.swift /Users/admin/builder/spi-builder-workspace/LineSDK/LineSDK/Messaging/Model/Flex/Container/FlexBubbleContainer.swift /Users/admin/builder/spi-builder-workspace/LineSDK/LineSDK/Messaging/Model/Flex/Container/FlexCarouselContainer.swift /Users/admin/builder/spi-builder-workspace/LineSDK/LineSDK/Messaging/Model/Flex/Container/FlexMessageContainer.swift (in target 'LineSDK' from project 'LineSDK')
SwiftCompile normal arm64 /Users/admin/builder/spi-builder-workspace/LineSDK/LineSDK/Messaging/Model/Actions/MessageAction.swift (in target 'LineSDK' from project 'LineSDK')
cd /Users/admin/builder/spi-builder-workspace/.swiftpm/xcode
builtin-SwiftPerFileCompile MessageAction.swift
SwiftCompile normal arm64 /Users/admin/builder/spi-builder-workspace/LineSDK/LineSDK/Messaging/Model/AudioMessage.swift (in target 'LineSDK' from project 'LineSDK')
cd /Users/admin/builder/spi-builder-workspace/.swiftpm/xcode
builtin-SwiftPerFileCompile AudioMessage.swift
SwiftCompile normal arm64 /Users/admin/builder/spi-builder-workspace/LineSDK/LineSDK/Messaging/Model/Flex/Component/FlexBoxComponent.swift (in target 'LineSDK' from project 'LineSDK')
cd /Users/admin/builder/spi-builder-workspace/.swiftpm/xcode
builtin-SwiftPerFileCompile FlexBoxComponent.swift
SwiftCompile normal arm64 /Users/admin/builder/spi-builder-workspace/LineSDK/LineSDK/Messaging/Model/Flex/Component/FlexButtonComponent.swift (in target 'LineSDK' from project 'LineSDK')
cd /Users/admin/builder/spi-builder-workspace/.swiftpm/xcode
builtin-SwiftPerFileCompile FlexButtonComponent.swift
SwiftCompile normal arm64 /Users/admin/builder/spi-builder-workspace/LineSDK/LineSDK/Messaging/Model/Flex/Component/FlexFillerComponent.swift (in target 'LineSDK' from project 'LineSDK')
cd /Users/admin/builder/spi-builder-workspace/.swiftpm/xcode
builtin-SwiftPerFileCompile FlexFillerComponent.swift
SwiftCompile normal arm64 /Users/admin/builder/spi-builder-workspace/LineSDK/LineSDK/Messaging/Model/Flex/Component/FlexIconComponent.swift (in target 'LineSDK' from project 'LineSDK')
cd /Users/admin/builder/spi-builder-workspace/.swiftpm/xcode
builtin-SwiftPerFileCompile FlexIconComponent.swift
SwiftCompile normal arm64 /Users/admin/builder/spi-builder-workspace/LineSDK/LineSDK/Messaging/Model/Flex/Component/FlexImageComponent.swift (in target 'LineSDK' from project 'LineSDK')
cd /Users/admin/builder/spi-builder-workspace/.swiftpm/xcode
builtin-SwiftPerFileCompile FlexImageComponent.swift
SwiftCompile normal arm64 /Users/admin/builder/spi-builder-workspace/LineSDK/LineSDK/Messaging/Model/Flex/Component/FlexMessageComponent.swift (in target 'LineSDK' from project 'LineSDK')
cd /Users/admin/builder/spi-builder-workspace/.swiftpm/xcode
builtin-SwiftPerFileCompile FlexMessageComponent.swift
SwiftCompile normal arm64 /Users/admin/builder/spi-builder-workspace/LineSDK/LineSDK/Messaging/Model/Flex/Component/FlexMessageProperties.swift (in target 'LineSDK' from project 'LineSDK')
cd /Users/admin/builder/spi-builder-workspace/.swiftpm/xcode
builtin-SwiftPerFileCompile FlexMessageProperties.swift
SwiftCompile normal arm64 /Users/admin/builder/spi-builder-workspace/LineSDK/LineSDK/Messaging/Model/Flex/Component/FlexSeparatorComponent.swift (in target 'LineSDK' from project 'LineSDK')
cd /Users/admin/builder/spi-builder-workspace/.swiftpm/xcode
builtin-SwiftPerFileCompile FlexSeparatorComponent.swift
SwiftCompile normal arm64 /Users/admin/builder/spi-builder-workspace/LineSDK/LineSDK/Messaging/Model/Flex/Component/FlexSpacerComponent.swift (in target 'LineSDK' from project 'LineSDK')
cd /Users/admin/builder/spi-builder-workspace/.swiftpm/xcode
builtin-SwiftPerFileCompile FlexSpacerComponent.swift
SwiftCompile normal arm64 /Users/admin/builder/spi-builder-workspace/LineSDK/LineSDK/Messaging/Model/Flex/Component/FlexTextComponent.swift (in target 'LineSDK' from project 'LineSDK')
cd /Users/admin/builder/spi-builder-workspace/.swiftpm/xcode
builtin-SwiftPerFileCompile FlexTextComponent.swift
SwiftCompile normal arm64 /Users/admin/builder/spi-builder-workspace/LineSDK/LineSDK/Messaging/Model/Flex/Container/FlexBubbleContainer.swift (in target 'LineSDK' from project 'LineSDK')
cd /Users/admin/builder/spi-builder-workspace/.swiftpm/xcode
builtin-SwiftPerFileCompile FlexBubbleContainer.swift
SwiftCompile normal arm64 /Users/admin/builder/spi-builder-workspace/LineSDK/LineSDK/Messaging/Model/Flex/Container/FlexCarouselContainer.swift (in target 'LineSDK' from project 'LineSDK')
cd /Users/admin/builder/spi-builder-workspace/.swiftpm/xcode
builtin-SwiftPerFileCompile FlexCarouselContainer.swift
SwiftCompile normal arm64 /Users/admin/builder/spi-builder-workspace/LineSDK/LineSDK/Messaging/Model/Flex/Container/FlexMessageContainer.swift (in target 'LineSDK' from project 'LineSDK')
cd /Users/admin/builder/spi-builder-workspace/.swiftpm/xcode
builtin-SwiftPerFileCompile FlexMessageContainer.swift
SwiftCompile normal arm64 Compiling\ VideoMessage.swift,\ PostMessageSendingTokenIssueRequest.swift,\ PostMultisendMessagesRequest.swift,\ PostMultisendMessagesWithTokenRequest.swift,\ PostSendMessagesRequest.swift,\ API+Auth.swift,\ API+Deprecated.swift,\ API+Internal.swift,\ API.swift,\ ChainedPaginatedRequest.swift,\ ParametersAdapter.swift,\ Request.swift,\ RequestAdapter.swift,\ ResponsePipeline.swift,\ Session.swift /Users/admin/builder/spi-builder-workspace/LineSDK/LineSDK/Messaging/Model/VideoMessage.swift /Users/admin/builder/spi-builder-workspace/LineSDK/LineSDK/Messaging/Request/PostMessageSendingTokenIssueRequest.swift /Users/admin/builder/spi-builder-workspace/LineSDK/LineSDK/Messaging/Request/PostMultisendMessagesRequest.swift /Users/admin/builder/spi-builder-workspace/LineSDK/LineSDK/Messaging/Request/PostMultisendMessagesWithTokenRequest.swift /Users/admin/builder/spi-builder-workspace/LineSDK/LineSDK/Messaging/Request/PostSendMessagesRequest.swift /Users/admin/builder/spi-builder-workspace/LineSDK/LineSDK/Networking/API/API+Auth.swift /Users/admin/builder/spi-builder-workspace/LineSDK/LineSDK/Networking/API/API+Deprecated.swift /Users/admin/builder/spi-builder-workspace/LineSDK/LineSDK/Networking/API/API+Internal.swift /Users/admin/builder/spi-builder-workspace/LineSDK/LineSDK/Networking/API/API.swift /Users/admin/builder/spi-builder-workspace/LineSDK/LineSDK/Networking/Client/ChainedPaginatedRequest.swift /Users/admin/builder/spi-builder-workspace/LineSDK/LineSDK/Networking/Client/ParametersAdapter.swift /Users/admin/builder/spi-builder-workspace/LineSDK/LineSDK/Networking/Client/Request.swift /Users/admin/builder/spi-builder-workspace/LineSDK/LineSDK/Networking/Client/RequestAdapter.swift /Users/admin/builder/spi-builder-workspace/LineSDK/LineSDK/Networking/Client/ResponsePipeline.swift /Users/admin/builder/spi-builder-workspace/LineSDK/LineSDK/Networking/Client/Session.swift (in target 'LineSDK' from project 'LineSDK')
SwiftCompile normal arm64 /Users/admin/builder/spi-builder-workspace/LineSDK/LineSDK/Messaging/Model/VideoMessage.swift (in target 'LineSDK' from project 'LineSDK')
cd /Users/admin/builder/spi-builder-workspace/.swiftpm/xcode
builtin-SwiftPerFileCompile VideoMessage.swift
SwiftCompile normal arm64 /Users/admin/builder/spi-builder-workspace/LineSDK/LineSDK/Messaging/Request/PostMessageSendingTokenIssueRequest.swift (in target 'LineSDK' from project 'LineSDK')
cd /Users/admin/builder/spi-builder-workspace/.swiftpm/xcode
builtin-SwiftPerFileCompile PostMessageSendingTokenIssueRequest.swift
SwiftCompile normal arm64 /Users/admin/builder/spi-builder-workspace/LineSDK/LineSDK/Messaging/Request/PostMultisendMessagesRequest.swift (in target 'LineSDK' from project 'LineSDK')
cd /Users/admin/builder/spi-builder-workspace/.swiftpm/xcode
builtin-SwiftPerFileCompile PostMultisendMessagesRequest.swift
SwiftCompile normal arm64 /Users/admin/builder/spi-builder-workspace/LineSDK/LineSDK/Messaging/Request/PostMultisendMessagesWithTokenRequest.swift (in target 'LineSDK' from project 'LineSDK')
cd /Users/admin/builder/spi-builder-workspace/.swiftpm/xcode
builtin-SwiftPerFileCompile PostMultisendMessagesWithTokenRequest.swift
SwiftCompile normal arm64 /Users/admin/builder/spi-builder-workspace/LineSDK/LineSDK/Messaging/Request/PostSendMessagesRequest.swift (in target 'LineSDK' from project 'LineSDK')
cd /Users/admin/builder/spi-builder-workspace/.swiftpm/xcode
builtin-SwiftPerFileCompile PostSendMessagesRequest.swift
SwiftCompile normal arm64 /Users/admin/builder/spi-builder-workspace/LineSDK/LineSDK/Networking/API/API+Auth.swift (in target 'LineSDK' from project 'LineSDK')
cd /Users/admin/builder/spi-builder-workspace/.swiftpm/xcode
builtin-SwiftPerFileCompile API+Auth.swift
SwiftCompile normal arm64 /Users/admin/builder/spi-builder-workspace/LineSDK/LineSDK/Networking/API/API+Deprecated.swift (in target 'LineSDK' from project 'LineSDK')
cd /Users/admin/builder/spi-builder-workspace/.swiftpm/xcode
builtin-SwiftPerFileCompile API+Deprecated.swift
SwiftCompile normal arm64 /Users/admin/builder/spi-builder-workspace/LineSDK/LineSDK/Networking/API/API+Internal.swift (in target 'LineSDK' from project 'LineSDK')
cd /Users/admin/builder/spi-builder-workspace/.swiftpm/xcode
builtin-SwiftPerFileCompile API+Internal.swift
SwiftCompile normal arm64 /Users/admin/builder/spi-builder-workspace/LineSDK/LineSDK/Networking/API/API.swift (in target 'LineSDK' from project 'LineSDK')
cd /Users/admin/builder/spi-builder-workspace/.swiftpm/xcode
builtin-SwiftPerFileCompile API.swift
SwiftCompile normal arm64 /Users/admin/builder/spi-builder-workspace/LineSDK/LineSDK/Networking/Client/ChainedPaginatedRequest.swift (in target 'LineSDK' from project 'LineSDK')
cd /Users/admin/builder/spi-builder-workspace/.swiftpm/xcode
builtin-SwiftPerFileCompile ChainedPaginatedRequest.swift
SwiftCompile normal arm64 /Users/admin/builder/spi-builder-workspace/LineSDK/LineSDK/Networking/Client/ParametersAdapter.swift (in target 'LineSDK' from project 'LineSDK')
cd /Users/admin/builder/spi-builder-workspace/.swiftpm/xcode
builtin-SwiftPerFileCompile ParametersAdapter.swift
SwiftCompile normal arm64 /Users/admin/builder/spi-builder-workspace/LineSDK/LineSDK/Networking/Client/Request.swift (in target 'LineSDK' from project 'LineSDK')
cd /Users/admin/builder/spi-builder-workspace/.swiftpm/xcode
builtin-SwiftPerFileCompile Request.swift
SwiftCompile normal arm64 /Users/admin/builder/spi-builder-workspace/LineSDK/LineSDK/Networking/Client/RequestAdapter.swift (in target 'LineSDK' from project 'LineSDK')
cd /Users/admin/builder/spi-builder-workspace/.swiftpm/xcode
builtin-SwiftPerFileCompile RequestAdapter.swift
SwiftCompile normal arm64 /Users/admin/builder/spi-builder-workspace/LineSDK/LineSDK/Networking/Client/ResponsePipeline.swift (in target 'LineSDK' from project 'LineSDK')
cd /Users/admin/builder/spi-builder-workspace/.swiftpm/xcode
builtin-SwiftPerFileCompile ResponsePipeline.swift
SwiftCompile normal arm64 /Users/admin/builder/spi-builder-workspace/LineSDK/LineSDK/Networking/Client/Session.swift (in target 'LineSDK' from project 'LineSDK')
cd /Users/admin/builder/spi-builder-workspace/.swiftpm/xcode
builtin-SwiftPerFileCompile Session.swift
SwiftCompile normal arm64 Compiling\ DownloadableImageView.swift,\ ImageDownloader.swift,\ ImageManager.swift,\ APIError.swift,\ CodingExtension.swift,\ HexColor.swift,\ Unit.swift,\ OpenChatCategory.swift,\ OpenChatCreatingFormItem.swift,\ OpenChatRoomCreatingItem.swift,\ GetOpenChatRoomJoinTypeRequest.swift,\ GetOpenChatRoomMembershipStateRequest.swift,\ GetOpenChatRoomStatusRequest.swift,\ GetOpenChatTermAgreementStatusRequest.swift,\ PostOpenChatCreateRequest.swift /Users/admin/builder/spi-builder-workspace/LineSDK/LineSDK/Networking/Images/DownloadableImageView.swift /Users/admin/builder/spi-builder-workspace/LineSDK/LineSDK/Networking/Images/ImageDownloader.swift /Users/admin/builder/spi-builder-workspace/LineSDK/LineSDK/Networking/Images/ImageManager.swift /Users/admin/builder/spi-builder-workspace/LineSDK/LineSDK/Networking/Model/APIError.swift /Users/admin/builder/spi-builder-workspace/LineSDK/LineSDK/Networking/Model/CustomizeCoding/CodingExtension.swift /Users/admin/builder/spi-builder-workspace/LineSDK/LineSDK/Networking/Model/CustomizeCoding/HexColor.swift /Users/admin/builder/spi-builder-workspace/LineSDK/LineSDK/Networking/Model/Unit.swift /Users/admin/builder/spi-builder-workspace/LineSDK/LineSDK/OpenChat/Model/OpenChatCategory.swift /Users/admin/builder/spi-builder-workspace/LineSDK/LineSDK/OpenChat/Model/OpenChatCreatingFormItem.swift /Users/admin/builder/spi-builder-workspace/LineSDK/LineSDK/OpenChat/Model/OpenChatRoomCreatingItem.swift /Users/admin/builder/spi-builder-workspace/LineSDK/LineSDK/OpenChat/Request/GetOpenChatRoomJoinTypeRequest.swift /Users/admin/builder/spi-builder-workspace/LineSDK/LineSDK/OpenChat/Request/GetOpenChatRoomMembershipStateRequest.swift /Users/admin/builder/spi-builder-workspace/LineSDK/LineSDK/OpenChat/Request/GetOpenChatRoomStatusRequest.swift /Users/admin/builder/spi-builder-workspace/LineSDK/LineSDK/OpenChat/Request/GetOpenChatTermAgreementStatusRequest.swift /Users/admin/builder/spi-builder-workspace/LineSDK/LineSDK/OpenChat/Request/PostOpenChatCreateRequest.swift (in target 'LineSDK' from project 'LineSDK')
SwiftCompile normal arm64 /Users/admin/builder/spi-builder-workspace/LineSDK/LineSDK/Networking/Images/DownloadableImageView.swift (in target 'LineSDK' from project 'LineSDK')
cd /Users/admin/builder/spi-builder-workspace/.swiftpm/xcode
builtin-SwiftPerFileCompile DownloadableImageView.swift
SwiftCompile normal arm64 /Users/admin/builder/spi-builder-workspace/LineSDK/LineSDK/Networking/Images/ImageDownloader.swift (in target 'LineSDK' from project 'LineSDK')
cd /Users/admin/builder/spi-builder-workspace/.swiftpm/xcode
builtin-SwiftPerFileCompile ImageDownloader.swift
SwiftCompile normal arm64 /Users/admin/builder/spi-builder-workspace/LineSDK/LineSDK/Networking/Images/ImageManager.swift (in target 'LineSDK' from project 'LineSDK')
cd /Users/admin/builder/spi-builder-workspace/.swiftpm/xcode
builtin-SwiftPerFileCompile ImageManager.swift
SwiftCompile normal arm64 /Users/admin/builder/spi-builder-workspace/LineSDK/LineSDK/Networking/Model/APIError.swift (in target 'LineSDK' from project 'LineSDK')
cd /Users/admin/builder/spi-builder-workspace/.swiftpm/xcode
builtin-SwiftPerFileCompile APIError.swift
SwiftCompile normal arm64 /Users/admin/builder/spi-builder-workspace/LineSDK/LineSDK/Networking/Model/CustomizeCoding/CodingExtension.swift (in target 'LineSDK' from project 'LineSDK')
cd /Users/admin/builder/spi-builder-workspace/.swiftpm/xcode
builtin-SwiftPerFileCompile CodingExtension.swift
SwiftCompile normal arm64 /Users/admin/builder/spi-builder-workspace/LineSDK/LineSDK/Networking/Model/CustomizeCoding/HexColor.swift (in target 'LineSDK' from project 'LineSDK')
cd /Users/admin/builder/spi-builder-workspace/.swiftpm/xcode
builtin-SwiftPerFileCompile HexColor.swift
SwiftCompile normal arm64 /Users/admin/builder/spi-builder-workspace/LineSDK/LineSDK/Networking/Model/Unit.swift (in target 'LineSDK' from project 'LineSDK')
cd /Users/admin/builder/spi-builder-workspace/.swiftpm/xcode
builtin-SwiftPerFileCompile Unit.swift
SwiftCompile normal arm64 /Users/admin/builder/spi-builder-workspace/LineSDK/LineSDK/OpenChat/Model/OpenChatCategory.swift (in target 'LineSDK' from project 'LineSDK')
cd /Users/admin/builder/spi-builder-workspace/.swiftpm/xcode
builtin-SwiftPerFileCompile OpenChatCategory.swift
SwiftCompile normal arm64 /Users/admin/builder/spi-builder-workspace/LineSDK/LineSDK/OpenChat/Model/OpenChatCreatingFormItem.swift (in target 'LineSDK' from project 'LineSDK')
cd /Users/admin/builder/spi-builder-workspace/.swiftpm/xcode
builtin-SwiftPerFileCompile OpenChatCreatingFormItem.swift
SwiftCompile normal arm64 /Users/admin/builder/spi-builder-workspace/LineSDK/LineSDK/OpenChat/Model/OpenChatRoomCreatingItem.swift (in target 'LineSDK' from project 'LineSDK')
cd /Users/admin/builder/spi-builder-workspace/.swiftpm/xcode
builtin-SwiftPerFileCompile OpenChatRoomCreatingItem.swift
SwiftCompile normal arm64 /Users/admin/builder/spi-builder-workspace/LineSDK/LineSDK/OpenChat/Request/GetOpenChatRoomJoinTypeRequest.swift (in target 'LineSDK' from project 'LineSDK')
cd /Users/admin/builder/spi-builder-workspace/.swiftpm/xcode
builtin-SwiftPerFileCompile GetOpenChatRoomJoinTypeRequest.swift
SwiftCompile normal arm64 /Users/admin/builder/spi-builder-workspace/LineSDK/LineSDK/OpenChat/Request/GetOpenChatRoomMembershipStateRequest.swift (in target 'LineSDK' from project 'LineSDK')
cd /Users/admin/builder/spi-builder-workspace/.swiftpm/xcode
builtin-SwiftPerFileCompile GetOpenChatRoomMembershipStateRequest.swift
SwiftCompile normal arm64 /Users/admin/builder/spi-builder-workspace/LineSDK/LineSDK/OpenChat/Request/GetOpenChatRoomStatusRequest.swift (in target 'LineSDK' from project 'LineSDK')
cd /Users/admin/builder/spi-builder-workspace/.swiftpm/xcode
builtin-SwiftPerFileCompile GetOpenChatRoomStatusRequest.swift
SwiftCompile normal arm64 /Users/admin/builder/spi-builder-workspace/LineSDK/LineSDK/OpenChat/Request/GetOpenChatTermAgreementStatusRequest.swift (in target 'LineSDK' from project 'LineSDK')
cd /Users/admin/builder/spi-builder-workspace/.swiftpm/xcode
builtin-SwiftPerFileCompile GetOpenChatTermAgreementStatusRequest.swift
SwiftCompile normal arm64 /Users/admin/builder/spi-builder-workspace/LineSDK/LineSDK/OpenChat/Request/PostOpenChatCreateRequest.swift (in target 'LineSDK' from project 'LineSDK')
cd /Users/admin/builder/spi-builder-workspace/.swiftpm/xcode
builtin-SwiftPerFileCompile PostOpenChatCreateRequest.swift
PruneExplicitPrecompiledModules /Users/admin/builder/spi-builder-workspace/.derivedData/Build/Intermediates.noindex/ExplicitPrecompiledModules
PruneExplicitPrecompiledModules /Users/admin/builder/spi-builder-workspace/.derivedData/Build/Intermediates.noindex/SwiftExplicitPrecompiledModules
PruneExplicitPrecompiledModules /Users/admin/builder/spi-builder-workspace/.derivedData/SDKExplicitPrecompiledModules
2026-09-26 08:17:14.187 xcodebuild[838:5354] [MT] IDERunDestination: Supported platforms for the buildables in the current scheme is empty.
** BUILD FAILED **
The following build commands failed:
SwiftEmitModule normal arm64 Emitting\ module\ for\ LineSDK (in target 'LineSDK' from project 'LineSDK')
SwiftCompile normal arm64 (in target 'LineSDK' from project 'LineSDK')
Building workspace LineSDK with scheme LineSDK-Package
(3 failures)
BUILD FAILURE 6.4 visionOS