The Swift Package Index logo.Swift Package Index

Build Information

Failed to build Ariadne, reference main (355f77), with Swift 6.4 for watchOS using Xcode 27.0 on 17 Sep 2026 05:49:58 UTC.

Build Command

env DEVELOPER_DIR=/Applications/Xcode-27.0.0-Release.Candidate.app xcrun xcodebuild -IDEClonedSourcePackagesDirPathOverride=$PWD/.dependencies -skipMacroValidation -skipPackagePluginValidation -derivedDataPath $PWD/.derivedData build -scheme Ariadne -destination generic/platform=watchOS

Build Log

SwiftExplicitDependencyGeneratePcm arm64_32 /Users/admin/builder/spi-builder-workspace/.derivedData/SDKExplicitPrecompiledModules/_Builtin_limits-3VKBU2AFTD65PAJZ5CJ3LHFM2.pcm
SwiftExplicitDependencyGeneratePcm arm64 /Users/admin/builder/spi-builder-workspace/.derivedData/SDKExplicitPrecompiledModules/_Builtin_stdint-8XMILLJZEGRN2XG7XZUXZ5RLX.pcm
SwiftExplicitDependencyGeneratePcm arm64 /Users/admin/builder/spi-builder-workspace/.derivedData/SDKExplicitPrecompiledModules/_Builtin_tgmath-8NQ96OZ0YHXEC24JI95P01UF8.pcm
SwiftExplicitDependencyGeneratePcm arm64 /Users/admin/builder/spi-builder-workspace/.derivedData/SDKExplicitPrecompiledModules/string_h-E6PRXK75PHIPCZFWOFCQ3QBMK.pcm
SwiftExplicitDependencyGeneratePcm arm64 /Users/admin/builder/spi-builder-workspace/.derivedData/SDKExplicitPrecompiledModules/sys_types-2KXQLI78OUCDP779AE68GZJ2.pcm
SwiftExplicitDependencyGeneratePcm arm64_32 /Users/admin/builder/spi-builder-workspace/.derivedData/SDKExplicitPrecompiledModules/_Builtin_stdint-1HMXWI3V0V4TXHRWZOMZGZ80Y.pcm
SwiftExplicitDependencyGeneratePcm arm64_32 /Users/admin/builder/spi-builder-workspace/.derivedData/SDKExplicitPrecompiledModules/_Builtin_tgmath-23PGCKURCQILXMK0MYZRYDCOU.pcm
SwiftExplicitDependencyGeneratePcm arm64_32 /Users/admin/builder/spi-builder-workspace/.derivedData/SDKExplicitPrecompiledModules/sys_types-8TLLMW08ZJWDGIIPKOYFGHHZW.pcm
SwiftExplicitDependencyGeneratePcm arm64_32 /Users/admin/builder/spi-builder-workspace/.derivedData/SDKExplicitPrecompiledModules/string_h-BFVLUQUSBZWYMLCU9QI7VZALW.pcm
SwiftExplicitDependencyGeneratePcm arm64 /Users/admin/builder/spi-builder-workspace/.derivedData/SDKExplicitPrecompiledModules/_Builtin_stdatomic-7JEFA3KBJJJN6TKJWY3OG1VG5.pcm
SwiftExplicitDependencyGeneratePcm arm64 /Users/admin/builder/spi-builder-workspace/.derivedData/SDKExplicitPrecompiledModules/_DarwinFoundation3-B97LRG0E9GON2NUE65TVG81HU.pcm
SwiftExplicitDependencyGeneratePcm arm64 /Users/admin/builder/spi-builder-workspace/.derivedData/SDKExplicitPrecompiledModules/_Builtin_intrinsics-75960HIPCIYA06IUW8FIIPQT.pcm
SwiftExplicitDependencyGeneratePcm arm64_32 /Users/admin/builder/spi-builder-workspace/.derivedData/SDKExplicitPrecompiledModules/_Builtin_stdatomic-1TY035TURL76BF2U98PZPPZRX.pcm
SwiftExplicitDependencyGeneratePcm arm64_32 /Users/admin/builder/spi-builder-workspace/.derivedData/SDKExplicitPrecompiledModules/_Builtin_intrinsics-196IIAKDQVU42DLOZP9OQCV76.pcm
SwiftExplicitDependencyGeneratePcm arm64_32 /Users/admin/builder/spi-builder-workspace/.derivedData/SDKExplicitPrecompiledModules/_DarwinFoundation3-3DUTYQDQSD9HUAAVY947NMWOI.pcm
SwiftExplicitDependencyGeneratePcm arm64 /Users/admin/builder/spi-builder-workspace/.derivedData/SDKExplicitPrecompiledModules/_Builtin_inttypes-3UQSCM7WNM9EK4HZML8TY5J3D.pcm
SwiftExplicitDependencyGeneratePcm arm64_32 /Users/admin/builder/spi-builder-workspace/.derivedData/SDKExplicitPrecompiledModules/_Builtin_inttypes-D2KPCR4PEX9AQA33NGLUT5SBR.pcm
SwiftExplicitDependencyGeneratePcm arm64 /Users/admin/builder/spi-builder-workspace/.derivedData/SDKExplicitPrecompiledModules/Darwin-3984OXKFNSPE77NT743WK8SEX.pcm
SwiftExplicitDependencyGeneratePcm arm64_32 /Users/admin/builder/spi-builder-workspace/.derivedData/SDKExplicitPrecompiledModules/Darwin-3FVT1SKLN2ZQ5RVOABMTQBB34.pcm
SwiftExplicitDependencyGeneratePcm arm64 /Users/admin/builder/spi-builder-workspace/.derivedData/SDKExplicitPrecompiledModules/simd-EH08NODU6574T74ZKU61VP9BW.pcm
SwiftExplicitDependencyGeneratePcm arm64_32 /Users/admin/builder/spi-builder-workspace/.derivedData/SDKExplicitPrecompiledModules/simd-21UNWYOBUZI1LVSQ99S1XBLMO.pcm
SwiftExplicitDependencyGeneratePcm arm64 /Users/admin/builder/spi-builder-workspace/.derivedData/SDKExplicitPrecompiledModules/ObjectiveC-72IVD3VS2RS8Q28D9PIMY0KQP.pcm
SwiftExplicitDependencyGeneratePcm arm64 /Users/admin/builder/spi-builder-workspace/.derivedData/SDKExplicitPrecompiledModules/MachO-2U90NNSAQILBNBPS1SA4F8TYP.pcm
SwiftExplicitDependencyGeneratePcm arm64_32 /Users/admin/builder/spi-builder-workspace/.derivedData/SDKExplicitPrecompiledModules/ObjectiveC-6IJNELR2E80E7LUKESVCP2KET.pcm
SwiftExplicitDependencyGeneratePcm arm64_32 /Users/admin/builder/spi-builder-workspace/.derivedData/SDKExplicitPrecompiledModules/MachO-56838ZJ0NC1EBAJ0O6O8QMPDX.pcm
SwiftExplicitDependencyGeneratePcm arm64 /Users/admin/builder/spi-builder-workspace/.derivedData/SDKExplicitPrecompiledModules/os_object-3SDKD7F87FTZ26OON37DRYT6O.pcm
SwiftExplicitDependencyGeneratePcm arm64_32 /Users/admin/builder/spi-builder-workspace/.derivedData/SDKExplicitPrecompiledModules/os_object-5YWTC6L4756IWSTPGXS5NM0D0.pcm
SwiftExplicitDependencyGeneratePcm arm64_32 /Users/admin/builder/spi-builder-workspace/.derivedData/SDKExplicitPrecompiledModules/os_workgroup-5JHTPDMNBUNHLJI8LPHKQK1JK.pcm
SwiftExplicitDependencyGeneratePcm arm64 /Users/admin/builder/spi-builder-workspace/.derivedData/SDKExplicitPrecompiledModules/os_workgroup-89GG5G7YC2D0ZTK6AZXXQ20DH.pcm
SwiftExplicitDependencyGeneratePcm arm64 /Users/admin/builder/spi-builder-workspace/.derivedData/SDKExplicitPrecompiledModules/Spatial-44FJGYXFAT2AQAW9Z6T7YS02U.pcm
SwiftExplicitDependencyGeneratePcm arm64_32 /Users/admin/builder/spi-builder-workspace/.derivedData/SDKExplicitPrecompiledModules/Spatial-CWVWNML3T0NXVHZDKVLD3X1YZ.pcm
SwiftExplicitDependencyGeneratePcm arm64 /Users/admin/builder/spi-builder-workspace/.derivedData/SDKExplicitPrecompiledModules/Dispatch-1NLJOVAK60XP0DUB05XA59EIM.pcm
SwiftExplicitDependencyGeneratePcm arm64_32 /Users/admin/builder/spi-builder-workspace/.derivedData/SDKExplicitPrecompiledModules/Dispatch-2P62F1T4XV63S4P99TUDTOK2Q.pcm
SwiftExplicitDependencyGeneratePcm arm64_32 /Users/admin/builder/spi-builder-workspace/.derivedData/SDKExplicitPrecompiledModules/CoreFoundation-8E6Y4BA3EXYKUGJ24GT9LGV3N.pcm
SwiftExplicitDependencyGeneratePcm arm64_32 /Users/admin/builder/spi-builder-workspace/.derivedData/SDKExplicitPrecompiledModules/XPC-81Y45QFY96XYYFCW2GT6FY8S4.pcm
SwiftExplicitDependencyGeneratePcm arm64 /Users/admin/builder/spi-builder-workspace/.derivedData/SDKExplicitPrecompiledModules/XPC-40DR0X1DHKGCV4J1IOLFS8MOU.pcm
SwiftExplicitDependencyGeneratePcm arm64 /Users/admin/builder/spi-builder-workspace/.derivedData/SDKExplicitPrecompiledModules/CoreFoundation-8T2L24YC5NU7WO6WQJWRY7W08.pcm
SwiftExplicitDependencyGeneratePcm arm64_32 /Users/admin/builder/spi-builder-workspace/.derivedData/SDKExplicitPrecompiledModules/os-E5IGB442IA6SBB25TTCOLK2OC.pcm
SwiftExplicitDependencyGeneratePcm arm64 /Users/admin/builder/spi-builder-workspace/.derivedData/SDKExplicitPrecompiledModules/os-5DIL6Z9LFIGLMZAHM7X2T5435.pcm
SwiftExplicitDependencyGeneratePcm arm64_32 /Users/admin/builder/spi-builder-workspace/.derivedData/SDKExplicitPrecompiledModules/Security-D7TOWF88VWF67TB9HAFP5UWB1.pcm
SwiftExplicitDependencyGeneratePcm arm64_32 /Users/admin/builder/spi-builder-workspace/.derivedData/SDKExplicitPrecompiledModules/CoreGraphics-9FDXYX6BKBUT6TJ2VF819E7T5.pcm
SwiftExplicitDependencyGeneratePcm arm64 /Users/admin/builder/spi-builder-workspace/.derivedData/SDKExplicitPrecompiledModules/Security-6RZ6YBRU8WCUHRFFRVUK5WKMM.pcm
SwiftExplicitDependencyGeneratePcm arm64 /Users/admin/builder/spi-builder-workspace/.derivedData/SDKExplicitPrecompiledModules/CoreGraphics-DWNZ73GEH98SBJXZ7DEXB420K.pcm
SwiftExplicitDependencyGeneratePcm arm64_32 /Users/admin/builder/spi-builder-workspace/.derivedData/SDKExplicitPrecompiledModules/Foundation-BJ2VQGI3OGR34500MEQ1VKHPH.pcm
SwiftExplicitDependencyGeneratePcm arm64 /Users/admin/builder/spi-builder-workspace/.derivedData/SDKExplicitPrecompiledModules/Foundation-DLBKUSGXN8QHAT8W0OARR9S8A.pcm
SwiftExplicitDependencyGeneratePcm arm64_32 /Users/admin/builder/spi-builder-workspace/.derivedData/SDKExplicitPrecompiledModules/CoreVideo-2P8HI0403J99LBDPKNFJ5D4DL.pcm
SwiftExplicitDependencyGeneratePcm arm64_32 /Users/admin/builder/spi-builder-workspace/.derivedData/SDKExplicitPrecompiledModules/CoreText-C9X2REPZN2V5BSU4G80FCETDR.pcm
SwiftExplicitDependencyGeneratePcm arm64 /Users/admin/builder/spi-builder-workspace/.derivedData/SDKExplicitPrecompiledModules/CoreVideo-8MRR5MNWUOAW2DBPGUQ8FKK4.pcm
SwiftExplicitDependencyGeneratePcm arm64 /Users/admin/builder/spi-builder-workspace/.derivedData/SDKExplicitPrecompiledModules/CoreText-970YJN6NIYGK1316L35Z0O8QT.pcm
SwiftExplicitDependencyGeneratePcm arm64_32 /Users/admin/builder/spi-builder-workspace/.derivedData/SDKExplicitPrecompiledModules/UserNotifications-6TBN8TEAKO014N1T2QD926XED.pcm
SwiftExplicitDependencyGeneratePcm arm64_32 /Users/admin/builder/spi-builder-workspace/.derivedData/SDKExplicitPrecompiledModules/_LocationEssentials-AQ1OL9QKC3LQLY5CNSRM1HB53.pcm
SwiftExplicitDependencyGeneratePcm arm64_32 /Users/admin/builder/spi-builder-workspace/.derivedData/SDKExplicitPrecompiledModules/QuartzCore-6375NPYACK5NYVHPMC1QQ8MC2.pcm
SwiftExplicitDependencyGeneratePcm arm64_32 /Users/admin/builder/spi-builder-workspace/.derivedData/SDKExplicitPrecompiledModules/SceneKit-DKNLHKM5FJBQ79LSNMSSMBUBR.pcm
SwiftExplicitDependencyGeneratePcm arm64_32 /Users/admin/builder/spi-builder-workspace/.derivedData/SDKExplicitPrecompiledModules/OSLog-D9AVFY0KWO7RVBIQ73CBIJVCN.pcm
SwiftExplicitDependencyGeneratePcm arm64_32 /Users/admin/builder/spi-builder-workspace/.derivedData/SDKExplicitPrecompiledModules/DataDetection-U9BF7WHFVA6BZGFXXXP272PS.pcm
SwiftExplicitDependencyGeneratePcm arm64_32 /Users/admin/builder/spi-builder-workspace/.derivedData/SDKExplicitPrecompiledModules/UIUtilities-9YFVNIMRC5HRVOIARNWHP1E3H.pcm
SwiftExplicitDependencyGeneratePcm arm64_32 /Users/admin/builder/spi-builder-workspace/.derivedData/SDKExplicitPrecompiledModules/Accessibility-F385OMZ5GYBUY5O4QAJB4NRII.pcm
SwiftExplicitDependencyGeneratePcm arm64_32 /Users/admin/builder/spi-builder-workspace/.derivedData/SDKExplicitPrecompiledModules/UniformTypeIdentifiers-CJZ3NTHPSBH4XWX5EVOG56UZS.pcm
SwiftExplicitDependencyGeneratePcm arm64_32 /Users/admin/builder/spi-builder-workspace/.derivedData/SDKExplicitPrecompiledModules/Symbols-1H97WMG76HU94F5VGJR19PXFY.pcm
SwiftExplicitDependencyGeneratePcm arm64 /Users/admin/builder/spi-builder-workspace/.derivedData/SDKExplicitPrecompiledModules/UniformTypeIdentifiers-8L08Q8DQJV8C4AW84YVGFGTRN.pcm
SwiftExplicitDependencyGeneratePcm arm64 /Users/admin/builder/spi-builder-workspace/.derivedData/SDKExplicitPrecompiledModules/QuartzCore-94KFMWNOU7ZLUZNB4T5DLZC9D.pcm
SwiftExplicitDependencyGeneratePcm arm64 /Users/admin/builder/spi-builder-workspace/.derivedData/SDKExplicitPrecompiledModules/UserNotifications-ARAH8MEQ0C2L0FBO39HITJMAO.pcm
SwiftExplicitDependencyGeneratePcm arm64 /Users/admin/builder/spi-builder-workspace/.derivedData/SDKExplicitPrecompiledModules/SceneKit-5HZKIL7XETTTD8TOHYPN8JKRJ.pcm
SwiftExplicitDependencyGeneratePcm arm64 /Users/admin/builder/spi-builder-workspace/.derivedData/SDKExplicitPrecompiledModules/Accessibility-27QMG6ZQ1NKYTNBYFPM1XKNFC.pcm
SwiftExplicitDependencyGeneratePcm arm64 /Users/admin/builder/spi-builder-workspace/.derivedData/SDKExplicitPrecompiledModules/_LocationEssentials-5ZZDGDXB6HLQUC72SJW7YJ7MK.pcm
SwiftExplicitDependencyGeneratePcm arm64_32 /Users/admin/builder/spi-builder-workspace/.derivedData/SDKExplicitPrecompiledModules/CoreLocation-8XU5YMYM4P11RQMYCQAG65ITK.pcm
SwiftExplicitDependencyGeneratePcm arm64 /Users/admin/builder/spi-builder-workspace/.derivedData/SDKExplicitPrecompiledModules/Symbols-3EFABTJ9L5PQDJ7RQCYQWEJMM.pcm
SwiftExplicitDependencyGeneratePcm arm64 /Users/admin/builder/spi-builder-workspace/.derivedData/SDKExplicitPrecompiledModules/OSLog-B7VGO357Y3GJG35TST7DKDSI3.pcm
SwiftExplicitDependencyGeneratePcm arm64_32 /Users/admin/builder/spi-builder-workspace/.derivedData/SDKExplicitPrecompiledModules/SwiftUICore-3Q7WLRD8MR9R3NGIPUBQCP6F6.pcm
SwiftExplicitDependencyGeneratePcm arm64_32 /Users/admin/builder/spi-builder-workspace/.derivedData/SDKExplicitPrecompiledModules/CoreTransferable-5D4IR6X37682FPHJ5CBPTKQV6.pcm
SwiftExplicitDependencyGeneratePcm arm64 /Users/admin/builder/spi-builder-workspace/.derivedData/SDKExplicitPrecompiledModules/UIUtilities-IR7RNW23VAUKYI9MLCS9NL9A.pcm
SwiftExplicitDependencyGeneratePcm arm64 /Users/admin/builder/spi-builder-workspace/.derivedData/SDKExplicitPrecompiledModules/CoreLocation-ACKJ9K7ABI14F97Y46Y6SRR17.pcm
SwiftExplicitDependencyGeneratePcm arm64 /Users/admin/builder/spi-builder-workspace/.derivedData/SDKExplicitPrecompiledModules/CoreTransferable-9PPG3SLJ55T4LITIFYX2M0NOZ.pcm
SwiftExplicitDependencyGeneratePcm arm64 /Users/admin/builder/spi-builder-workspace/.derivedData/SDKExplicitPrecompiledModules/DataDetection-7BNVI1SZW5ISQL5SX4WL2X7I5.pcm
SwiftExplicitDependencyGeneratePcm arm64_32 /Users/admin/builder/spi-builder-workspace/.derivedData/SDKExplicitPrecompiledModules/CoreMotion-1XGTVTE5PP32UHME8AC63TL6.pcm
SwiftExplicitDependencyGeneratePcm arm64 /Users/admin/builder/spi-builder-workspace/.derivedData/SDKExplicitPrecompiledModules/SwiftUICore-C1DST1IX2Z0PTH5SJJZ1IULRB.pcm
SwiftExplicitDependencyGeneratePcm arm64 /Users/admin/builder/spi-builder-workspace/.derivedData/SDKExplicitPrecompiledModules/CoreMotion-6RD5K48QT1F4L9CATNFD2O7YB.pcm
SwiftExplicitDependencyGeneratePcm arm64_32 /Users/admin/builder/spi-builder-workspace/.derivedData/SDKExplicitPrecompiledModules/UIKit-6PPV7YPZ89CZPHYAP072QH8B6.pcm
SwiftExplicitDependencyGeneratePcm arm64 /Users/admin/builder/spi-builder-workspace/.derivedData/SDKExplicitPrecompiledModules/UIKit-27R3P1YMV4C6JLDT661G3MRIA.pcm
SwiftExplicitDependencyGeneratePcm arm64_32 /Users/admin/builder/spi-builder-workspace/.derivedData/SDKExplicitPrecompiledModules/MapKit-CWGB4YMP1VX1NYQN5FULFD5DR.pcm
SwiftExplicitDependencyGeneratePcm arm64_32 /Users/admin/builder/spi-builder-workspace/.derivedData/SDKExplicitPrecompiledModules/HomeKit-DUDZOMSN3UK8GNTNBNMPIWJRN.pcm
SwiftExplicitDependencyGeneratePcm arm64 /Users/admin/builder/spi-builder-workspace/.derivedData/SDKExplicitPrecompiledModules/MapKit-EJJWC7IL56MPLQMI93GJRE5OG.pcm
SwiftExplicitDependencyGeneratePcm arm64 /Users/admin/builder/spi-builder-workspace/.derivedData/SDKExplicitPrecompiledModules/HomeKit-DTS1N4AWILAL1URZ5IOXV5221.pcm
SwiftExplicitDependencyGeneratePcm arm64_32 /Users/admin/builder/spi-builder-workspace/.derivedData/SDKExplicitPrecompiledModules/WatchKit-FHF6WTKLC2APGK3LA2XJ6516.pcm
SwiftExplicitDependencyGeneratePcm arm64 /Users/admin/builder/spi-builder-workspace/.derivedData/SDKExplicitPrecompiledModules/WatchKit-3VT3K8YON6FJ6OWSUFJMFMP8J.pcm
SwiftCompile normal arm64_32 Compiling\ NavigationTransition.swift,\ NavigationViewBuilder.swift /Users/admin/builder/spi-builder-workspace/Source/Ariadne/NavigationTransition.swift /Users/admin/builder/spi-builder-workspace/Source/Ariadne/NavigationViewBuilder.swift (in target 'Ariadne' from project 'Ariadne')
SwiftCompile normal arm64_32 /Users/admin/builder/spi-builder-workspace/Source/Ariadne/NavigationTransition.swift (in target 'Ariadne' from project 'Ariadne')
    cd /Users/admin/builder/spi-builder-workspace/.swiftpm/xcode
    builtin-SwiftPerFileCompile NavigationTransition.swift
SwiftCompile normal arm64_32 /Users/admin/builder/spi-builder-workspace/Source/Ariadne/NavigationViewBuilder.swift (in target 'Ariadne' from project 'Ariadne')
    cd /Users/admin/builder/spi-builder-workspace/.swiftpm/xcode
    builtin-SwiftPerFileCompile NavigationViewBuilder.swift
SwiftCompile normal arm64_32 Compiling\ UpdatableViewFinder.swift /Users/admin/builder/spi-builder-workspace/Source/Ariadne/UpdatableViewFinder.swift (in target 'Ariadne' from project 'Ariadne')
SwiftCompile normal arm64_32 /Users/admin/builder/spi-builder-workspace/Source/Ariadne/UpdatableViewFinder.swift (in target 'Ariadne' from project 'Ariadne')
    cd /Users/admin/builder/spi-builder-workspace/.swiftpm/xcode
    builtin-SwiftPerFileCompile UpdatableViewFinder.swift
SwiftCompile normal arm64_32 Compiling\ Route.swift /Users/admin/builder/spi-builder-workspace/Source/Ariadne/Route.swift (in target 'Ariadne' from project 'Ariadne')
SwiftCompile normal arm64_32 /Users/admin/builder/spi-builder-workspace/Source/Ariadne/Route.swift (in target 'Ariadne' from project 'Ariadne')
    cd /Users/admin/builder/spi-builder-workspace/.swiftpm/xcode
    builtin-SwiftPerFileCompile Route.swift
SwiftCompile normal arm64_32 Compiling\ SplitViewBuilder.swift /Users/admin/builder/spi-builder-workspace/Source/Ariadne/SplitViewBuilder.swift (in target 'Ariadne' from project 'Ariadne')
SwiftCompile normal arm64_32 /Users/admin/builder/spi-builder-workspace/Source/Ariadne/SplitViewBuilder.swift (in target 'Ariadne' from project 'Ariadne')
    cd /Users/admin/builder/spi-builder-workspace/.swiftpm/xcode
    builtin-SwiftPerFileCompile SplitViewBuilder.swift
SwiftCompile normal arm64_32 Compiling\ TabBarViewBuilder.swift /Users/admin/builder/spi-builder-workspace/Source/Ariadne/TabBarViewBuilder.swift (in target 'Ariadne' from project 'Ariadne')
SwiftCompile normal arm64_32 /Users/admin/builder/spi-builder-workspace/Source/Ariadne/TabBarViewBuilder.swift (in target 'Ariadne' from project 'Ariadne')
    cd /Users/admin/builder/spi-builder-workspace/.swiftpm/xcode
    builtin-SwiftPerFileCompile TabBarViewBuilder.swift
SwiftCompile normal arm64_32 Compiling\ BaseTransition.swift,\ CurrentlyVisibleViewFinder.swift /Users/admin/builder/spi-builder-workspace/Source/Ariadne/BaseTransition.swift /Users/admin/builder/spi-builder-workspace/Source/Ariadne/CurrentlyVisibleViewFinder.swift (in target 'Ariadne' from project 'Ariadne')
SwiftCompile normal arm64_32 /Users/admin/builder/spi-builder-workspace/Source/Ariadne/BaseTransition.swift (in target 'Ariadne' from project 'Ariadne')
    cd /Users/admin/builder/spi-builder-workspace/.swiftpm/xcode
    builtin-SwiftPerFileCompile BaseTransition.swift
SwiftCompile normal arm64_32 /Users/admin/builder/spi-builder-workspace/Source/Ariadne/CurrentlyVisibleViewFinder.swift (in target 'Ariadne' from project 'Ariadne')
    cd /Users/admin/builder/spi-builder-workspace/.swiftpm/xcode
    builtin-SwiftPerFileCompile CurrentlyVisibleViewFinder.swift
SwiftEmitModule normal arm64_32 Emitting\ module\ for\ Ariadne (in target 'Ariadne' from project 'Ariadne')
SwiftCompile normal arm64_32 (in target 'Ariadne' from project 'Ariadne')
    cd /Users/admin/builder/spi-builder-workspace/.swiftpm/xcode

SwiftCompile normal arm64_32 Compiling\ AnyBuilder.swift,\ Ariadne.swift /Users/admin/builder/spi-builder-workspace/Source/Ariadne/AnyBuilder.swift /Users/admin/builder/spi-builder-workspace/Source/Ariadne/Ariadne.swift (in target 'Ariadne' from project 'Ariadne')
SwiftCompile normal arm64_32 /Users/admin/builder/spi-builder-workspace/Source/Ariadne/AnyBuilder.swift (in target 'Ariadne' from project 'Ariadne')
    cd /Users/admin/builder/spi-builder-workspace/.swiftpm/xcode
    builtin-SwiftPerFileCompile AnyBuilder.swift
SwiftCompile normal arm64_32 /Users/admin/builder/spi-builder-workspace/Source/Ariadne/Ariadne.swift (in target 'Ariadne' from project 'Ariadne')
    cd /Users/admin/builder/spi-builder-workspace/.swiftpm/xcode
    builtin-SwiftPerFileCompile Ariadne.swift
SwiftCompile normal arm64_32 Compiling\ ViewControllerBuilder.swift /Users/admin/builder/spi-builder-workspace/Source/Ariadne/ViewControllerBuilder.swift (in target 'Ariadne' from project 'Ariadne')
SwiftCompile normal arm64_32 /Users/admin/builder/spi-builder-workspace/Source/Ariadne/ViewControllerBuilder.swift (in target 'Ariadne' from project 'Ariadne')
    cd /Users/admin/builder/spi-builder-workspace/.swiftpm/xcode
    builtin-SwiftPerFileCompile ViewControllerBuilder.swift
SwiftCompile normal arm64_32 Compiling\ ViewTransition.swift /Users/admin/builder/spi-builder-workspace/Source/Ariadne/ViewTransition.swift (in target 'Ariadne' from project 'Ariadne')
SwiftCompile normal arm64_32 /Users/admin/builder/spi-builder-workspace/Source/Ariadne/ViewTransition.swift (in target 'Ariadne' from project 'Ariadne')
    cd /Users/admin/builder/spi-builder-workspace/.swiftpm/xcode
    builtin-SwiftPerFileCompile ViewTransition.swift
SwiftEmitModule normal arm64 Emitting\ module\ for\ Ariadne (in target 'Ariadne' from project 'Ariadne')
SwiftCompile normal arm64 (in target 'Ariadne' from project 'Ariadne')
    cd /Users/admin/builder/spi-builder-workspace/.swiftpm/xcode

SwiftDriverJobDiscovery normal arm64_32 Emitting module for Ariadne (in target 'Ariadne' from project 'Ariadne')
SwiftDriver\ Compilation\ Requirements Ariadne normal arm64_32 com.apple.xcode.tools.swift.compiler (in target 'Ariadne' from project 'Ariadne')
    cd /Users/admin/builder/spi-builder-workspace/.swiftpm/xcode
    builtin-Swift-Compilation-Requirements -- /Applications/Xcode-27.0.0-Release.Candidate.app/Contents/Developer/Toolchains/XcodeDefault.xctoolchain/usr/bin/swiftc -parse-as-library -module-name Ariadne -Onone @/Users/admin/builder/spi-builder-workspace/.derivedData/Build/Intermediates.noindex/Ariadne.build/Debug-watchos/Ariadne-t.build/Objects-normal/arm64_32/Ariadne.SwiftFileList -DSWIFT_PACKAGE -DDEBUG -DSWIFT_MODULE_RESOURCE_BUNDLE_UNAVAILABLE -DXcode -plugin-path /Applications/Xcode-27.0.0-Release.Candidate.app/Contents/Developer/Toolchains/XcodeDefault.xctoolchain/usr/lib/swift/host/plugins/testing -enable-experimental-feature DebugDescriptionMacro -sdk /Applications/Xcode-27.0.0-Release.Candidate.app/Contents/Developer/Platforms/WatchOS.platform/Developer/SDKs/WatchOS27.0.sdk -target arm64_32-apple-watchos9.0 -g -module-cache-path /Users/admin/builder/spi-builder-workspace/.derivedData/ModuleCache.noindex -Xfrontend -serialize-debugging-options -enable-testing -index-store-path /Users/admin/builder/spi-builder-workspace/.derivedData/Index.noindex/DataStore -Xcc -D_LIBCPP_HARDENING_MODE\=_LIBCPP_HARDENING_MODE_DEBUG -swift-version 5 -I /Users/admin/builder/spi-builder-workspace/.derivedData/Build/Products/Debug-watchos -Isystem /Applications/Xcode-27.0.0-Release.Candidate.app/Contents/Developer/Platforms/WatchOS.platform/Developer/usr/lib -F /Users/admin/builder/spi-builder-workspace/.derivedData/Build/Products/Debug-watchos -F /Applications/Xcode-27.0.0-Release.Candidate.app/Contents/Developer/Platforms/WatchOS.platform/Developer/Library/Frameworks -F /Applications/Xcode-27.0.0-Release.Candidate.app/Contents/Developer/Platforms/WatchOS.platform/Developer/SDKs/WatchOS27.0.sdk/Developer/Library/Frameworks -c -j10 -enable-batch-mode -incremental -Xcc -ivfsstatcache -Xcc /Users/admin/builder/spi-builder-workspace/.derivedData/SDKStatCaches.noindex/watchos27.0-24R360-e829b21a6f8c9b70876ba0858053c04477534ef55a1706bf4c1112bbb242f0a2.sdkstatcache -output-file-map /Users/admin/builder/spi-builder-workspace/.derivedData/Build/Intermediates.noindex/Ariadne.build/Debug-watchos/Ariadne-t.build/Objects-normal/arm64_32/Ariadne-OutputFileMap.json -save-temps -no-color-diagnostics -explicit-module-build -module-cache-path /Users/admin/builder/spi-builder-workspace/.derivedData/Build/Intermediates.noindex/SwiftExplicitPrecompiledModules -clang-scanner-module-cache-path /Users/admin/builder/spi-builder-workspace/.derivedData/ModuleCache.noindex -sdk-module-cache-path /Users/admin/builder/spi-builder-workspace/.derivedData/SDKExplicitPrecompiledModules -emit-dependencies -emit-module -emit-module-path /Users/admin/builder/spi-builder-workspace/.derivedData/Build/Intermediates.noindex/Ariadne.build/Debug-watchos/Ariadne-t.build/Objects-normal/arm64_32/Ariadne.swiftmodule -serialize-diagnostics -dependency-scan-serialize-diagnostics-path /Users/admin/builder/spi-builder-workspace/.derivedData/Build/Intermediates.noindex/Ariadne.build/Debug-watchos/Ariadne-t.build/Objects-normal/arm64_32/Ariadne-dependency-scan.dia -validate-clang-modules-once -clang-build-session-file /Users/admin/builder/spi-builder-workspace/.derivedData/ModuleCache.noindex/Session.modulevalidation -Xcc -fmodules-prune-interval\=86400 -Xcc -fmodules-prune-after\=345600 -emit-const-values -const-gather-protocols-list /Users/admin/builder/spi-builder-workspace/.derivedData/Build/Intermediates.noindex/Ariadne.build/Debug-watchos/Ariadne-t.build/Objects-normal/arm64_32/Ariadne_const_extract_protocols.json -Xcc -I/Users/admin/builder/spi-builder-workspace/.derivedData/Build/Products/Debug-watchos/include -Xcc -I/Users/admin/builder/spi-builder-workspace/.derivedData/Build/Intermediates.noindex/Ariadne.build/Debug-watchos/Ariadne-t.build/DerivedSources-normal/arm64_32 -Xcc -I/Users/admin/builder/spi-builder-workspace/.derivedData/Build/Intermediates.noindex/Ariadne.build/Debug-watchos/Ariadne-t.build/DerivedSources/arm64_32 -Xcc -I/Users/admin/builder/spi-builder-workspace/.derivedData/Build/Intermediates.noindex/Ariadne.build/Debug-watchos/Ariadne-t.build/DerivedSources -Xcc -DSWIFT_PACKAGE -Xcc -DDEBUG\=1 -emit-objc-header -emit-objc-header-path /Users/admin/builder/spi-builder-workspace/.derivedData/Build/Intermediates.noindex/Ariadne.build/Debug-watchos/Ariadne-t.build/Objects-normal/arm64_32/Ariadne-Swift.h -working-directory /Users/admin/builder/spi-builder-workspace/.swiftpm/xcode -experimental-emit-module-separately -disable-cmo
SwiftDriverJobDiscovery normal arm64 Emitting module for Ariadne (in target 'Ariadne' from project 'Ariadne')
SwiftDriver\ Compilation\ Requirements Ariadne normal arm64 com.apple.xcode.tools.swift.compiler (in target 'Ariadne' from project 'Ariadne')
    cd /Users/admin/builder/spi-builder-workspace/.swiftpm/xcode
    builtin-Swift-Compilation-Requirements -- /Applications/Xcode-27.0.0-Release.Candidate.app/Contents/Developer/Toolchains/XcodeDefault.xctoolchain/usr/bin/swiftc -parse-as-library -module-name Ariadne -Onone @/Users/admin/builder/spi-builder-workspace/.derivedData/Build/Intermediates.noindex/Ariadne.build/Debug-watchos/Ariadne-t.build/Objects-normal/arm64/Ariadne.SwiftFileList -DSWIFT_PACKAGE -DDEBUG -DSWIFT_MODULE_RESOURCE_BUNDLE_UNAVAILABLE -DXcode -plugin-path /Applications/Xcode-27.0.0-Release.Candidate.app/Contents/Developer/Toolchains/XcodeDefault.xctoolchain/usr/lib/swift/host/plugins/testing -enable-experimental-feature DebugDescriptionMacro -sdk /Applications/Xcode-27.0.0-Release.Candidate.app/Contents/Developer/Platforms/WatchOS.platform/Developer/SDKs/WatchOS27.0.sdk -target arm64-apple-watchos9.0 -g -module-cache-path /Users/admin/builder/spi-builder-workspace/.derivedData/ModuleCache.noindex -Xfrontend -serialize-debugging-options -enable-testing -index-store-path /Users/admin/builder/spi-builder-workspace/.derivedData/Index.noindex/DataStore -Xcc -D_LIBCPP_HARDENING_MODE\=_LIBCPP_HARDENING_MODE_DEBUG -swift-version 5 -I /Users/admin/builder/spi-builder-workspace/.derivedData/Build/Products/Debug-watchos -Isystem /Applications/Xcode-27.0.0-Release.Candidate.app/Contents/Developer/Platforms/WatchOS.platform/Developer/usr/lib -F /Users/admin/builder/spi-builder-workspace/.derivedData/Build/Products/Debug-watchos -F /Applications/Xcode-27.0.0-Release.Candidate.app/Contents/Developer/Platforms/WatchOS.platform/Developer/Library/Frameworks -F /Applications/Xcode-27.0.0-Release.Candidate.app/Contents/Developer/Platforms/WatchOS.platform/Developer/SDKs/WatchOS27.0.sdk/Developer/Library/Frameworks -c -j10 -enable-batch-mode -incremental -Xcc -ivfsstatcache -Xcc /Users/admin/builder/spi-builder-workspace/.derivedData/SDKStatCaches.noindex/watchos27.0-24R360-e829b21a6f8c9b70876ba0858053c04477534ef55a1706bf4c1112bbb242f0a2.sdkstatcache -output-file-map /Users/admin/builder/spi-builder-workspace/.derivedData/Build/Intermediates.noindex/Ariadne.build/Debug-watchos/Ariadne-t.build/Objects-normal/arm64/Ariadne-OutputFileMap.json -save-temps -no-color-diagnostics -explicit-module-build -module-cache-path /Users/admin/builder/spi-builder-workspace/.derivedData/Build/Intermediates.noindex/SwiftExplicitPrecompiledModules -clang-scanner-module-cache-path /Users/admin/builder/spi-builder-workspace/.derivedData/ModuleCache.noindex -sdk-module-cache-path /Users/admin/builder/spi-builder-workspace/.derivedData/SDKExplicitPrecompiledModules -emit-dependencies -emit-module -emit-module-path /Users/admin/builder/spi-builder-workspace/.derivedData/Build/Intermediates.noindex/Ariadne.build/Debug-watchos/Ariadne-t.build/Objects-normal/arm64/Ariadne.swiftmodule -serialize-diagnostics -dependency-scan-serialize-diagnostics-path /Users/admin/builder/spi-builder-workspace/.derivedData/Build/Intermediates.noindex/Ariadne.build/Debug-watchos/Ariadne-t.build/Objects-normal/arm64/Ariadne-dependency-scan.dia -validate-clang-modules-once -clang-build-session-file /Users/admin/builder/spi-builder-workspace/.derivedData/ModuleCache.noindex/Session.modulevalidation -Xcc -fmodules-prune-interval\=86400 -Xcc -fmodules-prune-after\=345600 -emit-const-values -const-gather-protocols-list /Users/admin/builder/spi-builder-workspace/.derivedData/Build/Intermediates.noindex/Ariadne.build/Debug-watchos/Ariadne-t.build/Objects-normal/arm64/Ariadne_const_extract_protocols.json -Xcc -I/Users/admin/builder/spi-builder-workspace/.derivedData/Build/Products/Debug-watchos/include -Xcc -I/Users/admin/builder/spi-builder-workspace/.derivedData/Build/Intermediates.noindex/Ariadne.build/Debug-watchos/Ariadne-t.build/DerivedSources-normal/arm64 -Xcc -I/Users/admin/builder/spi-builder-workspace/.derivedData/Build/Intermediates.noindex/Ariadne.build/Debug-watchos/Ariadne-t.build/DerivedSources/arm64 -Xcc -I/Users/admin/builder/spi-builder-workspace/.derivedData/Build/Intermediates.noindex/Ariadne.build/Debug-watchos/Ariadne-t.build/DerivedSources -Xcc -DSWIFT_PACKAGE -Xcc -DDEBUG\=1 -emit-objc-header -emit-objc-header-path /Users/admin/builder/spi-builder-workspace/.derivedData/Build/Intermediates.noindex/Ariadne.build/Debug-watchos/Ariadne-t.build/Objects-normal/arm64/Ariadne-Swift.h -working-directory /Users/admin/builder/spi-builder-workspace/.swiftpm/xcode -experimental-emit-module-separately -disable-cmo
Copy /Users/admin/builder/spi-builder-workspace/.derivedData/Build/Products/Debug-watchos/Ariadne.swiftmodule/arm64_32-apple-watchos.swiftmodule /Users/admin/builder/spi-builder-workspace/.derivedData/Build/Intermediates.noindex/Ariadne.build/Debug-watchos/Ariadne-t.build/Objects-normal/arm64_32/Ariadne.swiftmodule (in target 'Ariadne' from project 'Ariadne')
    cd /Users/admin/builder/spi-builder-workspace
    builtin-copy -exclude .DS_Store -exclude CVS -exclude .svn -exclude .git -exclude .hg -resolve-src-symlinks -rename /Users/admin/builder/spi-builder-workspace/.derivedData/Build/Intermediates.noindex/Ariadne.build/Debug-watchos/Ariadne-t.build/Objects-normal/arm64_32/Ariadne.swiftmodule /Users/admin/builder/spi-builder-workspace/.derivedData/Build/Products/Debug-watchos/Ariadne.swiftmodule/arm64_32-apple-watchos.swiftmodule
Copy /Users/admin/builder/spi-builder-workspace/.derivedData/Build/Products/Debug-watchos/Ariadne.swiftmodule/arm64_32-apple-watchos.swiftdoc /Users/admin/builder/spi-builder-workspace/.derivedData/Build/Intermediates.noindex/Ariadne.build/Debug-watchos/Ariadne-t.build/Objects-normal/arm64_32/Ariadne.swiftdoc (in target 'Ariadne' from project 'Ariadne')
    cd /Users/admin/builder/spi-builder-workspace
    builtin-copy -exclude .DS_Store -exclude CVS -exclude .svn -exclude .git -exclude .hg -resolve-src-symlinks -rename /Users/admin/builder/spi-builder-workspace/.derivedData/Build/Intermediates.noindex/Ariadne.build/Debug-watchos/Ariadne-t.build/Objects-normal/arm64_32/Ariadne.swiftdoc /Users/admin/builder/spi-builder-workspace/.derivedData/Build/Products/Debug-watchos/Ariadne.swiftmodule/arm64_32-apple-watchos.swiftdoc
SwiftMergeGeneratedHeaders /Users/admin/builder/spi-builder-workspace/.derivedData/Build/Intermediates.noindex/GeneratedModuleMaps-watchos/Ariadne-Swift.h /Users/admin/builder/spi-builder-workspace/.derivedData/Build/Intermediates.noindex/Ariadne.build/Debug-watchos/Ariadne-t.build/Objects-normal/arm64/Ariadne-Swift.h /Users/admin/builder/spi-builder-workspace/.derivedData/Build/Intermediates.noindex/Ariadne.build/Debug-watchos/Ariadne-t.build/Objects-normal/arm64_32/Ariadne-Swift.h (in target 'Ariadne' from project 'Ariadne')
    cd /Users/admin/builder/spi-builder-workspace
    builtin-swiftHeaderTool -arch arm64 /Users/admin/builder/spi-builder-workspace/.derivedData/Build/Intermediates.noindex/Ariadne.build/Debug-watchos/Ariadne-t.build/Objects-normal/arm64/Ariadne-Swift.h -arch arm64_32 /Users/admin/builder/spi-builder-workspace/.derivedData/Build/Intermediates.noindex/Ariadne.build/Debug-watchos/Ariadne-t.build/Objects-normal/arm64_32/Ariadne-Swift.h -o /Users/admin/builder/spi-builder-workspace/.derivedData/Build/Intermediates.noindex/GeneratedModuleMaps-watchos/Ariadne-Swift.h
Copy /Users/admin/builder/spi-builder-workspace/.derivedData/Build/Products/Debug-watchos/Ariadne.swiftmodule/arm64_32-apple-watchos.abi.json /Users/admin/builder/spi-builder-workspace/.derivedData/Build/Intermediates.noindex/Ariadne.build/Debug-watchos/Ariadne-t.build/Objects-normal/arm64_32/Ariadne.abi.json (in target 'Ariadne' from project 'Ariadne')
    cd /Users/admin/builder/spi-builder-workspace
    builtin-copy -exclude .DS_Store -exclude CVS -exclude .svn -exclude .git -exclude .hg -resolve-src-symlinks -rename /Users/admin/builder/spi-builder-workspace/.derivedData/Build/Intermediates.noindex/Ariadne.build/Debug-watchos/Ariadne-t.build/Objects-normal/arm64_32/Ariadne.abi.json /Users/admin/builder/spi-builder-workspace/.derivedData/Build/Products/Debug-watchos/Ariadne.swiftmodule/arm64_32-apple-watchos.abi.json
Copy /Users/admin/builder/spi-builder-workspace/.derivedData/Build/Products/Debug-watchos/Ariadne.swiftmodule/arm64-apple-watchos.swiftmodule /Users/admin/builder/spi-builder-workspace/.derivedData/Build/Intermediates.noindex/Ariadne.build/Debug-watchos/Ariadne-t.build/Objects-normal/arm64/Ariadne.swiftmodule (in target 'Ariadne' from project 'Ariadne')
    cd /Users/admin/builder/spi-builder-workspace
    builtin-copy -exclude .DS_Store -exclude CVS -exclude .svn -exclude .git -exclude .hg -resolve-src-symlinks -rename /Users/admin/builder/spi-builder-workspace/.derivedData/Build/Intermediates.noindex/Ariadne.build/Debug-watchos/Ariadne-t.build/Objects-normal/arm64/Ariadne.swiftmodule /Users/admin/builder/spi-builder-workspace/.derivedData/Build/Products/Debug-watchos/Ariadne.swiftmodule/arm64-apple-watchos.swiftmodule
Copy /Users/admin/builder/spi-builder-workspace/.derivedData/Build/Products/Debug-watchos/Ariadne.swiftmodule/arm64-apple-watchos.swiftdoc /Users/admin/builder/spi-builder-workspace/.derivedData/Build/Intermediates.noindex/Ariadne.build/Debug-watchos/Ariadne-t.build/Objects-normal/arm64/Ariadne.swiftdoc (in target 'Ariadne' from project 'Ariadne')
    cd /Users/admin/builder/spi-builder-workspace
    builtin-copy -exclude .DS_Store -exclude CVS -exclude .svn -exclude .git -exclude .hg -resolve-src-symlinks -rename /Users/admin/builder/spi-builder-workspace/.derivedData/Build/Intermediates.noindex/Ariadne.build/Debug-watchos/Ariadne-t.build/Objects-normal/arm64/Ariadne.swiftdoc /Users/admin/builder/spi-builder-workspace/.derivedData/Build/Products/Debug-watchos/Ariadne.swiftmodule/arm64-apple-watchos.swiftdoc
Copy /Users/admin/builder/spi-builder-workspace/.derivedData/Build/Products/Debug-watchos/Ariadne.swiftmodule/arm64-apple-watchos.abi.json /Users/admin/builder/spi-builder-workspace/.derivedData/Build/Intermediates.noindex/Ariadne.build/Debug-watchos/Ariadne-t.build/Objects-normal/arm64/Ariadne.abi.json (in target 'Ariadne' from project 'Ariadne')
    cd /Users/admin/builder/spi-builder-workspace
    builtin-copy -exclude .DS_Store -exclude CVS -exclude .svn -exclude .git -exclude .hg -resolve-src-symlinks -rename /Users/admin/builder/spi-builder-workspace/.derivedData/Build/Intermediates.noindex/Ariadne.build/Debug-watchos/Ariadne-t.build/Objects-normal/arm64/Ariadne.abi.json /Users/admin/builder/spi-builder-workspace/.derivedData/Build/Products/Debug-watchos/Ariadne.swiftmodule/arm64-apple-watchos.abi.json
Copy /Users/admin/builder/spi-builder-workspace/.derivedData/Build/Products/Debug-watchos/Ariadne.swiftmodule/Project/arm64_32-apple-watchos.swiftsourceinfo /Users/admin/builder/spi-builder-workspace/.derivedData/Build/Intermediates.noindex/Ariadne.build/Debug-watchos/Ariadne-t.build/Objects-normal/arm64_32/Ariadne.swiftsourceinfo (in target 'Ariadne' from project 'Ariadne')
    cd /Users/admin/builder/spi-builder-workspace
    builtin-copy -exclude .DS_Store -exclude CVS -exclude .svn -exclude .git -exclude .hg -resolve-src-symlinks -rename /Users/admin/builder/spi-builder-workspace/.derivedData/Build/Intermediates.noindex/Ariadne.build/Debug-watchos/Ariadne-t.build/Objects-normal/arm64_32/Ariadne.swiftsourceinfo /Users/admin/builder/spi-builder-workspace/.derivedData/Build/Products/Debug-watchos/Ariadne.swiftmodule/Project/arm64_32-apple-watchos.swiftsourceinfo
Copy /Users/admin/builder/spi-builder-workspace/.derivedData/Build/Products/Debug-watchos/Ariadne.swiftmodule/Project/arm64-apple-watchos.swiftsourceinfo /Users/admin/builder/spi-builder-workspace/.derivedData/Build/Intermediates.noindex/Ariadne.build/Debug-watchos/Ariadne-t.build/Objects-normal/arm64/Ariadne.swiftsourceinfo (in target 'Ariadne' from project 'Ariadne')
    cd /Users/admin/builder/spi-builder-workspace
    builtin-copy -exclude .DS_Store -exclude CVS -exclude .svn -exclude .git -exclude .hg -resolve-src-symlinks -rename /Users/admin/builder/spi-builder-workspace/.derivedData/Build/Intermediates.noindex/Ariadne.build/Debug-watchos/Ariadne-t.build/Objects-normal/arm64/Ariadne.swiftsourceinfo /Users/admin/builder/spi-builder-workspace/.derivedData/Build/Products/Debug-watchos/Ariadne.swiftmodule/Project/arm64-apple-watchos.swiftsourceinfo
SwiftCompile normal arm64 Compiling\ AnyBuilder.swift,\ Ariadne.swift /Users/admin/builder/spi-builder-workspace/Source/Ariadne/AnyBuilder.swift /Users/admin/builder/spi-builder-workspace/Source/Ariadne/Ariadne.swift (in target 'Ariadne' from project 'Ariadne')
SwiftCompile normal arm64 /Users/admin/builder/spi-builder-workspace/Source/Ariadne/AnyBuilder.swift (in target 'Ariadne' from project 'Ariadne')
    cd /Users/admin/builder/spi-builder-workspace/.swiftpm/xcode
    builtin-SwiftPerFileCompile AnyBuilder.swift
SwiftCompile normal arm64 /Users/admin/builder/spi-builder-workspace/Source/Ariadne/Ariadne.swift (in target 'Ariadne' from project 'Ariadne')
    cd /Users/admin/builder/spi-builder-workspace/.swiftpm/xcode
    builtin-SwiftPerFileCompile Ariadne.swift
SwiftCompile normal arm64 Compiling\ PresentationTransition.swift,\ RootViewTransition.swift /Users/admin/builder/spi-builder-workspace/Source/Ariadne/PresentationTransition.swift /Users/admin/builder/spi-builder-workspace/Source/Ariadne/RootViewTransition.swift (in target 'Ariadne' from project 'Ariadne')
SwiftCompile normal arm64 /Users/admin/builder/spi-builder-workspace/Source/Ariadne/PresentationTransition.swift (in target 'Ariadne' from project 'Ariadne')
    cd /Users/admin/builder/spi-builder-workspace/.swiftpm/xcode
    builtin-SwiftPerFileCompile PresentationTransition.swift
SwiftCompile normal arm64 /Users/admin/builder/spi-builder-workspace/Source/Ariadne/RootViewTransition.swift (in target 'Ariadne' from project 'Ariadne')
    cd /Users/admin/builder/spi-builder-workspace/.swiftpm/xcode
    builtin-SwiftPerFileCompile RootViewTransition.swift
SwiftDriverJobDiscovery normal arm64_32 Compiling UpdatableViewFinder.swift (in target 'Ariadne' from project 'Ariadne')
SwiftDriverJobDiscovery normal arm64_32 Compiling ViewTransition.swift (in target 'Ariadne' from project 'Ariadne')
SwiftCompile normal arm64 Compiling\ ViewControllerBuilder.swift /Users/admin/builder/spi-builder-workspace/Source/Ariadne/ViewControllerBuilder.swift (in target 'Ariadne' from project 'Ariadne')
SwiftCompile normal arm64 /Users/admin/builder/spi-builder-workspace/Source/Ariadne/ViewControllerBuilder.swift (in target 'Ariadne' from project 'Ariadne')
    cd /Users/admin/builder/spi-builder-workspace/.swiftpm/xcode
    builtin-SwiftPerFileCompile ViewControllerBuilder.swift
SwiftDriverJobDiscovery normal arm64_32 Compiling Route.swift (in target 'Ariadne' from project 'Ariadne')
SwiftCompile normal arm64 Compiling\ UpdatableViewFinder.swift /Users/admin/builder/spi-builder-workspace/Source/Ariadne/UpdatableViewFinder.swift (in target 'Ariadne' from project 'Ariadne')
SwiftCompile normal arm64 /Users/admin/builder/spi-builder-workspace/Source/Ariadne/UpdatableViewFinder.swift (in target 'Ariadne' from project 'Ariadne')
    cd /Users/admin/builder/spi-builder-workspace/.swiftpm/xcode
    builtin-SwiftPerFileCompile UpdatableViewFinder.swift
SwiftDriverJobDiscovery normal arm64 Compiling UpdatableViewFinder.swift (in target 'Ariadne' from project 'Ariadne')
SwiftCompile normal arm64 Compiling\ ViewTransition.swift /Users/admin/builder/spi-builder-workspace/Source/Ariadne/ViewTransition.swift (in target 'Ariadne' from project 'Ariadne')
SwiftCompile normal arm64 /Users/admin/builder/spi-builder-workspace/Source/Ariadne/ViewTransition.swift (in target 'Ariadne' from project 'Ariadne')
    cd /Users/admin/builder/spi-builder-workspace/.swiftpm/xcode
    builtin-SwiftPerFileCompile ViewTransition.swift
SwiftCompile normal arm64 Compiling\ BaseTransition.swift,\ CurrentlyVisibleViewFinder.swift /Users/admin/builder/spi-builder-workspace/Source/Ariadne/BaseTransition.swift /Users/admin/builder/spi-builder-workspace/Source/Ariadne/CurrentlyVisibleViewFinder.swift (in target 'Ariadne' from project 'Ariadne')
SwiftCompile normal arm64 /Users/admin/builder/spi-builder-workspace/Source/Ariadne/BaseTransition.swift (in target 'Ariadne' from project 'Ariadne')
    cd /Users/admin/builder/spi-builder-workspace/.swiftpm/xcode
    builtin-SwiftPerFileCompile BaseTransition.swift
SwiftCompile normal arm64 /Users/admin/builder/spi-builder-workspace/Source/Ariadne/CurrentlyVisibleViewFinder.swift (in target 'Ariadne' from project 'Ariadne')
    cd /Users/admin/builder/spi-builder-workspace/.swiftpm/xcode
    builtin-SwiftPerFileCompile CurrentlyVisibleViewFinder.swift
SwiftDriverJobDiscovery normal arm64 Compiling ViewTransition.swift (in target 'Ariadne' from project 'Ariadne')
SwiftCompile normal arm64_32 Compiling\ PresentationTransition.swift,\ RootViewTransition.swift /Users/admin/builder/spi-builder-workspace/Source/Ariadne/PresentationTransition.swift /Users/admin/builder/spi-builder-workspace/Source/Ariadne/RootViewTransition.swift (in target 'Ariadne' from project 'Ariadne')
SwiftCompile normal arm64_32 /Users/admin/builder/spi-builder-workspace/Source/Ariadne/PresentationTransition.swift (in target 'Ariadne' from project 'Ariadne')
    cd /Users/admin/builder/spi-builder-workspace/.swiftpm/xcode
    builtin-SwiftPerFileCompile PresentationTransition.swift
SwiftCompile normal arm64_32 /Users/admin/builder/spi-builder-workspace/Source/Ariadne/RootViewTransition.swift (in target 'Ariadne' from project 'Ariadne')
    cd /Users/admin/builder/spi-builder-workspace/.swiftpm/xcode
    builtin-SwiftPerFileCompile RootViewTransition.swift
SwiftDriverJobDiscovery normal arm64_32 Compiling TabBarViewBuilder.swift (in target 'Ariadne' from project 'Ariadne')
SwiftCompile normal arm64 Compiling\ Route.swift /Users/admin/builder/spi-builder-workspace/Source/Ariadne/Route.swift (in target 'Ariadne' from project 'Ariadne')
SwiftCompile normal arm64 /Users/admin/builder/spi-builder-workspace/Source/Ariadne/Route.swift (in target 'Ariadne' from project 'Ariadne')
    cd /Users/admin/builder/spi-builder-workspace/.swiftpm/xcode
    builtin-SwiftPerFileCompile Route.swift
SwiftDriverJobDiscovery normal arm64_32 Compiling SplitViewBuilder.swift (in target 'Ariadne' from project 'Ariadne')
SwiftCompile normal arm64 Compiling\ NavigationTransition.swift,\ NavigationViewBuilder.swift /Users/admin/builder/spi-builder-workspace/Source/Ariadne/NavigationTransition.swift /Users/admin/builder/spi-builder-workspace/Source/Ariadne/NavigationViewBuilder.swift (in target 'Ariadne' from project 'Ariadne')
SwiftCompile normal arm64 /Users/admin/builder/spi-builder-workspace/Source/Ariadne/NavigationTransition.swift (in target 'Ariadne' from project 'Ariadne')
    cd /Users/admin/builder/spi-builder-workspace/.swiftpm/xcode
    builtin-SwiftPerFileCompile NavigationTransition.swift
SwiftCompile normal arm64 /Users/admin/builder/spi-builder-workspace/Source/Ariadne/NavigationViewBuilder.swift (in target 'Ariadne' from project 'Ariadne')
    cd /Users/admin/builder/spi-builder-workspace/.swiftpm/xcode
    builtin-SwiftPerFileCompile NavigationViewBuilder.swift
SwiftCompile normal arm64 Compiling\ TabBarViewBuilder.swift /Users/admin/builder/spi-builder-workspace/Source/Ariadne/TabBarViewBuilder.swift (in target 'Ariadne' from project 'Ariadne')
SwiftCompile normal arm64 /Users/admin/builder/spi-builder-workspace/Source/Ariadne/TabBarViewBuilder.swift (in target 'Ariadne' from project 'Ariadne')
    cd /Users/admin/builder/spi-builder-workspace/.swiftpm/xcode
    builtin-SwiftPerFileCompile TabBarViewBuilder.swift
SwiftDriverJobDiscovery normal arm64_32 Compiling NavigationTransition.swift, NavigationViewBuilder.swift (in target 'Ariadne' from project 'Ariadne')
SwiftCompile normal arm64 Compiling\ SplitViewBuilder.swift /Users/admin/builder/spi-builder-workspace/Source/Ariadne/SplitViewBuilder.swift (in target 'Ariadne' from project 'Ariadne')
SwiftCompile normal arm64 /Users/admin/builder/spi-builder-workspace/Source/Ariadne/SplitViewBuilder.swift (in target 'Ariadne' from project 'Ariadne')
    cd /Users/admin/builder/spi-builder-workspace/.swiftpm/xcode
    builtin-SwiftPerFileCompile SplitViewBuilder.swift
SwiftDriverJobDiscovery normal arm64_32 Compiling BaseTransition.swift, CurrentlyVisibleViewFinder.swift (in target 'Ariadne' from project 'Ariadne')
SwiftDriverJobDiscovery normal arm64_32 Compiling AnyBuilder.swift, Ariadne.swift (in target 'Ariadne' from project 'Ariadne')
SwiftDriverJobDiscovery normal arm64 Compiling ViewControllerBuilder.swift (in target 'Ariadne' from project 'Ariadne')
SwiftDriver Tests normal arm64_32 com.apple.xcode.tools.swift.compiler (in target 'Tests-product' from project 'Ariadne')
    cd /Users/admin/builder/spi-builder-workspace/.swiftpm/xcode
    builtin-SwiftDriver -- /Applications/Xcode-27.0.0-Release.Candidate.app/Contents/Developer/Toolchains/XcodeDefault.xctoolchain/usr/bin/swiftc -parse-as-library -module-name Tests -Onone @/Users/admin/builder/spi-builder-workspace/.derivedData/Build/Intermediates.noindex/Ariadne.build/Debug-watchos/Tests-p.build/Objects-normal/arm64_32/Tests.SwiftFileList -DSWIFT_PACKAGE -DDEBUG -DXcode -plugin-path /Applications/Xcode-27.0.0-Release.Candidate.app/Contents/Developer/Toolchains/XcodeDefault.xctoolchain/usr/lib/swift/host/plugins/testing -enable-experimental-feature DebugDescriptionMacro -sdk /Applications/Xcode-27.0.0-Release.Candidate.app/Contents/Developer/Platforms/WatchOS.platform/Developer/SDKs/WatchOS27.0.sdk -target arm64_32-apple-watchos10.0 -g -module-cache-path /Users/admin/builder/spi-builder-workspace/.derivedData/ModuleCache.noindex -Xfrontend -serialize-debugging-options -enable-testing -index-store-path /Users/admin/builder/spi-builder-workspace/.derivedData/Index.noindex/DataStore -Xcc -D_LIBCPP_HARDENING_MODE\=_LIBCPP_HARDENING_MODE_DEBUG -swift-version 5 -I /Users/admin/builder/spi-builder-workspace/.derivedData/Build/Products/Debug-watchos -Isystem /Applications/Xcode-27.0.0-Release.Candidate.app/Contents/Developer/Platforms/WatchOS.platform/Developer/usr/lib -F /Users/admin/builder/spi-builder-workspace/.derivedData/Build/Products/Debug-watchos/PackageFrameworks -F /Users/admin/builder/spi-builder-workspace/.derivedData/Build/Products/Debug-watchos -F /Applications/Xcode-27.0.0-Release.Candidate.app/Contents/Developer/Platforms/WatchOS.platform/Developer/Library/Frameworks -F /Applications/Xcode-27.0.0-Release.Candidate.app/Contents/Developer/Platforms/WatchOS.platform/Developer/SDKs/WatchOS27.0.sdk/Developer/Library/Frameworks -c -j10 -enable-batch-mode -incremental -Xcc -ivfsstatcache -Xcc /Users/admin/builder/spi-builder-workspace/.derivedData/SDKStatCaches.noindex/watchos27.0-24R360-e829b21a6f8c9b70876ba0858053c04477534ef55a1706bf4c1112bbb242f0a2.sdkstatcache -output-file-map /Users/admin/builder/spi-builder-workspace/.derivedData/Build/Intermediates.noindex/Ariadne.build/Debug-watchos/Tests-p.build/Objects-normal/arm64_32/Tests-OutputFileMap.json -save-temps -no-color-diagnostics -explicit-module-build -module-cache-path /Users/admin/builder/spi-builder-workspace/.derivedData/Build/Intermediates.noindex/SwiftExplicitPrecompiledModules -clang-scanner-module-cache-path /Users/admin/builder/spi-builder-workspace/.derivedData/ModuleCache.noindex -sdk-module-cache-path /Users/admin/builder/spi-builder-workspace/.derivedData/SDKExplicitPrecompiledModules -emit-dependencies -emit-module -emit-module-path /Users/admin/builder/spi-builder-workspace/.derivedData/Build/Intermediates.noindex/Ariadne.build/Debug-watchos/Tests-p.build/Objects-normal/arm64_32/Tests.swiftmodule -serialize-diagnostics -dependency-scan-serialize-diagnostics-path /Users/admin/builder/spi-builder-workspace/.derivedData/Build/Intermediates.noindex/Ariadne.build/Debug-watchos/Tests-p.build/Objects-normal/arm64_32/Tests-dependency-scan.dia -validate-clang-modules-once -clang-build-session-file /Users/admin/builder/spi-builder-workspace/.derivedData/ModuleCache.noindex/Session.modulevalidation -Xcc -fmodules-prune-interval\=86400 -Xcc -fmodules-prune-after\=345600 -emit-const-values -const-gather-protocols-list /Users/admin/builder/spi-builder-workspace/.derivedData/Build/Intermediates.noindex/Ariadne.build/Debug-watchos/Tests-p.build/Objects-normal/arm64_32/Tests_const_extract_protocols.json -Xcc -I/Users/admin/builder/spi-builder-workspace/.derivedData/Build/Products/Debug-watchos/include -Xcc -I/Users/admin/builder/spi-builder-workspace/.derivedData/Build/Intermediates.noindex/Ariadne.build/Debug-watchos/Tests-p.build/DerivedSources-normal/arm64_32 -Xcc -I/Users/admin/builder/spi-builder-workspace/.derivedData/Build/Intermediates.noindex/Ariadne.build/Debug-watchos/Tests-p.build/DerivedSources/arm64_32 -Xcc -I/Users/admin/builder/spi-builder-workspace/.derivedData/Build/Intermediates.noindex/Ariadne.build/Debug-watchos/Tests-p.build/DerivedSources -Xcc -DSWIFT_PACKAGE -Xcc -DDEBUG\=1 -working-directory /Users/admin/builder/spi-builder-workspace/.swiftpm/xcode -experimental-emit-module-separately -disable-cmo
SwiftDriver Tests normal arm64 com.apple.xcode.tools.swift.compiler (in target 'Tests-product' from project 'Ariadne')
    cd /Users/admin/builder/spi-builder-workspace/.swiftpm/xcode
    builtin-SwiftDriver -- /Applications/Xcode-27.0.0-Release.Candidate.app/Contents/Developer/Toolchains/XcodeDefault.xctoolchain/usr/bin/swiftc -parse-as-library -module-name Tests -Onone @/Users/admin/builder/spi-builder-workspace/.derivedData/Build/Intermediates.noindex/Ariadne.build/Debug-watchos/Tests-p.build/Objects-normal/arm64/Tests.SwiftFileList -DSWIFT_PACKAGE -DDEBUG -DXcode -plugin-path /Applications/Xcode-27.0.0-Release.Candidate.app/Contents/Developer/Toolchains/XcodeDefault.xctoolchain/usr/lib/swift/host/plugins/testing -enable-experimental-feature DebugDescriptionMacro -sdk /Applications/Xcode-27.0.0-Release.Candidate.app/Contents/Developer/Platforms/WatchOS.platform/Developer/SDKs/WatchOS27.0.sdk -target arm64-apple-watchos10.0 -g -module-cache-path /Users/admin/builder/spi-builder-workspace/.derivedData/ModuleCache.noindex -Xfrontend -serialize-debugging-options -enable-testing -index-store-path /Users/admin/builder/spi-builder-workspace/.derivedData/Index.noindex/DataStore -Xcc -D_LIBCPP_HARDENING_MODE\=_LIBCPP_HARDENING_MODE_DEBUG -swift-version 5 -I /Users/admin/builder/spi-builder-workspace/.derivedData/Build/Products/Debug-watchos -Isystem /Applications/Xcode-27.0.0-Release.Candidate.app/Contents/Developer/Platforms/WatchOS.platform/Developer/usr/lib -F /Users/admin/builder/spi-builder-workspace/.derivedData/Build/Products/Debug-watchos/PackageFrameworks -F /Users/admin/builder/spi-builder-workspace/.derivedData/Build/Products/Debug-watchos -F /Applications/Xcode-27.0.0-Release.Candidate.app/Contents/Developer/Platforms/WatchOS.platform/Developer/Library/Frameworks -F /Applications/Xcode-27.0.0-Release.Candidate.app/Contents/Developer/Platforms/WatchOS.platform/Developer/SDKs/WatchOS27.0.sdk/Developer/Library/Frameworks -c -j10 -enable-batch-mode -incremental -Xcc -ivfsstatcache -Xcc /Users/admin/builder/spi-builder-workspace/.derivedData/SDKStatCaches.noindex/watchos27.0-24R360-e829b21a6f8c9b70876ba0858053c04477534ef55a1706bf4c1112bbb242f0a2.sdkstatcache -output-file-map /Users/admin/builder/spi-builder-workspace/.derivedData/Build/Intermediates.noindex/Ariadne.build/Debug-watchos/Tests-p.build/Objects-normal/arm64/Tests-OutputFileMap.json -save-temps -no-color-diagnostics -explicit-module-build -module-cache-path /Users/admin/builder/spi-builder-workspace/.derivedData/Build/Intermediates.noindex/SwiftExplicitPrecompiledModules -clang-scanner-module-cache-path /Users/admin/builder/spi-builder-workspace/.derivedData/ModuleCache.noindex -sdk-module-cache-path /Users/admin/builder/spi-builder-workspace/.derivedData/SDKExplicitPrecompiledModules -emit-dependencies -emit-module -emit-module-path /Users/admin/builder/spi-builder-workspace/.derivedData/Build/Intermediates.noindex/Ariadne.build/Debug-watchos/Tests-p.build/Objects-normal/arm64/Tests.swiftmodule -serialize-diagnostics -dependency-scan-serialize-diagnostics-path /Users/admin/builder/spi-builder-workspace/.derivedData/Build/Intermediates.noindex/Ariadne.build/Debug-watchos/Tests-p.build/Objects-normal/arm64/Tests-dependency-scan.dia -validate-clang-modules-once -clang-build-session-file /Users/admin/builder/spi-builder-workspace/.derivedData/ModuleCache.noindex/Session.modulevalidation -Xcc -fmodules-prune-interval\=86400 -Xcc -fmodules-prune-after\=345600 -emit-const-values -const-gather-protocols-list /Users/admin/builder/spi-builder-workspace/.derivedData/Build/Intermediates.noindex/Ariadne.build/Debug-watchos/Tests-p.build/Objects-normal/arm64/Tests_const_extract_protocols.json -Xcc -I/Users/admin/builder/spi-builder-workspace/.derivedData/Build/Products/Debug-watchos/include -Xcc -I/Users/admin/builder/spi-builder-workspace/.derivedData/Build/Intermediates.noindex/Ariadne.build/Debug-watchos/Tests-p.build/DerivedSources-normal/arm64 -Xcc -I/Users/admin/builder/spi-builder-workspace/.derivedData/Build/Intermediates.noindex/Ariadne.build/Debug-watchos/Tests-p.build/DerivedSources/arm64 -Xcc -I/Users/admin/builder/spi-builder-workspace/.derivedData/Build/Intermediates.noindex/Ariadne.build/Debug-watchos/Tests-p.build/DerivedSources -Xcc -DSWIFT_PACKAGE -Xcc -DDEBUG\=1 -working-directory /Users/admin/builder/spi-builder-workspace/.swiftpm/xcode -experimental-emit-module-separately -disable-cmo
SwiftDriverJobDiscovery normal arm64 Compiling PresentationTransition.swift, RootViewTransition.swift (in target 'Ariadne' from project 'Ariadne')
SwiftDriverJobDiscovery normal arm64 Compiling AnyBuilder.swift, Ariadne.swift (in target 'Ariadne' from project 'Ariadne')
SwiftDriverJobDiscovery normal arm64_32 Compiling ViewControllerBuilder.swift (in target 'Ariadne' from project 'Ariadne')
SwiftDriverJobDiscovery normal arm64_32 Compiling PresentationTransition.swift, RootViewTransition.swift (in target 'Ariadne' from project 'Ariadne')
SwiftDriverJobDiscovery normal arm64 Compiling TabBarViewBuilder.swift (in target 'Ariadne' from project 'Ariadne')
SwiftDriver\ Compilation Ariadne normal arm64_32 com.apple.xcode.tools.swift.compiler (in target 'Ariadne' from project 'Ariadne')
    cd /Users/admin/builder/spi-builder-workspace/.swiftpm/xcode
    builtin-Swift-Compilation -- /Applications/Xcode-27.0.0-Release.Candidate.app/Contents/Developer/Toolchains/XcodeDefault.xctoolchain/usr/bin/swiftc -parse-as-library -module-name Ariadne -Onone @/Users/admin/builder/spi-builder-workspace/.derivedData/Build/Intermediates.noindex/Ariadne.build/Debug-watchos/Ariadne-t.build/Objects-normal/arm64_32/Ariadne.SwiftFileList -DSWIFT_PACKAGE -DDEBUG -DSWIFT_MODULE_RESOURCE_BUNDLE_UNAVAILABLE -DXcode -plugin-path /Applications/Xcode-27.0.0-Release.Candidate.app/Contents/Developer/Toolchains/XcodeDefault.xctoolchain/usr/lib/swift/host/plugins/testing -enable-experimental-feature DebugDescriptionMacro -sdk /Applications/Xcode-27.0.0-Release.Candidate.app/Contents/Developer/Platforms/WatchOS.platform/Developer/SDKs/WatchOS27.0.sdk -target arm64_32-apple-watchos9.0 -g -module-cache-path /Users/admin/builder/spi-builder-workspace/.derivedData/ModuleCache.noindex -Xfrontend -serialize-debugging-options -enable-testing -index-store-path /Users/admin/builder/spi-builder-workspace/.derivedData/Index.noindex/DataStore -Xcc -D_LIBCPP_HARDENING_MODE\=_LIBCPP_HARDENING_MODE_DEBUG -swift-version 5 -I /Users/admin/builder/spi-builder-workspace/.derivedData/Build/Products/Debug-watchos -Isystem /Applications/Xcode-27.0.0-Release.Candidate.app/Contents/Developer/Platforms/WatchOS.platform/Developer/usr/lib -F /Users/admin/builder/spi-builder-workspace/.derivedData/Build/Products/Debug-watchos -F /Applications/Xcode-27.0.0-Release.Candidate.app/Contents/Developer/Platforms/WatchOS.platform/Developer/Library/Frameworks -F /Applications/Xcode-27.0.0-Release.Candidate.app/Contents/Developer/Platforms/WatchOS.platform/Developer/SDKs/WatchOS27.0.sdk/Developer/Library/Frameworks -c -j10 -enable-batch-mode -incremental -Xcc -ivfsstatcache -Xcc /Users/admin/builder/spi-builder-workspace/.derivedData/SDKStatCaches.noindex/watchos27.0-24R360-e829b21a6f8c9b70876ba0858053c04477534ef55a1706bf4c1112bbb242f0a2.sdkstatcache -output-file-map /Users/admin/builder/spi-builder-workspace/.derivedData/Build/Intermediates.noindex/Ariadne.build/Debug-watchos/Ariadne-t.build/Objects-normal/arm64_32/Ariadne-OutputFileMap.json -save-temps -no-color-diagnostics -explicit-module-build -module-cache-path /Users/admin/builder/spi-builder-workspace/.derivedData/Build/Intermediates.noindex/SwiftExplicitPrecompiledModules -clang-scanner-module-cache-path /Users/admin/builder/spi-builder-workspace/.derivedData/ModuleCache.noindex -sdk-module-cache-path /Users/admin/builder/spi-builder-workspace/.derivedData/SDKExplicitPrecompiledModules -emit-dependencies -emit-module -emit-module-path /Users/admin/builder/spi-builder-workspace/.derivedData/Build/Intermediates.noindex/Ariadne.build/Debug-watchos/Ariadne-t.build/Objects-normal/arm64_32/Ariadne.swiftmodule -serialize-diagnostics -dependency-scan-serialize-diagnostics-path /Users/admin/builder/spi-builder-workspace/.derivedData/Build/Intermediates.noindex/Ariadne.build/Debug-watchos/Ariadne-t.build/Objects-normal/arm64_32/Ariadne-dependency-scan.dia -validate-clang-modules-once -clang-build-session-file /Users/admin/builder/spi-builder-workspace/.derivedData/ModuleCache.noindex/Session.modulevalidation -Xcc -fmodules-prune-interval\=86400 -Xcc -fmodules-prune-after\=345600 -emit-const-values -const-gather-protocols-list /Users/admin/builder/spi-builder-workspace/.derivedData/Build/Intermediates.noindex/Ariadne.build/Debug-watchos/Ariadne-t.build/Objects-normal/arm64_32/Ariadne_const_extract_protocols.json -Xcc -I/Users/admin/builder/spi-builder-workspace/.derivedData/Build/Products/Debug-watchos/include -Xcc -I/Users/admin/builder/spi-builder-workspace/.derivedData/Build/Intermediates.noindex/Ariadne.build/Debug-watchos/Ariadne-t.build/DerivedSources-normal/arm64_32 -Xcc -I/Users/admin/builder/spi-builder-workspace/.derivedData/Build/Intermediates.noindex/Ariadne.build/Debug-watchos/Ariadne-t.build/DerivedSources/arm64_32 -Xcc -I/Users/admin/builder/spi-builder-workspace/.derivedData/Build/Intermediates.noindex/Ariadne.build/Debug-watchos/Ariadne-t.build/DerivedSources -Xcc -DSWIFT_PACKAGE -Xcc -DDEBUG\=1 -emit-objc-header -emit-objc-header-path /Users/admin/builder/spi-builder-workspace/.derivedData/Build/Intermediates.noindex/Ariadne.build/Debug-watchos/Ariadne-t.build/Objects-normal/arm64_32/Ariadne-Swift.h -working-directory /Users/admin/builder/spi-builder-workspace/.swiftpm/xcode -experimental-emit-module-separately -disable-cmo
SwiftDriverJobDiscovery normal arm64 Compiling SplitViewBuilder.swift (in target 'Ariadne' from project 'Ariadne')
SwiftDriverJobDiscovery normal arm64 Compiling NavigationTransition.swift, NavigationViewBuilder.swift (in target 'Ariadne' from project 'Ariadne')
SwiftDriverJobDiscovery normal arm64 Compiling BaseTransition.swift, CurrentlyVisibleViewFinder.swift (in target 'Ariadne' from project 'Ariadne')
Ld /Users/admin/builder/spi-builder-workspace/.derivedData/Build/Intermediates.noindex/Ariadne.build/Debug-watchos/Ariadne-t.build/Objects-normal/arm64_32/Binary/Ariadne.o normal arm64_32 (in target 'Ariadne' from project 'Ariadne')
    cd /Users/admin/builder/spi-builder-workspace
    /Applications/Xcode-27.0.0-Release.Candidate.app/Contents/Developer/Toolchains/XcodeDefault.xctoolchain/usr/bin/clang -Xlinker -reproducible -target arm64_32-apple-watchos9.0 -r -isysroot /Applications/Xcode-27.0.0-Release.Candidate.app/Contents/Developer/Platforms/WatchOS.platform/Developer/SDKs/WatchOS27.0.sdk -O0 -Xlinker -no_warn_duplicate_libraries -F/Users/admin/builder/spi-builder-workspace/.derivedData/Build/Intermediates.noindex/EagerLinkingTBDs/Debug-watchos -F/Users/admin/builder/spi-builder-workspace/.derivedData/Build/Products/Debug-watchos -iframework /Applications/Xcode-27.0.0-Release.Candidate.app/Contents/Developer/Platforms/WatchOS.platform/Developer/Library/Frameworks -iframework /Applications/Xcode-27.0.0-Release.Candidate.app/Contents/Developer/Platforms/WatchOS.platform/Developer/SDKs/WatchOS27.0.sdk/Developer/Library/Frameworks -filelist /Users/admin/builder/spi-builder-workspace/.derivedData/Build/Intermediates.noindex/Ariadne.build/Debug-watchos/Ariadne-t.build/Objects-normal/arm64_32/Ariadne.LinkFileList -nostdlib -Xlinker -object_path_lto -Xlinker /Users/admin/builder/spi-builder-workspace/.derivedData/Build/Intermediates.noindex/Ariadne.build/Debug-watchos/Ariadne-t.build/Objects-normal/arm64_32/Ariadne_lto.o -Xlinker -no_deduplicate -Xlinker -dependency_info -Xlinker /Users/admin/builder/spi-builder-workspace/.derivedData/Build/Intermediates.noindex/Ariadne.build/Debug-watchos/Ariadne-t.build/Objects-normal/arm64_32/Ariadne_dependency_info.dat -fobjc-link-runtime -L/Applications/Xcode-27.0.0-Release.Candidate.app/Contents/Developer/Toolchains/XcodeDefault.xctoolchain/usr/lib/swift/watchos -L/usr/lib/swift -Xlinker -add_ast_path -Xlinker /Users/admin/builder/spi-builder-workspace/.derivedData/Build/Intermediates.noindex/Ariadne.build/Debug-watchos/Ariadne-t.build/Objects-normal/arm64_32/Ariadne.swiftmodule -o /Users/admin/builder/spi-builder-workspace/.derivedData/Build/Intermediates.noindex/Ariadne.build/Debug-watchos/Ariadne-t.build/Objects-normal/arm64_32/Binary/Ariadne.o
SwiftDriverJobDiscovery normal arm64 Compiling Route.swift (in target 'Ariadne' from project 'Ariadne')
SwiftDriver\ Compilation Ariadne normal arm64 com.apple.xcode.tools.swift.compiler (in target 'Ariadne' from project 'Ariadne')
    cd /Users/admin/builder/spi-builder-workspace/.swiftpm/xcode
    builtin-Swift-Compilation -- /Applications/Xcode-27.0.0-Release.Candidate.app/Contents/Developer/Toolchains/XcodeDefault.xctoolchain/usr/bin/swiftc -parse-as-library -module-name Ariadne -Onone @/Users/admin/builder/spi-builder-workspace/.derivedData/Build/Intermediates.noindex/Ariadne.build/Debug-watchos/Ariadne-t.build/Objects-normal/arm64/Ariadne.SwiftFileList -DSWIFT_PACKAGE -DDEBUG -DSWIFT_MODULE_RESOURCE_BUNDLE_UNAVAILABLE -DXcode -plugin-path /Applications/Xcode-27.0.0-Release.Candidate.app/Contents/Developer/Toolchains/XcodeDefault.xctoolchain/usr/lib/swift/host/plugins/testing -enable-experimental-feature DebugDescriptionMacro -sdk /Applications/Xcode-27.0.0-Release.Candidate.app/Contents/Developer/Platforms/WatchOS.platform/Developer/SDKs/WatchOS27.0.sdk -target arm64-apple-watchos9.0 -g -module-cache-path /Users/admin/builder/spi-builder-workspace/.derivedData/ModuleCache.noindex -Xfrontend -serialize-debugging-options -enable-testing -index-store-path /Users/admin/builder/spi-builder-workspace/.derivedData/Index.noindex/DataStore -Xcc -D_LIBCPP_HARDENING_MODE\=_LIBCPP_HARDENING_MODE_DEBUG -swift-version 5 -I /Users/admin/builder/spi-builder-workspace/.derivedData/Build/Products/Debug-watchos -Isystem /Applications/Xcode-27.0.0-Release.Candidate.app/Contents/Developer/Platforms/WatchOS.platform/Developer/usr/lib -F /Users/admin/builder/spi-builder-workspace/.derivedData/Build/Products/Debug-watchos -F /Applications/Xcode-27.0.0-Release.Candidate.app/Contents/Developer/Platforms/WatchOS.platform/Developer/Library/Frameworks -F /Applications/Xcode-27.0.0-Release.Candidate.app/Contents/Developer/Platforms/WatchOS.platform/Developer/SDKs/WatchOS27.0.sdk/Developer/Library/Frameworks -c -j10 -enable-batch-mode -incremental -Xcc -ivfsstatcache -Xcc /Users/admin/builder/spi-builder-workspace/.derivedData/SDKStatCaches.noindex/watchos27.0-24R360-e829b21a6f8c9b70876ba0858053c04477534ef55a1706bf4c1112bbb242f0a2.sdkstatcache -output-file-map /Users/admin/builder/spi-builder-workspace/.derivedData/Build/Intermediates.noindex/Ariadne.build/Debug-watchos/Ariadne-t.build/Objects-normal/arm64/Ariadne-OutputFileMap.json -save-temps -no-color-diagnostics -explicit-module-build -module-cache-path /Users/admin/builder/spi-builder-workspace/.derivedData/Build/Intermediates.noindex/SwiftExplicitPrecompiledModules -clang-scanner-module-cache-path /Users/admin/builder/spi-builder-workspace/.derivedData/ModuleCache.noindex -sdk-module-cache-path /Users/admin/builder/spi-builder-workspace/.derivedData/SDKExplicitPrecompiledModules -emit-dependencies -emit-module -emit-module-path /Users/admin/builder/spi-builder-workspace/.derivedData/Build/Intermediates.noindex/Ariadne.build/Debug-watchos/Ariadne-t.build/Objects-normal/arm64/Ariadne.swiftmodule -serialize-diagnostics -dependency-scan-serialize-diagnostics-path /Users/admin/builder/spi-builder-workspace/.derivedData/Build/Intermediates.noindex/Ariadne.build/Debug-watchos/Ariadne-t.build/Objects-normal/arm64/Ariadne-dependency-scan.dia -validate-clang-modules-once -clang-build-session-file /Users/admin/builder/spi-builder-workspace/.derivedData/ModuleCache.noindex/Session.modulevalidation -Xcc -fmodules-prune-interval\=86400 -Xcc -fmodules-prune-after\=345600 -emit-const-values -const-gather-protocols-list /Users/admin/builder/spi-builder-workspace/.derivedData/Build/Intermediates.noindex/Ariadne.build/Debug-watchos/Ariadne-t.build/Objects-normal/arm64/Ariadne_const_extract_protocols.json -Xcc -I/Users/admin/builder/spi-builder-workspace/.derivedData/Build/Products/Debug-watchos/include -Xcc -I/Users/admin/builder/spi-builder-workspace/.derivedData/Build/Intermediates.noindex/Ariadne.build/Debug-watchos/Ariadne-t.build/DerivedSources-normal/arm64 -Xcc -I/Users/admin/builder/spi-builder-workspace/.derivedData/Build/Intermediates.noindex/Ariadne.build/Debug-watchos/Ariadne-t.build/DerivedSources/arm64 -Xcc -I/Users/admin/builder/spi-builder-workspace/.derivedData/Build/Intermediates.noindex/Ariadne.build/Debug-watchos/Ariadne-t.build/DerivedSources -Xcc -DSWIFT_PACKAGE -Xcc -DDEBUG\=1 -emit-objc-header -emit-objc-header-path /Users/admin/builder/spi-builder-workspace/.derivedData/Build/Intermediates.noindex/Ariadne.build/Debug-watchos/Ariadne-t.build/Objects-normal/arm64/Ariadne-Swift.h -working-directory /Users/admin/builder/spi-builder-workspace/.swiftpm/xcode -experimental-emit-module-separately -disable-cmo
Ld /Users/admin/builder/spi-builder-workspace/.derivedData/Build/Intermediates.noindex/Ariadne.build/Debug-watchos/Ariadne-t.build/Objects-normal/arm64/Binary/Ariadne.o normal arm64 (in target 'Ariadne' from project 'Ariadne')
    cd /Users/admin/builder/spi-builder-workspace
    /Applications/Xcode-27.0.0-Release.Candidate.app/Contents/Developer/Toolchains/XcodeDefault.xctoolchain/usr/bin/clang -Xlinker -reproducible -target arm64-apple-watchos9.0 -r -isysroot /Applications/Xcode-27.0.0-Release.Candidate.app/Contents/Developer/Platforms/WatchOS.platform/Developer/SDKs/WatchOS27.0.sdk -O0 -Xlinker -no_warn_duplicate_libraries -F/Users/admin/builder/spi-builder-workspace/.derivedData/Build/Intermediates.noindex/EagerLinkingTBDs/Debug-watchos -F/Users/admin/builder/spi-builder-workspace/.derivedData/Build/Products/Debug-watchos -iframework /Applications/Xcode-27.0.0-Release.Candidate.app/Contents/Developer/Platforms/WatchOS.platform/Developer/Library/Frameworks -iframework /Applications/Xcode-27.0.0-Release.Candidate.app/Contents/Developer/Platforms/WatchOS.platform/Developer/SDKs/WatchOS27.0.sdk/Developer/Library/Frameworks -filelist /Users/admin/builder/spi-builder-workspace/.derivedData/Build/Intermediates.noindex/Ariadne.build/Debug-watchos/Ariadne-t.build/Objects-normal/arm64/Ariadne.LinkFileList -nostdlib -Xlinker -object_path_lto -Xlinker /Users/admin/builder/spi-builder-workspace/.derivedData/Build/Intermediates.noindex/Ariadne.build/Debug-watchos/Ariadne-t.build/Objects-normal/arm64/Ariadne_lto.o -Xlinker -no_deduplicate -Xlinker -dependency_info -Xlinker /Users/admin/builder/spi-builder-workspace/.derivedData/Build/Intermediates.noindex/Ariadne.build/Debug-watchos/Ariadne-t.build/Objects-normal/arm64/Ariadne_dependency_info.dat -fobjc-link-runtime -L/Applications/Xcode-27.0.0-Release.Candidate.app/Contents/Developer/Toolchains/XcodeDefault.xctoolchain/usr/lib/swift/watchos -L/usr/lib/swift -Xlinker -add_ast_path -Xlinker /Users/admin/builder/spi-builder-workspace/.derivedData/Build/Intermediates.noindex/Ariadne.build/Debug-watchos/Ariadne-t.build/Objects-normal/arm64/Ariadne.swiftmodule -o /Users/admin/builder/spi-builder-workspace/.derivedData/Build/Intermediates.noindex/Ariadne.build/Debug-watchos/Ariadne-t.build/Objects-normal/arm64/Binary/Ariadne.o
CreateUniversalBinary /Users/admin/builder/spi-builder-workspace/.derivedData/Build/Products/Debug-watchos/Ariadne.o normal arm64\ arm64_32 (in target 'Ariadne' from project 'Ariadne')
    cd /Users/admin/builder/spi-builder-workspace
    /Applications/Xcode-27.0.0-Release.Candidate.app/Contents/Developer/Toolchains/XcodeDefault.xctoolchain/usr/bin/lipo -create /Users/admin/builder/spi-builder-workspace/.derivedData/Build/Intermediates.noindex/Ariadne.build/Debug-watchos/Ariadne-t.build/Objects-normal/arm64/Binary/Ariadne.o /Users/admin/builder/spi-builder-workspace/.derivedData/Build/Intermediates.noindex/Ariadne.build/Debug-watchos/Ariadne-t.build/Objects-normal/arm64_32/Binary/Ariadne.o -output /Users/admin/builder/spi-builder-workspace/.derivedData/Build/Products/Debug-watchos/Ariadne.o
ExtractAppIntentsMetadata (in target 'Ariadne' from project 'Ariadne')
    cd /Users/admin/builder/spi-builder-workspace
    /Applications/Xcode-27.0.0-Release.Candidate.app/Contents/Developer/Toolchains/XcodeDefault.xctoolchain/usr/bin/appintentsmetadataprocessor --toolchain-dir /var/run/com.apple.security.cryptexd/mnt/com.apple.MobileAsset.MetalToolchain-v27.1.266.1.iDmvb9/Metal.xctoolchain --module-name Ariadne --sdk-root /Applications/Xcode-27.0.0-Release.Candidate.app/Contents/Developer/Platforms/WatchOS.platform/Developer/SDKs/WatchOS27.0.sdk --xcode-version 27A266a --platform-family watchOS --deployment-target 9.0 --bundle-identifier spi-builder-workspace.Ariadne --output /Users/admin/builder/spi-builder-workspace/.derivedData/Build/Products/Debug-watchos/Ariadne.appintents --target-triple arm64-apple-watchos9.0 --target-triple arm64_32-apple-watchos9.0 --binary-file /Users/admin/builder/spi-builder-workspace/.derivedData/Build/Products/Debug-watchos/Ariadne.o --dependency-file /Users/admin/builder/spi-builder-workspace/.derivedData/Build/Intermediates.noindex/Ariadne.build/Debug-watchos/Ariadne-t.build/Objects-normal/arm64/Ariadne_dependency_info.dat --dependency-file /Users/admin/builder/spi-builder-workspace/.derivedData/Build/Intermediates.noindex/Ariadne.build/Debug-watchos/Ariadne-t.build/Objects-normal/arm64_32/Ariadne_dependency_info.dat --stringsdata-file /Users/admin/builder/spi-builder-workspace/.derivedData/Build/Intermediates.noindex/Ariadne.build/Debug-watchos/Ariadne-t.build/Objects-normal/arm64/ExtractedAppShortcutsMetadata.stringsdata --stringsdata-file /Users/admin/builder/spi-builder-workspace/.derivedData/Build/Intermediates.noindex/Ariadne.build/Debug-watchos/Ariadne-t.build/Objects-normal/arm64_32/ExtractedAppShortcutsMetadata.stringsdata --source-file-list /Users/admin/builder/spi-builder-workspace/.derivedData/Build/Intermediates.noindex/Ariadne.build/Debug-watchos/Ariadne-t.build/Objects-normal/arm64/Ariadne.SwiftFileList --source-file-list /Users/admin/builder/spi-builder-workspace/.derivedData/Build/Intermediates.noindex/Ariadne.build/Debug-watchos/Ariadne-t.build/Objects-normal/arm64_32/Ariadne.SwiftFileList --metadata-file-list /Users/admin/builder/spi-builder-workspace/.derivedData/Build/Intermediates.noindex/Ariadne.build/Debug-watchos/Ariadne-t.build/Ariadne.DependencyMetadataFileList --static-metadata-file-list /Users/admin/builder/spi-builder-workspace/.derivedData/Build/Intermediates.noindex/Ariadne.build/Debug-watchos/Ariadne-t.build/Ariadne.DependencyStaticMetadataFileList --swift-const-vals-list /Users/admin/builder/spi-builder-workspace/.derivedData/Build/Intermediates.noindex/Ariadne.build/Debug-watchos/Ariadne-t.build/Objects-normal/arm64/Ariadne.SwiftConstValuesFileList --swift-const-vals-list /Users/admin/builder/spi-builder-workspace/.derivedData/Build/Intermediates.noindex/Ariadne.build/Debug-watchos/Ariadne-t.build/Objects-normal/arm64_32/Ariadne.SwiftConstValuesFileList --force --compile-time-extraction --deployment-aware-processing --no-app-shortcuts-localization
2026-09-17 01:49:53.626 appintentsmetadataprocessor[848:5025] Starting appintentsmetadataprocessor export
2026-09-17 01:49:53.725 appintentsmetadataprocessor[848:5025] Extracted no relevant App Intents symbols, skipping writing output
ProcessInfoPlistFile /Users/admin/builder/spi-builder-workspace/.derivedData/Build/Products/Debug-watchos/Tests.xctest/Info.plist /Users/admin/builder/spi-builder-workspace/.derivedData/Build/Intermediates.noindex/Ariadne.build/Debug-watchos/Tests-p.build/empty-Tests.plist (in target 'Tests-product' from project 'Ariadne')
    cd /Users/admin/builder/spi-builder-workspace
    builtin-infoPlistUtility /Users/admin/builder/spi-builder-workspace/.derivedData/Build/Intermediates.noindex/Ariadne.build/Debug-watchos/Tests-p.build/empty-Tests.plist -producttype com.apple.product-type.bundle.unit-test -expandbuildsettings -format binary -platform watchos -o /Users/admin/builder/spi-builder-workspace/.derivedData/Build/Products/Debug-watchos/Tests.xctest/Info.plist
SwiftExplicitDependencyGeneratePcm arm64_32 /Users/admin/builder/spi-builder-workspace/.derivedData/Build/Intermediates.noindex/SwiftExplicitPrecompiledModules/XCUIAutomation-ERPZF489YJ15F4EKGJCX4WDM7.pcm
SwiftExplicitDependencyGeneratePcm arm64 /Users/admin/builder/spi-builder-workspace/.derivedData/Build/Intermediates.noindex/SwiftExplicitPrecompiledModules/XCUIAutomation-65SKIQZZ6OXJZ058GTE7TZUKY.pcm
SwiftExplicitDependencyCompileModuleFromInterface arm64_32 /Users/admin/builder/spi-builder-workspace/.derivedData/Build/Intermediates.noindex/SwiftExplicitPrecompiledModules/XCUIAutomation-2KEQCEI56WY22.swiftmodule
SwiftExplicitDependencyGeneratePcm arm64_32 /Users/admin/builder/spi-builder-workspace/.derivedData/Build/Intermediates.noindex/SwiftExplicitPrecompiledModules/XCTest-9YC7ZIH3UMB42XTXWLC83PNWV.pcm
SwiftExplicitDependencyGeneratePcm arm64 /Users/admin/builder/spi-builder-workspace/.derivedData/Build/Intermediates.noindex/SwiftExplicitPrecompiledModules/XCTest-4Q8FQHAHRUNG512Q4TRQNJS8O.pcm
SwiftExplicitDependencyCompileModuleFromInterface arm64 /Users/admin/builder/spi-builder-workspace/.derivedData/Build/Intermediates.noindex/SwiftExplicitPrecompiledModules/XCUIAutomation-2BC5897SHXM5Y.swiftmodule
SwiftExplicitDependencyCompileModuleFromInterface arm64 /Users/admin/builder/spi-builder-workspace/.derivedData/Build/Intermediates.noindex/SwiftExplicitPrecompiledModules/XCTest-296Q314KH7RKU.swiftmodule
SwiftExplicitDependencyCompileModuleFromInterface arm64_32 /Users/admin/builder/spi-builder-workspace/.derivedData/Build/Intermediates.noindex/SwiftExplicitPrecompiledModules/XCTest-3CRT07T5RQDUO.swiftmodule
SwiftEmitModule normal arm64 Emitting\ module\ for\ Tests (in target 'Tests-product' from project 'Ariadne')
/Users/admin/builder/spi-builder-workspace/Source/Tests/TestsUIKit.swift:40:26: error: 'UIViewController' is unavailable in watchOS
 38 | }
 39 |
 40 | class FooViewController: UIViewController {
    |                          `- error: 'UIViewController' is unavailable in watchOS
 41 |     var dismissCalled = false
 42 |
/Applications/Xcode-27.0.0-Release.Candidate.app/Contents/Developer/Platforms/WatchOS.platform/Developer/SDKs/WatchOS27.0.sdk/System/Library/Frameworks/UIKit.framework/Headers/UIViewController.h:104:12: note: 'UIViewController' has been explicitly marked unavailable here
102 |
103 | UIKIT_EXTERN API_AVAILABLE(ios(2.0)) API_UNAVAILABLE(watchos) NS_SWIFT_UI_ACTOR
104 | @interface UIViewController : UIResponder <NSCoding, UIAppearanceContainer, UITraitEnvironment, UIContentContainer, UIFocusEnvironment>
    |            `- note: 'UIViewController' has been explicitly marked unavailable here
105 |
106 | /*
/Users/admin/builder/spi-builder-workspace/Source/Tests/TestsUIKit.swift:48:26: error: 'UIViewController' is unavailable in watchOS
 46 |     }
 47 | }
 48 | class BarViewController: UIViewController {
    |                          `- error: 'UIViewController' is unavailable in watchOS
 49 |
 50 |     var dismissCalled = false
/Applications/Xcode-27.0.0-Release.Candidate.app/Contents/Developer/Platforms/WatchOS.platform/Developer/SDKs/WatchOS27.0.sdk/System/Library/Frameworks/UIKit.framework/Headers/UIViewController.h:104:12: note: 'UIViewController' has been explicitly marked unavailable here
102 |
103 | UIKIT_EXTERN API_AVAILABLE(ios(2.0)) API_UNAVAILABLE(watchos) NS_SWIFT_UI_ACTOR
104 | @interface UIViewController : UIResponder <NSCoding, UIAppearanceContainer, UITraitEnvironment, UIContentContainer, UIFocusEnvironment>
    |            `- note: 'UIViewController' has been explicitly marked unavailable here
105 |
106 | /*
/Users/admin/builder/spi-builder-workspace/Source/Tests/TestsUIKit.swift:58:26: error: 'UIViewController' is unavailable in watchOS
 56 | }
 57 |
 58 | class IntViewController: UIViewController, ContextUpdatable {
    |                          `- error: 'UIViewController' is unavailable in watchOS
 59 |
 60 |     var value: Int = 0
/Applications/Xcode-27.0.0-Release.Candidate.app/Contents/Developer/Platforms/WatchOS.platform/Developer/SDKs/WatchOS27.0.sdk/System/Library/Frameworks/UIKit.framework/Headers/UIViewController.h:104:12: note: 'UIViewController' has been explicitly marked unavailable here
102 |
103 | UIKIT_EXTERN API_AVAILABLE(ios(2.0)) API_UNAVAILABLE(watchos) NS_SWIFT_UI_ACTOR
104 | @interface UIViewController : UIResponder <NSCoding, UIAppearanceContainer, UITraitEnvironment, UIContentContainer, UIFocusEnvironment>
    |            `- note: 'UIViewController' has been explicitly marked unavailable here
105 |
106 | /*
/Users/admin/builder/spi-builder-workspace/Source/Tests/TestsUIKit.swift:82:17: error: 'UIWindow' is unavailable in watchOS
 80 | class IntFactory: ViewControllerBuilder {
 81 |
 82 |     let window: UIWindow
    |                 `- error: 'UIWindow' is unavailable in watchOS
 83 |
 84 |     init(window: UIWindow) {
/Applications/Xcode-27.0.0-Release.Candidate.app/Contents/Developer/Platforms/WatchOS.platform/Developer/SDKs/WatchOS27.0.sdk/System/Library/Frameworks/UIKit.framework/Headers/UIWindow.h:22:12: note: 'UIWindow' has been explicitly marked unavailable here
 20 |
 21 | UIKIT_EXTERN API_AVAILABLE(ios(2.0)) API_UNAVAILABLE(watchos) NS_SWIFT_UI_ACTOR
 22 | @interface UIWindow : UIView
    |            `- note: 'UIWindow' has been explicitly marked unavailable here
 23 |
 24 | // instantiate a UIWindow already associated with a given UIWindowScene instance, with matching frame & interface orientations.
/Users/admin/builder/spi-builder-workspace/Source/Tests/TestsUIKit.swift:84:18: error: 'UIWindow' is unavailable in watchOS
 82 |     let window: UIWindow
 83 |
 84 |     init(window: UIWindow) {
    |                  `- error: 'UIWindow' is unavailable in watchOS
 85 |         self.window = window
 86 |     }
/Applications/Xcode-27.0.0-Release.Candidate.app/Contents/Developer/Platforms/WatchOS.platform/Developer/SDKs/WatchOS27.0.sdk/System/Library/Frameworks/UIKit.framework/Headers/UIWindow.h:22:12: note: 'UIWindow' has been explicitly marked unavailable here
 20 |
 21 | UIKIT_EXTERN API_AVAILABLE(ios(2.0)) API_UNAVAILABLE(watchos) NS_SWIFT_UI_ACTOR
 22 | @interface UIWindow : UIView
    |            `- note: 'UIWindow' has been explicitly marked unavailable here
 23 |
 24 | // instantiate a UIWindow already associated with a given UIWindowScene instance, with matching frame & interface orientations.
/Users/admin/builder/spi-builder-workspace/Source/Tests/TestsUIKit.swift:80:7: error: type 'IntFactory' does not conform to protocol 'ViewControllerBuilder'
 78 | }
 79 |
 80 | class IntFactory: ViewControllerBuilder {
    |       `- error: type 'IntFactory' does not conform to protocol 'ViewControllerBuilder'
 81 |
 82 |     let window: UIWindow
    :
 86 |     }
 87 |
 88 |     func build(with context: Int) throws -> IntViewController {
    |          `- note: candidate would match and infer 'ViewType' = 'IntViewController' if 'IntViewController' inherited from 'WKInterfaceController'
 89 |         return IntViewController(value: context)
 90 |     }
Ariadne.ViewControllerBuilder.ViewType:2:16: note: unable to infer associated type 'ViewType' for protocol 'ViewControllerBuilder'
1 | protocol ViewControllerBuilder {
2 | associatedtype ViewType : WKInterfaceController}
  |                `- note: unable to infer associated type 'ViewType' for protocol 'ViewControllerBuilder'
3 |
/Users/admin/builder/spi-builder-workspace/Source/Tests/TestsUIKit.swift:105:67: error: missing argument for parameter 'viewFinder' in call
103 |     // swiftlint:disable:next implicitly_unwrapped_optional
104 |     var testableWindow: UIWindow!
105 |     lazy var router = Router(rootViewProvider: self.testableWindow)
    |                                                                   `- error: missing argument for parameter 'viewFinder' in call
106 |
107 |     override func setUp() {
Ariadne.Router.init:2:8: note: 'init(rootViewProvider:viewFinder:)' declared here
1 | class Router {
2 | public init(rootViewProvider: any Ariadne.RootViewProvider, viewFinder: any Ariadne.ViewFinder)}
  |        `- note: 'init(rootViewProvider:viewFinder:)' declared here
3 |
/Users/admin/builder/spi-builder-workspace/Source/Tests/TestsUIKit.swift:105:53: error: argument type 'UIWindow?' does not conform to expected type 'RootViewProvider'
103 |     // swiftlint:disable:next implicitly_unwrapped_optional
104 |     var testableWindow: UIWindow!
105 |     lazy var router = Router(rootViewProvider: self.testableWindow)
    |                                                     `- error: argument type 'UIWindow?' does not conform to expected type 'RootViewProvider'
106 |
107 |     override func setUp() {
/Users/admin/builder/spi-builder-workspace/Source/Tests/TestsUIKit.swift:99:25: error: 'UINavigationController' is unavailable in watchOS
 97 |     }
 98 |
 99 |     var rootNavigation: UINavigationController? {
    |                         `- error: 'UINavigationController' is unavailable in watchOS
100 |         return testableWindow.rootViewController as? UINavigationController
101 |     }
/Applications/Xcode-27.0.0-Release.Candidate.app/Contents/Developer/Platforms/WatchOS.platform/Developer/SDKs/WatchOS27.0.sdk/System/Library/Frameworks/UIKit.framework/Headers/UINavigationController.h:46:12: note: 'UINavigationController' has been explicitly marked unavailable here
 44 |
 45 | UIKIT_EXTERN API_AVAILABLE(ios(2.0)) API_UNAVAILABLE(watchos) NS_SWIFT_UI_ACTOR
 46 | @interface UINavigationController : UIViewController
    |            `- note: 'UINavigationController' has been explicitly marked unavailable here
 47 |
 48 |
/Users/admin/builder/spi-builder-workspace/Source/Tests/TestsUIKit.swift:104:25: error: 'UIWindow' is unavailable in watchOS
102 |
103 |     // swiftlint:disable:next implicitly_unwrapped_optional
104 |     var testableWindow: UIWindow!
    |                         `- error: 'UIWindow' is unavailable in watchOS
105 |     lazy var router = Router(rootViewProvider: self.testableWindow)
106 |
/Applications/Xcode-27.0.0-Release.Candidate.app/Contents/Developer/Platforms/WatchOS.platform/Developer/SDKs/WatchOS27.0.sdk/System/Library/Frameworks/UIKit.framework/Headers/UIWindow.h:22:12: note: 'UIWindow' has been explicitly marked unavailable here
 20 |
 21 | UIKIT_EXTERN API_AVAILABLE(ios(2.0)) API_UNAVAILABLE(watchos) NS_SWIFT_UI_ACTOR
 22 | @interface UIWindow : UIView
    |            `- note: 'UIWindow' has been explicitly marked unavailable here
 23 |
 24 | // instantiate a UIWindow already associated with a given UIWindowScene instance, with matching frame & interface orientations.
Failed frontend command:
SwiftCompile normal arm64 (in target 'Tests-product' from project 'Ariadne')
    cd /Users/admin/builder/spi-builder-workspace/.swiftpm/xcode

/Applications/Xcode-27.0.0-Release.Candidate.app/Contents/Developer/Toolchains/XcodeDefault.xctoolchain/usr/bin/swift-frontend -frontend -emit-module -experimental-skip-non-inlinable-function-bodies-without-types /Users/admin/builder/spi-builder-workspace/Source/Tests/TestsAppKit.swift /Users/admin/builder/spi-builder-workspace/Source/Tests/TestsUIKit.swift -target arm64-apple-watchos10.0 -module-can-import-version UIKit 9127.0.84.1 9127.0.84 -disable-cross-import-overlay-search -load-resolved-plugin /Applications/Xcode-27.0.0-Release.Candidate.app/Contents/Developer/Platforms/WatchOS.platform/Developer/usr/lib/swift/host/plugins/libFoundationMacros.dylib\#/Applications/Xcode-27.0.0-Release.Candidate.app/Contents/Developer/Platforms/WatchOS.platform/Developer/usr/bin/swift-plugin-server\#FoundationMacros -load-resolved-plugin /Applications/Xcode-27.0.0-Release.Candidate.app/Contents/Developer/Platforms/WatchOS.platform/Developer/usr/lib/swift/host/plugins/libObservationMacros.dylib\#/Applications/Xcode-27.0.0-Release.Candidate.app/Contents/Developer/Platforms/WatchOS.platform/Developer/usr/bin/swift-plugin-server\#ObservationMacros -load-resolved-plugin /Applications/Xcode-27.0.0-Release.Candidate.app/Contents/Developer/Platforms/WatchOS.platform/Developer/usr/lib/swift/host/plugins/libSwiftMacros.dylib\#/Applications/Xcode-27.0.0-Release.Candidate.app/Contents/Developer/Platforms/WatchOS.platform/Developer/usr/bin/swift-plugin-server\#SwiftMacros -load-resolved-plugin /Applications/Xcode-27.0.0-Release.Candidate.app/Contents/Developer/Platforms/WatchOS.platform/Developer/usr/lib/swift/host/plugins/libSwiftUIMacros.dylib\#/Applications/Xcode-27.0.0-Release.Candidate.app/Contents/Developer/Platforms/WatchOS.platform/Developer/usr/bin/swift-plugin-server\#SwiftUIMacros -disable-implicit-swift-modules -Xcc -fno-implicit-modules -Xcc -fno-implicit-module-maps -explicit-swift-module-map-file /Users/admin/builder/spi-builder-workspace/.derivedData/Build/Intermediates.noindex/Ariadne.build/Debug-watchos/Tests-p.build/Objects-normal/arm64/Tests-dependencies-2.json -Xllvm -aarch64-use-tbi -enable-objc-interop -stack-check -sdk /Applications/Xcode-27.0.0-Release.Candidate.app/Contents/Developer/Platforms/WatchOS.platform/Developer/SDKs/WatchOS27.0.sdk -I /Users/admin/builder/spi-builder-workspace/.derivedData/Build/Products/Debug-watchos -Isystem /Applications/Xcode-27.0.0-Release.Candidate.app/Contents/Developer/Platforms/WatchOS.platform/Developer/usr/lib -F /Users/admin/builder/spi-builder-workspace/.derivedData/Build/Products/Debug-watchos/PackageFrameworks -F /Users/admin/builder/spi-builder-workspace/.derivedData/Build/Products/Debug-watchos -F /Applications/Xcode-27.0.0-Release.Candidate.app/Contents/Developer/Platforms/WatchOS.platform/Developer/Library/Frameworks -F /Applications/Xcode-27.0.0-Release.Candidate.app/Contents/Developer/Platforms/WatchOS.platform/Developer/SDKs/WatchOS27.0.sdk/Developer/Library/Frameworks -module-cache-path /Users/admin/builder/spi-builder-workspace/.derivedData/Build/Intermediates.noindex/SwiftExplicitPrecompiledModules -no-color-diagnostics -Xcc -fno-color-diagnostics -enable-testing -g -debug-info-format\=dwarf -dwarf-version\=4 -swift-version 5 -Onone -D SWIFT_PACKAGE -D DEBUG -D Xcode -serialize-debugging-options -enable-experimental-feature DebugDescriptionMacro -empty-abi-descriptor -validate-clang-modules-once -clang-build-session-file /Users/admin/builder/spi-builder-workspace/.derivedData/ModuleCache.noindex/Session.modulevalidation -Xcc -working-directory -Xcc /Users/admin/builder/spi-builder-workspace/.swiftpm/xcode -enable-anonymous-context-mangled-names -file-compilation-dir /Users/admin/builder/spi-builder-workspace/.swiftpm/xcode -Xcc -D_LIBCPP_HARDENING_MODE\=_LIBCPP_HARDENING_MODE_DEBUG -Xcc -ivfsstatcache -Xcc /Users/admin/builder/spi-builder-workspace/.derivedData/SDKStatCaches.noindex/watchos27.0-24R360-e829b21a6f8c9b70876ba0858053c04477534ef55a1706bf4c1112bbb242f0a2.sdkstatcache -Xcc -fmodules-prune-interval\=86400 -Xcc -fmodules-prune-after\=345600 -Xcc -I/Users/admin/builder/spi-builder-workspace/.derivedData/Build/Products/Debug-watchos/include -Xcc -I/Users/admin/builder/spi-builder-workspace/.derivedData/Build/Intermediates.noindex/Ariadne.build/Debug-watchos/Tests-p.build/DerivedSources-normal/arm64 -Xcc -I/Users/admin/builder/spi-builder-workspace/.derivedData/Build/Intermediates.noindex/Ariadne.build/Debug-watchos/Tests-p.build/DerivedSources/arm64 -Xcc -I/Users/admin/builder/spi-builder-workspace/.derivedData/Build/Intermediates.noindex/Ariadne.build/Debug-watchos/Tests-p.build/DerivedSources -Xcc -DSWIFT_PACKAGE -Xcc -DDEBUG\=1 -no-auto-bridging-header-chaining -module-name Tests -const-gather-protocols-file /Users/admin/builder/spi-builder-workspace/.derivedData/Build/Intermediates.noindex/Ariadne.build/Debug-watchos/Tests-p.build/Objects-normal/arm64/Tests_const_extract_protocols.json -disable-clang-spi -clang-target arm64-apple-watchos27.0 -target-sdk-version 27.0 -target-sdk-name watchos27.0 -in-process-plugin-server-path /Applications/Xcode-27.0.0-Release.Candidate.app/Contents/Developer/Toolchains/XcodeDefault.xctoolchain/usr/lib/swift/host/libSwiftInProcPluginServer.dylib -emit-module-doc-path /Users/admin/builder/spi-builder-workspace/.derivedData/Build/Intermediates.noindex/Ariadne.build/Debug-watchos/Tests-p.build/Objects-normal/arm64/Tests.swiftdoc -emit-module-source-info-path /Users/admin/builder/spi-builder-workspace/.derivedData/Build/Intermediates.noindex/Ariadne.build/Debug-watchos/Tests-p.build/Objects-normal/arm64/Tests.swiftsourceinfo -serialize-diagnostics-path /Users/admin/builder/spi-builder-workspace/.derivedData/Build/Intermediates.noindex/Ariadne.build/Debug-watchos/Tests-p.build/Objects-normal/arm64/Tests-primary-emit-module.dia -emit-dependencies-path /Users/admin/builder/spi-builder-workspace/.derivedData/Build/Intermediates.noindex/Ariadne.build/Debug-watchos/Tests-p.build/Objects-normal/arm64/Tests-primary-emit-module.d -parse-as-library -o /Users/admin/builder/spi-builder-workspace/.derivedData/Build/Intermediates.noindex/Ariadne.build/Debug-watchos/Tests-p.build/Objects-normal/arm64/Tests.swiftmodule -emit-abi-descriptor-path /Users/admin/builder/spi-builder-workspace/.derivedData/Build/Intermediates.noindex/Ariadne.build/Debug-watchos/Tests-p.build/Objects-normal/arm64/Tests.abi.json
SwiftCompile normal arm64_32 Compiling\ TestsUIKit.swift /Users/admin/builder/spi-builder-workspace/Source/Tests/TestsUIKit.swift (in target 'Tests-product' from project 'Ariadne')
SwiftCompile normal arm64_32 /Users/admin/builder/spi-builder-workspace/Source/Tests/TestsUIKit.swift (in target 'Tests-product' from project 'Ariadne')
    cd /Users/admin/builder/spi-builder-workspace/.swiftpm/xcode
    builtin-SwiftPerFileCompile TestsUIKit.swift
/Users/admin/builder/spi-builder-workspace/Source/Tests/TestsUIKit.swift:40:26: error: 'UIViewController' is unavailable in watchOS
 38 | }
 39 |
 40 | class FooViewController: UIViewController {
    |                          `- error: 'UIViewController' is unavailable in watchOS
 41 |     var dismissCalled = false
 42 |
/Applications/Xcode-27.0.0-Release.Candidate.app/Contents/Developer/Platforms/WatchOS.platform/Developer/SDKs/WatchOS27.0.sdk/System/Library/Frameworks/UIKit.framework/Headers/UIViewController.h:104:12: note: 'UIViewController' has been explicitly marked unavailable here
102 |
103 | UIKIT_EXTERN API_AVAILABLE(ios(2.0)) API_UNAVAILABLE(watchos) NS_SWIFT_UI_ACTOR
104 | @interface UIViewController : UIResponder <NSCoding, UIAppearanceContainer, UITraitEnvironment, UIContentContainer, UIFocusEnvironment>
    |            `- note: 'UIViewController' has been explicitly marked unavailable here
105 |
106 | /*
/Users/admin/builder/spi-builder-workspace/Source/Tests/TestsUIKit.swift:48:26: error: 'UIViewController' is unavailable in watchOS
 46 |     }
 47 | }
 48 | class BarViewController: UIViewController {
    |                          `- error: 'UIViewController' is unavailable in watchOS
 49 |
 50 |     var dismissCalled = false
/Applications/Xcode-27.0.0-Release.Candidate.app/Contents/Developer/Platforms/WatchOS.platform/Developer/SDKs/WatchOS27.0.sdk/System/Library/Frameworks/UIKit.framework/Headers/UIViewController.h:104:12: note: 'UIViewController' has been explicitly marked unavailable here
102 |
103 | UIKIT_EXTERN API_AVAILABLE(ios(2.0)) API_UNAVAILABLE(watchos) NS_SWIFT_UI_ACTOR
104 | @interface UIViewController : UIResponder <NSCoding, UIAppearanceContainer, UITraitEnvironment, UIContentContainer, UIFocusEnvironment>
    |            `- note: 'UIViewController' has been explicitly marked unavailable here
105 |
106 | /*
/Users/admin/builder/spi-builder-workspace/Source/Tests/TestsUIKit.swift:58:26: error: 'UIViewController' is unavailable in watchOS
 56 | }
 57 |
 58 | class IntViewController: UIViewController, ContextUpdatable {
    |                          `- error: 'UIViewController' is unavailable in watchOS
 59 |
 60 |     var value: Int = 0
/Applications/Xcode-27.0.0-Release.Candidate.app/Contents/Developer/Platforms/WatchOS.platform/Developer/SDKs/WatchOS27.0.sdk/System/Library/Frameworks/UIKit.framework/Headers/UIViewController.h:104:12: note: 'UIViewController' has been explicitly marked unavailable here
102 |
103 | UIKIT_EXTERN API_AVAILABLE(ios(2.0)) API_UNAVAILABLE(watchos) NS_SWIFT_UI_ACTOR
104 | @interface UIViewController : UIResponder <NSCoding, UIAppearanceContainer, UITraitEnvironment, UIContentContainer, UIFocusEnvironment>
    |            `- note: 'UIViewController' has been explicitly marked unavailable here
105 |
106 | /*
/Users/admin/builder/spi-builder-workspace/Source/Tests/TestsUIKit.swift:82:17: error: 'UIWindow' is unavailable in watchOS
 80 | class IntFactory: ViewControllerBuilder {
 81 |
 82 |     let window: UIWindow
    |                 `- error: 'UIWindow' is unavailable in watchOS
 83 |
 84 |     init(window: UIWindow) {
/Applications/Xcode-27.0.0-Release.Candidate.app/Contents/Developer/Platforms/WatchOS.platform/Developer/SDKs/WatchOS27.0.sdk/System/Library/Frameworks/UIKit.framework/Headers/UIWindow.h:22:12: note: 'UIWindow' has been explicitly marked unavailable here
 20 |
 21 | UIKIT_EXTERN API_AVAILABLE(ios(2.0)) API_UNAVAILABLE(watchos) NS_SWIFT_UI_ACTOR
 22 | @interface UIWindow : UIView
    |            `- note: 'UIWindow' has been explicitly marked unavailable here
 23 |
 24 | // instantiate a UIWindow already associated with a given UIWindowScene instance, with matching frame & interface orientations.
/Users/admin/builder/spi-builder-workspace/Source/Tests/TestsUIKit.swift:84:18: error: 'UIWindow' is unavailable in watchOS
 82 |     let window: UIWindow
 83 |
 84 |     init(window: UIWindow) {
    |                  `- error: 'UIWindow' is unavailable in watchOS
 85 |         self.window = window
 86 |     }
/Applications/Xcode-27.0.0-Release.Candidate.app/Contents/Developer/Platforms/WatchOS.platform/Developer/SDKs/WatchOS27.0.sdk/System/Library/Frameworks/UIKit.framework/Headers/UIWindow.h:22:12: note: 'UIWindow' has been explicitly marked unavailable here
 20 |
 21 | UIKIT_EXTERN API_AVAILABLE(ios(2.0)) API_UNAVAILABLE(watchos) NS_SWIFT_UI_ACTOR
 22 | @interface UIWindow : UIView
    |            `- note: 'UIWindow' has been explicitly marked unavailable here
 23 |
 24 | // instantiate a UIWindow already associated with a given UIWindowScene instance, with matching frame & interface orientations.
/Users/admin/builder/spi-builder-workspace/Source/Tests/TestsUIKit.swift:80:7: error: type 'IntFactory' does not conform to protocol 'ViewControllerBuilder'
 78 | }
 79 |
 80 | class IntFactory: ViewControllerBuilder {
    |       `- error: type 'IntFactory' does not conform to protocol 'ViewControllerBuilder'
 81 |
 82 |     let window: UIWindow
    :
 86 |     }
 87 |
 88 |     func build(with context: Int) throws -> IntViewController {
    |          `- note: candidate would match and infer 'ViewType' = 'IntViewController' if 'IntViewController' inherited from 'WKInterfaceController'
 89 |         return IntViewController(value: context)
 90 |     }
Ariadne.ViewControllerBuilder.ViewType:2:16: note: unable to infer associated type 'ViewType' for protocol 'ViewControllerBuilder'
1 | protocol ViewControllerBuilder {
2 | associatedtype ViewType : WKInterfaceController}
  |                `- note: unable to infer associated type 'ViewType' for protocol 'ViewControllerBuilder'
3 |
/Users/admin/builder/spi-builder-workspace/Source/Tests/TestsUIKit.swift:105:67: error: missing argument for parameter 'viewFinder' in call
103 |     // swiftlint:disable:next implicitly_unwrapped_optional
104 |     var testableWindow: UIWindow!
105 |     lazy var router = Router(rootViewProvider: self.testableWindow)
    |                                                                   `- error: missing argument for parameter 'viewFinder' in call
106 |
107 |     override func setUp() {
Ariadne.Router.init:2:8: note: 'init(rootViewProvider:viewFinder:)' declared here
1 | class Router {
2 | public init(rootViewProvider: any Ariadne.RootViewProvider, viewFinder: any Ariadne.ViewFinder)}
  |        `- note: 'init(rootViewProvider:viewFinder:)' declared here
3 |
/Users/admin/builder/spi-builder-workspace/Source/Tests/TestsUIKit.swift:105:53: error: argument type 'UIWindow?' does not conform to expected type 'RootViewProvider'
103 |     // swiftlint:disable:next implicitly_unwrapped_optional
104 |     var testableWindow: UIWindow!
105 |     lazy var router = Router(rootViewProvider: self.testableWindow)
    |                                                     `- error: argument type 'UIWindow?' does not conform to expected type 'RootViewProvider'
106 |
107 |     override func setUp() {
/Users/admin/builder/spi-builder-workspace/Source/Tests/TestsUIKit.swift:99:25: error: 'UINavigationController' is unavailable in watchOS
 97 |     }
 98 |
 99 |     var rootNavigation: UINavigationController? {
    |                         `- error: 'UINavigationController' is unavailable in watchOS
100 |         return testableWindow.rootViewController as? UINavigationController
101 |     }
/Applications/Xcode-27.0.0-Release.Candidate.app/Contents/Developer/Platforms/WatchOS.platform/Developer/SDKs/WatchOS27.0.sdk/System/Library/Frameworks/UIKit.framework/Headers/UINavigationController.h:46:12: note: 'UINavigationController' has been explicitly marked unavailable here
 44 |
 45 | UIKIT_EXTERN API_AVAILABLE(ios(2.0)) API_UNAVAILABLE(watchos) NS_SWIFT_UI_ACTOR
 46 | @interface UINavigationController : UIViewController
    |            `- note: 'UINavigationController' has been explicitly marked unavailable here
 47 |
 48 |
/Users/admin/builder/spi-builder-workspace/Source/Tests/TestsUIKit.swift:104:25: error: 'UIWindow' is unavailable in watchOS
102 |
103 |     // swiftlint:disable:next implicitly_unwrapped_optional
104 |     var testableWindow: UIWindow!
    |                         `- error: 'UIWindow' is unavailable in watchOS
105 |     lazy var router = Router(rootViewProvider: self.testableWindow)
106 |
/Applications/Xcode-27.0.0-Release.Candidate.app/Contents/Developer/Platforms/WatchOS.platform/Developer/SDKs/WatchOS27.0.sdk/System/Library/Frameworks/UIKit.framework/Headers/UIWindow.h:22:12: note: 'UIWindow' has been explicitly marked unavailable here
 20 |
 21 | UIKIT_EXTERN API_AVAILABLE(ios(2.0)) API_UNAVAILABLE(watchos) NS_SWIFT_UI_ACTOR
 22 | @interface UIWindow : UIView
    |            `- note: 'UIWindow' has been explicitly marked unavailable here
 23 |
 24 | // instantiate a UIWindow already associated with a given UIWindowScene instance, with matching frame & interface orientations.
/Users/admin/builder/spi-builder-workspace/Source/Tests/TestsUIKit.swift:36:17: error: argument passed to call that takes no arguments
 34 | class XibBuildingFactory<T: ViewController>: ViewControllerBuilder {
 35 |     func build(with context: ()) throws -> T {
 36 |         return T(nibName: nil, bundle: nil)
    |                 `- error: argument passed to call that takes no arguments
 37 |     }
 38 | }
/Users/admin/builder/spi-builder-workspace/Source/Tests/TestsUIKit.swift:36:27: error: 'nil' requires a contextual type
 34 | class XibBuildingFactory<T: ViewController>: ViewControllerBuilder {
 35 |     func build(with context: ()) throws -> T {
 36 |         return T(nibName: nil, bundle: nil)
    |                           `- error: 'nil' requires a contextual type
 37 |     }
 38 | }
/Users/admin/builder/spi-builder-workspace/Source/Tests/TestsUIKit.swift:36:40: error: 'nil' requires a contextual type
 34 | class XibBuildingFactory<T: ViewController>: ViewControllerBuilder {
 35 |     func build(with context: ()) throws -> T {
 36 |         return T(nibName: nil, bundle: nil)
    |                                        `- error: 'nil' requires a contextual type
 37 |     }
 38 | }
SwiftCompile normal arm64 Compiling\ TestsUIKit.swift /Users/admin/builder/spi-builder-workspace/Source/Tests/TestsUIKit.swift (in target 'Tests-product' from project 'Ariadne')
/Users/admin/builder/spi-builder-workspace/Source/Tests/TestsUIKit.swift:40:26: error: 'UIViewController' is unavailable in watchOS
 38 | }
 39 |
 40 | class FooViewController: UIViewController {
    |                          `- error: 'UIViewController' is unavailable in watchOS
 41 |     var dismissCalled = false
 42 |
/Applications/Xcode-27.0.0-Release.Candidate.app/Contents/Developer/Platforms/WatchOS.platform/Developer/SDKs/WatchOS27.0.sdk/System/Library/Frameworks/UIKit.framework/Headers/UIViewController.h:104:12: note: 'UIViewController' has been explicitly marked unavailable here
102 |
103 | UIKIT_EXTERN API_AVAILABLE(ios(2.0)) API_UNAVAILABLE(watchos) NS_SWIFT_UI_ACTOR
104 | @interface UIViewController : UIResponder <NSCoding, UIAppearanceContainer, UITraitEnvironment, UIContentContainer, UIFocusEnvironment>
    |            `- note: 'UIViewController' has been explicitly marked unavailable here
105 |
106 | /*
/Users/admin/builder/spi-builder-workspace/Source/Tests/TestsUIKit.swift:48:26: error: 'UIViewController' is unavailable in watchOS
 46 |     }
 47 | }
 48 | class BarViewController: UIViewController {
    |                          `- error: 'UIViewController' is unavailable in watchOS
 49 |
 50 |     var dismissCalled = false
/Applications/Xcode-27.0.0-Release.Candidate.app/Contents/Developer/Platforms/WatchOS.platform/Developer/SDKs/WatchOS27.0.sdk/System/Library/Frameworks/UIKit.framework/Headers/UIViewController.h:104:12: note: 'UIViewController' has been explicitly marked unavailable here
102 |
103 | UIKIT_EXTERN API_AVAILABLE(ios(2.0)) API_UNAVAILABLE(watchos) NS_SWIFT_UI_ACTOR
104 | @interface UIViewController : UIResponder <NSCoding, UIAppearanceContainer, UITraitEnvironment, UIContentContainer, UIFocusEnvironment>
    |            `- note: 'UIViewController' has been explicitly marked unavailable here
105 |
106 | /*
/Users/admin/builder/spi-builder-workspace/Source/Tests/TestsUIKit.swift:58:26: error: 'UIViewController' is unavailable in watchOS
 56 | }
 57 |
 58 | class IntViewController: UIViewController, ContextUpdatable {
    |                          `- error: 'UIViewController' is unavailable in watchOS
 59 |
 60 |     var value: Int = 0
/Applications/Xcode-27.0.0-Release.Candidate.app/Contents/Developer/Platforms/WatchOS.platform/Developer/SDKs/WatchOS27.0.sdk/System/Library/Frameworks/UIKit.framework/Headers/UIViewController.h:104:12: note: 'UIViewController' has been explicitly marked unavailable here
102 |
103 | UIKIT_EXTERN API_AVAILABLE(ios(2.0)) API_UNAVAILABLE(watchos) NS_SWIFT_UI_ACTOR
104 | @interface UIViewController : UIResponder <NSCoding, UIAppearanceContainer, UITraitEnvironment, UIContentContainer, UIFocusEnvironment>
    |            `- note: 'UIViewController' has been explicitly marked unavailable here
105 |
106 | /*
/Users/admin/builder/spi-builder-workspace/Source/Tests/TestsUIKit.swift:82:17: error: 'UIWindow' is unavailable in watchOS
 80 | class IntFactory: ViewControllerBuilder {
 81 |
 82 |     let window: UIWindow
    |                 `- error: 'UIWindow' is unavailable in watchOS
 83 |
 84 |     init(window: UIWindow) {
/Applications/Xcode-27.0.0-Release.Candidate.app/Contents/Developer/Platforms/WatchOS.platform/Developer/SDKs/WatchOS27.0.sdk/System/Library/Frameworks/UIKit.framework/Headers/UIWindow.h:22:12: note: 'UIWindow' has been explicitly marked unavailable here
 20 |
 21 | UIKIT_EXTERN API_AVAILABLE(ios(2.0)) API_UNAVAILABLE(watchos) NS_SWIFT_UI_ACTOR
 22 | @interface UIWindow : UIView
    |            `- note: 'UIWindow' has been explicitly marked unavailable here
 23 |
 24 | // instantiate a UIWindow already associated with a given UIWindowScene instance, with matching frame & interface orientations.
/Users/admin/builder/spi-builder-workspace/Source/Tests/TestsUIKit.swift:84:18: error: 'UIWindow' is unavailable in watchOS
 82 |     let window: UIWindow
 83 |
 84 |     init(window: UIWindow) {
    |                  `- error: 'UIWindow' is unavailable in watchOS
 85 |         self.window = window
 86 |     }
/Applications/Xcode-27.0.0-Release.Candidate.app/Contents/Developer/Platforms/WatchOS.platform/Developer/SDKs/WatchOS27.0.sdk/System/Library/Frameworks/UIKit.framework/Headers/UIWindow.h:22:12: note: 'UIWindow' has been explicitly marked unavailable here
 20 |
 21 | UIKIT_EXTERN API_AVAILABLE(ios(2.0)) API_UNAVAILABLE(watchos) NS_SWIFT_UI_ACTOR
 22 | @interface UIWindow : UIView
    |            `- note: 'UIWindow' has been explicitly marked unavailable here
 23 |
 24 | // instantiate a UIWindow already associated with a given UIWindowScene instance, with matching frame & interface orientations.
/Users/admin/builder/spi-builder-workspace/Source/Tests/TestsUIKit.swift:80:7: error: type 'IntFactory' does not conform to protocol 'ViewControllerBuilder'
 78 | }
 79 |
 80 | class IntFactory: ViewControllerBuilder {
    |       `- error: type 'IntFactory' does not conform to protocol 'ViewControllerBuilder'
 81 |
 82 |     let window: UIWindow
    :
 86 |     }
 87 |
 88 |     func build(with context: Int) throws -> IntViewController {
    |          `- note: candidate would match and infer 'ViewType' = 'IntViewController' if 'IntViewController' inherited from 'WKInterfaceController'
 89 |         return IntViewController(value: context)
 90 |     }
Ariadne.ViewControllerBuilder.ViewType:2:16: note: unable to infer associated type 'ViewType' for protocol 'ViewControllerBuilder'
1 | protocol ViewControllerBuilder {
2 | associatedtype ViewType : WKInterfaceController}
  |                `- note: unable to infer associated type 'ViewType' for protocol 'ViewControllerBuilder'
3 |
/Users/admin/builder/spi-builder-workspace/Source/Tests/TestsUIKit.swift:105:67: error: missing argument for parameter 'viewFinder' in call
103 |     // swiftlint:disable:next implicitly_unwrapped_optional
104 |     var testableWindow: UIWindow!
105 |     lazy var router = Router(rootViewProvider: self.testableWindow)
    |                                                                   `- error: missing argument for parameter 'viewFinder' in call
106 |
107 |     override func setUp() {
Ariadne.Router.init:2:8: note: 'init(rootViewProvider:viewFinder:)' declared here
1 | class Router {
2 | public init(rootViewProvider: any Ariadne.RootViewProvider, viewFinder: any Ariadne.ViewFinder)}
  |        `- note: 'init(rootViewProvider:viewFinder:)' declared here
3 |
/Users/admin/builder/spi-builder-workspace/Source/Tests/TestsUIKit.swift:105:53: error: argument type 'UIWindow?' does not conform to expected type 'RootViewProvider'
103 |     // swiftlint:disable:next implicitly_unwrapped_optional
104 |     var testableWindow: UIWindow!
105 |     lazy var router = Router(rootViewProvider: self.testableWindow)
    |                                                     `- error: argument type 'UIWindow?' does not conform to expected type 'RootViewProvider'
106 |
107 |     override func setUp() {
/Users/admin/builder/spi-builder-workspace/Source/Tests/TestsUIKit.swift:99:25: error: 'UINavigationController' is unavailable in watchOS
 97 |     }
 98 |
 99 |     var rootNavigation: UINavigationController? {
    |                         `- error: 'UINavigationController' is unavailable in watchOS
100 |         return testableWindow.rootViewController as? UINavigationController
101 |     }
/Applications/Xcode-27.0.0-Release.Candidate.app/Contents/Developer/Platforms/WatchOS.platform/Developer/SDKs/WatchOS27.0.sdk/System/Library/Frameworks/UIKit.framework/Headers/UINavigationController.h:46:12: note: 'UINavigationController' has been explicitly marked unavailable here
 44 |
 45 | UIKIT_EXTERN API_AVAILABLE(ios(2.0)) API_UNAVAILABLE(watchos) NS_SWIFT_UI_ACTOR
 46 | @interface UINavigationController : UIViewController
    |            `- note: 'UINavigationController' has been explicitly marked unavailable here
 47 |
 48 |
/Users/admin/builder/spi-builder-workspace/Source/Tests/TestsUIKit.swift:104:25: error: 'UIWindow' is unavailable in watchOS
102 |
103 |     // swiftlint:disable:next implicitly_unwrapped_optional
104 |     var testableWindow: UIWindow!
    |                         `- error: 'UIWindow' is unavailable in watchOS
105 |     lazy var router = Router(rootViewProvider: self.testableWindow)
106 |
/Applications/Xcode-27.0.0-Release.Candidate.app/Contents/Developer/Platforms/WatchOS.platform/Developer/SDKs/WatchOS27.0.sdk/System/Library/Frameworks/UIKit.framework/Headers/UIWindow.h:22:12: note: 'UIWindow' has been explicitly marked unavailable here
 20 |
 21 | UIKIT_EXTERN API_AVAILABLE(ios(2.0)) API_UNAVAILABLE(watchos) NS_SWIFT_UI_ACTOR
 22 | @interface UIWindow : UIView
    |            `- note: 'UIWindow' has been explicitly marked unavailable here
 23 |
 24 | // instantiate a UIWindow already associated with a given UIWindowScene instance, with matching frame & interface orientations.
/Users/admin/builder/spi-builder-workspace/Source/Tests/TestsUIKit.swift:36:17: error: argument passed to call that takes no arguments
 34 | class XibBuildingFactory<T: ViewController>: ViewControllerBuilder {
 35 |     func build(with context: ()) throws -> T {
 36 |         return T(nibName: nil, bundle: nil)
    |                 `- error: argument passed to call that takes no arguments
 37 |     }
 38 | }
/Users/admin/builder/spi-builder-workspace/Source/Tests/TestsUIKit.swift:36:27: error: 'nil' requires a contextual type
 34 | class XibBuildingFactory<T: ViewController>: ViewControllerBuilder {
 35 |     func build(with context: ()) throws -> T {
 36 |         return T(nibName: nil, bundle: nil)
    |                           `- error: 'nil' requires a contextual type
 37 |     }
 38 | }
/Users/admin/builder/spi-builder-workspace/Source/Tests/TestsUIKit.swift:36:40: error: 'nil' requires a contextual type
 34 | class XibBuildingFactory<T: ViewController>: ViewControllerBuilder {
 35 |     func build(with context: ()) throws -> T {
 36 |         return T(nibName: nil, bundle: nil)
    |                                        `- error: 'nil' requires a contextual type
 37 |     }
 38 | }
SwiftCompile normal arm64 /Users/admin/builder/spi-builder-workspace/Source/Tests/TestsUIKit.swift (in target 'Tests-product' from project 'Ariadne')
    cd /Users/admin/builder/spi-builder-workspace/.swiftpm/xcode
    builtin-SwiftPerFileCompile TestsUIKit.swift
/Users/admin/builder/spi-builder-workspace/Source/Tests/TestsUIKit.swift:96:32: error: failed to produce diagnostic for expression; please submit a bug report (https://swift.org/contributing/#reporting-bugs)
 94 |
 95 |     var root: ViewController? {
 96 |         return testableWindow?.rootViewController
    |                                `- error: failed to produce diagnostic for expression; please submit a bug report (https://swift.org/contributing/#reporting-bugs)
 97 |     }
 98 |
SwiftCompile normal arm64 Compiling\ TestsAppKit.swift /Users/admin/builder/spi-builder-workspace/Source/Tests/TestsAppKit.swift (in target 'Tests-product' from project 'Ariadne')
SwiftCompile normal arm64 /Users/admin/builder/spi-builder-workspace/Source/Tests/TestsAppKit.swift (in target 'Tests-product' from project 'Ariadne')
    cd /Users/admin/builder/spi-builder-workspace/.swiftpm/xcode
    builtin-SwiftPerFileCompile TestsAppKit.swift
SwiftCompile normal arm64_32 Compiling\ TestsAppKit.swift /Users/admin/builder/spi-builder-workspace/Source/Tests/TestsAppKit.swift (in target 'Tests-product' from project 'Ariadne')
SwiftCompile normal arm64_32 /Users/admin/builder/spi-builder-workspace/Source/Tests/TestsAppKit.swift (in target 'Tests-product' from project 'Ariadne')
    cd /Users/admin/builder/spi-builder-workspace/.swiftpm/xcode
    builtin-SwiftPerFileCompile TestsAppKit.swift
SwiftEmitModule normal arm64_32 Emitting\ module\ for\ Tests (in target 'Tests-product' from project 'Ariadne')
/Users/admin/builder/spi-builder-workspace/Source/Tests/TestsUIKit.swift:40:26: error: 'UIViewController' is unavailable in watchOS
 38 | }
 39 |
 40 | class FooViewController: UIViewController {
    |                          `- error: 'UIViewController' is unavailable in watchOS
 41 |     var dismissCalled = false
 42 |
/Applications/Xcode-27.0.0-Release.Candidate.app/Contents/Developer/Platforms/WatchOS.platform/Developer/SDKs/WatchOS27.0.sdk/System/Library/Frameworks/UIKit.framework/Headers/UIViewController.h:104:12: note: 'UIViewController' has been explicitly marked unavailable here
102 |
103 | UIKIT_EXTERN API_AVAILABLE(ios(2.0)) API_UNAVAILABLE(watchos) NS_SWIFT_UI_ACTOR
104 | @interface UIViewController : UIResponder <NSCoding, UIAppearanceContainer, UITraitEnvironment, UIContentContainer, UIFocusEnvironment>
    |            `- note: 'UIViewController' has been explicitly marked unavailable here
105 |
106 | /*
/Users/admin/builder/spi-builder-workspace/Source/Tests/TestsUIKit.swift:48:26: error: 'UIViewController' is unavailable in watchOS
 46 |     }
 47 | }
 48 | class BarViewController: UIViewController {
    |                          `- error: 'UIViewController' is unavailable in watchOS
 49 |
 50 |     var dismissCalled = false
/Applications/Xcode-27.0.0-Release.Candidate.app/Contents/Developer/Platforms/WatchOS.platform/Developer/SDKs/WatchOS27.0.sdk/System/Library/Frameworks/UIKit.framework/Headers/UIViewController.h:104:12: note: 'UIViewController' has been explicitly marked unavailable here
102 |
103 | UIKIT_EXTERN API_AVAILABLE(ios(2.0)) API_UNAVAILABLE(watchos) NS_SWIFT_UI_ACTOR
104 | @interface UIViewController : UIResponder <NSCoding, UIAppearanceContainer, UITraitEnvironment, UIContentContainer, UIFocusEnvironment>
    |            `- note: 'UIViewController' has been explicitly marked unavailable here
105 |
106 | /*
/Users/admin/builder/spi-builder-workspace/Source/Tests/TestsUIKit.swift:58:26: error: 'UIViewController' is unavailable in watchOS
 56 | }
 57 |
 58 | class IntViewController: UIViewController, ContextUpdatable {
    |                          `- error: 'UIViewController' is unavailable in watchOS
 59 |
 60 |     var value: Int = 0
/Applications/Xcode-27.0.0-Release.Candidate.app/Contents/Developer/Platforms/WatchOS.platform/Developer/SDKs/WatchOS27.0.sdk/System/Library/Frameworks/UIKit.framework/Headers/UIViewController.h:104:12: note: 'UIViewController' has been explicitly marked unavailable here
102 |
103 | UIKIT_EXTERN API_AVAILABLE(ios(2.0)) API_UNAVAILABLE(watchos) NS_SWIFT_UI_ACTOR
104 | @interface UIViewController : UIResponder <NSCoding, UIAppearanceContainer, UITraitEnvironment, UIContentContainer, UIFocusEnvironment>
    |            `- note: 'UIViewController' has been explicitly marked unavailable here
105 |
106 | /*
/Users/admin/builder/spi-builder-workspace/Source/Tests/TestsUIKit.swift:82:17: error: 'UIWindow' is unavailable in watchOS
 80 | class IntFactory: ViewControllerBuilder {
 81 |
 82 |     let window: UIWindow
    |                 `- error: 'UIWindow' is unavailable in watchOS
 83 |
 84 |     init(window: UIWindow) {
/Applications/Xcode-27.0.0-Release.Candidate.app/Contents/Developer/Platforms/WatchOS.platform/Developer/SDKs/WatchOS27.0.sdk/System/Library/Frameworks/UIKit.framework/Headers/UIWindow.h:22:12: note: 'UIWindow' has been explicitly marked unavailable here
 20 |
 21 | UIKIT_EXTERN API_AVAILABLE(ios(2.0)) API_UNAVAILABLE(watchos) NS_SWIFT_UI_ACTOR
 22 | @interface UIWindow : UIView
    |            `- note: 'UIWindow' has been explicitly marked unavailable here
 23 |
 24 | // instantiate a UIWindow already associated with a given UIWindowScene instance, with matching frame & interface orientations.
/Users/admin/builder/spi-builder-workspace/Source/Tests/TestsUIKit.swift:84:18: error: 'UIWindow' is unavailable in watchOS
 82 |     let window: UIWindow
 83 |
 84 |     init(window: UIWindow) {
    |                  `- error: 'UIWindow' is unavailable in watchOS
 85 |         self.window = window
 86 |     }
/Applications/Xcode-27.0.0-Release.Candidate.app/Contents/Developer/Platforms/WatchOS.platform/Developer/SDKs/WatchOS27.0.sdk/System/Library/Frameworks/UIKit.framework/Headers/UIWindow.h:22:12: note: 'UIWindow' has been explicitly marked unavailable here
 20 |
 21 | UIKIT_EXTERN API_AVAILABLE(ios(2.0)) API_UNAVAILABLE(watchos) NS_SWIFT_UI_ACTOR
 22 | @interface UIWindow : UIView
    |            `- note: 'UIWindow' has been explicitly marked unavailable here
 23 |
 24 | // instantiate a UIWindow already associated with a given UIWindowScene instance, with matching frame & interface orientations.
/Users/admin/builder/spi-builder-workspace/Source/Tests/TestsUIKit.swift:80:7: error: type 'IntFactory' does not conform to protocol 'ViewControllerBuilder'
 78 | }
 79 |
 80 | class IntFactory: ViewControllerBuilder {
    |       `- error: type 'IntFactory' does not conform to protocol 'ViewControllerBuilder'
 81 |
 82 |     let window: UIWindow
    :
 86 |     }
 87 |
 88 |     func build(with context: Int) throws -> IntViewController {
    |          `- note: candidate would match and infer 'ViewType' = 'IntViewController' if 'IntViewController' inherited from 'WKInterfaceController'
 89 |         return IntViewController(value: context)
 90 |     }
Ariadne.ViewControllerBuilder.ViewType:2:16: note: unable to infer associated type 'ViewType' for protocol 'ViewControllerBuilder'
1 | protocol ViewControllerBuilder {
2 | associatedtype ViewType : WKInterfaceController}
  |                `- note: unable to infer associated type 'ViewType' for protocol 'ViewControllerBuilder'
3 |
/Users/admin/builder/spi-builder-workspace/Source/Tests/TestsUIKit.swift:105:67: error: missing argument for parameter 'viewFinder' in call
103 |     // swiftlint:disable:next implicitly_unwrapped_optional
104 |     var testableWindow: UIWindow!
105 |     lazy var router = Router(rootViewProvider: self.testableWindow)
    |                                                                   `- error: missing argument for parameter 'viewFinder' in call
106 |
107 |     override func setUp() {
Ariadne.Router.init:2:8: note: 'init(rootViewProvider:viewFinder:)' declared here
1 | class Router {
2 | public init(rootViewProvider: any Ariadne.RootViewProvider, viewFinder: any Ariadne.ViewFinder)}
  |        `- note: 'init(rootViewProvider:viewFinder:)' declared here
3 |
/Users/admin/builder/spi-builder-workspace/Source/Tests/TestsUIKit.swift:105:53: error: argument type 'UIWindow?' does not conform to expected type 'RootViewProvider'
103 |     // swiftlint:disable:next implicitly_unwrapped_optional
104 |     var testableWindow: UIWindow!
105 |     lazy var router = Router(rootViewProvider: self.testableWindow)
    |                                                     `- error: argument type 'UIWindow?' does not conform to expected type 'RootViewProvider'
106 |
107 |     override func setUp() {
/Users/admin/builder/spi-builder-workspace/Source/Tests/TestsUIKit.swift:99:25: error: 'UINavigationController' is unavailable in watchOS
 97 |     }
 98 |
 99 |     var rootNavigation: UINavigationController? {
    |                         `- error: 'UINavigationController' is unavailable in watchOS
100 |         return testableWindow.rootViewController as? UINavigationController
101 |     }
/Applications/Xcode-27.0.0-Release.Candidate.app/Contents/Developer/Platforms/WatchOS.platform/Developer/SDKs/WatchOS27.0.sdk/System/Library/Frameworks/UIKit.framework/Headers/UINavigationController.h:46:12: note: 'UINavigationController' has been explicitly marked unavailable here
 44 |
 45 | UIKIT_EXTERN API_AVAILABLE(ios(2.0)) API_UNAVAILABLE(watchos) NS_SWIFT_UI_ACTOR
 46 | @interface UINavigationController : UIViewController
    |            `- note: 'UINavigationController' has been explicitly marked unavailable here
 47 |
 48 |
/Users/admin/builder/spi-builder-workspace/Source/Tests/TestsUIKit.swift:104:25: error: 'UIWindow' is unavailable in watchOS
102 |
103 |     // swiftlint:disable:next implicitly_unwrapped_optional
104 |     var testableWindow: UIWindow!
    |                         `- error: 'UIWindow' is unavailable in watchOS
105 |     lazy var router = Router(rootViewProvider: self.testableWindow)
106 |
/Applications/Xcode-27.0.0-Release.Candidate.app/Contents/Developer/Platforms/WatchOS.platform/Developer/SDKs/WatchOS27.0.sdk/System/Library/Frameworks/UIKit.framework/Headers/UIWindow.h:22:12: note: 'UIWindow' has been explicitly marked unavailable here
 20 |
 21 | UIKIT_EXTERN API_AVAILABLE(ios(2.0)) API_UNAVAILABLE(watchos) NS_SWIFT_UI_ACTOR
 22 | @interface UIWindow : UIView
    |            `- note: 'UIWindow' has been explicitly marked unavailable here
 23 |
 24 | // instantiate a UIWindow already associated with a given UIWindowScene instance, with matching frame & interface orientations.
Failed frontend command:
/Applications/Xcode-27.0.0-Release.Candidate.app/Contents/Developer/Toolchains/XcodeDefault.xctoolchain/usr/bin/swift-frontend -frontend -emit-module -experimental-skip-non-inlinable-function-bodies-without-types /Users/admin/builder/spi-builder-workspace/Source/Tests/TestsAppKit.swift /Users/admin/builder/spi-builder-workspace/Source/Tests/TestsUIKit.swift -target arm64_32-apple-watchos10.0 -module-can-import-version UIKit 9127.0.84.1 9127.0.84 -disable-cross-import-overlay-search -load-resolved-plugin /Applications/Xcode-27.0.0-Release.Candidate.app/Contents/Developer/Platforms/WatchOS.platform/Developer/usr/lib/swift/host/plugins/libFoundationMacros.dylib\#/Applications/Xcode-27.0.0-Release.Candidate.app/Contents/Developer/Platforms/WatchOS.platform/Developer/usr/bin/swift-plugin-server\#FoundationMacros -load-resolved-plugin /Applications/Xcode-27.0.0-Release.Candidate.app/Contents/Developer/Platforms/WatchOS.platform/Developer/usr/lib/swift/host/plugins/libObservationMacros.dylib\#/Applications/Xcode-27.0.0-Release.Candidate.app/Contents/Developer/Platforms/WatchOS.platform/Developer/usr/bin/swift-plugin-server\#ObservationMacros -load-resolved-plugin /Applications/Xcode-27.0.0-Release.Candidate.app/Contents/Developer/Platforms/WatchOS.platform/Developer/usr/lib/swift/host/plugins/libSwiftMacros.dylib\#/Applications/Xcode-27.0.0-Release.Candidate.app/Contents/Developer/Platforms/WatchOS.platform/Developer/usr/bin/swift-plugin-server\#SwiftMacros -load-resolved-plugin /Applications/Xcode-27.0.0-Release.Candidate.app/Contents/Developer/Platforms/WatchOS.platform/Developer/usr/lib/swift/host/plugins/libSwiftUIMacros.dylib\#/Applications/Xcode-27.0.0-Release.Candidate.app/Contents/Developer/Platforms/WatchOS.platform/Developer/usr/bin/swift-plugin-server\#SwiftUIMacros -disable-implicit-swift-modules -Xcc -fno-implicit-modules -Xcc -fno-implicit-module-maps -explicit-swift-module-map-file /Users/admin/builder/spi-builder-workspace/.derivedData/Build/Intermediates.noindex/Ariadne.build/Debug-watchos/Tests-p.build/Objects-normal/arm64_32/Tests-dependencies-1.json -enable-objc-interop -sdk /Applications/Xcode-27.0.0-Release.Candidate.app/Contents/Developer/Platforms/WatchOS.platform/Developer/SDKs/WatchOS27.0.sdk -I /Users/admin/builder/spi-builder-workspace/.derivedData/Build/Products/Debug-watchos -Isystem /Applications/Xcode-27.0.0-Release.Candidate.app/Contents/Developer/Platforms/WatchOS.platform/Developer/usr/lib -F /Users/admin/builder/spi-builder-workspace/.derivedData/Build/Products/Debug-watchos/PackageFrameworks -F /Users/admin/builder/spi-builder-workspace/.derivedData/Build/Products/Debug-watchos -F /Applications/Xcode-27.0.0-Release.Candidate.app/Contents/Developer/Platforms/WatchOS.platform/Developer/Library/Frameworks -F /Applications/Xcode-27.0.0-Release.Candidate.app/Contents/Developer/Platforms/WatchOS.platform/Developer/SDKs/WatchOS27.0.sdk/Developer/Library/Frameworks -module-cache-path /Users/admin/builder/spi-builder-workspace/.derivedData/Build/Intermediates.noindex/SwiftExplicitPrecompiledModules -no-color-diagnostics -Xcc -fno-color-diagnostics -enable-testing -g -debug-info-format\=dwarf -dwarf-version\=4 -swift-version 5 -Onone -D SWIFT_PACKAGE -D DEBUG -D Xcode -serialize-debugging-options -enable-experimental-feature DebugDescriptionMacro -empty-abi-descriptor -validate-clang-modules-once -clang-build-session-file /Users/admin/builder/spi-builder-workspace/.derivedData/ModuleCache.noindex/Session.modulevalidation -Xcc -working-directory -Xcc /Users/admin/builder/spi-builder-workspace/.swiftpm/xcode -enable-anonymous-context-mangled-names -file-compilation-dir /Users/admin/builder/spi-builder-workspace/.swiftpm/xcode -Xcc -D_LIBCPP_HARDENING_MODE\=_LIBCPP_HARDENING_MODE_DEBUG -Xcc -ivfsstatcache -Xcc /Users/admin/builder/spi-builder-workspace/.derivedData/SDKStatCaches.noindex/watchos27.0-24R360-e829b21a6f8c9b70876ba0858053c04477534ef55a1706bf4c1112bbb242f0a2.sdkstatcache -Xcc -fmodules-prune-interval\=86400 -Xcc -fmodules-prune-after\=345600 -Xcc -I/Users/admin/builder/spi-builder-workspace/.derivedData/Build/Products/Debug-watchos/include -Xcc -I/Users/admin/builder/spi-builder-workspace/.derivedData/Build/Intermediates.noindex/Ariadne.build/Debug-watchos/Tests-p.build/DerivedSources-normal/arm64_32 -Xcc -I/Users/admin/builder/spi-builder-workspace/.derivedData/Build/Intermediates.noindex/Ariadne.build/Debug-watchos/Tests-p.build/DerivedSources/arm64_32 -Xcc -I/Users/admin/builder/spi-builder-workspace/.derivedData/Build/Intermediates.noindex/Ariadne.build/Debug-watchos/Tests-p.build/DerivedSources -Xcc -DSWIFT_PACKAGE -Xcc -DDEBUG\=1 -no-auto-bridging-header-chaining -module-name Tests -const-gather-protocols-file /Users/admin/builder/spi-builder-workspace/.derivedData/Build/Intermediates.noindex/Ariadne.build/Debug-watchos/Tests-p.build/Objects-normal/arm64_32/Tests_const_extract_protocols.json -disable-clang-spi -clang-target arm64_32-apple-watchos27.0 -target-sdk-version 27.0 -target-sdk-name watchos27.0 -in-process-plugin-server-path /Applications/Xcode-27.0.0-Release.Candidate.app/Contents/Developer/Toolchains/XcodeDefault.xctoolchain/usr/lib/swift/host/libSwiftInProcPluginServer.dylib -emit-module-doc-path /Users/admin/builder/spi-builder-workspace/.derivedData/Build/Intermediates.noindex/Ariadne.build/Debug-watchos/Tests-p.build/Objects-normal/arm64_32/Tests.swiftdoc -emit-module-source-info-path /Users/admin/builder/spi-builder-workspace/.derivedData/Build/Intermediates.noindex/Ariadne.build/Debug-watchos/Tests-p.build/Objects-normal/arm64_32/Tests.swiftsourceinfo -serialize-diagnostics-path /Users/admin/builder/spi-builder-workspace/.derivedData/Build/Intermediates.noindex/Ariadne.build/Debug-watchos/Tests-p.build/Objects-normal/arm64_32/Tests-primary-emit-module.dia -emit-dependencies-path /Users/admin/builder/spi-builder-workspace/.derivedData/Build/Intermediates.noindex/Ariadne.build/Debug-watchos/Tests-p.build/Objects-normal/arm64_32/Tests-primary-emit-module.d -parse-as-library -o /Users/admin/builder/spi-builder-workspace/.derivedData/Build/Intermediates.noindex/Ariadne.build/Debug-watchos/Tests-p.build/Objects-normal/arm64_32/Tests.swiftmodule -emit-abi-descriptor-path /Users/admin/builder/spi-builder-workspace/.derivedData/Build/Intermediates.noindex/Ariadne.build/Debug-watchos/Tests-p.build/Objects-normal/arm64_32/Tests.abi.json
SwiftCompile normal arm64_32 (in target 'Tests-product' from project 'Ariadne')
    cd /Users/admin/builder/spi-builder-workspace/.swiftpm/xcode

PruneExplicitPrecompiledModules /Users/admin/builder/spi-builder-workspace/.derivedData/SDKExplicitPrecompiledModules
PruneExplicitPrecompiledModules /Users/admin/builder/spi-builder-workspace/.derivedData/Build/Intermediates.noindex/SwiftExplicitPrecompiledModules
PruneExplicitPrecompiledModules /Users/admin/builder/spi-builder-workspace/.derivedData/Build/Intermediates.noindex/ExplicitPrecompiledModules
2026-09-17 01:49:43.764 xcodebuild[696:4330] [MT] IDERunDestination: Supported platforms for the buildables in the current scheme is empty.
2026-09-17 01:49:44.018 xcodebuild[696:4330] [MT] IDERunDestination: Supported platforms for the buildables in the current scheme is empty.
** BUILD FAILED **
The following build commands failed:
	SwiftCompile normal arm64 (in target 'Tests-product' from project 'Ariadne')
	SwiftEmitModule normal arm64 Emitting\ module\ for\ Tests (in target 'Tests-product' from project 'Ariadne')
	SwiftEmitModule normal arm64_32 Emitting\ module\ for\ Tests (in target 'Tests-product' from project 'Ariadne')
	SwiftCompile normal arm64_32 (in target 'Tests-product' from project 'Ariadne')
	Building workspace Ariadne with scheme Ariadne
(5 failures)
Command line invocation:
    /Applications/Xcode-27.0.0-Release.Candidate.app/Contents/Developer/usr/bin/xcodebuild -IDEClonedSourcePackagesDirPathOverride=/Users/admin/builder/spi-builder-workspace/.dependencies -resolvePackageDependencies
Resolve Package Graph
Resolved source packages:
  Ariadne: /Users/admin/builder/spi-builder-workspace
resolved source packages: Ariadne
2026-09-17 01:49:55.352 xcodebuild[863:5123] [MT] IDERunDestination: Supported platforms for the buildables in the current scheme is empty.
2026-09-17 01:49:55.456 xcodebuild[863:5123] [MT] IDERunDestination: Supported platforms for the buildables in the current scheme is empty.
{
  "dependencies" : [
  ],
  "manifest_display_name" : "Ariadne",
  "name" : "Ariadne",
  "path" : "/Users/admin/builder/spi-builder-workspace",
  "platforms" : [
  ],
  "products" : [
    {
      "name" : "Ariadne",
      "targets" : [
        "Ariadne"
      ],
      "type" : {
        "library" : [
          "automatic"
        ]
      }
    }
  ],
  "swift_languages_versions" : [
    "5",
    "4.2"
  ],
  "targets" : [
    {
      "c99name" : "Tests",
      "module_type" : "SwiftTarget",
      "name" : "Tests",
      "path" : "Source/Tests",
      "sources" : [
        "TestsAppKit.swift",
        "TestsUIKit.swift"
      ],
      "target_dependencies" : [
        "Ariadne"
      ],
      "type" : "test"
    },
    {
      "c99name" : "Ariadne",
      "module_type" : "SwiftTarget",
      "name" : "Ariadne",
      "path" : "Source/Ariadne",
      "product_memberships" : [
        "Ariadne"
      ],
      "sources" : [
        "AnyBuilder.swift",
        "Ariadne.swift",
        "BaseTransition.swift",
        "CurrentlyVisibleViewFinder.swift",
        "NavigationTransition.swift",
        "NavigationViewBuilder.swift",
        "PresentationTransition.swift",
        "RootViewTransition.swift",
        "Route.swift",
        "SplitViewBuilder.swift",
        "TabBarViewBuilder.swift",
        "UpdatableViewFinder.swift",
        "ViewControllerBuilder.swift",
        "ViewTransition.swift"
      ],
      "type" : "library"
    }
  ],
  "tools_version" : "5.2"
}
{
  "workspace" : {
    "name" : "Ariadne",
    "schemes" : [
      "Ariadne"
    ]
  }
}
2026-09-17 01:49:56.545 xcodebuild[871:5196] [MT] IDERunDestination: Supported platforms for the buildables in the current scheme is empty.
2026-09-17 01:49:56.648 xcodebuild[871:5196] [MT] IDERunDestination: Supported platforms for the buildables in the current scheme is empty.
Running build ...
env DEVELOPER_DIR=/Applications/Xcode-27.0.0-Release.Candidate.app xcrun xcodebuild -IDEClonedSourcePackagesDirPathOverride=$PWD/.dependencies -skipMacroValidation -skipPackagePluginValidation -derivedDataPath $PWD/.derivedData build -scheme Ariadne -destination generic/platform=watchOS
Command line invocation:
    /Applications/Xcode-27.0.0-Release.Candidate.app/Contents/Developer/usr/bin/xcodebuild -IDEClonedSourcePackagesDirPathOverride=/Users/admin/builder/spi-builder-workspace/.dependencies -skipMacroValidation -skipPackagePluginValidation -derivedDataPath /Users/admin/builder/spi-builder-workspace/.derivedData build -scheme Ariadne -destination generic/platform=watchOS
Resolve Package Graph
Resolved source packages:
  Ariadne: /Users/admin/builder/spi-builder-workspace
ComputePackagePrebuildTargetDependencyGraph
Prepare packages
CreateBuildRequest
SendProjectDescription
CreateBuildOperation
ComputeTargetDependencyGraph
note: Building targets in dependency order
note: Target dependency graph (3 targets)
    Target 'Tests-product' in project 'Ariadne'
        ➜ Explicit dependency on target 'Ariadne' in project 'Ariadne'
    Target 'Ariadne-product' in project 'Ariadne'
        ➜ Explicit dependency on target 'Ariadne' in project 'Ariadne'
    Target 'Ariadne' in project 'Ariadne' (no dependencies)
GatherProvisioningInputs
CreateBuildDescription
ClangStatCache /Applications/Xcode-27.0.0-Release.Candidate.app/Contents/Developer/Toolchains/XcodeDefault.xctoolchain/usr/bin/clang-stat-cache /Applications/Xcode-27.0.0-Release.Candidate.app/Contents/Developer/Platforms/WatchOS.platform/Developer/SDKs/WatchOS27.0.sdk /Users/admin/builder/spi-builder-workspace/.derivedData/SDKStatCaches.noindex/watchos27.0-24R360-e829b21a6f8c9b70876ba0858053c04477534ef55a1706bf4c1112bbb242f0a2.sdkstatcache
    cd /Users/admin/builder/spi-builder-workspace/.swiftpm/xcode
    /Applications/Xcode-27.0.0-Release.Candidate.app/Contents/Developer/Toolchains/XcodeDefault.xctoolchain/usr/bin/clang-stat-cache /Applications/Xcode-27.0.0-Release.Candidate.app/Contents/Developer/Platforms/WatchOS.platform/Developer/SDKs/WatchOS27.0.sdk -o /Users/admin/builder/spi-builder-workspace/.derivedData/SDKStatCaches.noindex/watchos27.0-24R360-e829b21a6f8c9b70876ba0858053c04477534ef55a1706bf4c1112bbb242f0a2.sdkstatcache
SwiftDriver Tests normal arm64_32 com.apple.xcode.tools.swift.compiler (in target 'Tests-product' from project 'Ariadne')
    cd /Users/admin/builder/spi-builder-workspace/.swiftpm/xcode
    builtin-SwiftDriver -- /Applications/Xcode-27.0.0-Release.Candidate.app/Contents/Developer/Toolchains/XcodeDefault.xctoolchain/usr/bin/swiftc -parse-as-library -module-name Tests -Onone @/Users/admin/builder/spi-builder-workspace/.derivedData/Build/Intermediates.noindex/Ariadne.build/Debug-watchos/Tests-p.build/Objects-normal/arm64_32/Tests.SwiftFileList -DSWIFT_PACKAGE -DDEBUG -DXcode -plugin-path /Applications/Xcode-27.0.0-Release.Candidate.app/Contents/Developer/Toolchains/XcodeDefault.xctoolchain/usr/lib/swift/host/plugins/testing -enable-experimental-feature DebugDescriptionMacro -sdk /Applications/Xcode-27.0.0-Release.Candidate.app/Contents/Developer/Platforms/WatchOS.platform/Developer/SDKs/WatchOS27.0.sdk -target arm64_32-apple-watchos10.0 -g -module-cache-path /Users/admin/builder/spi-builder-workspace/.derivedData/ModuleCache.noindex -Xfrontend -serialize-debugging-options -enable-testing -index-store-path /Users/admin/builder/spi-builder-workspace/.derivedData/Index.noindex/DataStore -Xcc -D_LIBCPP_HARDENING_MODE\=_LIBCPP_HARDENING_MODE_DEBUG -swift-version 5 -I /Users/admin/builder/spi-builder-workspace/.derivedData/Build/Products/Debug-watchos -Isystem /Applications/Xcode-27.0.0-Release.Candidate.app/Contents/Developer/Platforms/WatchOS.platform/Developer/usr/lib -F /Users/admin/builder/spi-builder-workspace/.derivedData/Build/Products/Debug-watchos/PackageFrameworks -F /Users/admin/builder/spi-builder-workspace/.derivedData/Build/Products/Debug-watchos -F /Applications/Xcode-27.0.0-Release.Candidate.app/Contents/Developer/Platforms/WatchOS.platform/Developer/Library/Frameworks -F /Applications/Xcode-27.0.0-Release.Candidate.app/Contents/Developer/Platforms/WatchOS.platform/Developer/SDKs/WatchOS27.0.sdk/Developer/Library/Frameworks -c -j10 -enable-batch-mode -incremental -Xcc -ivfsstatcache -Xcc /Users/admin/builder/spi-builder-workspace/.derivedData/SDKStatCaches.noindex/watchos27.0-24R360-e829b21a6f8c9b70876ba0858053c04477534ef55a1706bf4c1112bbb242f0a2.sdkstatcache -output-file-map /Users/admin/builder/spi-builder-workspace/.derivedData/Build/Intermediates.noindex/Ariadne.build/Debug-watchos/Tests-p.build/Objects-normal/arm64_32/Tests-OutputFileMap.json -save-temps -no-color-diagnostics -explicit-module-build -module-cache-path /Users/admin/builder/spi-builder-workspace/.derivedData/Build/Intermediates.noindex/SwiftExplicitPrecompiledModules -clang-scanner-module-cache-path /Users/admin/builder/spi-builder-workspace/.derivedData/ModuleCache.noindex -sdk-module-cache-path /Users/admin/builder/spi-builder-workspace/.derivedData/SDKExplicitPrecompiledModules -emit-dependencies -emit-module -emit-module-path /Users/admin/builder/spi-builder-workspace/.derivedData/Build/Intermediates.noindex/Ariadne.build/Debug-watchos/Tests-p.build/Objects-normal/arm64_32/Tests.swiftmodule -serialize-diagnostics -dependency-scan-serialize-diagnostics-path /Users/admin/builder/spi-builder-workspace/.derivedData/Build/Intermediates.noindex/Ariadne.build/Debug-watchos/Tests-p.build/Objects-normal/arm64_32/Tests-dependency-scan.dia -validate-clang-modules-once -clang-build-session-file /Users/admin/builder/spi-builder-workspace/.derivedData/ModuleCache.noindex/Session.modulevalidation -Xcc -fmodules-prune-interval\=86400 -Xcc -fmodules-prune-after\=345600 -emit-const-values -const-gather-protocols-list /Users/admin/builder/spi-builder-workspace/.derivedData/Build/Intermediates.noindex/Ariadne.build/Debug-watchos/Tests-p.build/Objects-normal/arm64_32/Tests_const_extract_protocols.json -Xcc -I/Users/admin/builder/spi-builder-workspace/.derivedData/Build/Products/Debug-watchos/include -Xcc -I/Users/admin/builder/spi-builder-workspace/.derivedData/Build/Intermediates.noindex/Ariadne.build/Debug-watchos/Tests-p.build/DerivedSources-normal/arm64_32 -Xcc -I/Users/admin/builder/spi-builder-workspace/.derivedData/Build/Intermediates.noindex/Ariadne.build/Debug-watchos/Tests-p.build/DerivedSources/arm64_32 -Xcc -I/Users/admin/builder/spi-builder-workspace/.derivedData/Build/Intermediates.noindex/Ariadne.build/Debug-watchos/Tests-p.build/DerivedSources -Xcc -DSWIFT_PACKAGE -Xcc -DDEBUG\=1 -working-directory /Users/admin/builder/spi-builder-workspace/.swiftpm/xcode -experimental-emit-module-separately -disable-cmo
SwiftDriver Tests normal arm64 com.apple.xcode.tools.swift.compiler (in target 'Tests-product' from project 'Ariadne')
    cd /Users/admin/builder/spi-builder-workspace/.swiftpm/xcode
    builtin-SwiftDriver -- /Applications/Xcode-27.0.0-Release.Candidate.app/Contents/Developer/Toolchains/XcodeDefault.xctoolchain/usr/bin/swiftc -parse-as-library -module-name Tests -Onone @/Users/admin/builder/spi-builder-workspace/.derivedData/Build/Intermediates.noindex/Ariadne.build/Debug-watchos/Tests-p.build/Objects-normal/arm64/Tests.SwiftFileList -DSWIFT_PACKAGE -DDEBUG -DXcode -plugin-path /Applications/Xcode-27.0.0-Release.Candidate.app/Contents/Developer/Toolchains/XcodeDefault.xctoolchain/usr/lib/swift/host/plugins/testing -enable-experimental-feature DebugDescriptionMacro -sdk /Applications/Xcode-27.0.0-Release.Candidate.app/Contents/Developer/Platforms/WatchOS.platform/Developer/SDKs/WatchOS27.0.sdk -target arm64-apple-watchos10.0 -g -module-cache-path /Users/admin/builder/spi-builder-workspace/.derivedData/ModuleCache.noindex -Xfrontend -serialize-debugging-options -enable-testing -index-store-path /Users/admin/builder/spi-builder-workspace/.derivedData/Index.noindex/DataStore -Xcc -D_LIBCPP_HARDENING_MODE\=_LIBCPP_HARDENING_MODE_DEBUG -swift-version 5 -I /Users/admin/builder/spi-builder-workspace/.derivedData/Build/Products/Debug-watchos -Isystem /Applications/Xcode-27.0.0-Release.Candidate.app/Contents/Developer/Platforms/WatchOS.platform/Developer/usr/lib -F /Users/admin/builder/spi-builder-workspace/.derivedData/Build/Products/Debug-watchos/PackageFrameworks -F /Users/admin/builder/spi-builder-workspace/.derivedData/Build/Products/Debug-watchos -F /Applications/Xcode-27.0.0-Release.Candidate.app/Contents/Developer/Platforms/WatchOS.platform/Developer/Library/Frameworks -F /Applications/Xcode-27.0.0-Release.Candidate.app/Contents/Developer/Platforms/WatchOS.platform/Developer/SDKs/WatchOS27.0.sdk/Developer/Library/Frameworks -c -j10 -enable-batch-mode -incremental -Xcc -ivfsstatcache -Xcc /Users/admin/builder/spi-builder-workspace/.derivedData/SDKStatCaches.noindex/watchos27.0-24R360-e829b21a6f8c9b70876ba0858053c04477534ef55a1706bf4c1112bbb242f0a2.sdkstatcache -output-file-map /Users/admin/builder/spi-builder-workspace/.derivedData/Build/Intermediates.noindex/Ariadne.build/Debug-watchos/Tests-p.build/Objects-normal/arm64/Tests-OutputFileMap.json -save-temps -no-color-diagnostics -explicit-module-build -module-cache-path /Users/admin/builder/spi-builder-workspace/.derivedData/Build/Intermediates.noindex/SwiftExplicitPrecompiledModules -clang-scanner-module-cache-path /Users/admin/builder/spi-builder-workspace/.derivedData/ModuleCache.noindex -sdk-module-cache-path /Users/admin/builder/spi-builder-workspace/.derivedData/SDKExplicitPrecompiledModules -emit-dependencies -emit-module -emit-module-path /Users/admin/builder/spi-builder-workspace/.derivedData/Build/Intermediates.noindex/Ariadne.build/Debug-watchos/Tests-p.build/Objects-normal/arm64/Tests.swiftmodule -serialize-diagnostics -dependency-scan-serialize-diagnostics-path /Users/admin/builder/spi-builder-workspace/.derivedData/Build/Intermediates.noindex/Ariadne.build/Debug-watchos/Tests-p.build/Objects-normal/arm64/Tests-dependency-scan.dia -validate-clang-modules-once -clang-build-session-file /Users/admin/builder/spi-builder-workspace/.derivedData/ModuleCache.noindex/Session.modulevalidation -Xcc -fmodules-prune-interval\=86400 -Xcc -fmodules-prune-after\=345600 -emit-const-values -const-gather-protocols-list /Users/admin/builder/spi-builder-workspace/.derivedData/Build/Intermediates.noindex/Ariadne.build/Debug-watchos/Tests-p.build/Objects-normal/arm64/Tests_const_extract_protocols.json -Xcc -I/Users/admin/builder/spi-builder-workspace/.derivedData/Build/Products/Debug-watchos/include -Xcc -I/Users/admin/builder/spi-builder-workspace/.derivedData/Build/Intermediates.noindex/Ariadne.build/Debug-watchos/Tests-p.build/DerivedSources-normal/arm64 -Xcc -I/Users/admin/builder/spi-builder-workspace/.derivedData/Build/Intermediates.noindex/Ariadne.build/Debug-watchos/Tests-p.build/DerivedSources/arm64 -Xcc -I/Users/admin/builder/spi-builder-workspace/.derivedData/Build/Intermediates.noindex/Ariadne.build/Debug-watchos/Tests-p.build/DerivedSources -Xcc -DSWIFT_PACKAGE -Xcc -DDEBUG\=1 -working-directory /Users/admin/builder/spi-builder-workspace/.swiftpm/xcode -experimental-emit-module-separately -disable-cmo
SwiftEmitModule normal arm64_32 Emitting\ module\ for\ Tests (in target 'Tests-product' from project 'Ariadne')
/Users/admin/builder/spi-builder-workspace/Source/Tests/TestsUIKit.swift:40:26: error: 'UIViewController' is unavailable in watchOS
 38 | }
 39 |
 40 | class FooViewController: UIViewController {
    |                          `- error: 'UIViewController' is unavailable in watchOS
 41 |     var dismissCalled = false
 42 |
/Applications/Xcode-27.0.0-Release.Candidate.app/Contents/Developer/Platforms/WatchOS.platform/Developer/SDKs/WatchOS27.0.sdk/System/Library/Frameworks/UIKit.framework/Headers/UIViewController.h:104:12: note: 'UIViewController' has been explicitly marked unavailable here
102 |
103 | UIKIT_EXTERN API_AVAILABLE(ios(2.0)) API_UNAVAILABLE(watchos) NS_SWIFT_UI_ACTOR
104 | @interface UIViewController : UIResponder <NSCoding, UIAppearanceContainer, UITraitEnvironment, UIContentContainer, UIFocusEnvironment>
    |            `- note: 'UIViewController' has been explicitly marked unavailable here
105 |
106 | /*
/Users/admin/builder/spi-builder-workspace/Source/Tests/TestsUIKit.swift:48:26: error: 'UIViewController' is unavailable in watchOS
 46 |     }
 47 | }
 48 | class BarViewController: UIViewController {
    |                          `- error: 'UIViewController' is unavailable in watchOS
 49 |
 50 |     var dismissCalled = false
/Applications/Xcode-27.0.0-Release.Candidate.app/Contents/Developer/Platforms/WatchOS.platform/Developer/SDKs/WatchOS27.0.sdk/System/Library/Frameworks/UIKit.framework/Headers/UIViewController.h:104:12: note: 'UIViewController' has been explicitly marked unavailable here
102 |
103 | UIKIT_EXTERN API_AVAILABLE(ios(2.0)) API_UNAVAILABLE(watchos) NS_SWIFT_UI_ACTOR
104 | @interface UIViewController : UIResponder <NSCoding, UIAppearanceContainer, UITraitEnvironment, UIContentContainer, UIFocusEnvironment>
    |            `- note: 'UIViewController' has been explicitly marked unavailable here
105 |
106 | /*
/Users/admin/builder/spi-builder-workspace/Source/Tests/TestsUIKit.swift:58:26: error: 'UIViewController' is unavailable in watchOS
 56 | }
 57 |
 58 | class IntViewController: UIViewController, ContextUpdatable {
    |                          `- error: 'UIViewController' is unavailable in watchOS
 59 |
 60 |     var value: Int = 0
/Applications/Xcode-27.0.0-Release.Candidate.app/Contents/Developer/Platforms/WatchOS.platform/Developer/SDKs/WatchOS27.0.sdk/System/Library/Frameworks/UIKit.framework/Headers/UIViewController.h:104:12: note: 'UIViewController' has been explicitly marked unavailable here
102 |
103 | UIKIT_EXTERN API_AVAILABLE(ios(2.0)) API_UNAVAILABLE(watchos) NS_SWIFT_UI_ACTOR
104 | @interface UIViewController : UIResponder <NSCoding, UIAppearanceContainer, UITraitEnvironment, UIContentContainer, UIFocusEnvironment>
    |            `- note: 'UIViewController' has been explicitly marked unavailable here
105 |
106 | /*
/Users/admin/builder/spi-builder-workspace/Source/Tests/TestsUIKit.swift:82:17: error: 'UIWindow' is unavailable in watchOS
 80 | class IntFactory: ViewControllerBuilder {
 81 |
 82 |     let window: UIWindow
    |                 `- error: 'UIWindow' is unavailable in watchOS
 83 |
 84 |     init(window: UIWindow) {
/Applications/Xcode-27.0.0-Release.Candidate.app/Contents/Developer/Platforms/WatchOS.platform/Developer/SDKs/WatchOS27.0.sdk/System/Library/Frameworks/UIKit.framework/Headers/UIWindow.h:22:12: note: 'UIWindow' has been explicitly marked unavailable here
 20 |
 21 | UIKIT_EXTERN API_AVAILABLE(ios(2.0)) API_UNAVAILABLE(watchos) NS_SWIFT_UI_ACTOR
 22 | @interface UIWindow : UIView
    |            `- note: 'UIWindow' has been explicitly marked unavailable here
 23 |
 24 | // instantiate a UIWindow already associated with a given UIWindowScene instance, with matching frame & interface orientations.
/Users/admin/builder/spi-builder-workspace/Source/Tests/TestsUIKit.swift:84:18: error: 'UIWindow' is unavailable in watchOS
 82 |     let window: UIWindow
 83 |
 84 |     init(window: UIWindow) {
    |                  `- error: 'UIWindow' is unavailable in watchOS
 85 |         self.window = window
 86 |     }
/Applications/Xcode-27.0.0-Release.Candidate.app/Contents/Developer/Platforms/WatchOS.platform/Developer/SDKs/WatchOS27.0.sdk/System/Library/Frameworks/UIKit.framework/Headers/UIWindow.h:22:12: note: 'UIWindow' has been explicitly marked unavailable here
 20 |
 21 | UIKIT_EXTERN API_AVAILABLE(ios(2.0)) API_UNAVAILABLE(watchos) NS_SWIFT_UI_ACTOR
 22 | @interface UIWindow : UIView
    |            `- note: 'UIWindow' has been explicitly marked unavailable here
 23 |
 24 | // instantiate a UIWindow already associated with a given UIWindowScene instance, with matching frame & interface orientations.
/Users/admin/builder/spi-builder-workspace/Source/Tests/TestsUIKit.swift:80:7: error: type 'IntFactory' does not conform to protocol 'ViewControllerBuilder'
 78 | }
 79 |
 80 | class IntFactory: ViewControllerBuilder {
    |       `- error: type 'IntFactory' does not conform to protocol 'ViewControllerBuilder'
 81 |
 82 |     let window: UIWindow
    :
 86 |     }
 87 |
 88 |     func build(with context: Int) throws -> IntViewController {
    |          `- note: candidate would match and infer 'ViewType' = 'IntViewController' if 'IntViewController' inherited from 'WKInterfaceController'
 89 |         return IntViewController(value: context)
 90 |     }
Ariadne.ViewControllerBuilder.ViewType:2:16: note: unable to infer associated type 'ViewType' for protocol 'ViewControllerBuilder'
1 | protocol ViewControllerBuilder {
2 | associatedtype ViewType : WKInterfaceController}
  |                `- note: unable to infer associated type 'ViewType' for protocol 'ViewControllerBuilder'
3 |
/Users/admin/builder/spi-builder-workspace/Source/Tests/TestsUIKit.swift:105:67: error: missing argument for parameter 'viewFinder' in call
103 |     // swiftlint:disable:next implicitly_unwrapped_optional
104 |     var testableWindow: UIWindow!
105 |     lazy var router = Router(rootViewProvider: self.testableWindow)
    |                                                                   `- error: missing argument for parameter 'viewFinder' in call
106 |
107 |     override func setUp() {
Ariadne.Router.init:2:8: note: 'init(rootViewProvider:viewFinder:)' declared here
1 | class Router {
2 | public init(rootViewProvider: any Ariadne.RootViewProvider, viewFinder: any Ariadne.ViewFinder)}
  |        `- note: 'init(rootViewProvider:viewFinder:)' declared here
3 |
/Users/admin/builder/spi-builder-workspace/Source/Tests/TestsUIKit.swift:105:53: error: argument type 'UIWindow?' does not conform to expected type 'RootViewProvider'
103 |     // swiftlint:disable:next implicitly_unwrapped_optional
104 |     var testableWindow: UIWindow!
105 |     lazy var router = Router(rootViewProvider: self.testableWindow)
    |                                                     `- error: argument type 'UIWindow?' does not conform to expected type 'RootViewProvider'
106 |
107 |     override func setUp() {
/Users/admin/builder/spi-builder-workspace/Source/Tests/TestsUIKit.swift:99:25: error: 'UINavigationController' is unavailable in watchOS
 97 |     }
 98 |
 99 |     var rootNavigation: UINavigationController? {
    |                         `- error: 'UINavigationController' is unavailable in watchOS
100 |         return testableWindow.rootViewController as? UINavigationController
101 |     }
/Applications/Xcode-27.0.0-Release.Candidate.app/Contents/Developer/Platforms/WatchOS.platform/Developer/SDKs/WatchOS27.0.sdk/System/Library/Frameworks/UIKit.framework/Headers/UINavigationController.h:46:12: note: 'UINavigationController' has been explicitly marked unavailable here
 44 |
 45 | UIKIT_EXTERN API_AVAILABLE(ios(2.0)) API_UNAVAILABLE(watchos) NS_SWIFT_UI_ACTOR
 46 | @interface UINavigationController : UIViewController
    |            `- note: 'UINavigationController' has been explicitly marked unavailable here
 47 |
 48 |
/Users/admin/builder/spi-builder-workspace/Source/Tests/TestsUIKit.swift:104:25: error: 'UIWindow' is unavailable in watchOS
102 |
103 |     // swiftlint:disable:next implicitly_unwrapped_optional
104 |     var testableWindow: UIWindow!
    |                         `- error: 'UIWindow' is unavailable in watchOS
105 |     lazy var router = Router(rootViewProvider: self.testableWindow)
106 |
/Applications/Xcode-27.0.0-Release.Candidate.app/Contents/Developer/Platforms/WatchOS.platform/Developer/SDKs/WatchOS27.0.sdk/System/Library/Frameworks/UIKit.framework/Headers/UIWindow.h:22:12: note: 'UIWindow' has been explicitly marked unavailable here
 20 |
 21 | UIKIT_EXTERN API_AVAILABLE(ios(2.0)) API_UNAVAILABLE(watchos) NS_SWIFT_UI_ACTOR
 22 | @interface UIWindow : UIView
    |            `- note: 'UIWindow' has been explicitly marked unavailable here
 23 |
 24 | // instantiate a UIWindow already associated with a given UIWindowScene instance, with matching frame & interface orientations.
Failed frontend command:
SwiftCompile normal arm64_32 (in target 'Tests-product' from project 'Ariadne')
    cd /Users/admin/builder/spi-builder-workspace/.swiftpm/xcode

/Applications/Xcode-27.0.0-Release.Candidate.app/Contents/Developer/Toolchains/XcodeDefault.xctoolchain/usr/bin/swift-frontend -frontend -emit-module -experimental-skip-non-inlinable-function-bodies-without-types /Users/admin/builder/spi-builder-workspace/Source/Tests/TestsAppKit.swift /Users/admin/builder/spi-builder-workspace/Source/Tests/TestsUIKit.swift -target arm64_32-apple-watchos10.0 -module-can-import-version UIKit 9127.0.84.1 9127.0.84 -disable-cross-import-overlay-search -load-resolved-plugin /Applications/Xcode-27.0.0-Release.Candidate.app/Contents/Developer/Platforms/WatchOS.platform/Developer/usr/lib/swift/host/plugins/libFoundationMacros.dylib\#/Applications/Xcode-27.0.0-Release.Candidate.app/Contents/Developer/Platforms/WatchOS.platform/Developer/usr/bin/swift-plugin-server\#FoundationMacros -load-resolved-plugin /Applications/Xcode-27.0.0-Release.Candidate.app/Contents/Developer/Platforms/WatchOS.platform/Developer/usr/lib/swift/host/plugins/libObservationMacros.dylib\#/Applications/Xcode-27.0.0-Release.Candidate.app/Contents/Developer/Platforms/WatchOS.platform/Developer/usr/bin/swift-plugin-server\#ObservationMacros -load-resolved-plugin /Applications/Xcode-27.0.0-Release.Candidate.app/Contents/Developer/Platforms/WatchOS.platform/Developer/usr/lib/swift/host/plugins/libSwiftMacros.dylib\#/Applications/Xcode-27.0.0-Release.Candidate.app/Contents/Developer/Platforms/WatchOS.platform/Developer/usr/bin/swift-plugin-server\#SwiftMacros -load-resolved-plugin /Applications/Xcode-27.0.0-Release.Candidate.app/Contents/Developer/Platforms/WatchOS.platform/Developer/usr/lib/swift/host/plugins/libSwiftUIMacros.dylib\#/Applications/Xcode-27.0.0-Release.Candidate.app/Contents/Developer/Platforms/WatchOS.platform/Developer/usr/bin/swift-plugin-server\#SwiftUIMacros -disable-implicit-swift-modules -Xcc -fno-implicit-modules -Xcc -fno-implicit-module-maps -explicit-swift-module-map-file /Users/admin/builder/spi-builder-workspace/.derivedData/Build/Intermediates.noindex/Ariadne.build/Debug-watchos/Tests-p.build/Objects-normal/arm64_32/Tests-dependencies-1.json -enable-objc-interop -sdk /Applications/Xcode-27.0.0-Release.Candidate.app/Contents/Developer/Platforms/WatchOS.platform/Developer/SDKs/WatchOS27.0.sdk -I /Users/admin/builder/spi-builder-workspace/.derivedData/Build/Products/Debug-watchos -Isystem /Applications/Xcode-27.0.0-Release.Candidate.app/Contents/Developer/Platforms/WatchOS.platform/Developer/usr/lib -F /Users/admin/builder/spi-builder-workspace/.derivedData/Build/Products/Debug-watchos/PackageFrameworks -F /Users/admin/builder/spi-builder-workspace/.derivedData/Build/Products/Debug-watchos -F /Applications/Xcode-27.0.0-Release.Candidate.app/Contents/Developer/Platforms/WatchOS.platform/Developer/Library/Frameworks -F /Applications/Xcode-27.0.0-Release.Candidate.app/Contents/Developer/Platforms/WatchOS.platform/Developer/SDKs/WatchOS27.0.sdk/Developer/Library/Frameworks -module-cache-path /Users/admin/builder/spi-builder-workspace/.derivedData/Build/Intermediates.noindex/SwiftExplicitPrecompiledModules -no-color-diagnostics -Xcc -fno-color-diagnostics -enable-testing -g -debug-info-format\=dwarf -dwarf-version\=4 -swift-version 5 -Onone -D SWIFT_PACKAGE -D DEBUG -D Xcode -serialize-debugging-options -enable-experimental-feature DebugDescriptionMacro -empty-abi-descriptor -validate-clang-modules-once -clang-build-session-file /Users/admin/builder/spi-builder-workspace/.derivedData/ModuleCache.noindex/Session.modulevalidation -Xcc -working-directory -Xcc /Users/admin/builder/spi-builder-workspace/.swiftpm/xcode -enable-anonymous-context-mangled-names -file-compilation-dir /Users/admin/builder/spi-builder-workspace/.swiftpm/xcode -Xcc -D_LIBCPP_HARDENING_MODE\=_LIBCPP_HARDENING_MODE_DEBUG -Xcc -ivfsstatcache -Xcc /Users/admin/builder/spi-builder-workspace/.derivedData/SDKStatCaches.noindex/watchos27.0-24R360-e829b21a6f8c9b70876ba0858053c04477534ef55a1706bf4c1112bbb242f0a2.sdkstatcache -Xcc -fmodules-prune-interval\=86400 -Xcc -fmodules-prune-after\=345600 -Xcc -I/Users/admin/builder/spi-builder-workspace/.derivedData/Build/Products/Debug-watchos/include -Xcc -I/Users/admin/builder/spi-builder-workspace/.derivedData/Build/Intermediates.noindex/Ariadne.build/Debug-watchos/Tests-p.build/DerivedSources-normal/arm64_32 -Xcc -I/Users/admin/builder/spi-builder-workspace/.derivedData/Build/Intermediates.noindex/Ariadne.build/Debug-watchos/Tests-p.build/DerivedSources/arm64_32 -Xcc -I/Users/admin/builder/spi-builder-workspace/.derivedData/Build/Intermediates.noindex/Ariadne.build/Debug-watchos/Tests-p.build/DerivedSources -Xcc -DSWIFT_PACKAGE -Xcc -DDEBUG\=1 -no-auto-bridging-header-chaining -module-name Tests -const-gather-protocols-file /Users/admin/builder/spi-builder-workspace/.derivedData/Build/Intermediates.noindex/Ariadne.build/Debug-watchos/Tests-p.build/Objects-normal/arm64_32/Tests_const_extract_protocols.json -disable-clang-spi -clang-target arm64_32-apple-watchos27.0 -target-sdk-version 27.0 -target-sdk-name watchos27.0 -in-process-plugin-server-path /Applications/Xcode-27.0.0-Release.Candidate.app/Contents/Developer/Toolchains/XcodeDefault.xctoolchain/usr/lib/swift/host/libSwiftInProcPluginServer.dylib -emit-module-doc-path /Users/admin/builder/spi-builder-workspace/.derivedData/Build/Intermediates.noindex/Ariadne.build/Debug-watchos/Tests-p.build/Objects-normal/arm64_32/Tests.swiftdoc -emit-module-source-info-path /Users/admin/builder/spi-builder-workspace/.derivedData/Build/Intermediates.noindex/Ariadne.build/Debug-watchos/Tests-p.build/Objects-normal/arm64_32/Tests.swiftsourceinfo -serialize-diagnostics-path /Users/admin/builder/spi-builder-workspace/.derivedData/Build/Intermediates.noindex/Ariadne.build/Debug-watchos/Tests-p.build/Objects-normal/arm64_32/Tests-primary-emit-module.dia -emit-dependencies-path /Users/admin/builder/spi-builder-workspace/.derivedData/Build/Intermediates.noindex/Ariadne.build/Debug-watchos/Tests-p.build/Objects-normal/arm64_32/Tests-primary-emit-module.d -parse-as-library -o /Users/admin/builder/spi-builder-workspace/.derivedData/Build/Intermediates.noindex/Ariadne.build/Debug-watchos/Tests-p.build/Objects-normal/arm64_32/Tests.swiftmodule -emit-abi-descriptor-path /Users/admin/builder/spi-builder-workspace/.derivedData/Build/Intermediates.noindex/Ariadne.build/Debug-watchos/Tests-p.build/Objects-normal/arm64_32/Tests.abi.json
SwiftCompile normal arm64 Compiling\ TestsUIKit.swift /Users/admin/builder/spi-builder-workspace/Source/Tests/TestsUIKit.swift (in target 'Tests-product' from project 'Ariadne')
/Users/admin/builder/spi-builder-workspace/Source/Tests/TestsUIKit.swift:40:26: error: 'UIViewController' is unavailable in watchOS
 38 | }
 39 |
 40 | class FooViewController: UIViewController {
    |                          `- error: 'UIViewController' is unavailable in watchOS
 41 |     var dismissCalled = false
 42 |
/Applications/Xcode-27.0.0-Release.Candidate.app/Contents/Developer/Platforms/WatchOS.platform/Developer/SDKs/WatchOS27.0.sdk/System/Library/Frameworks/UIKit.framework/Headers/UIViewController.h:104:12: note: 'UIViewController' has been explicitly marked unavailable here
102 |
103 | UIKIT_EXTERN API_AVAILABLE(ios(2.0)) API_UNAVAILABLE(watchos) NS_SWIFT_UI_ACTOR
104 | @interface UIViewController : UIResponder <NSCoding, UIAppearanceContainer, UITraitEnvironment, UIContentContainer, UIFocusEnvironment>
    |            `- note: 'UIViewController' has been explicitly marked unavailable here
105 |
106 | /*
/Users/admin/builder/spi-builder-workspace/Source/Tests/TestsUIKit.swift:48:26: error: 'UIViewController' is unavailable in watchOS
 46 |     }
 47 | }
 48 | class BarViewController: UIViewController {
    |                          `- error: 'UIViewController' is unavailable in watchOS
 49 |
 50 |     var dismissCalled = false
/Applications/Xcode-27.0.0-Release.Candidate.app/Contents/Developer/Platforms/WatchOS.platform/Developer/SDKs/WatchOS27.0.sdk/System/Library/Frameworks/UIKit.framework/Headers/UIViewController.h:104:12: note: 'UIViewController' has been explicitly marked unavailable here
102 |
103 | UIKIT_EXTERN API_AVAILABLE(ios(2.0)) API_UNAVAILABLE(watchos) NS_SWIFT_UI_ACTOR
104 | @interface UIViewController : UIResponder <NSCoding, UIAppearanceContainer, UITraitEnvironment, UIContentContainer, UIFocusEnvironment>
    |            `- note: 'UIViewController' has been explicitly marked unavailable here
105 |
106 | /*
/Users/admin/builder/spi-builder-workspace/Source/Tests/TestsUIKit.swift:58:26: error: 'UIViewController' is unavailable in watchOS
 56 | }
 57 |
 58 | class IntViewController: UIViewController, ContextUpdatable {
    |                          `- error: 'UIViewController' is unavailable in watchOS
 59 |
 60 |     var value: Int = 0
/Applications/Xcode-27.0.0-Release.Candidate.app/Contents/Developer/Platforms/WatchOS.platform/Developer/SDKs/WatchOS27.0.sdk/System/Library/Frameworks/UIKit.framework/Headers/UIViewController.h:104:12: note: 'UIViewController' has been explicitly marked unavailable here
102 |
103 | UIKIT_EXTERN API_AVAILABLE(ios(2.0)) API_UNAVAILABLE(watchos) NS_SWIFT_UI_ACTOR
104 | @interface UIViewController : UIResponder <NSCoding, UIAppearanceContainer, UITraitEnvironment, UIContentContainer, UIFocusEnvironment>
    |            `- note: 'UIViewController' has been explicitly marked unavailable here
105 |
106 | /*
/Users/admin/builder/spi-builder-workspace/Source/Tests/TestsUIKit.swift:82:17: error: 'UIWindow' is unavailable in watchOS
 80 | class IntFactory: ViewControllerBuilder {
 81 |
 82 |     let window: UIWindow
    |                 `- error: 'UIWindow' is unavailable in watchOS
 83 |
 84 |     init(window: UIWindow) {
/Applications/Xcode-27.0.0-Release.Candidate.app/Contents/Developer/Platforms/WatchOS.platform/Developer/SDKs/WatchOS27.0.sdk/System/Library/Frameworks/UIKit.framework/Headers/UIWindow.h:22:12: note: 'UIWindow' has been explicitly marked unavailable here
 20 |
 21 | UIKIT_EXTERN API_AVAILABLE(ios(2.0)) API_UNAVAILABLE(watchos) NS_SWIFT_UI_ACTOR
 22 | @interface UIWindow : UIView
    |            `- note: 'UIWindow' has been explicitly marked unavailable here
 23 |
 24 | // instantiate a UIWindow already associated with a given UIWindowScene instance, with matching frame & interface orientations.
/Users/admin/builder/spi-builder-workspace/Source/Tests/TestsUIKit.swift:84:18: error: 'UIWindow' is unavailable in watchOS
 82 |     let window: UIWindow
 83 |
 84 |     init(window: UIWindow) {
    |                  `- error: 'UIWindow' is unavailable in watchOS
 85 |         self.window = window
 86 |     }
/Applications/Xcode-27.0.0-Release.Candidate.app/Contents/Developer/Platforms/WatchOS.platform/Developer/SDKs/WatchOS27.0.sdk/System/Library/Frameworks/UIKit.framework/Headers/UIWindow.h:22:12: note: 'UIWindow' has been explicitly marked unavailable here
 20 |
 21 | UIKIT_EXTERN API_AVAILABLE(ios(2.0)) API_UNAVAILABLE(watchos) NS_SWIFT_UI_ACTOR
 22 | @interface UIWindow : UIView
    |            `- note: 'UIWindow' has been explicitly marked unavailable here
 23 |
 24 | // instantiate a UIWindow already associated with a given UIWindowScene instance, with matching frame & interface orientations.
/Users/admin/builder/spi-builder-workspace/Source/Tests/TestsUIKit.swift:80:7: error: type 'IntFactory' does not conform to protocol 'ViewControllerBuilder'
 78 | }
 79 |
 80 | class IntFactory: ViewControllerBuilder {
    |       `- error: type 'IntFactory' does not conform to protocol 'ViewControllerBuilder'
 81 |
 82 |     let window: UIWindow
    :
 86 |     }
 87 |
 88 |     func build(with context: Int) throws -> IntViewController {
    |          `- note: candidate would match and infer 'ViewType' = 'IntViewController' if 'IntViewController' inherited from 'WKInterfaceController'
 89 |         return IntViewController(value: context)
 90 |     }
Ariadne.ViewControllerBuilder.ViewType:2:16: note: unable to infer associated type 'ViewType' for protocol 'ViewControllerBuilder'
1 | protocol ViewControllerBuilder {
2 | associatedtype ViewType : WKInterfaceController}
  |                `- note: unable to infer associated type 'ViewType' for protocol 'ViewControllerBuilder'
3 |
/Users/admin/builder/spi-builder-workspace/Source/Tests/TestsUIKit.swift:105:67: error: missing argument for parameter 'viewFinder' in call
103 |     // swiftlint:disable:next implicitly_unwrapped_optional
104 |     var testableWindow: UIWindow!
105 |     lazy var router = Router(rootViewProvider: self.testableWindow)
    |                                                                   `- error: missing argument for parameter 'viewFinder' in call
106 |
107 |     override func setUp() {
Ariadne.Router.init:2:8: note: 'init(rootViewProvider:viewFinder:)' declared here
1 | class Router {
2 | public init(rootViewProvider: any Ariadne.RootViewProvider, viewFinder: any Ariadne.ViewFinder)}
  |        `- note: 'init(rootViewProvider:viewFinder:)' declared here
3 |
/Users/admin/builder/spi-builder-workspace/Source/Tests/TestsUIKit.swift:105:53: error: argument type 'UIWindow?' does not conform to expected type 'RootViewProvider'
103 |     // swiftlint:disable:next implicitly_unwrapped_optional
104 |     var testableWindow: UIWindow!
105 |     lazy var router = Router(rootViewProvider: self.testableWindow)
    |                                                     `- error: argument type 'UIWindow?' does not conform to expected type 'RootViewProvider'
106 |
107 |     override func setUp() {
/Users/admin/builder/spi-builder-workspace/Source/Tests/TestsUIKit.swift:99:25: error: 'UINavigationController' is unavailable in watchOS
 97 |     }
 98 |
 99 |     var rootNavigation: UINavigationController? {
    |                         `- error: 'UINavigationController' is unavailable in watchOS
100 |         return testableWindow.rootViewController as? UINavigationController
101 |     }
/Applications/Xcode-27.0.0-Release.Candidate.app/Contents/Developer/Platforms/WatchOS.platform/Developer/SDKs/WatchOS27.0.sdk/System/Library/Frameworks/UIKit.framework/Headers/UINavigationController.h:46:12: note: 'UINavigationController' has been explicitly marked unavailable here
 44 |
 45 | UIKIT_EXTERN API_AVAILABLE(ios(2.0)) API_UNAVAILABLE(watchos) NS_SWIFT_UI_ACTOR
 46 | @interface UINavigationController : UIViewController
    |            `- note: 'UINavigationController' has been explicitly marked unavailable here
 47 |
 48 |
/Users/admin/builder/spi-builder-workspace/Source/Tests/TestsUIKit.swift:104:25: error: 'UIWindow' is unavailable in watchOS
102 |
103 |     // swiftlint:disable:next implicitly_unwrapped_optional
104 |     var testableWindow: UIWindow!
    |                         `- error: 'UIWindow' is unavailable in watchOS
105 |     lazy var router = Router(rootViewProvider: self.testableWindow)
106 |
/Applications/Xcode-27.0.0-Release.Candidate.app/Contents/Developer/Platforms/WatchOS.platform/Developer/SDKs/WatchOS27.0.sdk/System/Library/Frameworks/UIKit.framework/Headers/UIWindow.h:22:12: note: 'UIWindow' has been explicitly marked unavailable here
 20 |
 21 | UIKIT_EXTERN API_AVAILABLE(ios(2.0)) API_UNAVAILABLE(watchos) NS_SWIFT_UI_ACTOR
 22 | @interface UIWindow : UIView
    |            `- note: 'UIWindow' has been explicitly marked unavailable here
 23 |
 24 | // instantiate a UIWindow already associated with a given UIWindowScene instance, with matching frame & interface orientations.
/Users/admin/builder/spi-builder-workspace/Source/Tests/TestsUIKit.swift:36:17: error: argument passed to call that takes no arguments
 34 | class XibBuildingFactory<T: ViewController>: ViewControllerBuilder {
 35 |     func build(with context: ()) throws -> T {
 36 |         return T(nibName: nil, bundle: nil)
    |                 `- error: argument passed to call that takes no arguments
 37 |     }
 38 | }
/Users/admin/builder/spi-builder-workspace/Source/Tests/TestsUIKit.swift:36:27: error: 'nil' requires a contextual type
 34 | class XibBuildingFactory<T: ViewController>: ViewControllerBuilder {
 35 |     func build(with context: ()) throws -> T {
 36 |         return T(nibName: nil, bundle: nil)
    |                           `- error: 'nil' requires a contextual type
 37 |     }
 38 | }
/Users/admin/builder/spi-builder-workspace/Source/Tests/TestsUIKit.swift:36:40: error: 'nil' requires a contextual type
 34 | class XibBuildingFactory<T: ViewController>: ViewControllerBuilder {
 35 |     func build(with context: ()) throws -> T {
 36 |         return T(nibName: nil, bundle: nil)
    |                                        `- error: 'nil' requires a contextual type
 37 |     }
 38 | }
SwiftCompile normal arm64 /Users/admin/builder/spi-builder-workspace/Source/Tests/TestsUIKit.swift (in target 'Tests-product' from project 'Ariadne')
    cd /Users/admin/builder/spi-builder-workspace/.swiftpm/xcode
    builtin-SwiftPerFileCompile TestsUIKit.swift
/Users/admin/builder/spi-builder-workspace/Source/Tests/TestsUIKit.swift:96:32: error: failed to produce diagnostic for expression; please submit a bug report (https://swift.org/contributing/#reporting-bugs)
 94 |
 95 |     var root: ViewController? {
 96 |         return testableWindow?.rootViewController
    |                                `- error: failed to produce diagnostic for expression; please submit a bug report (https://swift.org/contributing/#reporting-bugs)
 97 |     }
 98 |
SwiftEmitModule normal arm64 Emitting\ module\ for\ Tests (in target 'Tests-product' from project 'Ariadne')
/Users/admin/builder/spi-builder-workspace/Source/Tests/TestsUIKit.swift:40:26: error: 'UIViewController' is unavailable in watchOS
 38 | }
 39 |
 40 | class FooViewController: UIViewController {
    |                          `- error: 'UIViewController' is unavailable in watchOS
 41 |     var dismissCalled = false
 42 |
/Applications/Xcode-27.0.0-Release.Candidate.app/Contents/Developer/Platforms/WatchOS.platform/Developer/SDKs/WatchOS27.0.sdk/System/Library/Frameworks/UIKit.framework/Headers/UIViewController.h:104:12: note: 'UIViewController' has been explicitly marked unavailable here
102 |
103 | UIKIT_EXTERN API_AVAILABLE(ios(2.0)) API_UNAVAILABLE(watchos) NS_SWIFT_UI_ACTOR
104 | @interface UIViewController : UIResponder <NSCoding, UIAppearanceContainer, UITraitEnvironment, UIContentContainer, UIFocusEnvironment>
    |            `- note: 'UIViewController' has been explicitly marked unavailable here
105 |
106 | /*
/Users/admin/builder/spi-builder-workspace/Source/Tests/TestsUIKit.swift:48:26: error: 'UIViewController' is unavailable in watchOS
 46 |     }
 47 | }
 48 | class BarViewController: UIViewController {
    |                          `- error: 'UIViewController' is unavailable in watchOS
 49 |
 50 |     var dismissCalled = false
/Applications/Xcode-27.0.0-Release.Candidate.app/Contents/Developer/Platforms/WatchOS.platform/Developer/SDKs/WatchOS27.0.sdk/System/Library/Frameworks/UIKit.framework/Headers/UIViewController.h:104:12: note: 'UIViewController' has been explicitly marked unavailable here
102 |
103 | UIKIT_EXTERN API_AVAILABLE(ios(2.0)) API_UNAVAILABLE(watchos) NS_SWIFT_UI_ACTOR
104 | @interface UIViewController : UIResponder <NSCoding, UIAppearanceContainer, UITraitEnvironment, UIContentContainer, UIFocusEnvironment>
    |            `- note: 'UIViewController' has been explicitly marked unavailable here
105 |
106 | /*
/Users/admin/builder/spi-builder-workspace/Source/Tests/TestsUIKit.swift:58:26: error: 'UIViewController' is unavailable in watchOS
 56 | }
 57 |
 58 | class IntViewController: UIViewController, ContextUpdatable {
    |                          `- error: 'UIViewController' is unavailable in watchOS
 59 |
 60 |     var value: Int = 0
/Applications/Xcode-27.0.0-Release.Candidate.app/Contents/Developer/Platforms/WatchOS.platform/Developer/SDKs/WatchOS27.0.sdk/System/Library/Frameworks/UIKit.framework/Headers/UIViewController.h:104:12: note: 'UIViewController' has been explicitly marked unavailable here
102 |
103 | UIKIT_EXTERN API_AVAILABLE(ios(2.0)) API_UNAVAILABLE(watchos) NS_SWIFT_UI_ACTOR
104 | @interface UIViewController : UIResponder <NSCoding, UIAppearanceContainer, UITraitEnvironment, UIContentContainer, UIFocusEnvironment>
    |            `- note: 'UIViewController' has been explicitly marked unavailable here
105 |
106 | /*
/Users/admin/builder/spi-builder-workspace/Source/Tests/TestsUIKit.swift:82:17: error: 'UIWindow' is unavailable in watchOS
 80 | class IntFactory: ViewControllerBuilder {
 81 |
 82 |     let window: UIWindow
    |                 `- error: 'UIWindow' is unavailable in watchOS
 83 |
 84 |     init(window: UIWindow) {
/Applications/Xcode-27.0.0-Release.Candidate.app/Contents/Developer/Platforms/WatchOS.platform/Developer/SDKs/WatchOS27.0.sdk/System/Library/Frameworks/UIKit.framework/Headers/UIWindow.h:22:12: note: 'UIWindow' has been explicitly marked unavailable here
 20 |
 21 | UIKIT_EXTERN API_AVAILABLE(ios(2.0)) API_UNAVAILABLE(watchos) NS_SWIFT_UI_ACTOR
 22 | @interface UIWindow : UIView
    |            `- note: 'UIWindow' has been explicitly marked unavailable here
 23 |
 24 | // instantiate a UIWindow already associated with a given UIWindowScene instance, with matching frame & interface orientations.
/Users/admin/builder/spi-builder-workspace/Source/Tests/TestsUIKit.swift:84:18: error: 'UIWindow' is unavailable in watchOS
 82 |     let window: UIWindow
 83 |
 84 |     init(window: UIWindow) {
    |                  `- error: 'UIWindow' is unavailable in watchOS
 85 |         self.window = window
 86 |     }
/Applications/Xcode-27.0.0-Release.Candidate.app/Contents/Developer/Platforms/WatchOS.platform/Developer/SDKs/WatchOS27.0.sdk/System/Library/Frameworks/UIKit.framework/Headers/UIWindow.h:22:12: note: 'UIWindow' has been explicitly marked unavailable here
 20 |
 21 | UIKIT_EXTERN API_AVAILABLE(ios(2.0)) API_UNAVAILABLE(watchos) NS_SWIFT_UI_ACTOR
 22 | @interface UIWindow : UIView
    |            `- note: 'UIWindow' has been explicitly marked unavailable here
 23 |
 24 | // instantiate a UIWindow already associated with a given UIWindowScene instance, with matching frame & interface orientations.
/Users/admin/builder/spi-builder-workspace/Source/Tests/TestsUIKit.swift:80:7: error: type 'IntFactory' does not conform to protocol 'ViewControllerBuilder'
 78 | }
 79 |
 80 | class IntFactory: ViewControllerBuilder {
    |       `- error: type 'IntFactory' does not conform to protocol 'ViewControllerBuilder'
 81 |
 82 |     let window: UIWindow
    :
 86 |     }
 87 |
 88 |     func build(with context: Int) throws -> IntViewController {
    |          `- note: candidate would match and infer 'ViewType' = 'IntViewController' if 'IntViewController' inherited from 'WKInterfaceController'
 89 |         return IntViewController(value: context)
 90 |     }
Ariadne.ViewControllerBuilder.ViewType:2:16: note: unable to infer associated type 'ViewType' for protocol 'ViewControllerBuilder'
1 | protocol ViewControllerBuilder {
2 | associatedtype ViewType : WKInterfaceController}
  |                `- note: unable to infer associated type 'ViewType' for protocol 'ViewControllerBuilder'
3 |
/Users/admin/builder/spi-builder-workspace/Source/Tests/TestsUIKit.swift:105:67: error: missing argument for parameter 'viewFinder' in call
103 |     // swiftlint:disable:next implicitly_unwrapped_optional
104 |     var testableWindow: UIWindow!
105 |     lazy var router = Router(rootViewProvider: self.testableWindow)
    |                                                                   `- error: missing argument for parameter 'viewFinder' in call
106 |
107 |     override func setUp() {
Ariadne.Router.init:2:8: note: 'init(rootViewProvider:viewFinder:)' declared here
1 | class Router {
2 | public init(rootViewProvider: any Ariadne.RootViewProvider, viewFinder: any Ariadne.ViewFinder)}
  |        `- note: 'init(rootViewProvider:viewFinder:)' declared here
3 |
/Users/admin/builder/spi-builder-workspace/Source/Tests/TestsUIKit.swift:105:53: error: argument type 'UIWindow?' does not conform to expected type 'RootViewProvider'
103 |     // swiftlint:disable:next implicitly_unwrapped_optional
104 |     var testableWindow: UIWindow!
105 |     lazy var router = Router(rootViewProvider: self.testableWindow)
    |                                                     `- error: argument type 'UIWindow?' does not conform to expected type 'RootViewProvider'
106 |
107 |     override func setUp() {
/Users/admin/builder/spi-builder-workspace/Source/Tests/TestsUIKit.swift:99:25: error: 'UINavigationController' is unavailable in watchOS
 97 |     }
 98 |
 99 |     var rootNavigation: UINavigationController? {
    |                         `- error: 'UINavigationController' is unavailable in watchOS
100 |         return testableWindow.rootViewController as? UINavigationController
101 |     }
/Applications/Xcode-27.0.0-Release.Candidate.app/Contents/Developer/Platforms/WatchOS.platform/Developer/SDKs/WatchOS27.0.sdk/System/Library/Frameworks/UIKit.framework/Headers/UINavigationController.h:46:12: note: 'UINavigationController' has been explicitly marked unavailable here
 44 |
 45 | UIKIT_EXTERN API_AVAILABLE(ios(2.0)) API_UNAVAILABLE(watchos) NS_SWIFT_UI_ACTOR
 46 | @interface UINavigationController : UIViewController
    |            `- note: 'UINavigationController' has been explicitly marked unavailable here
 47 |
 48 |
/Users/admin/builder/spi-builder-workspace/Source/Tests/TestsUIKit.swift:104:25: error: 'UIWindow' is unavailable in watchOS
102 |
103 |     // swiftlint:disable:next implicitly_unwrapped_optional
104 |     var testableWindow: UIWindow!
    |                         `- error: 'UIWindow' is unavailable in watchOS
105 |     lazy var router = Router(rootViewProvider: self.testableWindow)
106 |
/Applications/Xcode-27.0.0-Release.Candidate.app/Contents/Developer/Platforms/WatchOS.platform/Developer/SDKs/WatchOS27.0.sdk/System/Library/Frameworks/UIKit.framework/Headers/UIWindow.h:22:12: note: 'UIWindow' has been explicitly marked unavailable here
 20 |
 21 | UIKIT_EXTERN API_AVAILABLE(ios(2.0)) API_UNAVAILABLE(watchos) NS_SWIFT_UI_ACTOR
 22 | @interface UIWindow : UIView
    |            `- note: 'UIWindow' has been explicitly marked unavailable here
 23 |
 24 | // instantiate a UIWindow already associated with a given UIWindowScene instance, with matching frame & interface orientations.
Failed frontend command:
/Applications/Xcode-27.0.0-Release.Candidate.app/Contents/Developer/Toolchains/XcodeDefault.xctoolchain/usr/bin/swift-frontend -frontend -emit-module -experimental-skip-non-inlinable-function-bodies-without-types /Users/admin/builder/spi-builder-workspace/Source/Tests/TestsAppKit.swift /Users/admin/builder/spi-builder-workspace/Source/Tests/TestsUIKit.swift -target arm64-apple-watchos10.0 -module-can-import-version UIKit 9127.0.84.1 9127.0.84 -disable-cross-import-overlay-search -load-resolved-plugin /Applications/Xcode-27.0.0-Release.Candidate.app/Contents/Developer/Platforms/WatchOS.platform/Developer/usr/lib/swift/host/plugins/libFoundationMacros.dylib\#/Applications/Xcode-27.0.0-Release.Candidate.app/Contents/Developer/Platforms/WatchOS.platform/Developer/usr/bin/swift-plugin-server\#FoundationMacros -load-resolved-plugin /Applications/Xcode-27.0.0-Release.Candidate.app/Contents/Developer/Platforms/WatchOS.platform/Developer/usr/lib/swift/host/plugins/libObservationMacros.dylib\#/Applications/Xcode-27.0.0-Release.Candidate.app/Contents/Developer/Platforms/WatchOS.platform/Developer/usr/bin/swift-plugin-server\#ObservationMacros -load-resolved-plugin /Applications/Xcode-27.0.0-Release.Candidate.app/Contents/Developer/Platforms/WatchOS.platform/Developer/usr/lib/swift/host/plugins/libSwiftMacros.dylib\#/Applications/Xcode-27.0.0-Release.Candidate.app/Contents/Developer/Platforms/WatchOS.platform/Developer/usr/bin/swift-plugin-server\#SwiftMacros -load-resolved-plugin /Applications/Xcode-27.0.0-Release.Candidate.app/Contents/Developer/Platforms/WatchOS.platform/Developer/usr/lib/swift/host/plugins/libSwiftUIMacros.dylib\#/Applications/Xcode-27.0.0-Release.Candidate.app/Contents/Developer/Platforms/WatchOS.platform/Developer/usr/bin/swift-plugin-server\#SwiftUIMacros -disable-implicit-swift-modules -Xcc -fno-implicit-modules -Xcc -fno-implicit-module-maps -explicit-swift-module-map-file /Users/admin/builder/spi-builder-workspace/.derivedData/Build/Intermediates.noindex/Ariadne.build/Debug-watchos/Tests-p.build/Objects-normal/arm64/Tests-dependencies-2.json -Xllvm -aarch64-use-tbi -enable-objc-interop -stack-check -sdk /Applications/Xcode-27.0.0-Release.Candidate.app/Contents/Developer/Platforms/WatchOS.platform/Developer/SDKs/WatchOS27.0.sdk -I /Users/admin/builder/spi-builder-workspace/.derivedData/Build/Products/Debug-watchos -Isystem /Applications/Xcode-27.0.0-Release.Candidate.app/Contents/Developer/Platforms/WatchOS.platform/Developer/usr/lib -F /Users/admin/builder/spi-builder-workspace/.derivedData/Build/Products/Debug-watchos/PackageFrameworks -F /Users/admin/builder/spi-builder-workspace/.derivedData/Build/Products/Debug-watchos -F /Applications/Xcode-27.0.0-Release.Candidate.app/Contents/Developer/Platforms/WatchOS.platform/Developer/Library/Frameworks -F /Applications/Xcode-27.0.0-Release.Candidate.app/Contents/Developer/Platforms/WatchOS.platform/Developer/SDKs/WatchOS27.0.sdk/Developer/Library/Frameworks -module-cache-path /Users/admin/builder/spi-builder-workspace/.derivedData/Build/Intermediates.noindex/SwiftExplicitPrecompiledModules -no-color-diagnostics -Xcc -fno-color-diagnostics -enable-testing -g -debug-info-format\=dwarf -dwarf-version\=4 -swift-version 5 -Onone -D SWIFT_PACKAGE -D DEBUG -D Xcode -serialize-debugging-options -enable-experimental-feature DebugDescriptionMacro -empty-abi-descriptor -validate-clang-modules-once -clang-build-session-file /Users/admin/builder/spi-builder-workspace/.derivedData/ModuleCache.noindex/Session.modulevalidation -Xcc -working-directory -Xcc /Users/admin/builder/spi-builder-workspace/.swiftpm/xcode -enable-anonymous-context-mangled-names -file-compilation-dir /Users/admin/builder/spi-builder-workspace/.swiftpm/xcode -Xcc -D_LIBCPP_HARDENING_MODE\=_LIBCPP_HARDENING_MODE_DEBUG -Xcc -ivfsstatcache -Xcc /Users/admin/builder/spi-builder-workspace/.derivedData/SDKStatCaches.noindex/watchos27.0-24R360-e829b21a6f8c9b70876ba0858053c04477534ef55a1706bf4c1112bbb242f0a2.sdkstatcache -Xcc -fmodules-prune-interval\=86400 -Xcc -fmodules-prune-after\=345600 -Xcc -I/Users/admin/builder/spi-builder-workspace/.derivedData/Build/Products/Debug-watchos/include -Xcc -I/Users/admin/builder/spi-builder-workspace/.derivedData/Build/Intermediates.noindex/Ariadne.build/Debug-watchos/Tests-p.build/DerivedSources-normal/arm64 -Xcc -I/Users/admin/builder/spi-builder-workspace/.derivedData/Build/Intermediates.noindex/Ariadne.build/Debug-watchos/Tests-p.build/DerivedSources/arm64 -Xcc -I/Users/admin/builder/spi-builder-workspace/.derivedData/Build/Intermediates.noindex/Ariadne.build/Debug-watchos/Tests-p.build/DerivedSources -Xcc -DSWIFT_PACKAGE -Xcc -DDEBUG\=1 -no-auto-bridging-header-chaining -module-name Tests -const-gather-protocols-file /Users/admin/builder/spi-builder-workspace/.derivedData/Build/Intermediates.noindex/Ariadne.build/Debug-watchos/Tests-p.build/Objects-normal/arm64/Tests_const_extract_protocols.json -disable-clang-spi -clang-target arm64-apple-watchos27.0 -target-sdk-version 27.0 -target-sdk-name watchos27.0 -in-process-plugin-server-path /Applications/Xcode-27.0.0-Release.Candidate.app/Contents/Developer/Toolchains/XcodeDefault.xctoolchain/usr/lib/swift/host/libSwiftInProcPluginServer.dylib -emit-module-doc-path /Users/admin/builder/spi-builder-workspace/.derivedData/Build/Intermediates.noindex/Ariadne.build/Debug-watchos/Tests-p.build/Objects-normal/arm64/Tests.swiftdoc -emit-module-source-info-path /Users/admin/builder/spi-builder-workspace/.derivedData/Build/Intermediates.noindex/Ariadne.build/Debug-watchos/Tests-p.build/Objects-normal/arm64/Tests.swiftsourceinfo -serialize-diagnostics-path /Users/admin/builder/spi-builder-workspace/.derivedData/Build/Intermediates.noindex/Ariadne.build/Debug-watchos/Tests-p.build/Objects-normal/arm64/Tests-primary-emit-module.dia -emit-dependencies-path /Users/admin/builder/spi-builder-workspace/.derivedData/Build/Intermediates.noindex/Ariadne.build/Debug-watchos/Tests-p.build/Objects-normal/arm64/Tests-primary-emit-module.d -parse-as-library -o /Users/admin/builder/spi-builder-workspace/.derivedData/Build/Intermediates.noindex/Ariadne.build/Debug-watchos/Tests-p.build/Objects-normal/arm64/Tests.swiftmodule -emit-abi-descriptor-path /Users/admin/builder/spi-builder-workspace/.derivedData/Build/Intermediates.noindex/Ariadne.build/Debug-watchos/Tests-p.build/Objects-normal/arm64/Tests.abi.json
SwiftCompile normal arm64 (in target 'Tests-product' from project 'Ariadne')
    cd /Users/admin/builder/spi-builder-workspace/.swiftpm/xcode

SwiftCompile normal arm64 Compiling\ TestsAppKit.swift /Users/admin/builder/spi-builder-workspace/Source/Tests/TestsAppKit.swift (in target 'Tests-product' from project 'Ariadne')
SwiftCompile normal arm64 /Users/admin/builder/spi-builder-workspace/Source/Tests/TestsAppKit.swift (in target 'Tests-product' from project 'Ariadne')
    cd /Users/admin/builder/spi-builder-workspace/.swiftpm/xcode
    builtin-SwiftPerFileCompile TestsAppKit.swift
SwiftCompile normal arm64_32 Compiling\ TestsUIKit.swift /Users/admin/builder/spi-builder-workspace/Source/Tests/TestsUIKit.swift (in target 'Tests-product' from project 'Ariadne')
SwiftCompile normal arm64_32 /Users/admin/builder/spi-builder-workspace/Source/Tests/TestsUIKit.swift (in target 'Tests-product' from project 'Ariadne')
    cd /Users/admin/builder/spi-builder-workspace/.swiftpm/xcode
    builtin-SwiftPerFileCompile TestsUIKit.swift
/Users/admin/builder/spi-builder-workspace/Source/Tests/TestsUIKit.swift:40:26: error: 'UIViewController' is unavailable in watchOS
 38 | }
 39 |
 40 | class FooViewController: UIViewController {
    |                          `- error: 'UIViewController' is unavailable in watchOS
 41 |     var dismissCalled = false
 42 |
/Applications/Xcode-27.0.0-Release.Candidate.app/Contents/Developer/Platforms/WatchOS.platform/Developer/SDKs/WatchOS27.0.sdk/System/Library/Frameworks/UIKit.framework/Headers/UIViewController.h:104:12: note: 'UIViewController' has been explicitly marked unavailable here
102 |
103 | UIKIT_EXTERN API_AVAILABLE(ios(2.0)) API_UNAVAILABLE(watchos) NS_SWIFT_UI_ACTOR
104 | @interface UIViewController : UIResponder <NSCoding, UIAppearanceContainer, UITraitEnvironment, UIContentContainer, UIFocusEnvironment>
    |            `- note: 'UIViewController' has been explicitly marked unavailable here
105 |
106 | /*
/Users/admin/builder/spi-builder-workspace/Source/Tests/TestsUIKit.swift:48:26: error: 'UIViewController' is unavailable in watchOS
 46 |     }
 47 | }
 48 | class BarViewController: UIViewController {
    |                          `- error: 'UIViewController' is unavailable in watchOS
 49 |
 50 |     var dismissCalled = false
/Applications/Xcode-27.0.0-Release.Candidate.app/Contents/Developer/Platforms/WatchOS.platform/Developer/SDKs/WatchOS27.0.sdk/System/Library/Frameworks/UIKit.framework/Headers/UIViewController.h:104:12: note: 'UIViewController' has been explicitly marked unavailable here
102 |
103 | UIKIT_EXTERN API_AVAILABLE(ios(2.0)) API_UNAVAILABLE(watchos) NS_SWIFT_UI_ACTOR
104 | @interface UIViewController : UIResponder <NSCoding, UIAppearanceContainer, UITraitEnvironment, UIContentContainer, UIFocusEnvironment>
    |            `- note: 'UIViewController' has been explicitly marked unavailable here
105 |
106 | /*
/Users/admin/builder/spi-builder-workspace/Source/Tests/TestsUIKit.swift:58:26: error: 'UIViewController' is unavailable in watchOS
 56 | }
 57 |
 58 | class IntViewController: UIViewController, ContextUpdatable {
    |                          `- error: 'UIViewController' is unavailable in watchOS
 59 |
 60 |     var value: Int = 0
/Applications/Xcode-27.0.0-Release.Candidate.app/Contents/Developer/Platforms/WatchOS.platform/Developer/SDKs/WatchOS27.0.sdk/System/Library/Frameworks/UIKit.framework/Headers/UIViewController.h:104:12: note: 'UIViewController' has been explicitly marked unavailable here
102 |
103 | UIKIT_EXTERN API_AVAILABLE(ios(2.0)) API_UNAVAILABLE(watchos) NS_SWIFT_UI_ACTOR
104 | @interface UIViewController : UIResponder <NSCoding, UIAppearanceContainer, UITraitEnvironment, UIContentContainer, UIFocusEnvironment>
    |            `- note: 'UIViewController' has been explicitly marked unavailable here
105 |
106 | /*
/Users/admin/builder/spi-builder-workspace/Source/Tests/TestsUIKit.swift:82:17: error: 'UIWindow' is unavailable in watchOS
 80 | class IntFactory: ViewControllerBuilder {
 81 |
 82 |     let window: UIWindow
    |                 `- error: 'UIWindow' is unavailable in watchOS
 83 |
 84 |     init(window: UIWindow) {
/Applications/Xcode-27.0.0-Release.Candidate.app/Contents/Developer/Platforms/WatchOS.platform/Developer/SDKs/WatchOS27.0.sdk/System/Library/Frameworks/UIKit.framework/Headers/UIWindow.h:22:12: note: 'UIWindow' has been explicitly marked unavailable here
 20 |
 21 | UIKIT_EXTERN API_AVAILABLE(ios(2.0)) API_UNAVAILABLE(watchos) NS_SWIFT_UI_ACTOR
 22 | @interface UIWindow : UIView
    |            `- note: 'UIWindow' has been explicitly marked unavailable here
 23 |
 24 | // instantiate a UIWindow already associated with a given UIWindowScene instance, with matching frame & interface orientations.
/Users/admin/builder/spi-builder-workspace/Source/Tests/TestsUIKit.swift:84:18: error: 'UIWindow' is unavailable in watchOS
 82 |     let window: UIWindow
 83 |
 84 |     init(window: UIWindow) {
    |                  `- error: 'UIWindow' is unavailable in watchOS
 85 |         self.window = window
 86 |     }
/Applications/Xcode-27.0.0-Release.Candidate.app/Contents/Developer/Platforms/WatchOS.platform/Developer/SDKs/WatchOS27.0.sdk/System/Library/Frameworks/UIKit.framework/Headers/UIWindow.h:22:12: note: 'UIWindow' has been explicitly marked unavailable here
 20 |
 21 | UIKIT_EXTERN API_AVAILABLE(ios(2.0)) API_UNAVAILABLE(watchos) NS_SWIFT_UI_ACTOR
 22 | @interface UIWindow : UIView
    |            `- note: 'UIWindow' has been explicitly marked unavailable here
 23 |
 24 | // instantiate a UIWindow already associated with a given UIWindowScene instance, with matching frame & interface orientations.
/Users/admin/builder/spi-builder-workspace/Source/Tests/TestsUIKit.swift:80:7: error: type 'IntFactory' does not conform to protocol 'ViewControllerBuilder'
 78 | }
 79 |
 80 | class IntFactory: ViewControllerBuilder {
    |       `- error: type 'IntFactory' does not conform to protocol 'ViewControllerBuilder'
 81 |
 82 |     let window: UIWindow
    :
 86 |     }
 87 |
 88 |     func build(with context: Int) throws -> IntViewController {
    |          `- note: candidate would match and infer 'ViewType' = 'IntViewController' if 'IntViewController' inherited from 'WKInterfaceController'
 89 |         return IntViewController(value: context)
 90 |     }
Ariadne.ViewControllerBuilder.ViewType:2:16: note: unable to infer associated type 'ViewType' for protocol 'ViewControllerBuilder'
1 | protocol ViewControllerBuilder {
2 | associatedtype ViewType : WKInterfaceController}
  |                `- note: unable to infer associated type 'ViewType' for protocol 'ViewControllerBuilder'
3 |
/Users/admin/builder/spi-builder-workspace/Source/Tests/TestsUIKit.swift:105:67: error: missing argument for parameter 'viewFinder' in call
103 |     // swiftlint:disable:next implicitly_unwrapped_optional
104 |     var testableWindow: UIWindow!
105 |     lazy var router = Router(rootViewProvider: self.testableWindow)
    |                                                                   `- error: missing argument for parameter 'viewFinder' in call
106 |
107 |     override func setUp() {
Ariadne.Router.init:2:8: note: 'init(rootViewProvider:viewFinder:)' declared here
1 | class Router {
2 | public init(rootViewProvider: any Ariadne.RootViewProvider, viewFinder: any Ariadne.ViewFinder)}
  |        `- note: 'init(rootViewProvider:viewFinder:)' declared here
3 |
/Users/admin/builder/spi-builder-workspace/Source/Tests/TestsUIKit.swift:105:53: error: argument type 'UIWindow?' does not conform to expected type 'RootViewProvider'
103 |     // swiftlint:disable:next implicitly_unwrapped_optional
104 |     var testableWindow: UIWindow!
105 |     lazy var router = Router(rootViewProvider: self.testableWindow)
    |                                                     `- error: argument type 'UIWindow?' does not conform to expected type 'RootViewProvider'
106 |
107 |     override func setUp() {
/Users/admin/builder/spi-builder-workspace/Source/Tests/TestsUIKit.swift:99:25: error: 'UINavigationController' is unavailable in watchOS
 97 |     }
 98 |
 99 |     var rootNavigation: UINavigationController? {
    |                         `- error: 'UINavigationController' is unavailable in watchOS
100 |         return testableWindow.rootViewController as? UINavigationController
101 |     }
/Applications/Xcode-27.0.0-Release.Candidate.app/Contents/Developer/Platforms/WatchOS.platform/Developer/SDKs/WatchOS27.0.sdk/System/Library/Frameworks/UIKit.framework/Headers/UINavigationController.h:46:12: note: 'UINavigationController' has been explicitly marked unavailable here
 44 |
 45 | UIKIT_EXTERN API_AVAILABLE(ios(2.0)) API_UNAVAILABLE(watchos) NS_SWIFT_UI_ACTOR
 46 | @interface UINavigationController : UIViewController
    |            `- note: 'UINavigationController' has been explicitly marked unavailable here
 47 |
 48 |
/Users/admin/builder/spi-builder-workspace/Source/Tests/TestsUIKit.swift:104:25: error: 'UIWindow' is unavailable in watchOS
102 |
103 |     // swiftlint:disable:next implicitly_unwrapped_optional
104 |     var testableWindow: UIWindow!
    |                         `- error: 'UIWindow' is unavailable in watchOS
105 |     lazy var router = Router(rootViewProvider: self.testableWindow)
106 |
/Applications/Xcode-27.0.0-Release.Candidate.app/Contents/Developer/Platforms/WatchOS.platform/Developer/SDKs/WatchOS27.0.sdk/System/Library/Frameworks/UIKit.framework/Headers/UIWindow.h:22:12: note: 'UIWindow' has been explicitly marked unavailable here
 20 |
 21 | UIKIT_EXTERN API_AVAILABLE(ios(2.0)) API_UNAVAILABLE(watchos) NS_SWIFT_UI_ACTOR
 22 | @interface UIWindow : UIView
    |            `- note: 'UIWindow' has been explicitly marked unavailable here
 23 |
 24 | // instantiate a UIWindow already associated with a given UIWindowScene instance, with matching frame & interface orientations.
/Users/admin/builder/spi-builder-workspace/Source/Tests/TestsUIKit.swift:36:17: error: argument passed to call that takes no arguments
 34 | class XibBuildingFactory<T: ViewController>: ViewControllerBuilder {
 35 |     func build(with context: ()) throws -> T {
 36 |         return T(nibName: nil, bundle: nil)
    |                 `- error: argument passed to call that takes no arguments
 37 |     }
 38 | }
/Users/admin/builder/spi-builder-workspace/Source/Tests/TestsUIKit.swift:36:27: error: 'nil' requires a contextual type
 34 | class XibBuildingFactory<T: ViewController>: ViewControllerBuilder {
 35 |     func build(with context: ()) throws -> T {
 36 |         return T(nibName: nil, bundle: nil)
    |                           `- error: 'nil' requires a contextual type
 37 |     }
 38 | }
/Users/admin/builder/spi-builder-workspace/Source/Tests/TestsUIKit.swift:36:40: error: 'nil' requires a contextual type
 34 | class XibBuildingFactory<T: ViewController>: ViewControllerBuilder {
 35 |     func build(with context: ()) throws -> T {
 36 |         return T(nibName: nil, bundle: nil)
    |                                        `- error: 'nil' requires a contextual type
 37 |     }
 38 | }
SwiftCompile normal arm64_32 Compiling\ TestsAppKit.swift /Users/admin/builder/spi-builder-workspace/Source/Tests/TestsAppKit.swift (in target 'Tests-product' from project 'Ariadne')
SwiftCompile normal arm64_32 /Users/admin/builder/spi-builder-workspace/Source/Tests/TestsAppKit.swift (in target 'Tests-product' from project 'Ariadne')
    cd /Users/admin/builder/spi-builder-workspace/.swiftpm/xcode
    builtin-SwiftPerFileCompile TestsAppKit.swift
PruneExplicitPrecompiledModules /Users/admin/builder/spi-builder-workspace/.derivedData/SDKExplicitPrecompiledModules
PruneExplicitPrecompiledModules /Users/admin/builder/spi-builder-workspace/.derivedData/Build/Intermediates.noindex/ExplicitPrecompiledModules
PruneExplicitPrecompiledModules /Users/admin/builder/spi-builder-workspace/.derivedData/Build/Intermediates.noindex/SwiftExplicitPrecompiledModules
2026-09-17 01:49:57.491 xcodebuild[872:5219] [MT] IDERunDestination: Supported platforms for the buildables in the current scheme is empty.
2026-09-17 01:49:57.595 xcodebuild[872:5219] [MT] IDERunDestination: Supported platforms for the buildables in the current scheme is empty.
** BUILD FAILED **
The following build commands failed:
	SwiftCompile normal arm64_32 (in target 'Tests-product' from project 'Ariadne')
	SwiftEmitModule normal arm64_32 Emitting\ module\ for\ Tests (in target 'Tests-product' from project 'Ariadne')
	SwiftEmitModule normal arm64 Emitting\ module\ for\ Tests (in target 'Tests-product' from project 'Ariadne')
	SwiftCompile normal arm64 (in target 'Tests-product' from project 'Ariadne')
	Building workspace Ariadne with scheme Ariadne
(5 failures)
BUILD FAILURE 6.4 watchOS