Build Information
Failed to build Defaults, reference 9.0.9 (00a746), with Swift 6.2 for Android on 11 Jul 2026 22:17:52 UTC.
Build Command
bash -c docker run --pull=always --rm -v "checkouts-53886768-0":/host -w "$PWD" -e JAVA_HOME="/root/.sdkman/candidates/java/current" -e SPI_BUILD="1" -e SPI_PROCESSING="1" registry.gitlab.com/saguaro1/spi-images:android-6.2-latest swift build --swift-sdk aarch64-unknown-linux-android28 2>&1Build Log
========================================
RunAll
========================================
Builder version: 0e64495ecc1688c3b3e031a5ef1348b5c05091ae
Interrupt handler set up.
========================================
Checkout
========================================
Clone URL: https://github.com/sindresorhus/Defaults.git
Reference: 9.0.9
Initialized empty Git repository in /host/spi-builder-workspace/.git/
hint: Using 'master' as the name for the initial branch. This default branch name
hint: is subject to change. To configure the initial branch name to use in all
hint: of your new repositories, which will suppress this warning, call:
hint:
hint: git config --global init.defaultBranch <name>
hint:
hint: Names commonly chosen instead of 'master' are 'main', 'trunk' and
hint: 'development'. The just-created branch can be renamed via this command:
hint:
hint: git branch -m <name>
From https://github.com/sindresorhus/Defaults
* tag 9.0.9 -> FETCH_HEAD
HEAD is now at 00a7465 Widen `swift-syntax` dependency to 600..<606
Cloned https://github.com/sindresorhus/Defaults.git
Revision (git rev-parse @):
00a7465a0668a87fa159e779b9d80f1f9652357e
SPI manifest file found: $PWD/.spi.yml
SUCCESS checkout https://github.com/sindresorhus/Defaults.git at 9.0.9
========================================
Build
========================================
Selected platform: android
Swift version: 6.2
Building package at path: $PWD
https://github.com/sindresorhus/Defaults.git
Running build ...
bash -c docker run --pull=always --rm -v "checkouts-53886768-0":/host -w "$PWD" -e JAVA_HOME="/root/.sdkman/candidates/java/current" -e SPI_BUILD="1" -e SPI_PROCESSING="1" registry.gitlab.com/saguaro1/spi-images:android-6.2-latest swift build --swift-sdk aarch64-unknown-linux-android28 2>&1
android-6.2-latest: Pulling from saguaro1/spi-images
Digest: sha256:3f0849bce0d177c252f57ff0847fffe59d625aee973279c71a52a43c740d3c90
Status: Image is up to date for registry.gitlab.com/saguaro1/spi-images:android-6.2-latest
Fetching https://github.com/swiftlang/swift-syntax
[1/75917] Fetching swift-syntax
Fetched https://github.com/swiftlang/swift-syntax from cache (2.44s)
Computing version for https://github.com/swiftlang/swift-syntax
Computed https://github.com/swiftlang/swift-syntax at 603.0.2 (3.41s)
Creating working copy for https://github.com/swiftlang/swift-syntax
Working copy of https://github.com/swiftlang/swift-syntax resolved at 603.0.2
Building for debugging...
[0/48] Write sources
[23/48] Copying PrivacyInfo.xcprivacy
[25/48] Compiling _SwiftSyntaxCShims PlatformMutex.c
[26/48] Write swift-version--11D90AFD9DD3AB2.txt
[28/86] Emitting module SwiftSyntax600
error: emit-module command failed with exit code 1 (use -v to see invocation)
[29/86] Emitting module Defaults
/host/spi-builder-workspace/Sources/Defaults/Defaults+AnySerializable.swift:1:8: error: no such module 'CoreGraphics'
1 | import CoreGraphics
| `- error: no such module 'CoreGraphics'
2 | import Foundation
3 |
error: emit-module command failed with exit code 1 (use -v to see invocation)
/host/spi-builder-workspace/Sources/Defaults/Defaults+AnySerializable.swift:1:8: error: no such module 'CoreGraphics'
1 | import CoreGraphics
| `- error: no such module 'CoreGraphics'
2 | import Foundation
3 |
[31/88] Compiling SwiftSyntax509 Empty.swift
[32/88] Emitting module SwiftSyntax509
[34/89] Emitting module SwiftSyntax601
[35/89] Compiling SwiftSyntax601 Empty.swift
[36/90] Wrapping AST for SwiftSyntax509 for debugging
[38/90] Compiling SwiftSyntax600 Empty.swift
[39/91] Emitting module SwiftSyntax602
[40/91] Compiling SwiftSyntax602 Empty.swift
[41/92] Emitting module SwiftSyntax603
[43/92] Compiling SwiftSyntax603 Empty.swift
[43/93] Wrapping AST for SwiftSyntax601 for debugging
[46/93] Wrapping AST for SwiftSyntax600 for debugging
[47/93] Wrapping AST for SwiftSyntax602 for debugging
[48/93] Wrapping AST for SwiftSyntax603 for debugging
[50/93] Compiling SwiftSyntax510 Empty.swift
[51/93] Emitting module SwiftSyntax510
[52/94] Wrapping AST for SwiftSyntax510 for debugging
[54/157] Compiling Defaults Utilities.swift
/host/spi-builder-workspace/Sources/Defaults/Defaults+AnySerializable.swift:1:8: error: no such module 'CoreGraphics'
1 | import CoreGraphics
| `- error: no such module 'CoreGraphics'
2 | import Foundation
3 |
[55/157] Compiling SwiftSyntax Identifier.swift
/host/spi-builder-workspace/Sources/Defaults/Defaults+AnySerializable.swift:1:8: error: no such module 'CoreGraphics'
1 | import CoreGraphics
| `- error: no such module 'CoreGraphics'
2 | import Foundation
3 |
[56/157] Compiling SwiftSyntax MemoryLayout.swift
/host/spi-builder-workspace/Sources/Defaults/Defaults+AnySerializable.swift:1:8: error: no such module 'CoreGraphics'
1 | import CoreGraphics
| `- error: no such module 'CoreGraphics'
2 | import Foundation
3 |
[57/157] Compiling SwiftSyntax MissingNodeInitializers.swift
/host/spi-builder-workspace/Sources/Defaults/Defaults+AnySerializable.swift:1:8: error: no such module 'CoreGraphics'
1 | import CoreGraphics
| `- error: no such module 'CoreGraphics'
2 | import Foundation
3 |
[58/157] Compiling SwiftSyntax RawSyntax.swift
/host/spi-builder-workspace/Sources/Defaults/Defaults+AnySerializable.swift:1:8: error: no such module 'CoreGraphics'
1 | import CoreGraphics
| `- error: no such module 'CoreGraphics'
2 | import Foundation
3 |
[59/157] Compiling SwiftSyntax RawSyntaxArena.swift
/host/spi-builder-workspace/Sources/Defaults/Defaults+AnySerializable.swift:1:8: error: no such module 'CoreGraphics'
1 | import CoreGraphics
| `- error: no such module 'CoreGraphics'
2 | import Foundation
3 |
[60/157] Compiling SwiftSyntax RawSyntaxLayoutView.swift
/host/spi-builder-workspace/Sources/Defaults/Defaults+AnySerializable.swift:1:8: error: no such module 'CoreGraphics'
1 | import CoreGraphics
| `- error: no such module 'CoreGraphics'
2 | import Foundation
3 |
[61/157] Compiling Defaults resource_bundle_accessor.swift
/host/spi-builder-workspace/Sources/Defaults/Defaults+AnySerializable.swift:1:8: error: no such module 'CoreGraphics'
1 | import CoreGraphics
| `- error: no such module 'CoreGraphics'
2 | import Foundation
3 |
[62/157] Compiling SwiftSyntax SourceEdit.swift
/host/spi-builder-workspace/Sources/Defaults/Defaults+AnySerializable.swift:1:8: error: no such module 'CoreGraphics'
1 | import CoreGraphics
| `- error: no such module 'CoreGraphics'
2 | import Foundation
3 |
[63/157] Compiling SwiftSyntax AbsolutePosition.swift
/host/spi-builder-workspace/Sources/Defaults/Defaults+AnySerializable.swift:1:8: error: no such module 'CoreGraphics'
1 | import CoreGraphics
| `- error: no such module 'CoreGraphics'
2 | import Foundation
3 |
[64/157] Compiling Defaults UserDefaults.swift
/host/spi-builder-workspace/Sources/Defaults/Defaults+AnySerializable.swift:1:8: error: no such module 'CoreGraphics'
1 | import CoreGraphics
| `- error: no such module 'CoreGraphics'
2 | import Foundation
3 |
[65/157] Compiling SwiftSyntax RawSyntaxNodeProtocol.swift
/host/spi-builder-workspace/Sources/Defaults/Defaults+AnySerializable.swift:1:8: error: no such module 'CoreGraphics'
1 | import CoreGraphics
| `- error: no such module 'CoreGraphics'
2 | import Foundation
3 |
[66/157] Compiling SwiftSyntax RawSyntaxTokenView.swift
/host/spi-builder-workspace/Sources/Defaults/Defaults+AnySerializable.swift:1:8: error: no such module 'CoreGraphics'
1 | import CoreGraphics
| `- error: no such module 'CoreGraphics'
2 | import Foundation
3 |
BUILD FAILURE 6.2 android