The Swift Package Index logo.Swift Package Index

Build Information

Failed to build AppMetricaPush, reference 3.4.0 (11ffd3), with Swift 6.4 for Linux on 24 Sep 2026 17:20:57 UTC.

Build Command

bash -c docker run --pull=always --rm -v "checkouts-53886770-0":/host -w "$PWD" -e JAVA_HOME="/root/.sdkman/candidates/java/current" -e SPI_BUILD="1" -e SPI_PROCESSING="1" registry.gitlab.com/saguaro1/spi-images:basic-6.4-latest swift build --triple x86_64-unknown-linux-gnu 2>&1

Build Log

========================================
RunAll
========================================
Builder version: 5.1.0
Interrupt handler set up.
========================================
Checkout
========================================
Clone URL: https://github.com/appmetrica/push-sdk-ios.git
Reference: 3.4.0
Initialized empty Git repository in /host/spi-builder-workspace/.git/
hint: Using 'master' as the name for the initial branch. This default branch name
hint: is subject to change. To configure the initial branch name to use in all
hint: of your new repositories, which will suppress this warning, call:
hint:
hint: 	git config --global init.defaultBranch <name>
hint:
hint: Names commonly chosen instead of 'master' are 'main', 'trunk' and
hint: 'development'. The just-created branch can be renamed via this command:
hint:
hint: 	git branch -m <name>
From https://github.com/appmetrica/push-sdk-ios
 * tag               3.4.0      -> FETCH_HEAD
HEAD is now at 11ffd31 AppMetricaPush iOS version up 3.4.0 commit_hash:b89263e0980f2cdddc915d0dbacfc4c9c7649a4c
Cloned https://github.com/appmetrica/push-sdk-ios.git
Revision (git rev-parse @):
11ffd31a8d3bdd640ade67beb87bf122cd0b904d
SUCCESS checkout https://github.com/appmetrica/push-sdk-ios.git at 3.4.0
========================================
Build
========================================
Selected platform:         linux
Swift version:             6.4
Building package at path:  $PWD
https://github.com/appmetrica/push-sdk-ios.git
Running build ...
bash -c docker run --pull=always --rm -v "checkouts-53886770-0":/host -w "$PWD" -e JAVA_HOME="/root/.sdkman/candidates/java/current" -e SPI_BUILD="1" -e SPI_PROCESSING="1" registry.gitlab.com/saguaro1/spi-images:basic-6.4-latest swift build --triple x86_64-unknown-linux-gnu 2>&1
basic-6.4-latest: Pulling from saguaro1/spi-images
Digest: sha256:c77fcce225e223ac0fafed844619173fc6de8d62dd560eeb28db3182af6a282b
Status: Image is up to date for registry.gitlab.com/saguaro1/spi-images:basic-6.4-latest
Fetching https://github.com/appmetrica/Kiwi
Fetching https://github.com/appmetrica/appmetrica-sdk-ios
[1/5899] Fetching kiwi
[1889/16715] Fetching kiwi, appmetrica-sdk-ios
Fetched https://github.com/appmetrica/Kiwi (0.84s)
Fetched https://github.com/appmetrica/appmetrica-sdk-ios (0.84s)
Computing version for https://github.com/appmetrica/appmetrica-sdk-ios
Computed https://github.com/appmetrica/appmetrica-sdk-ios at 6.7.0 (1.26s)
Fetching https://github.com/apple/swift-protobuf
Fetching https://github.com/kstenerud/KSCrash
[1/48480] Fetching kscrash
[1941/102678] Fetching kscrash, swift-protobuf
Fetched https://github.com/apple/swift-protobuf (6.09s)
[11636/48480] Fetching kscrash
Fetched https://github.com/kstenerud/KSCrash (14.61s)
Computing version for https://github.com/kstenerud/KSCrash
Computed https://github.com/kstenerud/KSCrash at 2.5.1 (15.45s)
Computing version for https://github.com/apple/swift-protobuf
Computed https://github.com/apple/swift-protobuf at 1.38.1 (0.23s)
Computing version for https://github.com/appmetrica/Kiwi
Computed https://github.com/appmetrica/Kiwi at 3.0.1-spm (0.21s)
Creating working copy for https://github.com/appmetrica/Kiwi
Working copy of https://github.com/appmetrica/Kiwi resolved at 3.0.1-spm
Creating working copy for https://github.com/kstenerud/KSCrash
Working copy of https://github.com/kstenerud/KSCrash resolved at 2.5.1
Creating working copy for https://github.com/appmetrica/appmetrica-sdk-ios
Working copy of https://github.com/appmetrica/appmetrica-sdk-ios resolved at 6.7.0
Creating working copy for https://github.com/apple/swift-protobuf
Working copy of https://github.com/apple/swift-protobuf resolved at 1.38.1
warning: 'spi-builder-workspace': ignoring target 'AppMetricaPushTests' in package 'spi-builder-workspace'; C language in tests is not yet supported
warning: 'spi-builder-workspace': ignoring target 'AppMetricaPushLazyTests' in package 'spi-builder-workspace'; C language in tests is not yet supported
warning: 'spi-builder-workspace': ignoring target 'AppMetricaPushTests' in package 'spi-builder-workspace'; C language in tests is not yet supported
warning: 'spi-builder-workspace': ignoring target 'AppMetricaPushLazyTests' in package 'spi-builder-workspace'; C language in tests is not yet supported
Building for debugging...
[Computing dependencies]
[Constructing description]
[Pre-planning 1 / 1185]
[Planning deferred tasks]
[Starting]
[98 / 848] AppMetricaLogSwift
In file included from <built-in>:1:
/host/spi-builder-workspace/.build/out/Intermediates.noindex/AppMetrica.build/Debug-linux-x86_64/AppMetricaStorageUtils-t.build/DerivedSources/resource_bundle_accessor.h:1:9: fatal error: 'Foundation/Foundation.h' file not found
    1 | #import <Foundation/Foundation.h>
      |         ^~~~~~~~~~~~~~~~~~~~~~~~~
1 error generated.
error: CompileC /host/spi-builder-workspace/.build/out/Intermediates.noindex/AppMetrica.build/Debug-linux-x86_64/AppMetricaStorageUtils-t.build/Objects-normal/x86_64/resource_bundle_accessor.o /host/spi-builder-workspace/.build/out/Intermediates.noindex/AppMetrica.build/Debug-linux-x86_64/AppMetricaStorageUtils-t.build/DerivedSources/resource_bundle_accessor.m normal x86_64 objective-c com.apple.compilers.llvm.clang.1_0.compiler failed with a nonzero exit code. Command line:     cd /host

    Using response file: /host/spi-builder-workspace/.build/out/Intermediates.noindex/AppMetrica.build/Debug-linux-x86_64/AppMetricaStorageUtils-t.build/Objects-normal/x86_64/6f95552a3397ee1cec971b90cf334075d5f321c3a3b0689ad55c3d1e24702600-common-args.resp

    /usr/bin/clang -x objective-c -target x86_64-unknown-linux-gnu -fmessage-length\=0 -fdiagnostics-show-note-include-stack -fmacro-backtrace-limit\=0 -fcolor-diagnostics -Wno-trigraphs -Wno-missing-field-initializers -Wno-missing-prototypes -Wno-return-type -Wno-implicit-atomic-properties -Wno-objc-interface-ivars -Wno-arc-repeated-use-of-weak -Wno-missing-braces -Wparentheses -Wswitch -Wno-unused-function -Wno-unused-label -Wno-unused-parameter -Wno-unused-variable -Wunused-value -Wno-empty-body -Wno-uninitialized -Wno-unknown-pragmas -w -Wno-shadow -Wno-four-char-constants -Wno-conversion -Wno-constant-conversion -Wno-int-conversion -Wno-bool-conversion -Wno-enum-conversion -Wno-float-conversion -Wno-non-literal-null-conversion -Wno-objc-literal-conversion -Wno-shorten-64-to-32 -Wpointer-sign -Wno-newline-eof -Wno-selector -Wno-strict-selector-match -Wno-undeclared-selector -Wno-deprecated-implementations -Wno-implicit-fallthrough -fstrict-aliasing -Wprotocol -Wdeprecated-declarations -Wno-sign-conversion -Wno-infinite-recursion -Wno-comma -Wno-block-capture-autoreleasing -Wno-strict-prototypes -Wno-semicolon-before-method-body --sysroot / @/host/spi-builder-workspace/.build/out/Intermediates.noindex/AppMetrica.build/Debug-linux-x86_64/AppMetricaStorageUtils-t.build/Objects-normal/x86_64/6f95552a3397ee1cec971b90cf334075d5f321c3a3b0689ad55c3d1e24702600-common-args.resp -include /host/spi-builder-workspace/.build/out/Intermediates.noindex/AppMetrica.build/Debug-linux-x86_64/AppMetricaStorageUtils-t.build/DerivedSources/resource_bundle_accessor.h -MMD -MT dependencies -MF /host/spi-builder-workspace/.build/out/Intermediates.noindex/AppMetrica.build/Debug-linux-x86_64/AppMetricaStorageUtils-t.build/Objects-normal/x86_64/resource_bundle_accessor.d --serialize-diagnostics /host/spi-builder-workspace/.build/out/Intermediates.noindex/AppMetrica.build/Debug-linux-x86_64/AppMetricaStorageUtils-t.build/Objects-normal/x86_64/resource_bundle_accessor.dia -c /host/spi-builder-workspace/.build/out/Intermediates.noindex/AppMetrica.build/Debug-linux-x86_64/AppMetricaStorageUtils-t.build/DerivedSources/resource_bundle_accessor.m -o /host/spi-builder-workspace/.build/out/Intermediates.noindex/AppMetrica.build/Debug-linux-x86_64/AppMetricaStorageUtils-t.build/Objects-normal/x86_64/resource_bundle_accessor.o
In file included from <built-in>:1:
/host/spi-builder-workspace/.build/out/Intermediates.noindex/AppMetrica.build/Debug-linux-x86_64/AppMetricaStorageUtils-t.build/DerivedSources/resource_bundle_accessor.h:1:9: fatal error: 'Foundation/Foundation.h' file not found
    1 | #import <Foundation/Foundation.h>
      |         ^~~~~~~~~~~~~~~~~~~~~~~~~
1 error generated.
error: CompileC /host/spi-builder-workspace/.build/out/Intermediates.noindex/AppMetrica.build/Debug-linux-x86_64/AppMetricaStorageUtils-t.build/Objects-normal/x86_64/AMAUserDefaultsStorage.o /host/spi-builder-workspace/.build/checkouts/appmetrica-sdk-ios/AppMetricaStorageUtils/Sources/AMAUserDefaultsStorage.m normal x86_64 objective-c com.apple.compilers.llvm.clang.1_0.compiler failed with a nonzero exit code. Command line:     cd /host

    Using response file: /host/spi-builder-workspace/.build/out/Intermediates.noindex/AppMetrica.build/Debug-linux-x86_64/AppMetricaStorageUtils-t.build/Objects-normal/x86_64/6f95552a3397ee1cec971b90cf334075d5f321c3a3b0689ad55c3d1e24702600-common-args.resp

    /usr/bin/clang -x objective-c -target x86_64-unknown-linux-gnu -fmessage-length\=0 -fdiagnostics-show-note-include-stack -fmacro-backtrace-limit\=0 -fcolor-diagnostics -Wno-trigraphs -Wno-missing-field-initializers -Wno-missing-prototypes -Wno-return-type -Wno-implicit-atomic-properties -Wno-objc-interface-ivars -Wno-arc-repeated-use-of-weak -Wno-missing-braces -Wparentheses -Wswitch -Wno-unused-function -Wno-unused-label -Wno-unused-parameter -Wno-unused-variable -Wunused-value -Wno-empty-body -Wno-uninitialized -Wno-unknown-pragmas -w -Wno-shadow -Wno-four-char-constants -Wno-conversion -Wno-constant-conversion -Wno-int-conversion -Wno-bool-conversion -Wno-enum-conversion -Wno-float-conversion -Wno-non-literal-null-conversion -Wno-objc-literal-conversion -Wno-shorten-64-to-32 -Wpointer-sign -Wno-newline-eof -Wno-selector -Wno-strict-selector-match -Wno-undeclared-selector -Wno-deprecated-implementations -Wno-implicit-fallthrough -fstrict-aliasing -Wprotocol -Wdeprecated-declarations -Wno-sign-conversion -Wno-infinite-recursion -Wno-comma -Wno-block-capture-autoreleasing -Wno-strict-prototypes -Wno-semicolon-before-method-body --sysroot / @/host/spi-builder-workspace/.build/out/Intermediates.noindex/AppMetrica.build/Debug-linux-x86_64/AppMetricaStorageUtils-t.build/Objects-normal/x86_64/6f95552a3397ee1cec971b90cf334075d5f321c3a3b0689ad55c3d1e24702600-common-args.resp -include /host/spi-builder-workspace/.build/out/Intermediates.noindex/AppMetrica.build/Debug-linux-x86_64/AppMetricaStorageUtils-t.build/DerivedSources/resource_bundle_accessor.h -MMD -MT dependencies -MF /host/spi-builder-workspace/.build/out/Intermediates.noindex/AppMetrica.build/Debug-linux-x86_64/AppMetricaStorageUtils-t.build/Objects-normal/x86_64/AMAUserDefaultsStorage.d --serialize-diagnostics /host/spi-builder-workspace/.build/out/Intermediates.noindex/AppMetrica.build/Debug-linux-x86_64/AppMetricaStorageUtils-t.build/Objects-normal/x86_64/AMAUserDefaultsStorage.dia -c /host/spi-builder-workspace/.build/checkouts/appmetrica-sdk-ios/AppMetricaStorageUtils/Sources/AMAUserDefaultsStorage.m -o /host/spi-builder-workspace/.build/out/Intermediates.noindex/AppMetrica.build/Debug-linux-x86_64/AppMetricaStorageUtils-t.build/Objects-normal/x86_64/AMAUserDefaultsStorage.o
In file included from <built-in>:1:
/host/spi-builder-workspace/.build/out/Intermediates.noindex/AppMetrica.build/Debug-linux-x86_64/AppMetricaStorageUtils-t.build/DerivedSources/resource_bundle_accessor.h:1:9: fatal error: 'Foundation/Foundation.h' file not found
    1 | #import <Foundation/Foundation.h>
      |         ^~~~~~~~~~~~~~~~~~~~~~~~~
1 error generated.
error: CompileC /host/spi-builder-workspace/.build/out/Intermediates.noindex/AppMetrica.build/Debug-linux-x86_64/AppMetricaStorageUtils-t.build/Objects-normal/x86_64/AMADiskFileStorage.o /host/spi-builder-workspace/.build/checkouts/appmetrica-sdk-ios/AppMetricaStorageUtils/Sources/AMADiskFileStorage.m normal x86_64 objective-c com.apple.compilers.llvm.clang.1_0.compiler failed with a nonzero exit code. Command line:     cd /host

    Using response file: /host/spi-builder-workspace/.build/out/Intermediates.noindex/AppMetrica.build/Debug-linux-x86_64/AppMetricaStorageUtils-t.build/Objects-normal/x86_64/6f95552a3397ee1cec971b90cf334075d5f321c3a3b0689ad55c3d1e24702600-common-args.resp

    /usr/bin/clang -x objective-c -target x86_64-unknown-linux-gnu -fmessage-length\=0 -fdiagnostics-show-note-include-stack -fmacro-backtrace-limit\=0 -fcolor-diagnostics -Wno-trigraphs -Wno-missing-field-initializers -Wno-missing-prototypes -Wno-return-type -Wno-implicit-atomic-properties -Wno-objc-interface-ivars -Wno-arc-repeated-use-of-weak -Wno-missing-braces -Wparentheses -Wswitch -Wno-unused-function -Wno-unused-label -Wno-unused-parameter -Wno-unused-variable -Wunused-value -Wno-empty-body -Wno-uninitialized -Wno-unknown-pragmas -w -Wno-shadow -Wno-four-char-constants -Wno-conversion -Wno-constant-conversion -Wno-int-conversion -Wno-bool-conversion -Wno-enum-conversion -Wno-float-conversion -Wno-non-literal-null-conversion -Wno-objc-literal-conversion -Wno-shorten-64-to-32 -Wpointer-sign -Wno-newline-eof -Wno-selector -Wno-strict-selector-match -Wno-undeclared-selector -Wno-deprecated-implementations -Wno-implicit-fallthrough -fstrict-aliasing -Wprotocol -Wdeprecated-declarations -Wno-sign-conversion -Wno-infinite-recursion -Wno-comma -Wno-block-capture-autoreleasing -Wno-strict-prototypes -Wno-semicolon-before-method-body --sysroot / @/host/spi-builder-workspace/.build/out/Intermediates.noindex/AppMetrica.build/Debug-linux-x86_64/AppMetricaStorageUtils-t.build/Objects-normal/x86_64/6f95552a3397ee1cec971b90cf334075d5f321c3a3b0689ad55c3d1e24702600-common-args.resp -include /host/spi-builder-workspace/.build/out/Intermediates.noindex/AppMetrica.build/Debug-linux-x86_64/AppMetricaStorageUtils-t.build/DerivedSources/resource_bundle_accessor.h -MMD -MT dependencies -MF /host/spi-builder-workspace/.build/out/Intermediates.noindex/AppMetrica.build/Debug-linux-x86_64/AppMetricaStorageUtils-t.build/Objects-normal/x86_64/AMADiskFileStorage.d --serialize-diagnostics /host/spi-builder-workspace/.build/out/Intermediates.noindex/AppMetrica.build/Debug-linux-x86_64/AppMetricaStorageUtils-t.build/Objects-normal/x86_64/AMADiskFileStorage.dia -c /host/spi-builder-workspace/.build/checkouts/appmetrica-sdk-ios/AppMetricaStorageUtils/Sources/AMADiskFileStorage.m -o /host/spi-builder-workspace/.build/out/Intermediates.noindex/AppMetrica.build/Debug-linux-x86_64/AppMetricaStorageUtils-t.build/Objects-normal/x86_64/AMADiskFileStorage.o
In file included from <built-in>:1:
/host/spi-builder-workspace/.build/out/Intermediates.noindex/AppMetrica.build/Debug-linux-x86_64/AppMetricaStorageUtils-t.build/DerivedSources/resource_bundle_accessor.h:1:9: fatal error: 'Foundation/Foundation.h' file not found
    1 | #import <Foundation/Foundation.h>
      |         ^~~~~~~~~~~~~~~~~~~~~~~~~
1 error generated.
error: CompileC /host/spi-builder-workspace/.build/out/Intermediates.noindex/AppMetrica.build/Debug-linux-x86_64/AppMetricaStorageUtils-t.build/Objects-normal/x86_64/AMAIncrementableValueStorage.o /host/spi-builder-workspace/.build/checkouts/appmetrica-sdk-ios/AppMetricaStorageUtils/Sources/AMAIncrementableValueStorage.m normal x86_64 objective-c com.apple.compilers.llvm.clang.1_0.compiler failed with a nonzero exit code. Command line:     cd /host

    Using response file: /host/spi-builder-workspace/.build/out/Intermediates.noindex/AppMetrica.build/Debug-linux-x86_64/AppMetricaStorageUtils-t.build/Objects-normal/x86_64/6f95552a3397ee1cec971b90cf334075d5f321c3a3b0689ad55c3d1e24702600-common-args.resp

    /usr/bin/clang -x objective-c -target x86_64-unknown-linux-gnu -fmessage-length\=0 -fdiagnostics-show-note-include-stack -fmacro-backtrace-limit\=0 -fcolor-diagnostics -Wno-trigraphs -Wno-missing-field-initializers -Wno-missing-prototypes -Wno-return-type -Wno-implicit-atomic-properties -Wno-objc-interface-ivars -Wno-arc-repeated-use-of-weak -Wno-missing-braces -Wparentheses -Wswitch -Wno-unused-function -Wno-unused-label -Wno-unused-parameter -Wno-unused-variable -Wunused-value -Wno-empty-body -Wno-uninitialized -Wno-unknown-pragmas -w -Wno-shadow -Wno-four-char-constants -Wno-conversion -Wno-constant-conversion -Wno-int-conversion -Wno-bool-conversion -Wno-enum-conversion -Wno-float-conversion -Wno-non-literal-null-conversion -Wno-objc-literal-conversion -Wno-shorten-64-to-32 -Wpointer-sign -Wno-newline-eof -Wno-selector -Wno-strict-selector-match -Wno-undeclared-selector -Wno-deprecated-implementations -Wno-implicit-fallthrough -fstrict-aliasing -Wprotocol -Wdeprecated-declarations -Wno-sign-conversion -Wno-infinite-recursion -Wno-comma -Wno-block-capture-autoreleasing -Wno-strict-prototypes -Wno-semicolon-before-method-body --sysroot / @/host/spi-builder-workspace/.build/out/Intermediates.noindex/AppMetrica.build/Debug-linux-x86_64/AppMetricaStorageUtils-t.build/Objects-normal/x86_64/6f95552a3397ee1cec971b90cf334075d5f321c3a3b0689ad55c3d1e24702600-common-args.resp -include /host/spi-builder-workspace/.build/out/Intermediates.noindex/AppMetrica.build/Debug-linux-x86_64/AppMetricaStorageUtils-t.build/DerivedSources/resource_bundle_accessor.h -MMD -MT dependencies -MF /host/spi-builder-workspace/.build/out/Intermediates.noindex/AppMetrica.build/Debug-linux-x86_64/AppMetricaStorageUtils-t.build/Objects-normal/x86_64/AMAIncrementableValueStorage.d --serialize-diagnostics /host/spi-builder-workspace/.build/out/Intermediates.noindex/AppMetrica.build/Debug-linux-x86_64/AppMetricaStorageUtils-t.build/Objects-normal/x86_64/AMAIncrementableValueStorage.dia -c /host/spi-builder-workspace/.build/checkouts/appmetrica-sdk-ios/AppMetricaStorageUtils/Sources/AMAIncrementableValueStorage.m -o /host/spi-builder-workspace/.build/out/Intermediates.noindex/AppMetrica.build/Debug-linux-x86_64/AppMetricaStorageUtils-t.build/Objects-normal/x86_64/AMAIncrementableValueStorage.o
In file included from <built-in>:1:
/host/spi-builder-workspace/.build/out/Intermediates.noindex/AppMetrica.build/Debug-linux-x86_64/AppMetricaStorageUtils-t.build/DerivedSources/resource_bundle_accessor.h:1:9: fatal error: 'Foundation/Foundation.h' file not found
    1 | #import <Foundation/Foundation.h>
      |         ^~~~~~~~~~~~~~~~~~~~~~~~~
1 error generated.
error: CompileC /host/spi-builder-workspace/.build/out/Intermediates.noindex/AppMetrica.build/Debug-linux-x86_64/AppMetricaStorageUtils-t.build/Objects-normal/x86_64/AMARollbackHolder.o /host/spi-builder-workspace/.build/checkouts/appmetrica-sdk-ios/AppMetricaStorageUtils/Sources/AMARollbackHolder.m normal x86_64 objective-c com.apple.compilers.llvm.clang.1_0.compiler failed with a nonzero exit code. Command line:     cd /host

    Using response file: /host/spi-builder-workspace/.build/out/Intermediates.noindex/AppMetrica.build/Debug-linux-x86_64/AppMetricaStorageUtils-t.build/Objects-normal/x86_64/6f95552a3397ee1cec971b90cf334075d5f321c3a3b0689ad55c3d1e24702600-common-args.resp

    /usr/bin/clang -x objective-c -target x86_64-unknown-linux-gnu -fmessage-length\=0 -fdiagnostics-show-note-include-stack -fmacro-backtrace-limit\=0 -fcolor-diagnostics -Wno-trigraphs -Wno-missing-field-initializers -Wno-missing-prototypes -Wno-return-type -Wno-implicit-atomic-properties -Wno-objc-interface-ivars -Wno-arc-repeated-use-of-weak -Wno-missing-braces -Wparentheses -Wswitch -Wno-unused-function -Wno-unused-label -Wno-unused-parameter -Wno-unused-variable -Wunused-value -Wno-empty-body -Wno-uninitialized -Wno-unknown-pragmas -w -Wno-shadow -Wno-four-char-constants -Wno-conversion -Wno-constant-conversion -Wno-int-conversion -Wno-bool-conversion -Wno-enum-conversion -Wno-float-conversion -Wno-non-literal-null-conversion -Wno-objc-literal-conversion -Wno-shorten-64-to-32 -Wpointer-sign -Wno-newline-eof -Wno-selector -Wno-strict-selector-match -Wno-undeclared-selector -Wno-deprecated-implementations -Wno-implicit-fallthrough -fstrict-aliasing -Wprotocol -Wdeprecated-declarations -Wno-sign-conversion -Wno-infinite-recursion -Wno-comma -Wno-block-capture-autoreleasing -Wno-strict-prototypes -Wno-semicolon-before-method-body --sysroot / @/host/spi-builder-workspace/.build/out/Intermediates.noindex/AppMetrica.build/Debug-linux-x86_64/AppMetricaStorageUtils-t.build/Objects-normal/x86_64/6f95552a3397ee1cec971b90cf334075d5f321c3a3b0689ad55c3d1e24702600-common-args.resp -include /host/spi-builder-workspace/.build/out/Intermediates.noindex/AppMetrica.build/Debug-linux-x86_64/AppMetricaStorageUtils-t.build/DerivedSources/resource_bundle_accessor.h -MMD -MT dependencies -MF /host/spi-builder-workspace/.build/out/Intermediates.noindex/AppMetrica.build/Debug-linux-x86_64/AppMetricaStorageUtils-t.build/Objects-normal/x86_64/AMARollbackHolder.d --serialize-diagnostics /host/spi-builder-workspace/.build/out/Intermediates.noindex/AppMetrica.build/Debug-linux-x86_64/AppMetricaStorageUtils-t.build/Objects-normal/x86_64/AMARollbackHolder.dia -c /host/spi-builder-workspace/.build/checkouts/appmetrica-sdk-ios/AppMetricaStorageUtils/Sources/AMARollbackHolder.m -o /host/spi-builder-workspace/.build/out/Intermediates.noindex/AppMetrica.build/Debug-linux-x86_64/AppMetricaStorageUtils-t.build/Objects-normal/x86_64/AMARollbackHolder.o
In file included from <built-in>:1:
/host/spi-builder-workspace/.build/out/Intermediates.noindex/AppMetrica.build/Debug-linux-x86_64/AppMetricaStorageUtils-t.build/DerivedSources/resource_bundle_accessor.h:1:9: fatal error: 'Foundation/Foundation.h' file not found
    1 | #import <Foundation/Foundation.h>
      |         ^~~~~~~~~~~~~~~~~~~~~~~~~
1 error generated.
error: CompileC /host/spi-builder-workspace/.build/out/Intermediates.noindex/AppMetrica.build/Debug-linux-x86_64/AppMetricaStorageUtils-t.build/Objects-normal/x86_64/AMAUserDefaultsKVSDataProvider.o /host/spi-builder-workspace/.build/checkouts/appmetrica-sdk-ios/AppMetricaStorageUtils/Sources/AMAUserDefaultsKVSDataProvider.m normal x86_64 objective-c com.apple.compilers.llvm.clang.1_0.compiler failed with a nonzero exit code. Command line:     cd /host

    Using response file: /host/spi-builder-workspace/.build/out/Intermediates.noindex/AppMetrica.build/Debug-linux-x86_64/AppMetricaStorageUtils-t.build/Objects-normal/x86_64/6f95552a3397ee1cec971b90cf334075d5f321c3a3b0689ad55c3d1e24702600-common-args.resp

    /usr/bin/clang -x objective-c -target x86_64-unknown-linux-gnu -fmessage-length\=0 -fdiagnostics-show-note-include-stack -fmacro-backtrace-limit\=0 -fcolor-diagnostics -Wno-trigraphs -Wno-missing-field-initializers -Wno-missing-prototypes -Wno-return-type -Wno-implicit-atomic-properties -Wno-objc-interface-ivars -Wno-arc-repeated-use-of-weak -Wno-missing-braces -Wparentheses -Wswitch -Wno-unused-function -Wno-unused-label -Wno-unused-parameter -Wno-unused-variable -Wunused-value -Wno-empty-body -Wno-uninitialized -Wno-unknown-pragmas -w -Wno-shadow -Wno-four-char-constants -Wno-conversion -Wno-constant-conversion -Wno-int-conversion -Wno-bool-conversion -Wno-enum-conversion -Wno-float-conversion -Wno-non-literal-null-conversion -Wno-objc-literal-conversion -Wno-shorten-64-to-32 -Wpointer-sign -Wno-newline-eof -Wno-selector -Wno-strict-selector-match -Wno-undeclared-selector -Wno-deprecated-implementations -Wno-implicit-fallthrough -fstrict-aliasing -Wprotocol -Wdeprecated-declarations -Wno-sign-conversion -Wno-infinite-recursion -Wno-comma -Wno-block-capture-autoreleasing -Wno-strict-prototypes -Wno-semicolon-before-method-body --sysroot / @/host/spi-builder-workspace/.build/out/Intermediates.noindex/AppMetrica.build/Debug-linux-x86_64/AppMetricaStorageUtils-t.build/Objects-normal/x86_64/6f95552a3397ee1cec971b90cf334075d5f321c3a3b0689ad55c3d1e24702600-common-args.resp -include /host/spi-builder-workspace/.build/out/Intermediates.noindex/AppMetrica.build/Debug-linux-x86_64/AppMetricaStorageUtils-t.build/DerivedSources/resource_bundle_accessor.h -MMD -MT dependencies -MF /host/spi-builder-workspace/.build/out/Intermediates.noindex/AppMetrica.build/Debug-linux-x86_64/AppMetricaStorageUtils-t.build/Objects-normal/x86_64/AMAUserDefaultsKVSDataProvider.d --serialize-diagnostics /host/spi-builder-workspace/.build/out/Intermediates.noindex/AppMetrica.build/Debug-linux-x86_64/AppMetricaStorageUtils-t.build/Objects-normal/x86_64/AMAUserDefaultsKVSDataProvider.dia -c /host/spi-builder-workspace/.build/checkouts/appmetrica-sdk-ios/AppMetricaStorageUtils/Sources/AMAUserDefaultsKVSDataProvider.m -o /host/spi-builder-workspace/.build/out/Intermediates.noindex/AppMetrica.build/Debug-linux-x86_64/AppMetricaStorageUtils-t.build/Objects-normal/x86_64/AMAUserDefaultsKVSDataProvider.o
In file included from <built-in>:1:
/host/spi-builder-workspace/.build/out/Intermediates.noindex/AppMetrica.build/Debug-linux-x86_64/AppMetricaStorageUtils-t.build/DerivedSources/resource_bundle_accessor.h:1:9: fatal error: 'Foundation/Foundation.h' file not found
    1 | #import <Foundation/Foundation.h>
      |         ^~~~~~~~~~~~~~~~~~~~~~~~~
1 error generated.
error: CompileC /host/spi-builder-workspace/.build/out/Intermediates.noindex/AppMetrica.build/Debug-linux-x86_64/AppMetricaStorageUtils-t.build/Objects-normal/x86_64/AMAIncrementableValueStorageFactory.o /host/spi-builder-workspace/.build/checkouts/appmetrica-sdk-ios/AppMetricaStorageUtils/Sources/AMAIncrementableValueStorageFactory.m normal x86_64 objective-c com.apple.compilers.llvm.clang.1_0.compiler failed with a nonzero exit code. Command line:     cd /host

    Using response file: /host/spi-builder-workspace/.build/out/Intermediates.noindex/AppMetrica.build/Debug-linux-x86_64/AppMetricaStorageUtils-t.build/Objects-normal/x86_64/6f95552a3397ee1cec971b90cf334075d5f321c3a3b0689ad55c3d1e24702600-common-args.resp

    /usr/bin/clang -x objective-c -target x86_64-unknown-linux-gnu -fmessage-length\=0 -fdiagnostics-show-note-include-stack -fmacro-backtrace-limit\=0 -fcolor-diagnostics -Wno-trigraphs -Wno-missing-field-initializers -Wno-missing-prototypes -Wno-return-type -Wno-implicit-atomic-properties -Wno-objc-interface-ivars -Wno-arc-repeated-use-of-weak -Wno-missing-braces -Wparentheses -Wswitch -Wno-unused-function -Wno-unused-label -Wno-unused-parameter -Wno-unused-variable -Wunused-value -Wno-empty-body -Wno-uninitialized -Wno-unknown-pragmas -w -Wno-shadow -Wno-four-char-constants -Wno-conversion -Wno-constant-conversion -Wno-int-conversion -Wno-bool-conversion -Wno-enum-conversion -Wno-float-conversion -Wno-non-literal-null-conversion -Wno-objc-literal-conversion -Wno-shorten-64-to-32 -Wpointer-sign -Wno-newline-eof -Wno-selector -Wno-strict-selector-match -Wno-undeclared-selector -Wno-deprecated-implementations -Wno-implicit-fallthrough -fstrict-aliasing -Wprotocol -Wdeprecated-declarations -Wno-sign-conversion -Wno-infinite-recursion -Wno-comma -Wno-block-capture-autoreleasing -Wno-strict-prototypes -Wno-semicolon-before-method-body --sysroot / @/host/spi-builder-workspace/.build/out/Intermediates.noindex/AppMetrica.build/Debug-linux-x86_64/AppMetricaStorageUtils-t.build/Objects-normal/x86_64/6f95552a3397ee1cec971b90cf334075d5f321c3a3b0689ad55c3d1e24702600-common-args.resp -include /host/spi-builder-workspace/.build/out/Intermediates.noindex/AppMetrica.build/Debug-linux-x86_64/AppMetricaStorageUtils-t.build/DerivedSources/resource_bundle_accessor.h -MMD -MT dependencies -MF /host/spi-builder-workspace/.build/out/Intermediates.noindex/AppMetrica.build/Debug-linux-x86_64/AppMetricaStorageUtils-t.build/Objects-normal/x86_64/AMAIncrementableValueStorageFactory.d --serialize-diagnostics /host/spi-builder-workspace/.build/out/Intermediates.noindex/AppMetrica.build/Debug-linux-x86_64/AppMetricaStorageUtils-t.build/Objects-normal/x86_64/AMAIncrementableValueStorageFactory.dia -c /host/spi-builder-workspace/.build/checkouts/appmetrica-sdk-ios/AppMetricaStorageUtils/Sources/AMAIncrementableValueStorageFactory.m -o /host/spi-builder-workspace/.build/out/Intermediates.noindex/AppMetrica.build/Debug-linux-x86_64/AppMetricaStorageUtils-t.build/Objects-normal/x86_64/AMAIncrementableValueStorageFactory.o
error: Build failed
BUILD FAILURE 6.4 linux